May 10 19:15:32.575525 dv-cinder-836996-18-smb devstack@c-api.service[110894]: INFO cinder.api.openstack.wsgi [None req-dc02fc7e-db1e-445f-b33e-2bdcd4fdf76f tempest-VolumeQuotasAdminTestJSON-379412814 tempest-VolumeQuotasAdminTestJSON-379412814-project] http://10.222.0.49/volume/v3/37cd4cf65a784b319da6fb03c1bb3a62/volumes returned with HTTP 202
May 10 19:15:32.576408 dv-cinder-836996-18-smb devstack@c-api.service[110894]: [pid: 110894|app: 0|req: 186/381] 10.222.0.49 () {60 vars in 1234 bytes} [Tue May 10 19:15:31 2022] POST /volume/v3/37cd4cf65a784b319da6fb03c1bb3a62/volumes => generated 825 bytes in 787 msecs (HTTP/1.1 202) 7 headers in 291 bytes (2 switches on core 0)
May 10 19:15:32.577933 dv-cinder-836996-18-smb devstack@c-api.service[110894]: DEBUG cinder.api.middleware.request_id [None req-256ea283-2ecc-4b09-a575-ece12228e2b6 None None] RequestId filter calling following filter/app {{(pid=110894) _context_setter /opt/stack/cinder/cinder/api/middleware/request_id.py:62}}
May 10 19:15:32.583338 dv-cinder-836996-18-smb devstack@c-api.service[110894]: INFO cinder.api.openstack.wsgi [None req-256ea283-2ecc-4b09-a575-ece12228e2b6 tempest-ExtraSpecsNegativeTest-2110378104 tempest-ExtraSpecsNegativeTest-2110378104-project-admin] POST http://10.222.0.49/volume/v3/e80b7c3b73d048209bdb65b78e26be7e/types/0890c6f1-f16b-493a-bde4-5fc31deb72d3/extra_specs
May 10 19:15:32.584051 dv-cinder-836996-18-smb devstack@c-api.service[110894]: DEBUG cinder.api.openstack.wsgi [None req-256ea283-2ecc-4b09-a575-ece12228e2b6 tempest-ExtraSpecsNegativeTest-2110378104 tempest-ExtraSpecsNegativeTest-2110378104-project-admin] Action: 'create', calling method: create, body: {"extra_specs": ["invalid"]} {{(pid=110894) _process_stack /opt/stack/cinder/cinder/api/openstack/wsgi.py:866}}
May 10 19:15:32.585266 dv-cinder-836996-18-smb devstack@c-api.service[110894]: INFO cinder.api.openstack.wsgi [None req-256ea283-2ecc-4b09-a575-ece12228e2b6 tempest-ExtraSpecsNegativeTest-2110378104 tempest-ExtraSpecsNegativeTest-2110378104-project-admin] http://10.222.0.49/volume/v3/e80b7c3b73d048209bdb65b78e26be7e/types/0890c6f1-f16b-493a-bde4-5fc31deb72d3/extra_specs returned with HTTP 400
May 10 19:15:32.590284 dv-cinder-836996-18-smb devstack@c-api.service[110894]: [pid: 110894|app: 0|req: 187/382] 10.222.0.49 () {60 vars in 1375 bytes} [Tue May 10 19:15:32 2022] POST /volume/v3/e80b7c3b73d048209bdb65b78e26be7e/types/0890c6f1-f16b-493a-bde4-5fc31deb72d3/extra_specs => generated 146 bytes in 9 msecs (HTTP/1.1 400) 7 headers in 294 bytes (1 switches on core 0)
May 10 19:15:32.590284 dv-cinder-836996-18-smb devstack@c-api.service[110894]: DEBUG cinder.api.middleware.request_id [None req-5db5d3a6-4e84-40a5-86b3-4ff888ea0d7a None None] RequestId filter calling following filter/app {{(pid=110894) _context_setter /opt/stack/cinder/cinder/api/middleware/request_id.py:62}}
May 10 19:15:32.591485 dv-cinder-836996-18-smb devstack@c-api.service[110894]: INFO cinder.api.openstack.wsgi [None req-5db5d3a6-4e84-40a5-86b3-4ff888ea0d7a tempest-VolumeTypesTest-1080187140 tempest-VolumeTypesTest-1080187140-project] GET http://10.222.0.49/volume/v3/f9c0bff8251b46bd833821682ada2fef/volumes/ad30669e-6dc0-4a46-bb04-30561286e946
May 10 19:15:32.591916 dv-cinder-836996-18-smb devstack@c-api.service[110894]: DEBUG cinder.api.openstack.wsgi [None req-5db5d3a6-4e84-40a5-86b3-4ff888ea0d7a tempest-VolumeTypesTest-1080187140 tempest-VolumeTypesTest-1080187140-project] Empty body provided in request {{(pid=110894) get_body /opt/stack/cinder/cinder/api/openstack/wsgi.py:715}}
May 10 19:15:32.592380 dv-cinder-836996-18-smb devstack@c-api.service[110894]: DEBUG cinder.api.openstack.wsgi [None req-5db5d3a6-4e84-40a5-86b3-4ff888ea0d7a tempest-VolumeTypesTest-1080187140 tempest-VolumeTypesTest-1080187140-project] Calling method 'show' {{(pid=110894) _process_stack /opt/stack/cinder/cinder/api/openstack/wsgi.py:868}}
May 10 19:15:32.597235 dv-cinder-836996-18-smb devstack@c-api.service[110893]: DEBUG cinder.quota [None req-aa9c2df2-a24c-4b56-a66b-f038112977a9 tempest-VolumesTestJSON-1189339505 tempest-VolumesTestJSON-1189339505-project] Created reservations ['70ed4e69-72bb-48b0-8eba-71b8e4f68853', '957569c0-6a24-424f-897f-70663a36d587', '9db29eb2-bc17-4d6f-9b09-091bb7aefeaf', '66f60a99-2a5e-4958-8dcc-51316cc7bdae'] {{(pid=110893) reserve /opt/stack/cinder/cinder/quota.py:755}}
May 10 19:15:32.598966 dv-cinder-836996-18-smb devstack@c-api.service[110893]: DEBUG cinder.volume.api [None req-aa9c2df2-a24c-4b56-a66b-f038112977a9 tempest-VolumesTestJSON-1189339505 tempest-VolumesTestJSON-1189339505-project] Task 'cinder.volume.flows.api.create_volume.QuotaReserveTask;volume:create' (74ae5045-977e-4f5f-8086-deda6dbde3ad) transitioned into state 'SUCCESS' from state 'RUNNING' with result '{'reservations': ['70ed4e69-72bb-48b0-8eba-71b8e4f68853', '957569c0-6a24-424f-897f-70663a36d587', '9db29eb2-bc17-4d6f-9b09-091bb7aefeaf', '66f60a99-2a5e-4958-8dcc-51316cc7bdae']}' {{(pid=110893) _task_receiver /usr/local/lib/python3.8/dist-packages/taskflow/listeners/logging.py:178}}
May 10 19:15:32.600924 dv-cinder-836996-18-smb devstack@c-api.service[110893]: DEBUG cinder.volume.api [None req-aa9c2df2-a24c-4b56-a66b-f038112977a9 tempest-VolumesTestJSON-1189339505 tempest-VolumesTestJSON-1189339505-project] Task 'cinder.volume.flows.api.create_volume.EntryCreateTask;volume:create' (2381c492-ba63-4aae-9a57-fd0f1530fb58) transitioned into state 'RUNNING' from state 'PENDING' {{(pid=110893) _task_receiver /usr/local/lib/python3.8/dist-packages/taskflow/listeners/logging.py:190}}
May 10 19:15:32.610071 dv-cinder-836996-18-smb devstack@c-api.service[110894]: /usr/local/lib/python3.8/dist-packages/oslo_context/context.py:100: DeprecationWarning: Policy enforcement is depending on the value of is_admin. This key is deprecated. Please update your policy file to use the standard policy values.
May 10 19:15:32.610071 dv-cinder-836996-18-smb devstack@c-api.service[110894]: warnings.warn('Policy enforcement is depending on the value of '
May 10 19:15:32.618195 dv-cinder-836996-18-smb devstack@c-api.service[110894]: INFO cinder.volume.api [None req-5db5d3a6-4e84-40a5-86b3-4ff888ea0d7a tempest-VolumeTypesTest-1080187140 tempest-VolumeTypesTest-1080187140-project] Volume info retrieved successfully.
May 10 19:15:32.626860 dv-cinder-836996-18-smb devstack@c-api.service[110894]: INFO cinder.api.openstack.wsgi [None req-5db5d3a6-4e84-40a5-86b3-4ff888ea0d7a tempest-VolumeTypesTest-1080187140 tempest-VolumeTypesTest-1080187140-project] http://10.222.0.49/volume/v3/f9c0bff8251b46bd833821682ada2fef/volumes/ad30669e-6dc0-4a46-bb04-30561286e946 returned with HTTP 200
May 10 19:15:32.627581 dv-cinder-836996-18-smb devstack@c-api.service[110894]: [pid: 110894|app: 0|req: 188/383] 10.222.0.49 () {58 vars in 1324 bytes} [Tue May 10 19:15:32 2022] GET /volume/v3/f9c0bff8251b46bd833821682ada2fef/volumes/ad30669e-6dc0-4a46-bb04-30561286e946 => generated 942 bytes in 41 msecs (HTTP/1.1 200) 7 headers in 285 bytes (1 switches on core 0)
May 10 19:15:32.628923 dv-cinder-836996-18-smb devstack@c-api.service[110894]: DEBUG cinder.api.middleware.request_id [None req-066b1cd4-3504-4b1e-baf0-28bff18dc0d4 None None] RequestId filter calling following filter/app {{(pid=110894) _context_setter /opt/stack/cinder/cinder/api/middleware/request_id.py:62}}
May 10 19:15:32.632477 dv-cinder-836996-18-smb devstack@c-api.service[110894]: INFO cinder.api.openstack.wsgi [None req-066b1cd4-3504-4b1e-baf0-28bff18dc0d4 tempest-VolumeQuotasAdminTestJSON-379412814 tempest-VolumeQuotasAdminTestJSON-379412814-project] GET http://10.222.0.49/volume/v3/37cd4cf65a784b319da6fb03c1bb3a62/volumes/6d3b1745-4aba-479b-b166-5f1167bfabd8
May 10 19:15:32.632915 dv-cinder-836996-18-smb devstack@c-api.service[110894]: DEBUG cinder.api.openstack.wsgi [None req-066b1cd4-3504-4b1e-baf0-28bff18dc0d4 tempest-VolumeQuotasAdminTestJSON-379412814 tempest-VolumeQuotasAdminTestJSON-379412814-project] Empty body provided in request {{(pid=110894) get_body /opt/stack/cinder/cinder/api/openstack/wsgi.py:715}}
May 10 19:15:32.633352 dv-cinder-836996-18-smb devstack@c-api.service[110894]: DEBUG cinder.api.openstack.wsgi [None req-066b1cd4-3504-4b1e-baf0-28bff18dc0d4 tempest-VolumeQuotasAdminTestJSON-379412814 tempest-VolumeQuotasAdminTestJSON-379412814-project] Calling method 'show' {{(pid=110894) _process_stack /opt/stack/cinder/cinder/api/openstack/wsgi.py:868}}
May 10 19:15:32.647461 dv-cinder-836996-18-smb devstack@c-api.service[110894]: /usr/local/lib/python3.8/dist-packages/oslo_context/context.py:100: DeprecationWarning: Policy enforcement is depending on the value of is_admin. This key is deprecated. Please update your policy file to use the standard policy values.
May 10 19:15:32.647461 dv-cinder-836996-18-smb devstack@c-api.service[110894]: warnings.warn('Policy enforcement is depending on the value of '
May 10 19:15:32.655352 dv-cinder-836996-18-smb devstack@c-api.service[110894]: INFO cinder.volume.api [None req-066b1cd4-3504-4b1e-baf0-28bff18dc0d4 tempest-VolumeQuotasAdminTestJSON-379412814 tempest-VolumeQuotasAdminTestJSON-379412814-project] Volume info retrieved successfully.
May 10 19:15:32.664790 dv-cinder-836996-18-smb devstack@c-api.service[110894]: INFO cinder.api.openstack.wsgi [None req-066b1cd4-3504-4b1e-baf0-28bff18dc0d4 tempest-VolumeQuotasAdminTestJSON-379412814 tempest-VolumeQuotasAdminTestJSON-379412814-project] http://10.222.0.49/volume/v3/37cd4cf65a784b319da6fb03c1bb3a62/volumes/6d3b1745-4aba-479b-b166-5f1167bfabd8 returned with HTTP 200
May 10 19:15:32.665524 dv-cinder-836996-18-smb devstack@c-api.service[110894]: [pid: 110894|app: 0|req: 189/384] 10.222.0.49 () {58 vars in 1324 bytes} [Tue May 10 19:15:32 2022] GET /volume/v3/37cd4cf65a784b319da6fb03c1bb3a62/volumes/6d3b1745-4aba-479b-b166-5f1167bfabd8 => generated 893 bytes in 37 msecs (HTTP/1.1 200) 7 headers in 285 bytes (1 switches on core 0)
May 10 19:15:32.666682 dv-cinder-836996-18-smb devstack@c-api.service[110894]: DEBUG cinder.api.middleware.request_id [None req-7eba27d0-1f2a-4cfc-abd4-1e791575809e None None] RequestId filter calling following filter/app {{(pid=110894) _context_setter /opt/stack/cinder/cinder/api/middleware/request_id.py:62}}
May 10 19:15:32.672052 dv-cinder-836996-18-smb devstack@c-api.service[110894]: INFO cinder.api.openstack.wsgi [None req-7eba27d0-1f2a-4cfc-abd4-1e791575809e tempest-ExtraSpecsNegativeTest-2110378104 tempest-ExtraSpecsNegativeTest-2110378104-project-admin] POST http://10.222.0.49/volume/v3/e80b7c3b73d048209bdb65b78e26be7e/types/0890c6f1-f16b-493a-bde4-5fc31deb72d3/extra_specs
May 10 19:15:32.672743 dv-cinder-836996-18-smb devstack@c-api.service[110894]: DEBUG cinder.api.openstack.wsgi [None req-7eba27d0-1f2a-4cfc-abd4-1e791575809e tempest-ExtraSpecsNegativeTest-2110378104 tempest-ExtraSpecsNegativeTest-2110378104-project-admin] Action: 'create', calling method: create, body: {"extra_specs": null} {{(pid=110894) _process_stack /opt/stack/cinder/cinder/api/openstack/wsgi.py:866}}
May 10 19:15:32.673724 dv-cinder-836996-18-smb devstack@c-api.service[110894]: INFO cinder.api.openstack.wsgi [None req-7eba27d0-1f2a-4cfc-abd4-1e791575809e tempest-ExtraSpecsNegativeTest-2110378104 tempest-ExtraSpecsNegativeTest-2110378104-project-admin] http://10.222.0.49/volume/v3/e80b7c3b73d048209bdb65b78e26be7e/types/0890c6f1-f16b-493a-bde4-5fc31deb72d3/extra_specs returned with HTTP 400
May 10 19:15:32.674560 dv-cinder-836996-18-smb devstack@c-api.service[110894]: [pid: 110894|app: 0|req: 190/385] 10.222.0.49 () {60 vars in 1375 bytes} [Tue May 10 19:15:32 2022] POST /volume/v3/e80b7c3b73d048209bdb65b78e26be7e/types/0890c6f1-f16b-493a-bde4-5fc31deb72d3/extra_specs => generated 132 bytes in 8 msecs (HTTP/1.1 400) 7 headers in 294 bytes (1 switches on core 0)
May 10 19:15:32.675691 dv-cinder-836996-18-smb devstack@c-api.service[110894]: DEBUG cinder.api.middleware.request_id [None req-4293d14c-7ab2-433c-9d05-570cbe39e1de None None] RequestId filter calling following filter/app {{(pid=110894) _context_setter /opt/stack/cinder/cinder/api/middleware/request_id.py:62}}
May 10 19:15:32.679050 dv-cinder-836996-18-smb devstack@c-api.service[110894]: INFO cinder.api.openstack.wsgi [None req-4293d14c-7ab2-433c-9d05-570cbe39e1de tempest-VolumeTypesTest-1278497312 tempest-VolumeTypesTest-1278497312-project-admin] POST http://10.222.0.49/volume/v3/de1fcddda4804edab04e05309db45098/types
May 10 19:15:32.679736 dv-cinder-836996-18-smb devstack@c-api.service[110894]: DEBUG cinder.api.openstack.wsgi [None req-4293d14c-7ab2-433c-9d05-570cbe39e1de tempest-VolumeTypesTest-1278497312 tempest-VolumeTypesTest-1278497312-project-admin] Action: 'create', calling method: _create, body: {"volume_type": {"name": "tempest-VolumeTypesTest-volume-type-1581191967", "description": "tempest-volume-type-description-154779870", "extra_specs": {"storage_protocol": "smbfs", "vendor_name": "Open Source"}, "os-volume-type-access:is_public": true}} {{(pid=110894) _process_stack /opt/stack/cinder/cinder/api/openstack/wsgi.py:866}}
May 10 19:15:32.751095 dv-cinder-836996-18-smb devstack@c-api.service[110893]: DEBUG cinder.volume.api [None req-aa9c2df2-a24c-4b56-a66b-f038112977a9 tempest-VolumesTestJSON-1189339505 tempest-VolumesTestJSON-1189339505-project] Task 'cinder.volume.flows.api.create_volume.EntryCreateTask;volume:create' (2381c492-ba63-4aae-9a57-fd0f1530fb58) transitioned into state 'SUCCESS' from state 'RUNNING' with result '{'volume_id': '5d1b4256-72c0-422a-b860-591c747ad817', 'volume_properties': VolumeProperties(attach_status='detached',availability_zone='nova',cgsnapshot_id=None,consistencygroup_id=None,display_description=None,display_name='tempest-VolumesTestJSON-volume-410511741',encryption_key_id=None,group_id=None,group_type_id=,metadata={Type='work'},multiattach=False,project_id='25ed5232822b4a42be0a4958c4419c9f',qos_specs=None,replication_status=,reservations=['70ed4e69-72bb-48b0-8eba-71b8e4f68853','957569c0-6a24-424f-897f-70663a36d587','9db29eb2-bc17-4d6f-9b09-091bb7aefeaf','66f60a99-2a5e-4958-8dcc-51316cc7bdae'],size=1,snapshot_id=None,source_replicaid=,source_volid=None,status='creating',user_id='8669e7efd5964dfdb96843d5574b82b6',volume_type_id=00b1f86c-f4bb-4b9b-af7f-6d0864411396), 'volume': Volume(_name_id=None,admin_metadata=,attach_status='detached',availability_zone='nova',bootable=False,cluster=,cluster_name=None,consistencygroup=,consistencygroup_id=None,created_at=2022-05-10T19:15:32Z,deleted=False,deleted_at=None,display_description=None,display_name='tempest-VolumesTestJSON-volume-410511741',ec2_id=None,encryption_key_id=None,glance_metadata=,group=,group_id=None,host=None,id=5d1b4256-72c0-422a-b860-591c747ad817,launched_at=None,metadata={Type='work'},migration_status=None,multiattach=False,previous_status=None,project_id='25ed5232822b4a42be0a4958c4419c9f',provider_auth=None,provider_geometry=None,provider_id=None,provider_location=None,replication_driver_data=None,replication_extended_status=None,replication_status=None,scheduled_at=None,service_uuid=None,shared_targets=True,size=1,snapshot_id=None,snapshots=,source_volid=None,status='creating',terminated_at=None,updated_at=None,use_quota=True,user_id='8669e7efd5964dfdb96843d5574b82b6',volume_attachment=VolumeAttachmentList,volume_type=VolumeType(00b1f86c-f4bb-4b9b-af7f-6d0864411396),volume_type_id=00b1f86c-f4bb-4b9b-af7f-6d0864411396)}' {{(pid=110893) _task_receiver /usr/local/lib/python3.8/dist-packages/taskflow/listeners/logging.py:178}}
May 10 19:15:32.753098 dv-cinder-836996-18-smb devstack@c-api.service[110893]: DEBUG cinder.volume.api [None req-aa9c2df2-a24c-4b56-a66b-f038112977a9 tempest-VolumesTestJSON-1189339505 tempest-VolumesTestJSON-1189339505-project] Task 'cinder.volume.flows.api.create_volume.QuotaCommitTask;volume:create' (db91edad-758c-4a0c-b5cd-d1b790473c96) transitioned into state 'RUNNING' from state 'PENDING' {{(pid=110893) _task_receiver /usr/local/lib/python3.8/dist-packages/taskflow/listeners/logging.py:190}}
May 10 19:15:32.823872 dv-cinder-836996-18-smb devstack@c-api.service[110894]: INFO cinder.api.openstack.wsgi [None req-4293d14c-7ab2-433c-9d05-570cbe39e1de tempest-VolumeTypesTest-1278497312 tempest-VolumeTypesTest-1278497312-project-admin] http://10.222.0.49/volume/v3/de1fcddda4804edab04e05309db45098/types returned with HTTP 200
May 10 19:15:32.824682 dv-cinder-836996-18-smb devstack@c-api.service[110894]: [pid: 110894|app: 0|req: 191/386] 10.222.0.49 () {60 vars in 1229 bytes} [Tue May 10 19:15:32 2022] POST /volume/v3/de1fcddda4804edab04e05309db45098/types => generated 317 bytes in 150 msecs (HTTP/1.1 200) 7 headers in 285 bytes (1 switches on core 0)
May 10 19:15:32.826072 dv-cinder-836996-18-smb devstack@c-api.service[110894]: DEBUG cinder.api.middleware.request_id [None req-4f3c405a-ebda-477c-a22d-ebbc2b4aa8f9 None None] RequestId filter calling following filter/app {{(pid=110894) _context_setter /opt/stack/cinder/cinder/api/middleware/request_id.py:62}}
May 10 19:15:32.831321 dv-cinder-836996-18-smb devstack@c-api.service[110894]: INFO cinder.api.openstack.wsgi [None req-4f3c405a-ebda-477c-a22d-ebbc2b4aa8f9 tempest-ExtraSpecsNegativeTest-2110378104 tempest-ExtraSpecsNegativeTest-2110378104-project-admin] POST http://10.222.0.49/volume/v3/e80b7c3b73d048209bdb65b78e26be7e/types/85427705-e9a1-4f32-9ec1-6ba1bfb1af70/extra_specs
May 10 19:15:32.832239 dv-cinder-836996-18-smb devstack@c-api.service[110894]: DEBUG cinder.api.openstack.wsgi [None req-4f3c405a-ebda-477c-a22d-ebbc2b4aa8f9 tempest-ExtraSpecsNegativeTest-2110378104 tempest-ExtraSpecsNegativeTest-2110378104-project-admin] Action: 'create', calling method: create, body: {"extra_specs": {"spec2": "val1"}} {{(pid=110894) _process_stack /opt/stack/cinder/cinder/api/openstack/wsgi.py:866}}
May 10 19:15:32.849314 dv-cinder-836996-18-smb devstack@c-api.service[110894]: INFO cinder.api.openstack.wsgi [None req-4f3c405a-ebda-477c-a22d-ebbc2b4aa8f9 tempest-ExtraSpecsNegativeTest-2110378104 tempest-ExtraSpecsNegativeTest-2110378104-project-admin] http://10.222.0.49/volume/v3/e80b7c3b73d048209bdb65b78e26be7e/types/85427705-e9a1-4f32-9ec1-6ba1bfb1af70/extra_specs returned with HTTP 404
May 10 19:15:32.850479 dv-cinder-836996-18-smb devstack@c-api.service[110894]: [pid: 110894|app: 0|req: 192/387] 10.222.0.49 () {60 vars in 1375 bytes} [Tue May 10 19:15:32 2022] POST /volume/v3/e80b7c3b73d048209bdb65b78e26be7e/types/85427705-e9a1-4f32-9ec1-6ba1bfb1af70/extra_specs => generated 114 bytes in 25 msecs (HTTP/1.1 404) 7 headers in 292 bytes (1 switches on core 0)
May 10 19:15:32.851389 dv-cinder-836996-18-smb devstack@c-api.service[110893]: DEBUG cinder.volume.api [None req-aa9c2df2-a24c-4b56-a66b-f038112977a9 tempest-VolumesTestJSON-1189339505 tempest-VolumesTestJSON-1189339505-project] Task 'cinder.volume.flows.api.create_volume.QuotaCommitTask;volume:create' (db91edad-758c-4a0c-b5cd-d1b790473c96) transitioned into state 'SUCCESS' from state 'RUNNING' with result '{'volume_properties': VolumeProperties(attach_status='detached',availability_zone='nova',cgsnapshot_id=None,consistencygroup_id=None,display_description=None,display_name='tempest-VolumesTestJSON-volume-410511741',encryption_key_id=None,group_id=None,group_type_id=,metadata={Type='work'},multiattach=False,project_id='25ed5232822b4a42be0a4958c4419c9f',qos_specs=None,replication_status=,reservations=['70ed4e69-72bb-48b0-8eba-71b8e4f68853','957569c0-6a24-424f-897f-70663a36d587','9db29eb2-bc17-4d6f-9b09-091bb7aefeaf','66f60a99-2a5e-4958-8dcc-51316cc7bdae'],size=1,snapshot_id=None,source_replicaid=,source_volid=None,status='creating',user_id='8669e7efd5964dfdb96843d5574b82b6',volume_type_id=00b1f86c-f4bb-4b9b-af7f-6d0864411396)}' {{(pid=110893) _task_receiver /usr/local/lib/python3.8/dist-packages/taskflow/listeners/logging.py:178}}
May 10 19:15:32.852011 dv-cinder-836996-18-smb devstack@c-api.service[110894]: DEBUG cinder.api.middleware.request_id [None req-9f7f3678-63e9-48a7-b57c-f756083de2be None None] RequestId filter calling following filter/app {{(pid=110894) _context_setter /opt/stack/cinder/cinder/api/middleware/request_id.py:62}}
May 10 19:15:32.855750 dv-cinder-836996-18-smb devstack@c-api.service[110893]: DEBUG cinder.volume.api [None req-aa9c2df2-a24c-4b56-a66b-f038112977a9 tempest-VolumesTestJSON-1189339505 tempest-VolumesTestJSON-1189339505-project] Task 'cinder.volume.flows.api.create_volume.VolumeCastTask;volume:create' (a6d65129-dce7-4665-a9d9-846d9e668541) transitioned into state 'RUNNING' from state 'PENDING' {{(pid=110893) _task_receiver /usr/local/lib/python3.8/dist-packages/taskflow/listeners/logging.py:190}}
May 10 19:15:32.863554 dv-cinder-836996-18-smb devstack@c-api.service[110894]: INFO cinder.api.openstack.wsgi [None req-9f7f3678-63e9-48a7-b57c-f756083de2be tempest-VolumeTypesTest-1278497312 tempest-VolumeTypesTest-1278497312-project-admin] GET http://10.222.0.49/volume/v3/de1fcddda4804edab04e05309db45098/types/60c3d559-30d6-4f2e-8ec8-b3a05ac310c3
May 10 19:15:32.863554 dv-cinder-836996-18-smb devstack@c-api.service[110894]: DEBUG cinder.api.openstack.wsgi [None req-9f7f3678-63e9-48a7-b57c-f756083de2be tempest-VolumeTypesTest-1278497312 tempest-VolumeTypesTest-1278497312-project-admin] Empty body provided in request {{(pid=110894) get_body /opt/stack/cinder/cinder/api/openstack/wsgi.py:715}}
May 10 19:15:32.863554 dv-cinder-836996-18-smb devstack@c-api.service[110894]: DEBUG cinder.api.openstack.wsgi [None req-9f7f3678-63e9-48a7-b57c-f756083de2be tempest-VolumeTypesTest-1278497312 tempest-VolumeTypesTest-1278497312-project-admin] Calling method 'show' {{(pid=110894) _process_stack /opt/stack/cinder/cinder/api/openstack/wsgi.py:868}}
May 10 19:15:32.869854 dv-cinder-836996-18-smb devstack@c-api.service[110894]: INFO cinder.api.openstack.wsgi [None req-9f7f3678-63e9-48a7-b57c-f756083de2be tempest-VolumeTypesTest-1278497312 tempest-VolumeTypesTest-1278497312-project-admin] http://10.222.0.49/volume/v3/de1fcddda4804edab04e05309db45098/types/60c3d559-30d6-4f2e-8ec8-b3a05ac310c3 returned with HTTP 200
May 10 19:15:32.870610 dv-cinder-836996-18-smb devstack@c-api.service[110894]: [pid: 110894|app: 0|req: 193/388] 10.222.0.49 () {58 vars in 1318 bytes} [Tue May 10 19:15:32 2022] GET /volume/v3/de1fcddda4804edab04e05309db45098/types/60c3d559-30d6-4f2e-8ec8-b3a05ac310c3 => generated 339 bytes in 20 msecs (HTTP/1.1 200) 7 headers in 285 bytes (1 switches on core 0)
May 10 19:15:32.871785 dv-cinder-836996-18-smb devstack@c-api.service[110894]: DEBUG cinder.api.middleware.request_id [None req-15da6dd8-ff86-4dd2-b7b6-ae2911ab1f1c None None] RequestId filter calling following filter/app {{(pid=110894) _context_setter /opt/stack/cinder/cinder/api/middleware/request_id.py:62}}
May 10 19:15:32.877459 dv-cinder-836996-18-smb devstack@c-api.service[110894]: INFO cinder.api.openstack.wsgi [None req-15da6dd8-ff86-4dd2-b7b6-ae2911ab1f1c tempest-ExtraSpecsNegativeTest-2110378104 tempest-ExtraSpecsNegativeTest-2110378104-project-admin] DELETE http://10.222.0.49/volume/v3/e80b7c3b73d048209bdb65b78e26be7e/types/f93a13a8-feb6-4979-9e5f-04ddae903065/extra_specs/spec1
May 10 19:15:32.877904 dv-cinder-836996-18-smb devstack@c-api.service[110894]: DEBUG cinder.api.openstack.wsgi [None req-15da6dd8-ff86-4dd2-b7b6-ae2911ab1f1c tempest-ExtraSpecsNegativeTest-2110378104 tempest-ExtraSpecsNegativeTest-2110378104-project-admin] Empty body provided in request {{(pid=110894) get_body /opt/stack/cinder/cinder/api/openstack/wsgi.py:715}}
May 10 19:15:32.878355 dv-cinder-836996-18-smb devstack@c-api.service[110894]: DEBUG cinder.api.openstack.wsgi [None req-15da6dd8-ff86-4dd2-b7b6-ae2911ab1f1c tempest-ExtraSpecsNegativeTest-2110378104 tempest-ExtraSpecsNegativeTest-2110378104-project-admin] Calling method 'delete' {{(pid=110894) _process_stack /opt/stack/cinder/cinder/api/openstack/wsgi.py:868}}
May 10 19:15:32.883052 dv-cinder-836996-18-smb devstack@c-api.service[110894]: INFO cinder.api.openstack.wsgi [None req-15da6dd8-ff86-4dd2-b7b6-ae2911ab1f1c tempest-ExtraSpecsNegativeTest-2110378104 tempest-ExtraSpecsNegativeTest-2110378104-project-admin] http://10.222.0.49/volume/v3/e80b7c3b73d048209bdb65b78e26be7e/types/f93a13a8-feb6-4979-9e5f-04ddae903065/extra_specs/spec1 returned with HTTP 404
May 10 19:15:32.883991 dv-cinder-836996-18-smb devstack@c-api.service[110894]: [pid: 110894|app: 0|req: 194/389] 10.222.0.49 () {58 vars in 1375 bytes} [Tue May 10 19:15:32 2022] DELETE /volume/v3/e80b7c3b73d048209bdb65b78e26be7e/types/f93a13a8-feb6-4979-9e5f-04ddae903065/extra_specs/spec1 => generated 114 bytes in 13 msecs (HTTP/1.1 404) 7 headers in 292 bytes (1 switches on core 0)
May 10 19:15:32.885238 dv-cinder-836996-18-smb devstack@c-api.service[110894]: DEBUG cinder.api.middleware.request_id [None req-6f760d43-d732-4b7a-97f0-ce378d360661 None None] RequestId filter calling following filter/app {{(pid=110894) _context_setter /opt/stack/cinder/cinder/api/middleware/request_id.py:62}}
May 10 19:15:32.888888 dv-cinder-836996-18-smb devstack@c-api.service[110894]: INFO cinder.api.openstack.wsgi [None req-6f760d43-d732-4b7a-97f0-ce378d360661 tempest-VolumeTypesTest-1278497312 tempest-VolumeTypesTest-1278497312-project-admin] POST http://10.222.0.49/volume/v3/de1fcddda4804edab04e05309db45098/types
May 10 19:15:32.889588 dv-cinder-836996-18-smb devstack@c-api.service[110894]: DEBUG cinder.api.openstack.wsgi [None req-6f760d43-d732-4b7a-97f0-ce378d360661 tempest-VolumeTypesTest-1278497312 tempest-VolumeTypesTest-1278497312-project-admin] Action: 'create', calling method: _create, body: {"volume_type": {"name": "tempest-VolumeTypesTest-volume-type-1478801155"}} {{(pid=110894) _process_stack /opt/stack/cinder/cinder/api/openstack/wsgi.py:866}}
May 10 19:15:32.972088 dv-cinder-836996-18-smb devstack@c-api.service[110893]: DEBUG cinder.volume.api [None req-aa9c2df2-a24c-4b56-a66b-f038112977a9 tempest-VolumesTestJSON-1189339505 tempest-VolumesTestJSON-1189339505-project] Task 'cinder.volume.flows.api.create_volume.VolumeCastTask;volume:create' (a6d65129-dce7-4665-a9d9-846d9e668541) transitioned into state 'SUCCESS' from state 'RUNNING' with result 'None' {{(pid=110893) _task_receiver /usr/local/lib/python3.8/dist-packages/taskflow/listeners/logging.py:178}}
May 10 19:15:32.974632 dv-cinder-836996-18-smb devstack@c-api.service[110893]: DEBUG cinder.volume.api [None req-aa9c2df2-a24c-4b56-a66b-f038112977a9 tempest-VolumesTestJSON-1189339505 tempest-VolumesTestJSON-1189339505-project] Flow 'volume_create_api' (58d887d4-dd49-4979-99f0-e0ac7c3b8851) transitioned into state 'SUCCESS' from state 'RUNNING' {{(pid=110893) _flow_receiver /usr/local/lib/python3.8/dist-packages/taskflow/listeners/logging.py:141}}
May 10 19:15:32.975193 dv-cinder-836996-18-smb devstack@c-api.service[110893]: INFO cinder.volume.api [None req-aa9c2df2-a24c-4b56-a66b-f038112977a9 tempest-VolumesTestJSON-1189339505 tempest-VolumesTestJSON-1189339505-project] Create volume request issued successfully.
May 10 19:15:32.977235 dv-cinder-836996-18-smb devstack@c-api.service[110893]: INFO cinder.api.openstack.wsgi [None req-aa9c2df2-a24c-4b56-a66b-f038112977a9 tempest-VolumesTestJSON-1189339505 tempest-VolumesTestJSON-1189339505-project] http://10.222.0.49/volume/v3/25ed5232822b4a42be0a4958c4419c9f/volumes returned with HTTP 202
May 10 19:15:32.988186 dv-cinder-836996-18-smb devstack@c-api.service[110893]: [pid: 110893|app: 0|req: 196/390] 10.222.0.49 () {60 vars in 1235 bytes} [Tue May 10 19:15:32 2022] POST /volume/v3/25ed5232822b4a42be0a4958c4419c9f/volumes => generated 828 bytes in 970 msecs (HTTP/1.1 202) 7 headers in 291 bytes (1 switches on core 0)
May 10 19:15:32.990451 dv-cinder-836996-18-smb devstack@c-api.service[110893]: DEBUG cinder.api.middleware.request_id [None req-95852ff6-d108-4378-88b1-b0b68c9a30f8 None None] RequestId filter calling following filter/app {{(pid=110893) _context_setter /opt/stack/cinder/cinder/api/middleware/request_id.py:62}}
May 10 19:15:32.995662 dv-cinder-836996-18-smb devstack@c-api.service[110893]: INFO cinder.api.openstack.wsgi [None req-95852ff6-d108-4378-88b1-b0b68c9a30f8 tempest-ExtraSpecsNegativeTest-2110378104 tempest-ExtraSpecsNegativeTest-2110378104-project-admin] GET http://10.222.0.49/volume/v3/e80b7c3b73d048209bdb65b78e26be7e/types/0890c6f1-f16b-493a-bde4-5fc31deb72d3/extra_specs/nonexistent_extra_spec_name
May 10 19:15:32.996153 dv-cinder-836996-18-smb devstack@c-api.service[110893]: DEBUG cinder.api.openstack.wsgi [None req-95852ff6-d108-4378-88b1-b0b68c9a30f8 tempest-ExtraSpecsNegativeTest-2110378104 tempest-ExtraSpecsNegativeTest-2110378104-project-admin] Empty body provided in request {{(pid=110893) get_body /opt/stack/cinder/cinder/api/openstack/wsgi.py:715}}
May 10 19:15:32.996675 dv-cinder-836996-18-smb devstack@c-api.service[110893]: DEBUG cinder.api.openstack.wsgi [None req-95852ff6-d108-4378-88b1-b0b68c9a30f8 tempest-ExtraSpecsNegativeTest-2110378104 tempest-ExtraSpecsNegativeTest-2110378104-project-admin] Calling method 'show' {{(pid=110893) _process_stack /opt/stack/cinder/cinder/api/openstack/wsgi.py:868}}
May 10 19:15:32.997325 dv-cinder-836996-18-smb devstack@c-api.service[110893]: /usr/local/lib/python3.8/dist-packages/oslo_context/context.py:100: DeprecationWarning: Policy enforcement is depending on the value of is_admin. This key is deprecated. Please update your policy file to use the standard policy values.
May 10 19:15:32.997325 dv-cinder-836996-18-smb devstack@c-api.service[110893]: warnings.warn('Policy enforcement is depending on the value of '
May 10 19:15:33.008093 dv-cinder-836996-18-smb devstack@c-api.service[110893]: INFO cinder.api.openstack.wsgi [None req-95852ff6-d108-4378-88b1-b0b68c9a30f8 tempest-ExtraSpecsNegativeTest-2110378104 tempest-ExtraSpecsNegativeTest-2110378104-project-admin] http://10.222.0.49/volume/v3/e80b7c3b73d048209bdb65b78e26be7e/types/0890c6f1-f16b-493a-bde4-5fc31deb72d3/extra_specs/nonexistent_extra_spec_name returned with HTTP 404
May 10 19:15:33.008982 dv-cinder-836996-18-smb devstack@c-api.service[110893]: [pid: 110893|app: 0|req: 197/391] 10.222.0.49 () {58 vars in 1438 bytes} [Tue May 10 19:15:32 2022] GET /volume/v3/e80b7c3b73d048209bdb65b78e26be7e/types/0890c6f1-f16b-493a-bde4-5fc31deb72d3/extra_specs/nonexistent_extra_spec_name => generated 151 bytes in 20 msecs (HTTP/1.1 404) 7 headers in 292 bytes (1 switches on core 0)
May 10 19:15:33.010337 dv-cinder-836996-18-smb devstack@c-api.service[110893]: DEBUG cinder.api.middleware.request_id [None req-b8b5b871-f574-48b3-a656-06b21e1cf3ac None None] RequestId filter calling following filter/app {{(pid=110893) _context_setter /opt/stack/cinder/cinder/api/middleware/request_id.py:62}}
May 10 19:15:33.014886 dv-cinder-836996-18-smb devstack@c-api.service[110893]: INFO cinder.api.openstack.wsgi [None req-b8b5b871-f574-48b3-a656-06b21e1cf3ac tempest-VolumesTestJSON-1189339505 tempest-VolumesTestJSON-1189339505-project] GET http://10.222.0.49/volume/v3/25ed5232822b4a42be0a4958c4419c9f/volumes/5d1b4256-72c0-422a-b860-591c747ad817
May 10 19:15:33.015336 dv-cinder-836996-18-smb devstack@c-api.service[110893]: DEBUG cinder.api.openstack.wsgi [None req-b8b5b871-f574-48b3-a656-06b21e1cf3ac tempest-VolumesTestJSON-1189339505 tempest-VolumesTestJSON-1189339505-project] Empty body provided in request {{(pid=110893) get_body /opt/stack/cinder/cinder/api/openstack/wsgi.py:715}}
May 10 19:15:33.015912 dv-cinder-836996-18-smb devstack@c-api.service[110893]: DEBUG cinder.api.openstack.wsgi [None req-b8b5b871-f574-48b3-a656-06b21e1cf3ac tempest-VolumesTestJSON-1189339505 tempest-VolumesTestJSON-1189339505-project] Calling method 'show' {{(pid=110893) _process_stack /opt/stack/cinder/cinder/api/openstack/wsgi.py:868}}
May 10 19:15:33.029063 dv-cinder-836996-18-smb devstack@c-api.service[110893]: /usr/local/lib/python3.8/dist-packages/oslo_context/context.py:100: DeprecationWarning: Policy enforcement is depending on the value of is_admin. This key is deprecated. Please update your policy file to use the standard policy values.
May 10 19:15:33.029063 dv-cinder-836996-18-smb devstack@c-api.service[110893]: warnings.warn('Policy enforcement is depending on the value of '
May 10 19:15:33.035940 dv-cinder-836996-18-smb devstack@c-api.service[110893]: INFO cinder.volume.api [None req-b8b5b871-f574-48b3-a656-06b21e1cf3ac tempest-VolumesTestJSON-1189339505 tempest-VolumesTestJSON-1189339505-project] Volume info retrieved successfully.
May 10 19:15:33.044257 dv-cinder-836996-18-smb devstack@c-api.service[110893]: INFO cinder.api.openstack.wsgi [None req-b8b5b871-f574-48b3-a656-06b21e1cf3ac tempest-VolumesTestJSON-1189339505 tempest-VolumesTestJSON-1189339505-project] http://10.222.0.49/volume/v3/25ed5232822b4a42be0a4958c4419c9f/volumes/5d1b4256-72c0-422a-b860-591c747ad817 returned with HTTP 200
May 10 19:15:33.044965 dv-cinder-836996-18-smb devstack@c-api.service[110893]: [pid: 110893|app: 0|req: 198/392] 10.222.0.49 () {58 vars in 1324 bytes} [Tue May 10 19:15:33 2022] GET /volume/v3/25ed5232822b4a42be0a4958c4419c9f/volumes/5d1b4256-72c0-422a-b860-591c747ad817 => generated 896 bytes in 35 msecs (HTTP/1.1 200) 7 headers in 285 bytes (1 switches on core 0)
May 10 19:15:33.049868 dv-cinder-836996-18-smb devstack@c-api.service[110893]: DEBUG cinder.api.middleware.request_id [None req-b9158a83-cbf8-4299-91f0-54f9ca81d94c None None] RequestId filter calling following filter/app {{(pid=110893) _context_setter /opt/stack/cinder/cinder/api/middleware/request_id.py:62}}
May 10 19:15:33.049991 dv-cinder-836996-18-smb devstack@c-api.service[110894]: INFO cinder.api.openstack.wsgi [None req-6f760d43-d732-4b7a-97f0-ce378d360661 tempest-VolumeTypesTest-1278497312 tempest-VolumeTypesTest-1278497312-project-admin] http://10.222.0.49/volume/v3/de1fcddda4804edab04e05309db45098/types returned with HTTP 200
May 10 19:15:33.049991 dv-cinder-836996-18-smb devstack@c-api.service[110894]: [pid: 110894|app: 0|req: 195/393] 10.222.0.49 () {60 vars in 1228 bytes} [Tue May 10 19:15:32 2022] POST /volume/v3/de1fcddda4804edab04e05309db45098/types => generated 221 bytes in 163 msecs (HTTP/1.1 200) 7 headers in 285 bytes (1 switches on core 0)
May 10 19:15:33.052111 dv-cinder-836996-18-smb devstack@c-api.service[110893]: INFO cinder.api.openstack.wsgi [None req-b9158a83-cbf8-4299-91f0-54f9ca81d94c tempest-ExtraSpecsNegativeTest-2110378104 tempest-ExtraSpecsNegativeTest-2110378104-project-admin] GET http://10.222.0.49/volume/v3/e80b7c3b73d048209bdb65b78e26be7e/types/5475384e-2cd6-40d5-a4ee-9bdc9b1847c6/extra_specs/spec1
May 10 19:15:33.052541 dv-cinder-836996-18-smb devstack@c-api.service[110893]: DEBUG cinder.api.openstack.wsgi [None req-b9158a83-cbf8-4299-91f0-54f9ca81d94c tempest-ExtraSpecsNegativeTest-2110378104 tempest-ExtraSpecsNegativeTest-2110378104-project-admin] Empty body provided in request {{(pid=110893) get_body /opt/stack/cinder/cinder/api/openstack/wsgi.py:715}}
May 10 19:15:33.053048 dv-cinder-836996-18-smb devstack@c-api.service[110893]: DEBUG cinder.api.openstack.wsgi [None req-b9158a83-cbf8-4299-91f0-54f9ca81d94c tempest-ExtraSpecsNegativeTest-2110378104 tempest-ExtraSpecsNegativeTest-2110378104-project-admin] Calling method 'show' {{(pid=110893) _process_stack /opt/stack/cinder/cinder/api/openstack/wsgi.py:868}}
May 10 19:15:33.055494 dv-cinder-836996-18-smb devstack@c-api.service[110894]: DEBUG cinder.api.middleware.request_id [None req-0896f6a1-fb40-489a-8fb0-e888e553df64 None None] RequestId filter calling following filter/app {{(pid=110894) _context_setter /opt/stack/cinder/cinder/api/middleware/request_id.py:62}}
May 10 19:15:33.059171 dv-cinder-836996-18-smb devstack@c-api.service[110893]: INFO cinder.api.openstack.wsgi [None req-b9158a83-cbf8-4299-91f0-54f9ca81d94c tempest-ExtraSpecsNegativeTest-2110378104 tempest-ExtraSpecsNegativeTest-2110378104-project-admin] http://10.222.0.49/volume/v3/e80b7c3b73d048209bdb65b78e26be7e/types/5475384e-2cd6-40d5-a4ee-9bdc9b1847c6/extra_specs/spec1 returned with HTTP 404
May 10 19:15:33.060235 dv-cinder-836996-18-smb devstack@c-api.service[110893]: [pid: 110893|app: 0|req: 199/394] 10.222.0.49 () {58 vars in 1372 bytes} [Tue May 10 19:15:33 2022] GET /volume/v3/e80b7c3b73d048209bdb65b78e26be7e/types/5475384e-2cd6-40d5-a4ee-9bdc9b1847c6/extra_specs/spec1 => generated 114 bytes in 15 msecs (HTTP/1.1 404) 7 headers in 292 bytes (1 switches on core 0)
May 10 19:15:33.060722 dv-cinder-836996-18-smb devstack@c-api.service[110894]: INFO cinder.api.openstack.wsgi [None req-0896f6a1-fb40-489a-8fb0-e888e553df64 tempest-VolumeTypesTest-1278497312 tempest-VolumeTypesTest-1278497312-project-admin] POST http://10.222.0.49/volume/v3/de1fcddda4804edab04e05309db45098/types/9377791e-71e0-454d-a270-416c4e19ab8c/encryption
May 10 19:15:33.061400 dv-cinder-836996-18-smb devstack@c-api.service[110894]: DEBUG cinder.api.openstack.wsgi [None req-0896f6a1-fb40-489a-8fb0-e888e553df64 tempest-VolumeTypesTest-1278497312 tempest-VolumeTypesTest-1278497312-project-admin] Action: 'create', calling method: create, body: {"encryption": {"provider": "LuksEncryptor", "key_size": 256, "cipher": "aes-xts-plain64", "control_location": "front-end"}} {{(pid=110894) _process_stack /opt/stack/cinder/cinder/api/openstack/wsgi.py:866}}
May 10 19:15:33.066121 dv-cinder-836996-18-smb devstack@c-api.service[110893]: DEBUG cinder.api.middleware.request_id [None req-35ebecb2-1917-4074-bf61-2bfe26e8c8b5 None None] RequestId filter calling following filter/app {{(pid=110893) _context_setter /opt/stack/cinder/cinder/api/middleware/request_id.py:62}}
May 10 19:15:33.070711 dv-cinder-836996-18-smb devstack@c-api.service[110893]: INFO cinder.api.openstack.wsgi [None req-35ebecb2-1917-4074-bf61-2bfe26e8c8b5 tempest-ExtraSpecsNegativeTest-2110378104 tempest-ExtraSpecsNegativeTest-2110378104-project-admin] GET http://10.222.0.49/volume/v3/e80b7c3b73d048209bdb65b78e26be7e/types/62d2404f-e62a-4eac-998a-3e553c55acbf/extra_specs
May 10 19:15:33.072769 dv-cinder-836996-18-smb devstack@c-api.service[110893]: DEBUG cinder.api.openstack.wsgi [None req-35ebecb2-1917-4074-bf61-2bfe26e8c8b5 tempest-ExtraSpecsNegativeTest-2110378104 tempest-ExtraSpecsNegativeTest-2110378104-project-admin] Empty body provided in request {{(pid=110893) get_body /opt/stack/cinder/cinder/api/openstack/wsgi.py:715}}
May 10 19:15:33.072769 dv-cinder-836996-18-smb devstack@c-api.service[110893]: DEBUG cinder.api.openstack.wsgi [None req-35ebecb2-1917-4074-bf61-2bfe26e8c8b5 tempest-ExtraSpecsNegativeTest-2110378104 tempest-ExtraSpecsNegativeTest-2110378104-project-admin] Calling method 'index' {{(pid=110893) _process_stack /opt/stack/cinder/cinder/api/openstack/wsgi.py:868}}
May 10 19:15:33.077176 dv-cinder-836996-18-smb devstack@c-api.service[110893]: INFO cinder.api.openstack.wsgi [None req-35ebecb2-1917-4074-bf61-2bfe26e8c8b5 tempest-ExtraSpecsNegativeTest-2110378104 tempest-ExtraSpecsNegativeTest-2110378104-project-admin] http://10.222.0.49/volume/v3/e80b7c3b73d048209bdb65b78e26be7e/types/62d2404f-e62a-4eac-998a-3e553c55acbf/extra_specs returned with HTTP 404
May 10 19:15:33.078092 dv-cinder-836996-18-smb devstack@c-api.service[110893]: [pid: 110893|app: 0|req: 200/395] 10.222.0.49 () {58 vars in 1354 bytes} [Tue May 10 19:15:33 2022] GET /volume/v3/e80b7c3b73d048209bdb65b78e26be7e/types/62d2404f-e62a-4eac-998a-3e553c55acbf/extra_specs => generated 114 bytes in 13 msecs (HTTP/1.1 404) 7 headers in 292 bytes (1 switches on core 0)
May 10 19:15:33.083445 dv-cinder-836996-18-smb devstack@c-api.service[110893]: DEBUG cinder.api.middleware.request_id [None req-048dfa01-3bf2-4f52-9624-75dfcaa518a4 None None] RequestId filter calling following filter/app {{(pid=110893) _context_setter /opt/stack/cinder/cinder/api/middleware/request_id.py:62}}
May 10 19:15:33.088095 dv-cinder-836996-18-smb devstack@c-api.service[110893]: INFO cinder.api.openstack.wsgi [None req-048dfa01-3bf2-4f52-9624-75dfcaa518a4 tempest-ExtraSpecsNegativeTest-2110378104 tempest-ExtraSpecsNegativeTest-2110378104-project-admin] PUT http://10.222.0.49/volume/v3/e80b7c3b73d048209bdb65b78e26be7e/types/0890c6f1-f16b-493a-bde4-5fc31deb72d3/extra_specs/spec1
May 10 19:15:33.088673 dv-cinder-836996-18-smb devstack@c-api.service[110893]: DEBUG cinder.api.openstack.wsgi [None req-048dfa01-3bf2-4f52-9624-75dfcaa518a4 tempest-ExtraSpecsNegativeTest-2110378104 tempest-ExtraSpecsNegativeTest-2110378104-project-admin] Action: 'update', calling method: update, body: {"spec1": "val2", "spec2": "val1"} {{(pid=110893) _process_stack /opt/stack/cinder/cinder/api/openstack/wsgi.py:866}}
May 10 19:15:33.089627 dv-cinder-836996-18-smb devstack@c-api.service[110893]: INFO cinder.api.openstack.wsgi [None req-048dfa01-3bf2-4f52-9624-75dfcaa518a4 tempest-ExtraSpecsNegativeTest-2110378104 tempest-ExtraSpecsNegativeTest-2110378104-project-admin] http://10.222.0.49/volume/v3/e80b7c3b73d048209bdb65b78e26be7e/types/0890c6f1-f16b-493a-bde4-5fc31deb72d3/extra_specs/spec1 returned with HTTP 400
May 10 19:15:33.092130 dv-cinder-836996-18-smb devstack@c-api.service[110893]: [pid: 110893|app: 0|req: 201/396] 10.222.0.49 () {60 vars in 1392 bytes} [Tue May 10 19:15:33 2022] PUT /volume/v3/e80b7c3b73d048209bdb65b78e26be7e/types/0890c6f1-f16b-493a-bde4-5fc31deb72d3/extra_specs/spec1 => generated 102 bytes in 9 msecs (HTTP/1.1 400) 7 headers in 294 bytes (2 switches on core 0)
May 10 19:15:33.096606 dv-cinder-836996-18-smb devstack@c-api.service[110893]: DEBUG cinder.api.middleware.request_id [None req-5bbf9b39-c788-4e99-a794-e6bc8892f8f0 None None] RequestId filter calling following filter/app {{(pid=110893) _context_setter /opt/stack/cinder/cinder/api/middleware/request_id.py:62}}
May 10 19:15:33.101426 dv-cinder-836996-18-smb devstack@c-api.service[110893]: INFO cinder.api.openstack.wsgi [None req-5bbf9b39-c788-4e99-a794-e6bc8892f8f0 tempest-ExtraSpecsNegativeTest-2110378104 tempest-ExtraSpecsNegativeTest-2110378104-project-admin] PUT http://10.222.0.49/volume/v3/e80b7c3b73d048209bdb65b78e26be7e/types/0890c6f1-f16b-493a-bde4-5fc31deb72d3/extra_specs/spec1
May 10 19:15:33.102104 dv-cinder-836996-18-smb devstack@c-api.service[110893]: DEBUG cinder.api.openstack.wsgi [None req-5bbf9b39-c788-4e99-a794-e6bc8892f8f0 tempest-ExtraSpecsNegativeTest-2110378104 tempest-ExtraSpecsNegativeTest-2110378104-project-admin] Action: 'update', calling method: update, body: null {{(pid=110893) _process_stack /opt/stack/cinder/cinder/api/openstack/wsgi.py:866}}
May 10 19:15:33.102902 dv-cinder-836996-18-smb devstack@c-api.service[110893]: INFO cinder.api.openstack.wsgi [None req-5bbf9b39-c788-4e99-a794-e6bc8892f8f0 tempest-ExtraSpecsNegativeTest-2110378104 tempest-ExtraSpecsNegativeTest-2110378104-project-admin] http://10.222.0.49/volume/v3/e80b7c3b73d048209bdb65b78e26be7e/types/0890c6f1-f16b-493a-bde4-5fc31deb72d3/extra_specs/spec1 returned with HTTP 400
May 10 19:15:33.107673 dv-cinder-836996-18-smb devstack@c-api.service[110893]: [pid: 110893|app: 0|req: 202/397] 10.222.0.49 () {60 vars in 1391 bytes} [Tue May 10 19:15:33 2022] PUT /volume/v3/e80b7c3b73d048209bdb65b78e26be7e/types/0890c6f1-f16b-493a-bde4-5fc31deb72d3/extra_specs/spec1 => generated 72 bytes in 8 msecs (HTTP/1.1 400) 7 headers in 293 bytes (2 switches on core 0)
May 10 19:15:33.109678 dv-cinder-836996-18-smb devstack@c-api.service[110893]: DEBUG cinder.api.middleware.request_id [None req-40881631-f7f7-409a-920e-038536a574d7 None None] RequestId filter calling following filter/app {{(pid=110893) _context_setter /opt/stack/cinder/cinder/api/middleware/request_id.py:62}}
May 10 19:15:33.114184 dv-cinder-836996-18-smb devstack@c-api.service[110893]: INFO cinder.api.openstack.wsgi [None req-40881631-f7f7-409a-920e-038536a574d7 tempest-ExtraSpecsNegativeTest-2110378104 tempest-ExtraSpecsNegativeTest-2110378104-project-admin] PUT http://10.222.0.49/volume/v3/e80b7c3b73d048209bdb65b78e26be7e/types/0890c6f1-f16b-493a-bde4-5fc31deb72d3/extra_specs/None
May 10 19:15:33.115121 dv-cinder-836996-18-smb devstack@c-api.service[110893]: DEBUG cinder.api.openstack.wsgi [None req-40881631-f7f7-409a-920e-038536a574d7 tempest-ExtraSpecsNegativeTest-2110378104 tempest-ExtraSpecsNegativeTest-2110378104-project-admin] Action: 'update', calling method: update, body: {"spec1": "val2"} {{(pid=110893) _process_stack /opt/stack/cinder/cinder/api/openstack/wsgi.py:866}}
May 10 19:15:33.133235 dv-cinder-836996-18-smb devstack@c-api.service[110893]: INFO cinder.api.openstack.wsgi [None req-40881631-f7f7-409a-920e-038536a574d7 tempest-ExtraSpecsNegativeTest-2110378104 tempest-ExtraSpecsNegativeTest-2110378104-project-admin] HTTP exception thrown: Request body and URI mismatch
May 10 19:15:33.133596 dv-cinder-836996-18-smb devstack@c-api.service[110893]: INFO cinder.api.openstack.wsgi [None req-40881631-f7f7-409a-920e-038536a574d7 tempest-ExtraSpecsNegativeTest-2110378104 tempest-ExtraSpecsNegativeTest-2110378104-project-admin] http://10.222.0.49/volume/v3/e80b7c3b73d048209bdb65b78e26be7e/types/0890c6f1-f16b-493a-bde4-5fc31deb72d3/extra_specs/None returned with HTTP 400
May 10 19:15:33.134574 dv-cinder-836996-18-smb devstack@c-api.service[110893]: [pid: 110893|app: 0|req: 203/398] 10.222.0.49 () {60 vars in 1389 bytes} [Tue May 10 19:15:33 2022] PUT /volume/v3/e80b7c3b73d048209bdb65b78e26be7e/types/0890c6f1-f16b-493a-bde4-5fc31deb72d3/extra_specs/None => generated 73 bytes in 26 msecs (HTTP/1.1 400) 7 headers in 293 bytes (2 switches on core 0)
May 10 19:15:33.140602 dv-cinder-836996-18-smb devstack@c-api.service[110893]: DEBUG cinder.api.middleware.request_id [None req-9002900b-f3c7-4a80-9cef-5784871c6864 None None] RequestId filter calling following filter/app {{(pid=110893) _context_setter /opt/stack/cinder/cinder/api/middleware/request_id.py:62}}
May 10 19:15:33.147939 dv-cinder-836996-18-smb devstack@c-api.service[110893]: INFO cinder.api.openstack.wsgi [None req-9002900b-f3c7-4a80-9cef-5784871c6864 tempest-ExtraSpecsNegativeTest-2110378104 tempest-ExtraSpecsNegativeTest-2110378104-project-admin] PUT http://10.222.0.49/volume/v3/e80b7c3b73d048209bdb65b78e26be7e/types/0890c6f1-f16b-493a-bde4-5fc31deb72d3/extra_specs/ab0fa569-0b3f-4727-8a90-eb85d61e026b
May 10 19:15:33.147939 dv-cinder-836996-18-smb devstack@c-api.service[110893]: DEBUG cinder.api.openstack.wsgi [None req-9002900b-f3c7-4a80-9cef-5784871c6864 tempest-ExtraSpecsNegativeTest-2110378104 tempest-ExtraSpecsNegativeTest-2110378104-project-admin] Action: 'update', calling method: update, body: {"spec1": "val2"} {{(pid=110893) _process_stack /opt/stack/cinder/cinder/api/openstack/wsgi.py:866}}
May 10 19:15:33.157938 dv-cinder-836996-18-smb devstack@c-api.service[110894]: INFO cinder.api.openstack.wsgi [None req-0896f6a1-fb40-489a-8fb0-e888e553df64 tempest-VolumeTypesTest-1278497312 tempest-VolumeTypesTest-1278497312-project-admin] http://10.222.0.49/volume/v3/de1fcddda4804edab04e05309db45098/types/9377791e-71e0-454d-a270-416c4e19ab8c/encryption returned with HTTP 200
May 10 19:15:33.163601 dv-cinder-836996-18-smb devstack@c-api.service[110893]: INFO cinder.api.openstack.wsgi [None req-9002900b-f3c7-4a80-9cef-5784871c6864 tempest-ExtraSpecsNegativeTest-2110378104 tempest-ExtraSpecsNegativeTest-2110378104-project-admin] HTTP exception thrown: Request body and URI mismatch
May 10 19:15:33.163824 dv-cinder-836996-18-smb devstack@c-api.service[110894]: [pid: 110894|app: 0|req: 196/399] 10.222.0.49 () {60 vars in 1373 bytes} [Tue May 10 19:15:33 2022] POST /volume/v3/de1fcddda4804edab04e05309db45098/types/9377791e-71e0-454d-a270-416c4e19ab8c/encryption => generated 239 bytes in 110 msecs (HTTP/1.1 200) 7 headers in 285 bytes (1 switches on core 0)
May 10 19:15:33.164007 dv-cinder-836996-18-smb devstack@c-api.service[110893]: INFO cinder.api.openstack.wsgi [None req-9002900b-f3c7-4a80-9cef-5784871c6864 tempest-ExtraSpecsNegativeTest-2110378104 tempest-ExtraSpecsNegativeTest-2110378104-project-admin] http://10.222.0.49/volume/v3/e80b7c3b73d048209bdb65b78e26be7e/types/0890c6f1-f16b-493a-bde4-5fc31deb72d3/extra_specs/ab0fa569-0b3f-4727-8a90-eb85d61e026b returned with HTTP 400
May 10 19:15:33.165080 dv-cinder-836996-18-smb devstack@c-api.service[110893]: [pid: 110893|app: 0|req: 204/400] 10.222.0.49 () {60 vars in 1485 bytes} [Tue May 10 19:15:33 2022] PUT /volume/v3/e80b7c3b73d048209bdb65b78e26be7e/types/0890c6f1-f16b-493a-bde4-5fc31deb72d3/extra_specs/ab0fa569-0b3f-4727-8a90-eb85d61e026b => generated 73 bytes in 25 msecs (HTTP/1.1 400) 7 headers in 293 bytes (2 switches on core 0)
May 10 19:15:33.166055 dv-cinder-836996-18-smb devstack@c-api.service[110894]: DEBUG cinder.api.middleware.request_id [None req-724b4a33-85b9-4ac8-82da-4792fe31ed45 None None] RequestId filter calling following filter/app {{(pid=110894) _context_setter /opt/stack/cinder/cinder/api/middleware/request_id.py:62}}
May 10 19:15:33.170543 dv-cinder-836996-18-smb devstack@c-api.service[110893]: DEBUG cinder.api.middleware.request_id [None req-e459699d-ed28-448b-84e3-911ea1a3860c None None] RequestId filter calling following filter/app {{(pid=110893) _context_setter /opt/stack/cinder/cinder/api/middleware/request_id.py:62}}
May 10 19:15:33.171021 dv-cinder-836996-18-smb devstack@c-api.service[110894]: INFO cinder.api.openstack.wsgi [None req-724b4a33-85b9-4ac8-82da-4792fe31ed45 tempest-VolumeTypesTest-1278497312 tempest-VolumeTypesTest-1278497312-project-admin] GET http://10.222.0.49/volume/v3/de1fcddda4804edab04e05309db45098/types/9377791e-71e0-454d-a270-416c4e19ab8c/encryption
May 10 19:15:33.171464 dv-cinder-836996-18-smb devstack@c-api.service[110894]: DEBUG cinder.api.openstack.wsgi [None req-724b4a33-85b9-4ac8-82da-4792fe31ed45 tempest-VolumeTypesTest-1278497312 tempest-VolumeTypesTest-1278497312-project-admin] Empty body provided in request {{(pid=110894) get_body /opt/stack/cinder/cinder/api/openstack/wsgi.py:715}}
