May 10 05:36:04.326146 dv-cinder-836996-16-iscsi devstack@c-api.service[110283]: DEBUG cinder.volume.api [None req-1bfc52aa-ace0-43e4-87a4-698cdb761f2b tempest-GroupsV314Test-385097567 tempest-GroupsV314Test-385097567-project] Task 'cinder.volume.flows.api.create_volume.EntryCreateTask;volume:create' (336278cf-d1db-42ed-9168-a0a8bc771d22) transitioned into state 'RUNNING' from state 'PENDING' {{(pid=110283) _task_receiver /usr/local/lib/python3.8/dist-packages/taskflow/listeners/logging.py:190}}
May 10 05:36:04.352598 dv-cinder-836996-16-iscsi devstack@c-api.service[110283]: DEBUG cinder.volume.api [None req-1bfc52aa-ace0-43e4-87a4-698cdb761f2b tempest-GroupsV314Test-385097567 tempest-GroupsV314Test-385097567-project] Task 'cinder.volume.flows.api.create_volume.EntryCreateTask;volume:create' (336278cf-d1db-42ed-9168-a0a8bc771d22) transitioned into state 'SUCCESS' from state 'RUNNING' with result '{'volume_id': '4561f112-51e7-48bd-9d1d-57899ca2107e', 'volume_properties': VolumeProperties(attach_status='detached',availability_zone='nova',cgsnapshot_id=None,consistencygroup_id=None,display_description=None,display_name='tempest-GroupsV314Test-Volume-1043865336',encryption_key_id=None,group_id=5d906d1f-20e6-4388-a2b3-5454703b6ff9,group_type_id=,metadata={},multiattach=False,project_id='4a0157c057674108ae80b15adae64762',qos_specs=None,replication_status=,reservations=['2660e471-d9e5-4e4a-8508-692717f4178a','3161acee-1954-45c6-a207-53223d48f0ad','b8fded16-2940-454a-965f-0142d5e6f2f2','77aa8548-b1e1-4637-acee-9de56f2ab068'],size=1,snapshot_id=None,source_replicaid=,source_volid=None,status='creating',user_id='fbed727f523144859c2f5afda3f0ce12',volume_type_id=99f661c7-d131-4740-95ea-9f09c17166bb), 'volume': Volume(_name_id=None,admin_metadata=,attach_status='detached',availability_zone='nova',bootable=False,cluster=,cluster_name=None,consistencygroup=,consistencygroup_id=None,created_at=2022-05-10T05:36:04Z,deleted=False,deleted_at=None,display_description=None,display_name='tempest-GroupsV314Test-Volume-1043865336',ec2_id=None,encryption_key_id=None,glance_metadata=,group=,group_id=5d906d1f-20e6-4388-a2b3-5454703b6ff9,host=None,id=4561f112-51e7-48bd-9d1d-57899ca2107e,launched_at=None,metadata={},migration_status=None,multiattach=False,previous_status=None,project_id='4a0157c057674108ae80b15adae64762',provider_auth=None,provider_geometry=None,provider_id=None,provider_location=None,replication_driver_data=None,replication_extended_status=None,replication_status=None,scheduled_at=None,service_uuid=None,shared_targets=True,size=1,snapshot_id=None,snapshots=,source_volid=None,status='creating',terminated_at=None,updated_at=None,use_quota=True,user_id='fbed727f523144859c2f5afda3f0ce12',volume_attachment=VolumeAttachmentList,volume_type=VolumeType(99f661c7-d131-4740-95ea-9f09c17166bb),volume_type_id=99f661c7-d131-4740-95ea-9f09c17166bb)}' {{(pid=110283) _task_receiver /usr/local/lib/python3.8/dist-packages/taskflow/listeners/logging.py:178}}
May 10 05:36:04.354828 dv-cinder-836996-16-iscsi devstack@c-api.service[110283]: DEBUG cinder.volume.api [None req-1bfc52aa-ace0-43e4-87a4-698cdb761f2b tempest-GroupsV314Test-385097567 tempest-GroupsV314Test-385097567-project] Task 'cinder.volume.flows.api.create_volume.QuotaCommitTask;volume:create' (bbe9efc8-38bf-4644-8c99-6e2cb6eb46be) transitioned into state 'RUNNING' from state 'PENDING' {{(pid=110283) _task_receiver /usr/local/lib/python3.8/dist-packages/taskflow/listeners/logging.py:190}}
May 10 05:36:04.398166 dv-cinder-836996-16-iscsi devstack@c-api.service[110283]: DEBUG cinder.volume.api [None req-1bfc52aa-ace0-43e4-87a4-698cdb761f2b tempest-GroupsV314Test-385097567 tempest-GroupsV314Test-385097567-project] Task 'cinder.volume.flows.api.create_volume.QuotaCommitTask;volume:create' (bbe9efc8-38bf-4644-8c99-6e2cb6eb46be) transitioned into state 'SUCCESS' from state 'RUNNING' with result '{'volume_properties': VolumeProperties(attach_status='detached',availability_zone='nova',cgsnapshot_id=None,consistencygroup_id=None,display_description=None,display_name='tempest-GroupsV314Test-Volume-1043865336',encryption_key_id=None,group_id=5d906d1f-20e6-4388-a2b3-5454703b6ff9,group_type_id=,metadata={},multiattach=False,project_id='4a0157c057674108ae80b15adae64762',qos_specs=None,replication_status=,reservations=['2660e471-d9e5-4e4a-8508-692717f4178a','3161acee-1954-45c6-a207-53223d48f0ad','b8fded16-2940-454a-965f-0142d5e6f2f2','77aa8548-b1e1-4637-acee-9de56f2ab068'],size=1,snapshot_id=None,source_replicaid=,source_volid=None,status='creating',user_id='fbed727f523144859c2f5afda3f0ce12',volume_type_id=99f661c7-d131-4740-95ea-9f09c17166bb)}' {{(pid=110283) _task_receiver /usr/local/lib/python3.8/dist-packages/taskflow/listeners/logging.py:178}}
May 10 05:36:04.401743 dv-cinder-836996-16-iscsi devstack@c-api.service[110283]: DEBUG cinder.volume.api [None req-1bfc52aa-ace0-43e4-87a4-698cdb761f2b tempest-GroupsV314Test-385097567 tempest-GroupsV314Test-385097567-project] Task 'cinder.volume.flows.api.create_volume.VolumeCastTask;volume:create' (550896af-98c8-4670-b451-cc0a1adf6381) transitioned into state 'RUNNING' from state 'PENDING' {{(pid=110283) _task_receiver /usr/local/lib/python3.8/dist-packages/taskflow/listeners/logging.py:190}}
May 10 05:36:04.430735 dv-cinder-836996-16-iscsi devstack@c-api.service[110282]: DEBUG cinder.api.middleware.request_id [None req-e4334146-9016-42d2-a6a0-389bff02932e None None] RequestId filter calling following filter/app {{(pid=110282) _context_setter /opt/stack/cinder/cinder/api/middleware/request_id.py:62}}
May 10 05:36:04.434079 dv-cinder-836996-16-iscsi devstack@c-api.service[110283]: DEBUG cinder.volume.api [None req-1bfc52aa-ace0-43e4-87a4-698cdb761f2b tempest-GroupsV314Test-385097567 tempest-GroupsV314Test-385097567-project] Task 'cinder.volume.flows.api.create_volume.VolumeCastTask;volume:create' (550896af-98c8-4670-b451-cc0a1adf6381) transitioned into state 'SUCCESS' from state 'RUNNING' with result 'None' {{(pid=110283) _task_receiver /usr/local/lib/python3.8/dist-packages/taskflow/listeners/logging.py:178}}
May 10 05:36:04.435633 dv-cinder-836996-16-iscsi devstack@c-api.service[110282]: INFO cinder.api.openstack.wsgi [None req-e4334146-9016-42d2-a6a0-389bff02932e tempest-VolumeTypesAccessTest-655553730 tempest-VolumeTypesAccessTest-655553730-project] GET http://10.222.0.23/volume/v3/d3990bb8176647ef9f9d6d33b66dce76/volumes/e04508e5-a119-4918-acc6-33442cba8154
May 10 05:36:04.436351 dv-cinder-836996-16-iscsi devstack@c-api.service[110282]: DEBUG cinder.api.openstack.wsgi [None req-e4334146-9016-42d2-a6a0-389bff02932e tempest-VolumeTypesAccessTest-655553730 tempest-VolumeTypesAccessTest-655553730-project] Empty body provided in request {{(pid=110282) get_body /opt/stack/cinder/cinder/api/openstack/wsgi.py:715}}
May 10 05:36:04.436866 dv-cinder-836996-16-iscsi devstack@c-api.service[110282]: DEBUG cinder.api.openstack.wsgi [None req-e4334146-9016-42d2-a6a0-389bff02932e tempest-VolumeTypesAccessTest-655553730 tempest-VolumeTypesAccessTest-655553730-project] Calling method 'show' {{(pid=110282) _process_stack /opt/stack/cinder/cinder/api/openstack/wsgi.py:868}}
May 10 05:36:04.437620 dv-cinder-836996-16-iscsi devstack@c-api.service[110283]: DEBUG cinder.volume.api [None req-1bfc52aa-ace0-43e4-87a4-698cdb761f2b tempest-GroupsV314Test-385097567 tempest-GroupsV314Test-385097567-project] Flow 'volume_create_api' (2d3eb506-0b37-4fb2-be59-febc066014e6) transitioned into state 'SUCCESS' from state 'RUNNING' {{(pid=110283) _flow_receiver /usr/local/lib/python3.8/dist-packages/taskflow/listeners/logging.py:141}}
May 10 05:36:04.438451 dv-cinder-836996-16-iscsi devstack@c-api.service[110283]: INFO cinder.volume.api [None req-1bfc52aa-ace0-43e4-87a4-698cdb761f2b tempest-GroupsV314Test-385097567 tempest-GroupsV314Test-385097567-project] Create volume request issued successfully.
May 10 05:36:04.440102 dv-cinder-836996-16-iscsi devstack@c-api.service[110283]: WARNING stevedore.named [None req-1bfc52aa-ace0-43e4-87a4-698cdb761f2b tempest-GroupsV314Test-385097567 tempest-GroupsV314Test-385097567-project] Could not load cinder.keymgr.conf_key_mgr.ConfKeyManager
May 10 05:36:04.440481 dv-cinder-836996-16-iscsi devstack@c-api.service[110283]: WARNING castellan.key_manager [None req-1bfc52aa-ace0-43e4-87a4-698cdb761f2b tempest-GroupsV314Test-385097567 tempest-GroupsV314Test-385097567-project] Deprecation Warning : cinder.keymgr.conf_key_mgr.ConfKeyManager is not a stevedore based driver, trying to load it as a class: stevedore.exception.NoMatches: No 'castellan.drivers' driver found, looking for 'cinder.keymgr.conf_key_mgr.ConfKeyManager'
May 10 05:36:04.449383 dv-cinder-836996-16-iscsi devstack@c-api.service[110283]: DEBUG oslo_db.sqlalchemy.engines [None req-1bfc52aa-ace0-43e4-87a4-698cdb761f2b tempest-GroupsV314Test-385097567 tempest-GroupsV314Test-385097567-project] MySQL server mode set to STRICT_TRANS_TABLES,STRICT_ALL_TABLES,NO_ZERO_IN_DATE,NO_ZERO_DATE,ERROR_FOR_DIVISION_BY_ZERO,TRADITIONAL,NO_ENGINE_SUBSTITUTION {{(pid=110283) _check_effective_sql_mode /usr/local/lib/python3.8/dist-packages/oslo_db/sqlalchemy/engines.py:314}}
May 10 05:36:04.455251 dv-cinder-836996-16-iscsi devstack@c-api.service[110283]: /usr/local/lib/python3.8/dist-packages/oslo_context/context.py:100: DeprecationWarning: Policy enforcement is depending on the value of is_admin. This key is deprecated. Please update your policy file to use the standard policy values.
May 10 05:36:04.455251 dv-cinder-836996-16-iscsi devstack@c-api.service[110283]: warnings.warn('Policy enforcement is depending on the value of '
May 10 05:36:04.457618 dv-cinder-836996-16-iscsi devstack@c-api.service[110282]: /usr/local/lib/python3.8/dist-packages/oslo_context/context.py:100: DeprecationWarning: Policy enforcement is depending on the value of is_admin. This key is deprecated. Please update your policy file to use the standard policy values.
May 10 05:36:04.457618 dv-cinder-836996-16-iscsi devstack@c-api.service[110282]: warnings.warn('Policy enforcement is depending on the value of '
May 10 05:36:04.462088 dv-cinder-836996-16-iscsi devstack@c-api.service[110283]: INFO cinder.api.openstack.wsgi [None req-1bfc52aa-ace0-43e4-87a4-698cdb761f2b tempest-GroupsV314Test-385097567 tempest-GroupsV314Test-385097567-project] http://10.222.0.23/volume/v3/4a0157c057674108ae80b15adae64762/volumes returned with HTTP 202
May 10 05:36:04.462985 dv-cinder-836996-16-iscsi devstack@c-api.service[110283]: [pid: 110283|app: 0|req: 127/238] 10.222.0.23 () {62 vars in 1276 bytes} [Tue May 10 05:36:04 2022] POST /volume/v3/4a0157c057674108ae80b15adae64762/volumes => generated 900 bytes in 364 msecs (HTTP/1.1 202) 7 headers in 292 bytes (1 switches on core 0)
May 10 05:36:04.466152 dv-cinder-836996-16-iscsi devstack@c-api.service[110282]: INFO cinder.volume.api [None req-e4334146-9016-42d2-a6a0-389bff02932e tempest-VolumeTypesAccessTest-655553730 tempest-VolumeTypesAccessTest-655553730-project] Volume info retrieved successfully.
May 10 05:36:04.478847 dv-cinder-836996-16-iscsi devstack@c-api.service[110283]: DEBUG cinder.api.middleware.request_id [None req-e26ffeac-53ee-4925-8611-7745fbf22814 None None] RequestId filter calling following filter/app {{(pid=110283) _context_setter /opt/stack/cinder/cinder/api/middleware/request_id.py:62}}
May 10 05:36:04.483312 dv-cinder-836996-16-iscsi devstack@c-api.service[110283]: INFO cinder.api.openstack.wsgi [None req-e26ffeac-53ee-4925-8611-7745fbf22814 tempest-GroupsV314Test-385097567 tempest-GroupsV314Test-385097567-project] GET http://10.222.0.23/volume/v3/4a0157c057674108ae80b15adae64762/volumes/4561f112-51e7-48bd-9d1d-57899ca2107e
May 10 05:36:04.483883 dv-cinder-836996-16-iscsi devstack@c-api.service[110283]: DEBUG cinder.api.openstack.wsgi [None req-e26ffeac-53ee-4925-8611-7745fbf22814 tempest-GroupsV314Test-385097567 tempest-GroupsV314Test-385097567-project] Empty body provided in request {{(pid=110283) get_body /opt/stack/cinder/cinder/api/openstack/wsgi.py:715}}
May 10 05:36:04.484453 dv-cinder-836996-16-iscsi devstack@c-api.service[110283]: DEBUG cinder.api.openstack.wsgi [None req-e26ffeac-53ee-4925-8611-7745fbf22814 tempest-GroupsV314Test-385097567 tempest-GroupsV314Test-385097567-project] Calling method 'show' {{(pid=110283) _process_stack /opt/stack/cinder/cinder/api/openstack/wsgi.py:868}}
May 10 05:36:04.486808 dv-cinder-836996-16-iscsi devstack@c-api.service[110282]: INFO cinder.api.openstack.wsgi [None req-e4334146-9016-42d2-a6a0-389bff02932e tempest-VolumeTypesAccessTest-655553730 tempest-VolumeTypesAccessTest-655553730-project] http://10.222.0.23/volume/v3/d3990bb8176647ef9f9d6d33b66dce76/volumes/e04508e5-a119-4918-acc6-33442cba8154 returned with HTTP 200
May 10 05:36:04.488267 dv-cinder-836996-16-iscsi devstack@c-api.service[110282]: [pid: 110282|app: 0|req: 112/239] 10.222.0.23 () {58 vars in 1324 bytes} [Tue May 10 05:36:04 2022] GET /volume/v3/d3990bb8176647ef9f9d6d33b66dce76/volumes/e04508e5-a119-4918-acc6-33442cba8154 => generated 954 bytes in 59 msecs (HTTP/1.1 200) 7 headers in 285 bytes (1 switches on core 0)
May 10 05:36:04.500541 dv-cinder-836996-16-iscsi devstack@c-api.service[110282]: DEBUG cinder.api.middleware.request_id [None req-3a52dcee-d7f2-465e-b7dd-02cd44923d72 None None] RequestId filter calling following filter/app {{(pid=110282) _context_setter /opt/stack/cinder/cinder/api/middleware/request_id.py:62}}
May 10 05:36:04.502404 dv-cinder-836996-16-iscsi devstack@c-api.service[110283]: /usr/local/lib/python3.8/dist-packages/oslo_context/context.py:100: DeprecationWarning: Policy enforcement is depending on the value of is_admin. This key is deprecated. Please update your policy file to use the standard policy values.
May 10 05:36:04.502404 dv-cinder-836996-16-iscsi devstack@c-api.service[110283]: warnings.warn('Policy enforcement is depending on the value of '
May 10 05:36:04.505187 dv-cinder-836996-16-iscsi devstack@c-api.service[110282]: INFO cinder.api.openstack.wsgi [None req-3a52dcee-d7f2-465e-b7dd-02cd44923d72 tempest-VolumeTypesAccessTest-448275729 tempest-VolumeTypesAccessTest-448275729-project-admin] POST http://10.222.0.23/volume/v3/1e0dd769e0e545f2a0c382699e8038b2/types/cf98d316-0e1e-428b-8863-5a8afa7ae265/action
May 10 05:36:04.506063 dv-cinder-836996-16-iscsi devstack@c-api.service[110282]: DEBUG cinder.api.openstack.wsgi [None req-3a52dcee-d7f2-465e-b7dd-02cd44923d72 tempest-VolumeTypesAccessTest-448275729 tempest-VolumeTypesAccessTest-448275729-project-admin] Action body: b'{"removeProjectAccess": {"project": "d3990bb8176647ef9f9d6d33b66dce76"}}' {{(pid=110282) get_method /opt/stack/cinder/cinder/api/openstack/wsgi.py:983}}
May 10 05:36:04.506550 dv-cinder-836996-16-iscsi devstack@c-api.service[110282]: DEBUG cinder.api.openstack.wsgi [None req-3a52dcee-d7f2-465e-b7dd-02cd44923d72 tempest-VolumeTypesAccessTest-448275729 tempest-VolumeTypesAccessTest-448275729-project-admin] Action: 'action', calling method: _removeProjectAccess, body: {"removeProjectAccess": {"project": "d3990bb8176647ef9f9d6d33b66dce76"}} {{(pid=110282) _process_stack /opt/stack/cinder/cinder/api/openstack/wsgi.py:866}}
May 10 05:36:04.510956 dv-cinder-836996-16-iscsi devstack@c-api.service[110283]: INFO cinder.volume.api [None req-e26ffeac-53ee-4925-8611-7745fbf22814 tempest-GroupsV314Test-385097567 tempest-GroupsV314Test-385097567-project] Volume info retrieved successfully.
May 10 05:36:04.512031 dv-cinder-836996-16-iscsi devstack@c-api.service[110283]: WARNING stevedore.named [None req-e26ffeac-53ee-4925-8611-7745fbf22814 tempest-GroupsV314Test-385097567 tempest-GroupsV314Test-385097567-project] Could not load cinder.keymgr.conf_key_mgr.ConfKeyManager
May 10 05:36:04.512429 dv-cinder-836996-16-iscsi devstack@c-api.service[110283]: WARNING castellan.key_manager [None req-e26ffeac-53ee-4925-8611-7745fbf22814 tempest-GroupsV314Test-385097567 tempest-GroupsV314Test-385097567-project] Deprecation Warning : cinder.keymgr.conf_key_mgr.ConfKeyManager is not a stevedore based driver, trying to load it as a class: stevedore.exception.NoMatches: No 'castellan.drivers' driver found, looking for 'cinder.keymgr.conf_key_mgr.ConfKeyManager'
May 10 05:36:04.520096 dv-cinder-836996-16-iscsi devstack@c-api.service[110283]: DEBUG oslo_db.sqlalchemy.engines [None req-e26ffeac-53ee-4925-8611-7745fbf22814 tempest-GroupsV314Test-385097567 tempest-GroupsV314Test-385097567-project] MySQL server mode set to STRICT_TRANS_TABLES,STRICT_ALL_TABLES,NO_ZERO_IN_DATE,NO_ZERO_DATE,ERROR_FOR_DIVISION_BY_ZERO,TRADITIONAL,NO_ENGINE_SUBSTITUTION {{(pid=110283) _check_effective_sql_mode /usr/local/lib/python3.8/dist-packages/oslo_db/sqlalchemy/engines.py:314}}
May 10 05:36:04.525992 dv-cinder-836996-16-iscsi devstack@c-api.service[110283]: /usr/local/lib/python3.8/dist-packages/oslo_context/context.py:100: DeprecationWarning: Policy enforcement is depending on the value of is_admin. This key is deprecated. Please update your policy file to use the standard policy values.
May 10 05:36:04.525992 dv-cinder-836996-16-iscsi devstack@c-api.service[110283]: warnings.warn('Policy enforcement is depending on the value of '
May 10 05:36:04.528110 dv-cinder-836996-16-iscsi devstack@c-api.service[110282]: INFO cinder.api.openstack.wsgi [None req-3a52dcee-d7f2-465e-b7dd-02cd44923d72 tempest-VolumeTypesAccessTest-448275729 tempest-VolumeTypesAccessTest-448275729-project-admin] http://10.222.0.23/volume/v3/1e0dd769e0e545f2a0c382699e8038b2/types/cf98d316-0e1e-428b-8863-5a8afa7ae265/action returned with HTTP 202
May 10 05:36:04.534093 dv-cinder-836996-16-iscsi devstack@c-api.service[110282]: [pid: 110282|app: 0|req: 113/240] 10.222.0.23 () {60 vars in 1360 bytes} [Tue May 10 05:36:04 2022] POST /volume/v3/1e0dd769e0e545f2a0c382699e8038b2/types/cf98d316-0e1e-428b-8863-5a8afa7ae265/action => generated 0 bytes in 34 msecs (HTTP/1.1 202) 6 headers in 233 bytes (2 switches on core 0)
May 10 05:36:04.535727 dv-cinder-836996-16-iscsi devstack@c-api.service[110282]: DEBUG cinder.api.middleware.request_id [None req-25c5b687-d588-48f1-9101-a92dcb7004a0 None None] RequestId filter calling following filter/app {{(pid=110282) _context_setter /opt/stack/cinder/cinder/api/middleware/request_id.py:62}}
May 10 05:36:04.540144 dv-cinder-836996-16-iscsi devstack@c-api.service[110282]: INFO cinder.api.openstack.wsgi [None req-25c5b687-d588-48f1-9101-a92dcb7004a0 tempest-VolumeTypesAccessTest-448275729 tempest-VolumeTypesAccessTest-448275729-project-admin] POST http://10.222.0.23/volume/v3/1e0dd769e0e545f2a0c382699e8038b2/types
May 10 05:36:04.541584 dv-cinder-836996-16-iscsi devstack@c-api.service[110282]: DEBUG cinder.api.openstack.wsgi [None req-25c5b687-d588-48f1-9101-a92dcb7004a0 tempest-VolumeTypesAccessTest-448275729 tempest-VolumeTypesAccessTest-448275729-project-admin] Action: 'create', calling method: _create, body: {"volume_type": {"name": "tempest-VolumeTypesAccessTest-volume-type-2113525749", "os-volume-type-access:is_public": false}} {{(pid=110282) _process_stack /opt/stack/cinder/cinder/api/openstack/wsgi.py:866}}
May 10 05:36:04.548065 dv-cinder-836996-16-iscsi devstack@c-api.service[110283]: INFO cinder.api.openstack.wsgi [None req-e26ffeac-53ee-4925-8611-7745fbf22814 tempest-GroupsV314Test-385097567 tempest-GroupsV314Test-385097567-project] http://10.222.0.23/volume/v3/4a0157c057674108ae80b15adae64762/volumes/4561f112-51e7-48bd-9d1d-57899ca2107e returned with HTTP 200
May 10 05:36:04.548813 dv-cinder-836996-16-iscsi devstack@c-api.service[110283]: [pid: 110283|app: 0|req: 128/241] 10.222.0.23 () {60 vars in 1365 bytes} [Tue May 10 05:36:04 2022] GET /volume/v3/4a0157c057674108ae80b15adae64762/volumes/4561f112-51e7-48bd-9d1d-57899ca2107e => generated 968 bytes in 71 msecs (HTTP/1.1 200) 7 headers in 286 bytes (2 switches on core 0)
May 10 05:36:04.583767 dv-cinder-836996-16-iscsi devstack@c-api.service[110282]: INFO cinder.api.openstack.wsgi [None req-25c5b687-d588-48f1-9101-a92dcb7004a0 tempest-VolumeTypesAccessTest-448275729 tempest-VolumeTypesAccessTest-448275729-project-admin] http://10.222.0.23/volume/v3/1e0dd769e0e545f2a0c382699e8038b2/types returned with HTTP 200
May 10 05:36:04.584741 dv-cinder-836996-16-iscsi devstack@c-api.service[110282]: [pid: 110282|app: 0|req: 114/242] 10.222.0.23 () {60 vars in 1229 bytes} [Tue May 10 05:36:04 2022] POST /volume/v3/1e0dd769e0e545f2a0c382699e8038b2/types => generated 229 bytes in 50 msecs (HTTP/1.1 200) 7 headers in 285 bytes (1 switches on core 0)
May 10 05:36:04.592343 dv-cinder-836996-16-iscsi devstack@c-api.service[110283]: DEBUG cinder.api.middleware.request_id [None req-f8126508-75c6-45d9-8ed9-fc8444fac301 None None] RequestId filter calling following filter/app {{(pid=110283) _context_setter /opt/stack/cinder/cinder/api/middleware/request_id.py:62}}
May 10 05:36:04.597698 dv-cinder-836996-16-iscsi devstack@c-api.service[110283]: INFO cinder.api.openstack.wsgi [None req-f8126508-75c6-45d9-8ed9-fc8444fac301 tempest-VolumeTypesAccessTest-448275729 tempest-VolumeTypesAccessTest-448275729-project-admin] POST http://10.222.0.23/volume/v3/1e0dd769e0e545f2a0c382699e8038b2/types/89932377-9ed3-4308-8d1a-e1822efcc8eb/action
May 10 05:36:04.598399 dv-cinder-836996-16-iscsi devstack@c-api.service[110283]: DEBUG cinder.api.openstack.wsgi [None req-f8126508-75c6-45d9-8ed9-fc8444fac301 tempest-VolumeTypesAccessTest-448275729 tempest-VolumeTypesAccessTest-448275729-project-admin] Action body: b'{"addProjectAccess": {"project": "d3990bb8176647ef9f9d6d33b66dce76"}}' {{(pid=110283) get_method /opt/stack/cinder/cinder/api/openstack/wsgi.py:983}}
May 10 05:36:04.599299 dv-cinder-836996-16-iscsi devstack@c-api.service[110283]: DEBUG cinder.api.openstack.wsgi [None req-f8126508-75c6-45d9-8ed9-fc8444fac301 tempest-VolumeTypesAccessTest-448275729 tempest-VolumeTypesAccessTest-448275729-project-admin] Action: 'action', calling method: _addProjectAccess, body: {"addProjectAccess": {"project": "d3990bb8176647ef9f9d6d33b66dce76"}} {{(pid=110283) _process_stack /opt/stack/cinder/cinder/api/openstack/wsgi.py:866}}
May 10 05:36:04.619990 dv-cinder-836996-16-iscsi devstack@c-api.service[110283]: INFO cinder.api.openstack.wsgi [None req-f8126508-75c6-45d9-8ed9-fc8444fac301 tempest-VolumeTypesAccessTest-448275729 tempest-VolumeTypesAccessTest-448275729-project-admin] http://10.222.0.23/volume/v3/1e0dd769e0e545f2a0c382699e8038b2/types/89932377-9ed3-4308-8d1a-e1822efcc8eb/action returned with HTTP 202
May 10 05:36:04.621143 dv-cinder-836996-16-iscsi devstack@c-api.service[110283]: [pid: 110283|app: 0|req: 129/243] 10.222.0.23 () {60 vars in 1360 bytes} [Tue May 10 05:36:04 2022] POST /volume/v3/1e0dd769e0e545f2a0c382699e8038b2/types/89932377-9ed3-4308-8d1a-e1822efcc8eb/action => generated 0 bytes in 30 msecs (HTTP/1.1 202) 6 headers in 233 bytes (2 switches on core 0)
May 10 05:36:04.626621 dv-cinder-836996-16-iscsi devstack@c-api.service[110282]: DEBUG cinder.api.middleware.request_id [None req-1b722be0-6531-4a22-ad8e-eafa2c90c3b4 None None] RequestId filter calling following filter/app {{(pid=110282) _context_setter /opt/stack/cinder/cinder/api/middleware/request_id.py:62}}
May 10 05:36:04.630725 dv-cinder-836996-16-iscsi devstack@c-api.service[110282]: INFO cinder.api.openstack.wsgi [None req-1b722be0-6531-4a22-ad8e-eafa2c90c3b4 tempest-VolumeTypesAccessTest-448275729 tempest-VolumeTypesAccessTest-448275729-project-admin] POST http://10.222.0.23/volume/v3/1e0dd769e0e545f2a0c382699e8038b2/types/89932377-9ed3-4308-8d1a-e1822efcc8eb/action
May 10 05:36:04.631630 dv-cinder-836996-16-iscsi devstack@c-api.service[110282]: DEBUG cinder.api.openstack.wsgi [None req-1b722be0-6531-4a22-ad8e-eafa2c90c3b4 tempest-VolumeTypesAccessTest-448275729 tempest-VolumeTypesAccessTest-448275729-project-admin] Action body: b'{"addProjectAccess": {"project": "357e48a5e8204a3baa448d0631acadbe"}}' {{(pid=110282) get_method /opt/stack/cinder/cinder/api/openstack/wsgi.py:983}}
May 10 05:36:04.632147 dv-cinder-836996-16-iscsi devstack@c-api.service[110282]: DEBUG cinder.api.openstack.wsgi [None req-1b722be0-6531-4a22-ad8e-eafa2c90c3b4 tempest-VolumeTypesAccessTest-448275729 tempest-VolumeTypesAccessTest-448275729-project-admin] Action: 'action', calling method: _addProjectAccess, body: {"addProjectAccess": {"project": "357e48a5e8204a3baa448d0631acadbe"}} {{(pid=110282) _process_stack /opt/stack/cinder/cinder/api/openstack/wsgi.py:866}}
May 10 05:36:04.651629 dv-cinder-836996-16-iscsi devstack@c-api.service[110282]: INFO cinder.api.openstack.wsgi [None req-1b722be0-6531-4a22-ad8e-eafa2c90c3b4 tempest-VolumeTypesAccessTest-448275729 tempest-VolumeTypesAccessTest-448275729-project-admin] http://10.222.0.23/volume/v3/1e0dd769e0e545f2a0c382699e8038b2/types/89932377-9ed3-4308-8d1a-e1822efcc8eb/action returned with HTTP 202
May 10 05:36:04.655926 dv-cinder-836996-16-iscsi devstack@c-api.service[110282]: [pid: 110282|app: 0|req: 115/244] 10.222.0.23 () {60 vars in 1360 bytes} [Tue May 10 05:36:04 2022] POST /volume/v3/1e0dd769e0e545f2a0c382699e8038b2/types/89932377-9ed3-4308-8d1a-e1822efcc8eb/action => generated 0 bytes in 27 msecs (HTTP/1.1 202) 6 headers in 233 bytes (1 switches on core 0)
May 10 05:36:04.658181 dv-cinder-836996-16-iscsi devstack@c-api.service[110283]: DEBUG cinder.api.middleware.request_id [None req-cc6b5e8c-84bc-426d-bf03-f145b84f4a49 None None] RequestId filter calling following filter/app {{(pid=110283) _context_setter /opt/stack/cinder/cinder/api/middleware/request_id.py:62}}
May 10 05:36:04.671624 dv-cinder-836996-16-iscsi devstack@c-api.service[110283]: INFO cinder.api.openstack.wsgi [None req-cc6b5e8c-84bc-426d-bf03-f145b84f4a49 tempest-VolumeTypesAccessTest-448275729 tempest-VolumeTypesAccessTest-448275729-project-admin] GET http://10.222.0.23/volume/v3/1e0dd769e0e545f2a0c382699e8038b2/types/89932377-9ed3-4308-8d1a-e1822efcc8eb/os-volume-type-access
May 10 05:36:04.672281 dv-cinder-836996-16-iscsi devstack@c-api.service[110283]: DEBUG cinder.api.openstack.wsgi [None req-cc6b5e8c-84bc-426d-bf03-f145b84f4a49 tempest-VolumeTypesAccessTest-448275729 tempest-VolumeTypesAccessTest-448275729-project-admin] Empty body provided in request {{(pid=110283) get_body /opt/stack/cinder/cinder/api/openstack/wsgi.py:715}}
May 10 05:36:04.673890 dv-cinder-836996-16-iscsi devstack@c-api.service[110283]: DEBUG cinder.api.openstack.wsgi [None req-cc6b5e8c-84bc-426d-bf03-f145b84f4a49 tempest-VolumeTypesAccessTest-448275729 tempest-VolumeTypesAccessTest-448275729-project-admin] Calling method 'index' {{(pid=110283) _process_stack /opt/stack/cinder/cinder/api/openstack/wsgi.py:868}}
May 10 05:36:04.699694 dv-cinder-836996-16-iscsi devstack@c-api.service[110283]: INFO cinder.api.openstack.wsgi [None req-cc6b5e8c-84bc-426d-bf03-f145b84f4a49 tempest-VolumeTypesAccessTest-448275729 tempest-VolumeTypesAccessTest-448275729-project-admin] http://10.222.0.23/volume/v3/1e0dd769e0e545f2a0c382699e8038b2/types/89932377-9ed3-4308-8d1a-e1822efcc8eb/os-volume-type-access returned with HTTP 200
May 10 05:36:04.707402 dv-cinder-836996-16-iscsi devstack@c-api.service[110283]: [pid: 110283|app: 0|req: 130/245] 10.222.0.23 () {58 vars in 1384 bytes} [Tue May 10 05:36:04 2022] GET /volume/v3/1e0dd769e0e545f2a0c382699e8038b2/types/89932377-9ed3-4308-8d1a-e1822efcc8eb/os-volume-type-access => generated 244 bytes in 48 msecs (HTTP/1.1 200) 7 headers in 285 bytes (1 switches on core 0)
May 10 05:36:04.709164 dv-cinder-836996-16-iscsi devstack@c-api.service[110282]: DEBUG cinder.api.middleware.request_id [None req-4b4f3f26-bfbe-4488-a704-7369fd8c758a None None] RequestId filter calling following filter/app {{(pid=110282) _context_setter /opt/stack/cinder/cinder/api/middleware/request_id.py:62}}
May 10 05:36:04.713387 dv-cinder-836996-16-iscsi devstack@c-api.service[110282]: INFO cinder.api.openstack.wsgi [None req-4b4f3f26-bfbe-4488-a704-7369fd8c758a tempest-VolumeTypesAccessTest-448275729 tempest-VolumeTypesAccessTest-448275729-project-admin] POST http://10.222.0.23/volume/v3/1e0dd769e0e545f2a0c382699e8038b2/types/89932377-9ed3-4308-8d1a-e1822efcc8eb/action
May 10 05:36:04.714101 dv-cinder-836996-16-iscsi devstack@c-api.service[110282]: DEBUG cinder.api.openstack.wsgi [None req-4b4f3f26-bfbe-4488-a704-7369fd8c758a tempest-VolumeTypesAccessTest-448275729 tempest-VolumeTypesAccessTest-448275729-project-admin] Action body: b'{"removeProjectAccess": {"project": "357e48a5e8204a3baa448d0631acadbe"}}' {{(pid=110282) get_method /opt/stack/cinder/cinder/api/openstack/wsgi.py:983}}
May 10 05:36:04.714532 dv-cinder-836996-16-iscsi devstack@c-api.service[110282]: DEBUG cinder.api.openstack.wsgi [None req-4b4f3f26-bfbe-4488-a704-7369fd8c758a tempest-VolumeTypesAccessTest-448275729 tempest-VolumeTypesAccessTest-448275729-project-admin] Action: 'action', calling method: _removeProjectAccess, body: {"removeProjectAccess": {"project": "357e48a5e8204a3baa448d0631acadbe"}} {{(pid=110282) _process_stack /opt/stack/cinder/cinder/api/openstack/wsgi.py:866}}
May 10 05:36:04.723113 dv-cinder-836996-16-iscsi devstack@c-api.service[110283]: DEBUG cinder.api.middleware.request_id [None req-50b1adeb-0f7f-4adc-ac60-c59417fbf426 None None] RequestId filter calling following filter/app {{(pid=110283) _context_setter /opt/stack/cinder/cinder/api/middleware/request_id.py:62}}
May 10 05:36:04.729201 dv-cinder-836996-16-iscsi devstack@c-api.service[110283]: INFO cinder.api.openstack.wsgi [None req-50b1adeb-0f7f-4adc-ac60-c59417fbf426 tempest-SnapshotsActionsTest-203511412 tempest-SnapshotsActionsTest-203511412-project] GET http://10.222.0.23/volume/v3/7144f72dbd3e43ea94bedc38abb35892/snapshots/edec79ab-31a9-4240-b855-8afa7f2a167d
May 10 05:36:04.732073 dv-cinder-836996-16-iscsi devstack@c-api.service[110283]: DEBUG cinder.api.openstack.wsgi [None req-50b1adeb-0f7f-4adc-ac60-c59417fbf426 tempest-SnapshotsActionsTest-203511412 tempest-SnapshotsActionsTest-203511412-project] Empty body provided in request {{(pid=110283) get_body /opt/stack/cinder/cinder/api/openstack/wsgi.py:715}}
May 10 05:36:04.732537 dv-cinder-836996-16-iscsi devstack@c-api.service[110283]: DEBUG cinder.api.openstack.wsgi [None req-50b1adeb-0f7f-4adc-ac60-c59417fbf426 tempest-SnapshotsActionsTest-203511412 tempest-SnapshotsActionsTest-203511412-project] Calling method 'show' {{(pid=110283) _process_stack /opt/stack/cinder/cinder/api/openstack/wsgi.py:868}}
May 10 05:36:04.744868 dv-cinder-836996-16-iscsi devstack@c-api.service[110283]: /usr/local/lib/python3.8/dist-packages/oslo_context/context.py:100: DeprecationWarning: Policy enforcement is depending on the value of is_admin. This key is deprecated. Please update your policy file to use the standard policy values.
May 10 05:36:04.744868 dv-cinder-836996-16-iscsi devstack@c-api.service[110283]: warnings.warn('Policy enforcement is depending on the value of '
May 10 05:36:04.746664 dv-cinder-836996-16-iscsi devstack@c-api.service[110283]: INFO cinder.volume.api [None req-50b1adeb-0f7f-4adc-ac60-c59417fbf426 tempest-SnapshotsActionsTest-203511412 tempest-SnapshotsActionsTest-203511412-project] Snapshot retrieved successfully.
May 10 05:36:04.749165 dv-cinder-836996-16-iscsi devstack@c-api.service[110283]: INFO cinder.api.openstack.wsgi [None req-50b1adeb-0f7f-4adc-ac60-c59417fbf426 tempest-SnapshotsActionsTest-203511412 tempest-SnapshotsActionsTest-203511412-project] http://10.222.0.23/volume/v3/7144f72dbd3e43ea94bedc38abb35892/snapshots/edec79ab-31a9-4240-b855-8afa7f2a167d returned with HTTP 200
May 10 05:36:04.749886 dv-cinder-836996-16-iscsi devstack@c-api.service[110283]: [pid: 110283|app: 0|req: 131/246] 10.222.0.23 () {58 vars in 1330 bytes} [Tue May 10 05:36:04 2022] GET /volume/v3/7144f72dbd3e43ea94bedc38abb35892/snapshots/edec79ab-31a9-4240-b855-8afa7f2a167d => generated 466 bytes in 28 msecs (HTTP/1.1 200) 7 headers in 285 bytes (1 switches on core 0)
May 10 05:36:04.757853 dv-cinder-836996-16-iscsi devstack@c-api.service[110283]: DEBUG cinder.api.middleware.request_id [None req-cbaf8de0-0222-461c-a3bf-f363c7b7bc0f None None] RequestId filter calling following filter/app {{(pid=110283) _context_setter /opt/stack/cinder/cinder/api/middleware/request_id.py:62}}
May 10 05:36:04.765774 dv-cinder-836996-16-iscsi devstack@c-api.service[110282]: INFO cinder.api.openstack.wsgi [None req-4b4f3f26-bfbe-4488-a704-7369fd8c758a tempest-VolumeTypesAccessTest-448275729 tempest-VolumeTypesAccessTest-448275729-project-admin] http://10.222.0.23/volume/v3/1e0dd769e0e545f2a0c382699e8038b2/types/89932377-9ed3-4308-8d1a-e1822efcc8eb/action returned with HTTP 202
May 10 05:36:04.766992 dv-cinder-836996-16-iscsi devstack@c-api.service[110282]: [pid: 110282|app: 0|req: 116/247] 10.222.0.23 () {60 vars in 1360 bytes} [Tue May 10 05:36:04 2022] POST /volume/v3/1e0dd769e0e545f2a0c382699e8038b2/types/89932377-9ed3-4308-8d1a-e1822efcc8eb/action => generated 0 bytes in 59 msecs (HTTP/1.1 202) 6 headers in 233 bytes (1 switches on core 0)
May 10 05:36:04.767223 dv-cinder-836996-16-iscsi devstack@c-api.service[110283]: INFO cinder.api.openstack.wsgi [None req-cbaf8de0-0222-461c-a3bf-f363c7b7bc0f tempest-SnapshotsActionsTest-793495257 tempest-SnapshotsActionsTest-793495257-project-admin] POST http://10.222.0.23/volume/v3/3abaef2566c045e2b62345ece6cb184c/snapshots/edec79ab-31a9-4240-b855-8afa7f2a167d/action
May 10 05:36:04.768151 dv-cinder-836996-16-iscsi devstack@c-api.service[110283]: DEBUG cinder.api.openstack.wsgi [None req-cbaf8de0-0222-461c-a3bf-f363c7b7bc0f tempest-SnapshotsActionsTest-793495257 tempest-SnapshotsActionsTest-793495257-project-admin] Action body: b'{"os-reset_status": {"status": "error"}}' {{(pid=110283) get_method /opt/stack/cinder/cinder/api/openstack/wsgi.py:983}}
May 10 05:36:04.768386 dv-cinder-836996-16-iscsi devstack@c-api.service[110283]: DEBUG cinder.api.openstack.wsgi [None req-cbaf8de0-0222-461c-a3bf-f363c7b7bc0f tempest-SnapshotsActionsTest-793495257 tempest-SnapshotsActionsTest-793495257-project-admin] Action: 'action', calling method: _reset_status, body: {"os-reset_status": {"status": "error"}} {{(pid=110283) _process_stack /opt/stack/cinder/cinder/api/openstack/wsgi.py:866}}
May 10 05:36:04.769647 dv-cinder-836996-16-iscsi devstack@c-api.service[110283]: DEBUG cinder.api.contrib.admin_actions [None req-cbaf8de0-0222-461c-a3bf-f363c7b7bc0f tempest-SnapshotsActionsTest-793495257 tempest-SnapshotsActionsTest-793495257-project-admin] Updating snapshot 'edec79ab-31a9-4240-b855-8afa7f2a167d' with '{'status': 'error'}' {{(pid=110283) _reset_status /opt/stack/cinder/cinder/api/contrib/admin_actions.py:100}}
May 10 05:36:04.771785 dv-cinder-836996-16-iscsi devstack@c-api.service[110282]: DEBUG cinder.api.middleware.request_id [None req-eda0231b-7f2f-42b3-86e2-861781c688f6 None None] RequestId filter calling following filter/app {{(pid=110282) _context_setter /opt/stack/cinder/cinder/api/middleware/request_id.py:62}}
May 10 05:36:04.775439 dv-cinder-836996-16-iscsi devstack@c-api.service[110282]: INFO cinder.api.openstack.wsgi [None req-eda0231b-7f2f-42b3-86e2-861781c688f6 tempest-VolumeTypesAccessTest-448275729 tempest-VolumeTypesAccessTest-448275729-project-admin] POST http://10.222.0.23/volume/v3/1e0dd769e0e545f2a0c382699e8038b2/types/89932377-9ed3-4308-8d1a-e1822efcc8eb/action
May 10 05:36:04.777386 dv-cinder-836996-16-iscsi devstack@c-api.service[110282]: DEBUG cinder.api.openstack.wsgi [None req-eda0231b-7f2f-42b3-86e2-861781c688f6 tempest-VolumeTypesAccessTest-448275729 tempest-VolumeTypesAccessTest-448275729-project-admin] Action body: b'{"removeProjectAccess": {"project": "d3990bb8176647ef9f9d6d33b66dce76"}}' {{(pid=110282) get_method /opt/stack/cinder/cinder/api/openstack/wsgi.py:983}}
May 10 05:36:04.777627 dv-cinder-836996-16-iscsi devstack@c-api.service[110282]: DEBUG cinder.api.openstack.wsgi [None req-eda0231b-7f2f-42b3-86e2-861781c688f6 tempest-VolumeTypesAccessTest-448275729 tempest-VolumeTypesAccessTest-448275729-project-admin] Action: 'action', calling method: _removeProjectAccess, body: {"removeProjectAccess": {"project": "d3990bb8176647ef9f9d6d33b66dce76"}} {{(pid=110282) _process_stack /opt/stack/cinder/cinder/api/openstack/wsgi.py:866}}
May 10 05:36:04.791688 dv-cinder-836996-16-iscsi devstack@c-api.service[110283]: /usr/local/lib/python3.8/dist-packages/oslo_context/context.py:100: DeprecationWarning: Policy enforcement is depending on the value of is_admin. This key is deprecated. Please update your policy file to use the standard policy values.
May 10 05:36:04.791688 dv-cinder-836996-16-iscsi devstack@c-api.service[110283]: warnings.warn('Policy enforcement is depending on the value of '
May 10 05:36:04.796472 dv-cinder-836996-16-iscsi devstack@c-api.service[110282]: INFO cinder.api.openstack.wsgi [None req-eda0231b-7f2f-42b3-86e2-861781c688f6 tempest-VolumeTypesAccessTest-448275729 tempest-VolumeTypesAccessTest-448275729-project-admin] http://10.222.0.23/volume/v3/1e0dd769e0e545f2a0c382699e8038b2/types/89932377-9ed3-4308-8d1a-e1822efcc8eb/action returned with HTTP 202
May 10 05:36:04.797686 dv-cinder-836996-16-iscsi devstack@c-api.service[110282]: [pid: 110282|app: 0|req: 117/248] 10.222.0.23 () {60 vars in 1360 bytes} [Tue May 10 05:36:04 2022] POST /volume/v3/1e0dd769e0e545f2a0c382699e8038b2/types/89932377-9ed3-4308-8d1a-e1822efcc8eb/action => generated 0 bytes in 27 msecs (HTTP/1.1 202) 6 headers in 233 bytes (2 switches on core 0)
May 10 05:36:04.804782 dv-cinder-836996-16-iscsi devstack@c-api.service[110282]: DEBUG cinder.api.middleware.request_id [None req-41d58c48-5ef3-4510-a9ff-37ed09dfa8e6 None None] RequestId filter calling following filter/app {{(pid=110282) _context_setter /opt/stack/cinder/cinder/api/middleware/request_id.py:62}}
May 10 05:36:04.808793 dv-cinder-836996-16-iscsi devstack@c-api.service[110282]: INFO cinder.api.openstack.wsgi [None req-41d58c48-5ef3-4510-a9ff-37ed09dfa8e6 tempest-VolumeTypesAccessTest-448275729 tempest-VolumeTypesAccessTest-448275729-project-admin] DELETE http://10.222.0.23/volume/v3/1e0dd769e0e545f2a0c382699e8038b2/types/89932377-9ed3-4308-8d1a-e1822efcc8eb
May 10 05:36:04.809233 dv-cinder-836996-16-iscsi devstack@c-api.service[110282]: DEBUG cinder.api.openstack.wsgi [None req-41d58c48-5ef3-4510-a9ff-37ed09dfa8e6 tempest-VolumeTypesAccessTest-448275729 tempest-VolumeTypesAccessTest-448275729-project-admin] Empty body provided in request {{(pid=110282) get_body /opt/stack/cinder/cinder/api/openstack/wsgi.py:715}}
May 10 05:36:04.809709 dv-cinder-836996-16-iscsi devstack@c-api.service[110282]: DEBUG cinder.api.openstack.wsgi [None req-41d58c48-5ef3-4510-a9ff-37ed09dfa8e6 tempest-VolumeTypesAccessTest-448275729 tempest-VolumeTypesAccessTest-448275729-project-admin] Calling method '_delete' {{(pid=110282) _process_stack /opt/stack/cinder/cinder/api/openstack/wsgi.py:868}}
May 10 05:36:04.810375 dv-cinder-836996-16-iscsi devstack@c-api.service[110283]: INFO cinder.api.openstack.wsgi [None req-cbaf8de0-0222-461c-a3bf-f363c7b7bc0f tempest-SnapshotsActionsTest-793495257 tempest-SnapshotsActionsTest-793495257-project-admin] http://10.222.0.23/volume/v3/3abaef2566c045e2b62345ece6cb184c/snapshots/edec79ab-31a9-4240-b855-8afa7f2a167d/action returned with HTTP 202
May 10 05:36:04.811656 dv-cinder-836996-16-iscsi devstack@c-api.service[110283]: [pid: 110283|app: 0|req: 132/249] 10.222.0.23 () {60 vars in 1372 bytes} [Tue May 10 05:36:04 2022] POST /volume/v3/3abaef2566c045e2b62345ece6cb184c/snapshots/edec79ab-31a9-4240-b855-8afa7f2a167d/action => generated 0 bytes in 55 msecs (HTTP/1.1 202) 7 headers in 289 bytes (2 switches on core 0)
May 10 05:36:04.816918 dv-cinder-836996-16-iscsi devstack@c-api.service[110283]: DEBUG cinder.api.middleware.request_id [None req-43d17413-8538-4a6b-94ad-3d4d4c658c42 None None] RequestId filter calling following filter/app {{(pid=110283) _context_setter /opt/stack/cinder/cinder/api/middleware/request_id.py:62}}
May 10 05:36:04.820824 dv-cinder-836996-16-iscsi devstack@c-api.service[110283]: INFO cinder.api.openstack.wsgi [None req-43d17413-8538-4a6b-94ad-3d4d4c658c42 tempest-SnapshotsActionsTest-203511412 tempest-SnapshotsActionsTest-203511412-project] GET http://10.222.0.23/volume/v3/7144f72dbd3e43ea94bedc38abb35892/snapshots/edec79ab-31a9-4240-b855-8afa7f2a167d
May 10 05:36:04.821260 dv-cinder-836996-16-iscsi devstack@c-api.service[110283]: DEBUG cinder.api.openstack.wsgi [None req-43d17413-8538-4a6b-94ad-3d4d4c658c42 tempest-SnapshotsActionsTest-203511412 tempest-SnapshotsActionsTest-203511412-project] Empty body provided in request {{(pid=110283) get_body /opt/stack/cinder/cinder/api/openstack/wsgi.py:715}}
May 10 05:36:04.821708 dv-cinder-836996-16-iscsi devstack@c-api.service[110283]: DEBUG cinder.api.openstack.wsgi [None req-43d17413-8538-4a6b-94ad-3d4d4c658c42 tempest-SnapshotsActionsTest-203511412 tempest-SnapshotsActionsTest-203511412-project] Calling method 'show' {{(pid=110283) _process_stack /opt/stack/cinder/cinder/api/openstack/wsgi.py:868}}
May 10 05:36:04.830662 dv-cinder-836996-16-iscsi devstack@c-api.service[110283]: /usr/local/lib/python3.8/dist-packages/oslo_context/context.py:100: DeprecationWarning: Policy enforcement is depending on the value of is_admin. This key is deprecated. Please update your policy file to use the standard policy values.
May 10 05:36:04.830662 dv-cinder-836996-16-iscsi devstack@c-api.service[110283]: warnings.warn('Policy enforcement is depending on the value of '
May 10 05:36:04.831608 dv-cinder-836996-16-iscsi devstack@c-api.service[110283]: INFO cinder.volume.api [None req-43d17413-8538-4a6b-94ad-3d4d4c658c42 tempest-SnapshotsActionsTest-203511412 tempest-SnapshotsActionsTest-203511412-project] Snapshot retrieved successfully.
May 10 05:36:04.833394 dv-cinder-836996-16-iscsi devstack@c-api.service[110283]: INFO cinder.api.openstack.wsgi [None req-43d17413-8538-4a6b-94ad-3d4d4c658c42 tempest-SnapshotsActionsTest-203511412 tempest-SnapshotsActionsTest-203511412-project] http://10.222.0.23/volume/v3/7144f72dbd3e43ea94bedc38abb35892/snapshots/edec79ab-31a9-4240-b855-8afa7f2a167d returned with HTTP 200
May 10 05:36:04.834287 dv-cinder-836996-16-iscsi devstack@c-api.service[110283]: [pid: 110283|app: 0|req: 133/250] 10.222.0.23 () {58 vars in 1330 bytes} [Tue May 10 05:36:04 2022] GET /volume/v3/7144f72dbd3e43ea94bedc38abb35892/snapshots/edec79ab-31a9-4240-b855-8afa7f2a167d => generated 462 bytes in 18 msecs (HTTP/1.1 200) 7 headers in 285 bytes (1 switches on core 0)
May 10 05:36:04.841364 dv-cinder-836996-16-iscsi devstack@c-api.service[110283]: DEBUG cinder.api.middleware.request_id [None req-8e01fe07-ec9c-4825-9f6b-e6ba4adc9d27 None None] RequestId filter calling following filter/app {{(pid=110283) _context_setter /opt/stack/cinder/cinder/api/middleware/request_id.py:62}}
May 10 05:36:04.845293 dv-cinder-836996-16-iscsi devstack@c-api.service[110283]: INFO cinder.api.openstack.wsgi [None req-8e01fe07-ec9c-4825-9f6b-e6ba4adc9d27 tempest-SnapshotsActionsTest-793495257 tempest-SnapshotsActionsTest-793495257-project-admin] POST http://10.222.0.23/volume/v3/3abaef2566c045e2b62345ece6cb184c/snapshots/edec79ab-31a9-4240-b855-8afa7f2a167d/action
May 10 05:36:04.846071 dv-cinder-836996-16-iscsi devstack@c-api.service[110283]: DEBUG cinder.api.openstack.wsgi [None req-8e01fe07-ec9c-4825-9f6b-e6ba4adc9d27 tempest-SnapshotsActionsTest-793495257 tempest-SnapshotsActionsTest-793495257-project-admin] Action body: b'{"os-force_delete": {}}' {{(pid=110283) get_method /opt/stack/cinder/cinder/api/openstack/wsgi.py:983}}
May 10 05:36:04.846323 dv-cinder-836996-16-iscsi devstack@c-api.service[110283]: DEBUG cinder.api.openstack.wsgi [None req-8e01fe07-ec9c-4825-9f6b-e6ba4adc9d27 tempest-SnapshotsActionsTest-793495257 tempest-SnapshotsActionsTest-793495257-project-admin] Action: 'action', calling method: _force_delete, body: {"os-force_delete": {}} {{(pid=110283) _process_stack /opt/stack/cinder/cinder/api/openstack/wsgi.py:866}}
May 10 05:36:04.855596 dv-cinder-836996-16-iscsi devstack@c-api.service[110283]: /usr/local/lib/python3.8/dist-packages/oslo_context/context.py:100: DeprecationWarning: Policy enforcement is depending on the value of is_admin. This key is deprecated. Please update your policy file to use the standard policy values.
May 10 05:36:04.855596 dv-cinder-836996-16-iscsi devstack@c-api.service[110283]: warnings.warn('Policy enforcement is depending on the value of '
May 10 05:36:04.857547 dv-cinder-836996-16-iscsi devstack@c-api.service[110283]: INFO cinder.volume.api [None req-8e01fe07-ec9c-4825-9f6b-e6ba4adc9d27 tempest-SnapshotsActionsTest-793495257 tempest-SnapshotsActionsTest-793495257-project-admin] Snapshot retrieved successfully.
May 10 05:36:04.875609 dv-cinder-836996-16-iscsi devstack@c-api.service[110282]: INFO cinder.api.openstack.wsgi [None req-41d58c48-5ef3-4510-a9ff-37ed09dfa8e6 tempest-VolumeTypesAccessTest-448275729 tempest-VolumeTypesAccessTest-448275729-project-admin] http://10.222.0.23/volume/v3/1e0dd769e0e545f2a0c382699e8038b2/types/89932377-9ed3-4308-8d1a-e1822efcc8eb returned with HTTP 202
May 10 05:36:04.877528 dv-cinder-836996-16-iscsi devstack@c-api.service[110282]: [pid: 110282|app: 0|req: 118/251] 10.222.0.23 () {58 vars in 1321 bytes} [Tue May 10 05:36:04 2022] DELETE /volume/v3/1e0dd769e0e545f2a0c382699e8038b2/types/89932377-9ed3-4308-8d1a-e1822efcc8eb => generated 0 bytes in 73 msecs (HTTP/1.1 202) 6 headers in 233 bytes (1 switches on core 0)
May 10 05:36:04.881350 dv-cinder-836996-16-iscsi devstack@c-api.service[110282]: DEBUG cinder.api.middleware.request_id [None req-ab815826-211f-474f-b100-1e296eba39b7 None None] RequestId filter calling following filter/app {{(pid=110282) _context_setter /opt/stack/cinder/cinder/api/middleware/request_id.py:62}}
May 10 05:36:04.885295 dv-cinder-836996-16-iscsi devstack@c-api.service[110282]: INFO cinder.api.openstack.wsgi [None req-ab815826-211f-474f-b100-1e296eba39b7 tempest-VolumeTypesAccessTest-448275729 tempest-VolumeTypesAccessTest-448275729-project-admin] GET http://10.222.0.23/volume/v3/1e0dd769e0e545f2a0c382699e8038b2/types/89932377-9ed3-4308-8d1a-e1822efcc8eb
May 10 05:36:04.885728 dv-cinder-836996-16-iscsi devstack@c-api.service[110282]: DEBUG cinder.api.openstack.wsgi [None req-ab815826-211f-474f-b100-1e296eba39b7 tempest-VolumeTypesAccessTest-448275729 tempest-VolumeTypesAccessTest-448275729-project-admin] Empty body provided in request {{(pid=110282) get_body /opt/stack/cinder/cinder/api/openstack/wsgi.py:715}}
May 10 05:36:04.886201 dv-cinder-836996-16-iscsi devstack@c-api.service[110282]: DEBUG cinder.api.openstack.wsgi [None req-ab815826-211f-474f-b100-1e296eba39b7 tempest-VolumeTypesAccessTest-448275729 tempest-VolumeTypesAccessTest-448275729-project-admin] Calling method 'show' {{(pid=110282) _process_stack /opt/stack/cinder/cinder/api/openstack/wsgi.py:868}}
May 10 05:36:04.890555 dv-cinder-836996-16-iscsi devstack@c-api.service[110283]: INFO cinder.volume.api [None req-8e01fe07-ec9c-4825-9f6b-e6ba4adc9d27 tempest-SnapshotsActionsTest-793495257 tempest-SnapshotsActionsTest-793495257-project-admin] Snapshot delete request issued successfully.
May 10 05:36:04.891302 dv-cinder-836996-16-iscsi devstack@c-api.service[110283]: INFO cinder.api.openstack.wsgi [None req-8e01fe07-ec9c-4825-9f6b-e6ba4adc9d27 tempest-SnapshotsActionsTest-793495257 tempest-SnapshotsActionsTest-793495257-project-admin] http://10.222.0.23/volume/v3/3abaef2566c045e2b62345ece6cb184c/snapshots/edec79ab-31a9-4240-b855-8afa7f2a167d/action returned with HTTP 202
May 10 05:36:04.891431 dv-cinder-836996-16-iscsi devstack@c-api.service[110282]: INFO cinder.api.openstack.wsgi [None req-ab815826-211f-474f-b100-1e296eba39b7 tempest-VolumeTypesAccessTest-448275729 tempest-VolumeTypesAccessTest-448275729-project-admin] http://10.222.0.23/volume/v3/1e0dd769e0e545f2a0c382699e8038b2/types/89932377-9ed3-4308-8d1a-e1822efcc8eb returned with HTTP 404
May 10 05:36:04.895459 dv-cinder-836996-16-iscsi devstack@c-api.service[110282]: [pid: 110282|app: 0|req: 119/252] 10.222.0.23 () {58 vars in 1318 bytes} [Tue May 10 05:36:04 2022] GET /volume/v3/1e0dd769e0e545f2a0c382699e8038b2/types/89932377-9ed3-4308-8d1a-e1822efcc8eb => generated 114 bytes in 12 msecs (HTTP/1.1 404) 7 headers in 292 bytes (1 switches on core 0)
May 10 05:36:04.896116 dv-cinder-836996-16-iscsi devstack@c-api.service[110283]: [pid: 110283|app: 0|req: 134/253] 10.222.0.23 () {60 vars in 1372 bytes} [Tue May 10 05:36:04 2022] POST /volume/v3/3abaef2566c045e2b62345ece6cb184c/snapshots/edec79ab-31a9-4240-b855-8afa7f2a167d/action => generated 0 bytes in 55 msecs (HTTP/1.1 202) 7 headers in 289 bytes (1 switches on core 0)
May 10 05:36:04.897405 dv-cinder-836996-16-iscsi devstack@c-api.service[110282]: DEBUG cinder.api.middleware.request_id [None req-0c6c6915-def0-4247-9e39-29c1180fa8ae None None] RequestId filter calling following filter/app {{(pid=110282) _context_setter /opt/stack/cinder/cinder/api/middleware/request_id.py:62}}
May 10 05:36:04.898048 dv-cinder-836996-16-iscsi devstack@c-api.service[110283]: DEBUG cinder.api.middleware.request_id [None req-93ec3a49-1ab8-44f3-ba87-f0e4f1dc9cbe None None] RequestId filter calling following filter/app {{(pid=110283) _context_setter /opt/stack/cinder/cinder/api/middleware/request_id.py:62}}
May 10 05:36:04.901207 dv-cinder-836996-16-iscsi devstack@c-api.service[110282]: INFO cinder.api.openstack.wsgi [None req-0c6c6915-def0-4247-9e39-29c1180fa8ae tempest-VolumeTypesAccessTest-655553730 tempest-VolumeTypesAccessTest-655553730-project] DELETE http://10.222.0.23/volume/v3/d3990bb8176647ef9f9d6d33b66dce76/volumes/e04508e5-a119-4918-acc6-33442cba8154
May 10 05:36:04.901324 dv-cinder-836996-16-iscsi devstack@c-api.service[110282]: DEBUG cinder.api.openstack.wsgi [None req-0c6c6915-def0-4247-9e39-29c1180fa8ae tempest-VolumeTypesAccessTest-655553730 tempest-VolumeTypesAccessTest-655553730-project] Empty body provided in request {{(pid=110282) get_body /opt/stack/cinder/cinder/api/openstack/wsgi.py:715}}
