May 09 20:25:08.301901 dv-cinder-836996-15-iscsi neutron-server[103283]: INFO neutron.wsgi [req-6a183e12-1a83-47b1-a3ec-603cd06ba12b req-709f9f75-330c-46d9-8d97-10ace42e68bd tempest-AttachVolumeNegativeTest-532270065 tempest-AttachVolumeNegativeTest-532270065-project] 10.222.0.44 "GET /v2.0/ports?device_id=fbed4907-edef-46b3-a625-306d3f840aae HTTP/1.1" status: 200 len: 944 time: 0.0608475
May 09 20:25:08.375339 dv-cinder-836996-15-iscsi neutron-server[103283]: INFO neutron.wsgi [req-6a183e12-1a83-47b1-a3ec-603cd06ba12b req-459e0e07-8680-4f0a-8918-8f10a313f988 tempest-AttachVolumeNegativeTest-532270065 tempest-AttachVolumeNegativeTest-532270065-project] 10.222.0.44 "GET /v2.0/security-groups?id=237f6f11-9459-45ff-b8e0-41b4b96bcd2f&fields=id&fields=name HTTP/1.1" status: 200 len: 313 time: 0.0659871
May 09 20:25:08.386305 dv-cinder-836996-15-iscsi neutron-server[103283]: DEBUG neutron_lib.callbacks.manager [None req-37c3a5dc-b37a-42d9-b36a-087a7b731d33 admin admin] Publish callbacks [] for security_group (5d32f23c-315a-4c24-9ce2-3c7c1de3612b), precommit_create {{(pid=103283) _notify_loop /usr/local/lib/python3.8/dist-packages/neutron_lib/callbacks/manager.py:176}}
May 09 20:25:08.390988 dv-cinder-836996-15-iscsi neutron-server[103283]: DEBUG neutron_lib.callbacks.manager [None req-37c3a5dc-b37a-42d9-b36a-087a7b731d33 admin admin] Publish callbacks ['neutron.plugins.ml2.ovo_rpc._ObjectChangeHandler.handle_event-263434'] for security_group (5d32f23c-315a-4c24-9ce2-3c7c1de3612b), after_create {{(pid=103283) _notify_loop /usr/local/lib/python3.8/dist-packages/neutron_lib/callbacks/manager.py:176}}
May 09 20:25:08.430585 dv-cinder-836996-15-iscsi neutron-server[103283]: INFO neutron.wsgi [None req-37c3a5dc-b37a-42d9-b36a-087a7b731d33 admin admin] 10.222.0.44 "GET /v2.0/security-groups?tenant_id=3723d019c6c04357869be5c7d7a56cbf&name=default HTTP/1.1" status: 200 len: 2996 time: 0.2999949
May 09 20:25:08.431455 dv-cinder-836996-15-iscsi neutron-server[103283]: DEBUG neutron.api.rpc.handlers.resources_rpc [None req-37c3a5dc-b37a-42d9-b36a-087a7b731d33 admin admin] Pushing event updated for resources: {'SecurityGroup': ['ID=5d32f23c-315a-4c24-9ce2-3c7c1de3612b,revision_number=1']} {{(pid=103283) push /opt/stack/neutron/neutron/api/rpc/handlers/resources_rpc.py:237}}
May 09 20:25:08.434044 dv-cinder-836996-15-iscsi neutron-server[103284]: DEBUG neutron.wsgi [-] (103284) accepted ('10.222.0.44', 41592) {{(pid=103284) server /usr/local/lib/python3.8/dist-packages/eventlet/wsgi.py:1004}}
May 09 20:25:08.484291 dv-cinder-836996-15-iscsi neutron-server[103284]: DEBUG neutron_lib.callbacks.manager [None req-cbc7b80e-5a27-486c-b657-67945db17dcd admin admin] Publish callbacks [] for security_group (5d32f23c-315a-4c24-9ce2-3c7c1de3612b), before_delete {{(pid=103284) _notify_loop /usr/local/lib/python3.8/dist-packages/neutron_lib/callbacks/manager.py:176}}
May 09 20:25:08.506073 dv-cinder-836996-15-iscsi neutron-server[103284]: DEBUG neutron_lib.callbacks.manager [None req-cbc7b80e-5a27-486c-b657-67945db17dcd admin admin] Publish callbacks [] for security_group (5d32f23c-315a-4c24-9ce2-3c7c1de3612b), precommit_delete {{(pid=103284) _notify_loop /usr/local/lib/python3.8/dist-packages/neutron_lib/callbacks/manager.py:176}}
May 09 20:25:08.553674 dv-cinder-836996-15-iscsi neutron-server[103284]: DEBUG neutron_lib.callbacks.manager [None req-cbc7b80e-5a27-486c-b657-67945db17dcd admin admin] Publish callbacks ['neutron.plugins.ml2.ovo_rpc._ObjectChangeHandler.handle_event-263434'] for security_group (5d32f23c-315a-4c24-9ce2-3c7c1de3612b), after_delete {{(pid=103284) _notify_loop /usr/local/lib/python3.8/dist-packages/neutron_lib/callbacks/manager.py:176}}
May 09 20:25:08.559121 dv-cinder-836996-15-iscsi neutron-server[103284]: DEBUG neutron_lib.callbacks.manager [None req-cbc7b80e-5a27-486c-b657-67945db17dcd admin admin] Publish callbacks [] for security_group (None), before_response {{(pid=103284) _notify_loop /usr/local/lib/python3.8/dist-packages/neutron_lib/callbacks/manager.py:176}}
May 09 20:25:08.560505 dv-cinder-836996-15-iscsi neutron-server[103284]: INFO neutron.wsgi [None req-cbc7b80e-5a27-486c-b657-67945db17dcd admin admin] 10.222.0.44 "DELETE /v2.0/security-groups/5d32f23c-315a-4c24-9ce2-3c7c1de3612b HTTP/1.1" status: 204 len: 168 time: 0.1255007
May 09 20:25:08.569228 dv-cinder-836996-15-iscsi neutron-server[103284]: DEBUG neutron.api.rpc.handlers.resources_rpc [None req-cbc7b80e-5a27-486c-b657-67945db17dcd admin admin] Pushing event deleted for resources: {'SecurityGroup': ['ID=5d32f23c-315a-4c24-9ce2-3c7c1de3612b,revision_number=None']} {{(pid=103284) push /opt/stack/neutron/neutron/api/rpc/handlers/resources_rpc.py:237}}
May 09 20:25:08.641328 dv-cinder-836996-15-iscsi neutron-server[103284]: DEBUG neutron.pecan_wsgi.hooks.policy_enforcement [req-72c06d57-59fb-4eea-aa67-9f70ee20426c req-d0cba24f-9e0e-4254-921c-79935c81f463 tempest-ServerRescueNegativeTestJSON-923663019 tempest-ServerRescueNegativeTestJSON-923663019-project] Attributes excluded by policy engine: ['standard_attr_id', 'binding:profile', 'binding:host_id', 'binding:vif_type', 'binding:vif_details'] {{(pid=103284) _exclude_attributes_by_policy /opt/stack/neutron/neutron/pecan_wsgi/hooks/policy_enforcement.py:259}}
May 09 20:25:08.643910 dv-cinder-836996-15-iscsi neutron-server[103284]: INFO neutron.wsgi [req-72c06d57-59fb-4eea-aa67-9f70ee20426c req-d0cba24f-9e0e-4254-921c-79935c81f463 tempest-ServerRescueNegativeTestJSON-923663019 tempest-ServerRescueNegativeTestJSON-923663019-project] 10.222.0.44 "GET /v2.0/ports?device_id=5b0b9df6-b5f8-4e0f-8f73-9cc82cc08fa6 HTTP/1.1" status: 200 len: 944 time: 0.0524511
May 09 20:25:08.694843 dv-cinder-836996-15-iscsi neutron-server[103284]: INFO neutron.wsgi [req-72c06d57-59fb-4eea-aa67-9f70ee20426c req-54c14362-effd-4c4e-a72c-f237c6b926d0 tempest-ServerRescueNegativeTestJSON-923663019 tempest-ServerRescueNegativeTestJSON-923663019-project] 10.222.0.44 "GET /v2.0/security-groups?id=53507e0e-ffbd-4b52-8023-674d64522ddd&fields=id&fields=name HTTP/1.1" status: 200 len: 286 time: 0.0464082
May 09 20:25:08.770859 dv-cinder-836996-15-iscsi neutron-server[103285]: DEBUG neutron_lib.callbacks.manager [None req-76be6e12-b9c9-4172-bfa3-b383bb57bf39 None None] Publish callbacks ['neutron.services.segments.db._update_segment_host_mapping_for_agent-8750424959492', 'neutron.plugins.ml2.plugin.Ml2Plugin._retry_binding_revived_agents-66379684'] for agent (17805e51-5d6c-4269-bdfb-e8325c40068a), after_update {{(pid=103285) _notify_loop /usr/local/lib/python3.8/dist-packages/neutron_lib/callbacks/manager.py:176}}
May 09 20:25:08.894053 dv-cinder-836996-15-iscsi neutron-server[103284]: INFO neutron.wsgi [req-22a67169-44b6-4eb0-b561-ddb9d2d037dd req-6a62bb3a-afa2-4981-bd20-1cb3410ca953 service neutron] 10.222.0.48 "GET /v2.0/networks/faed6f7c-f550-49ae-a092-e26879c69bec?fields=provider%3Aphysical_network&fields=provider%3Anetwork_type HTTP/1.1" status: 200 len: 281 time: 0.1055140
May 09 20:25:08.913995 dv-cinder-836996-15-iscsi neutron-server[103284]: DEBUG neutron.wsgi [-] (103284) accepted ('10.222.0.44', 41620) {{(pid=103284) server /usr/local/lib/python3.8/dist-packages/eventlet/wsgi.py:1004}}
May 09 20:25:08.930555 dv-cinder-836996-15-iscsi neutron-server[103284]: DEBUG neutron_lib.callbacks.manager [None req-7b70d1c4-200e-4373-8125-abe51cb72b42 admin admin] Publish callbacks [] for security_group (None), before_create {{(pid=103284) _notify_loop /usr/local/lib/python3.8/dist-packages/neutron_lib/callbacks/manager.py:176}}
May 09 20:25:08.949540 dv-cinder-836996-15-iscsi neutron-server[103285]: DEBUG neutron.plugins.ml2.rpc [None req-4c27a148-4555-4d9a-ba22-df1e86e9cf3c None None] Device acace666-a7e8-4fa0-a252-9fd85656a35c up at agent hyperv_hv-cinder-83699 {{(pid=103285) update_device_up /opt/stack/neutron/neutron/plugins/ml2/rpc.py:296}}
May 09 20:25:09.006058 dv-cinder-836996-15-iscsi neutron-server[103285]: DEBUG neutron.db.provisioning_blocks [None req-4c27a148-4555-4d9a-ba22-df1e86e9cf3c None None] Provisioning for port acace666-a7e8-4fa0-a252-9fd85656a35c completed by entity L2. {{(pid=103285) provisioning_complete /opt/stack/neutron/neutron/db/provisioning_blocks.py:137}}
May 09 20:25:09.016032 dv-cinder-836996-15-iscsi neutron-server[103285]: DEBUG neutron.db.provisioning_blocks [None req-4c27a148-4555-4d9a-ba22-df1e86e9cf3c None None] Provisioning complete for port acace666-a7e8-4fa0-a252-9fd85656a35c triggered by entity L2. {{(pid=103285) provisioning_complete /opt/stack/neutron/neutron/db/provisioning_blocks.py:145}}
May 09 20:25:09.017854 dv-cinder-836996-15-iscsi neutron-server[103285]: DEBUG neutron_lib.callbacks.manager [None req-4c27a148-4555-4d9a-ba22-df1e86e9cf3c None None] Publish callbacks ['neutron.plugins.ml2.plugin.Ml2Plugin._port_provisioned-66379774'] for port (acace666-a7e8-4fa0-a252-9fd85656a35c), provisioning_complete {{(pid=103285) _notify_loop /usr/local/lib/python3.8/dist-packages/neutron_lib/callbacks/manager.py:176}}
May 09 20:25:09.029697 dv-cinder-836996-15-iscsi neutron-server[103283]: DEBUG neutron.pecan_wsgi.hooks.policy_enforcement [req-d6d921ec-8207-4a6d-936f-d6810ca28c27 req-f1adec82-e47f-45a2-8076-842cae366383 tempest-AttachVolumeTestJSON-1635221143 tempest-AttachVolumeTestJSON-1635221143-project] Attributes excluded by policy engine: ['standard_attr_id', 'binding:profile', 'binding:host_id', 'binding:vif_type', 'binding:vif_details'] {{(pid=103283) _exclude_attributes_by_policy /opt/stack/neutron/neutron/pecan_wsgi/hooks/policy_enforcement.py:259}}
May 09 20:25:09.037901 dv-cinder-836996-15-iscsi neutron-server[103283]: INFO neutron.wsgi [req-d6d921ec-8207-4a6d-936f-d6810ca28c27 req-f1adec82-e47f-45a2-8076-842cae366383 tempest-AttachVolumeTestJSON-1635221143 tempest-AttachVolumeTestJSON-1635221143-project] 10.222.0.44 "GET /v2.0/ports?device_id=5e5859d0-753a-4eb6-9c16-6a21b2a0758b HTTP/1.1" status: 200 len: 943 time: 0.0815473
May 09 20:25:09.061640 dv-cinder-836996-15-iscsi neutron-server[103284]: DEBUG neutron_lib.callbacks.manager [None req-7b70d1c4-200e-4373-8125-abe51cb72b42 admin admin] Publish callbacks [] for security_group (df056630-df4b-461d-96df-a8ddbbad6176), precommit_create {{(pid=103284) _notify_loop /usr/local/lib/python3.8/dist-packages/neutron_lib/callbacks/manager.py:176}}
May 09 20:25:09.067092 dv-cinder-836996-15-iscsi neutron-server[103284]: DEBUG neutron_lib.callbacks.manager [None req-7b70d1c4-200e-4373-8125-abe51cb72b42 admin admin] Publish callbacks ['neutron.plugins.ml2.ovo_rpc._ObjectChangeHandler.handle_event-263434'] for security_group (df056630-df4b-461d-96df-a8ddbbad6176), after_create {{(pid=103284) _notify_loop /usr/local/lib/python3.8/dist-packages/neutron_lib/callbacks/manager.py:176}}
May 09 20:25:09.128719 dv-cinder-836996-15-iscsi neutron-server[103285]: DEBUG neutron.plugins.ml2.plugin [None req-4c27a148-4555-4d9a-ba22-df1e86e9cf3c None None] Current status of the port acace666-a7e8-4fa0-a252-9fd85656a35c is: BUILD; New status is: ACTIVE {{(pid=103285) _update_individual_port_db_status /opt/stack/neutron/neutron/plugins/ml2/plugin.py:2296}}
May 09 20:25:09.129181 dv-cinder-836996-15-iscsi neutron-server[103285]: DEBUG neutron_lib.callbacks.manager [None req-4c27a148-4555-4d9a-ba22-df1e86e9cf3c None None] Publish callbacks ['neutron.plugins.ml2.plugin.SecurityGroupDbMixin._ensure_default_security_group_handler-66420334'] for port (acace666-a7e8-4fa0-a252-9fd85656a35c), before_update {{(pid=103285) _notify_loop /usr/local/lib/python3.8/dist-packages/neutron_lib/callbacks/manager.py:176}}
May 09 20:25:09.153556 dv-cinder-836996-15-iscsi neutron-server[103284]: INFO neutron.wsgi [None req-7b70d1c4-200e-4373-8125-abe51cb72b42 admin admin] 10.222.0.44 "GET /v2.0/security-groups?tenant_id=b82c63d96d1244b8a8dfd7558228c298&name=default HTTP/1.1" status: 200 len: 2996 time: 0.2381849
May 09 20:25:09.159987 dv-cinder-836996-15-iscsi neutron-server[103283]: DEBUG neutron.wsgi [-] (103283) accepted ('10.222.0.44', 41628) {{(pid=103283) server /usr/local/lib/python3.8/dist-packages/eventlet/wsgi.py:1004}}
May 09 20:25:09.163538 dv-cinder-836996-15-iscsi neutron-server[103284]: DEBUG neutron.api.rpc.handlers.resources_rpc [None req-7b70d1c4-200e-4373-8125-abe51cb72b42 admin admin] Pushing event updated for resources: {'SecurityGroup': ['ID=df056630-df4b-461d-96df-a8ddbbad6176,revision_number=1']} {{(pid=103284) push /opt/stack/neutron/neutron/api/rpc/handlers/resources_rpc.py:237}}
May 09 20:25:09.164287 dv-cinder-836996-15-iscsi neutron-server[103285]: DEBUG neutron.notifiers.nova [-] Sending events: [{'server_uuid': 'a55e260a-09eb-4d67-9271-5fe7c21cab71', 'name': 'network-vif-plugged', 'status': 'completed', 'tag': 'acace666-a7e8-4fa0-a252-9fd85656a35c'}] {{(pid=103285) send_events /opt/stack/neutron/neutron/notifiers/nova.py:271}}
May 09 20:25:09.167428 dv-cinder-836996-15-iscsi neutron-server[103285]: DEBUG novaclient.v2.client [-] REQ: curl -g -i --cacert "/opt/stack/data/ca-bundle.pem" -X POST http://10.222.0.44/compute/v2.1/os-server-external-events -H "Accept: application/json" -H "Content-Type: application/json" -H "User-Agent: python-novaclient" -H "X-Auth-Token: {SHA256}7352da1a42a1d275fed0dd4f05ee5befd8ef799ceeb96657e88f9418e6b0d9fe" -H "X-OpenStack-Nova-API-Version: 2.1" -H "X-OpenStack-Request-ID: req-c4c99ca5-04a9-492e-a905-a25c2e0528e8" -d '{"events": [{"server_uuid": "a55e260a-09eb-4d67-9271-5fe7c21cab71", "name": "network-vif-plugged", "status": "completed", "tag": "acace666-a7e8-4fa0-a252-9fd85656a35c"}]}' {{(pid=103285) _http_log_request /usr/local/lib/python3.8/dist-packages/keystoneauth1/session.py:519}}
May 09 20:25:09.181301 dv-cinder-836996-15-iscsi neutron-server[103284]: DEBUG neutron.pecan_wsgi.hooks.policy_enforcement [req-77b4daf7-3031-4764-97e6-b2c22151467e req-0dad88f0-c4bc-4a0a-bdbe-0da87d514b60 tempest-AttachVolumeShelveTestJSON-1116624676 tempest-AttachVolumeShelveTestJSON-1116624676-project] Attributes excluded by policy engine: ['standard_attr_id', 'binding:profile', 'binding:host_id', 'binding:vif_type', 'binding:vif_details'] {{(pid=103284) _exclude_attributes_by_policy /opt/stack/neutron/neutron/pecan_wsgi/hooks/policy_enforcement.py:259}}
May 09 20:25:09.183158 dv-cinder-836996-15-iscsi neutron-server[103284]: INFO neutron.wsgi [req-77b4daf7-3031-4764-97e6-b2c22151467e req-0dad88f0-c4bc-4a0a-bdbe-0da87d514b60 tempest-AttachVolumeShelveTestJSON-1116624676 tempest-AttachVolumeShelveTestJSON-1116624676-project] 10.222.0.44 "GET /v2.0/ports?device_id=425e8732-2c2b-4c37-b2c3-e766712d293f HTTP/1.1" status: 200 len: 944 time: 0.1091695
May 09 20:25:09.188802 dv-cinder-836996-15-iscsi neutron-server[103283]: INFO neutron.wsgi [req-d6d921ec-8207-4a6d-936f-d6810ca28c27 req-b077e0b5-4517-44ea-9ffe-cceea3ff996d tempest-AttachVolumeTestJSON-1635221143 tempest-AttachVolumeTestJSON-1635221143-project] 10.222.0.44 "GET /v2.0/security-groups?id=de3f5f3c-b6b1-4674-b275-9b33dba46fcb&fields=id&fields=name HTTP/1.1" status: 200 len: 312 time: 0.1497178
May 09 20:25:09.193400 dv-cinder-836996-15-iscsi neutron-server[103285]: DEBUG neutron.plugins.ml2.db [None req-4c27a148-4555-4d9a-ba22-df1e86e9cf3c None None] For port acace666-a7e8-4fa0-a252-9fd85656a35c, host hv-cinder-83699, got binding levels [PortBindingLevel(driver='hyperv',host='hv-cinder-83699',level=0,port_id=acace666-a7e8-4fa0-a252-9fd85656a35c,segment=NetworkSegment(16a18da1-a242-4cf6-8d2a-096b627815e8),segment_id=16a18da1-a242-4cf6-8d2a-096b627815e8)] {{(pid=103285) get_binding_level_objs /opt/stack/neutron/neutron/plugins/ml2/db.py:74}}
May 09 20:25:09.199086 dv-cinder-836996-15-iscsi neutron-server[103285]: DEBUG neutron_lib.callbacks.manager [None req-4c27a148-4555-4d9a-ba22-df1e86e9cf3c None None] Publish callbacks ['neutron.plugins.ml2.plugin.SecurityGroupServerNotifierRpcMixin._notify_sg_on_port_change-66420416', 'neutron.plugins.ml2.ovo_rpc._ObjectChangeHandler.handle_event-211695', 'neutron.api.rpc.agentnotifiers.dhcp_rpc_agent_api.DhcpAgentNotifyAPI._native_event_send_dhcp_notification-618308', 'neutron.db.l3_db.L3RpcNotifierMixin._notify_gateway_port_ip_changed-8750424974987', 'neutron.db.l3_dvrscheduler_db._notify_l3_agent_port_update-8750424485214', 'neutron.db.l3_hascheduler_db._notify_l3_agent_ha_port_update-8750424485232'] for port (acace666-a7e8-4fa0-a252-9fd85656a35c), after_update {{(pid=103285) _notify_loop /usr/local/lib/python3.8/dist-packages/neutron_lib/callbacks/manager.py:176}}
May 09 20:25:09.244270 dv-cinder-836996-15-iscsi neutron-server[103283]: DEBUG neutron_lib.callbacks.manager [None req-55124ad6-ebb6-4637-9b46-9179b285bddf admin admin] Publish callbacks [] for security_group (df056630-df4b-461d-96df-a8ddbbad6176), before_delete {{(pid=103283) _notify_loop /usr/local/lib/python3.8/dist-packages/neutron_lib/callbacks/manager.py:176}}
May 09 20:25:09.264058 dv-cinder-836996-15-iscsi neutron-server[103285]: DEBUG neutron.api.rpc.handlers.resources_rpc [None req-4c27a148-4555-4d9a-ba22-df1e86e9cf3c None None] Pushing event updated for resources: {'Port': ['ID=acace666-a7e8-4fa0-a252-9fd85656a35c,revision_number=5']} {{(pid=103285) push /opt/stack/neutron/neutron/api/rpc/handlers/resources_rpc.py:237}}
May 09 20:25:09.272032 dv-cinder-836996-15-iscsi neutron-server[103283]: DEBUG neutron_lib.callbacks.manager [None req-55124ad6-ebb6-4637-9b46-9179b285bddf admin admin] Publish callbacks [] for security_group (df056630-df4b-461d-96df-a8ddbbad6176), precommit_delete {{(pid=103283) _notify_loop /usr/local/lib/python3.8/dist-packages/neutron_lib/callbacks/manager.py:176}}
May 09 20:25:09.337466 dv-cinder-836996-15-iscsi neutron-server[103284]: DEBUG neutron.pecan_wsgi.hooks.policy_enforcement [req-9ec29a20-7b7e-4123-9662-383eeceff9fe req-167fdbec-501b-4091-a625-dc9fc2bba2f6 service neutron] Attributes excluded by policy engine: ['standard_attr_id'] {{(pid=103284) _exclude_attributes_by_policy /opt/stack/neutron/neutron/pecan_wsgi/hooks/policy_enforcement.py:259}}
May 09 20:25:09.339012 dv-cinder-836996-15-iscsi neutron-server[103284]: INFO neutron.wsgi [req-9ec29a20-7b7e-4123-9662-383eeceff9fe req-167fdbec-501b-4091-a625-dc9fc2bba2f6 service neutron] 10.222.0.48 "GET /v2.0/ports?tenant_id=f579878e20bc40d282c9c38200581b98&device_id=425e8732-2c2b-4c37-b2c3-e766712d293f HTTP/1.1" status: 200 len: 1128 time: 0.0930250
May 09 20:25:09.340566 dv-cinder-836996-15-iscsi neutron-server[103283]: DEBUG neutron.pecan_wsgi.hooks.policy_enforcement [req-207f1df1-8214-48d7-b605-af43614dfd91 req-b3c7961f-b9af-43fb-bf13-0fb33d1250ab tempest-DeleteServersTestJSON-588295943 tempest-DeleteServersTestJSON-588295943-project] Attributes excluded by policy engine: ['standard_attr_id', 'binding:profile', 'binding:host_id', 'binding:vif_type', 'binding:vif_details'] {{(pid=103283) _exclude_attributes_by_policy /opt/stack/neutron/neutron/pecan_wsgi/hooks/policy_enforcement.py:259}}
May 09 20:25:09.342004 dv-cinder-836996-15-iscsi neutron-server[103283]: INFO neutron.wsgi [req-207f1df1-8214-48d7-b605-af43614dfd91 req-b3c7961f-b9af-43fb-bf13-0fb33d1250ab tempest-DeleteServersTestJSON-588295943 tempest-DeleteServersTestJSON-588295943-project] 10.222.0.44 "GET /v2.0/ports?device_id=bb02ec29-edbc-4126-beaf-29b18aa9557f HTTP/1.1" status: 200 len: 945 time: 0.0626194
May 09 20:25:09.343836 dv-cinder-836996-15-iscsi neutron-server[103284]: DEBUG neutron.pecan_wsgi.hooks.policy_enforcement [req-9a5703c4-49ec-45ed-836f-02d7506df4cf req-4413786d-de95-43d8-84d6-048f93d8b698 service neutron] Attributes excluded by policy engine: ['standard_attr_id'] {{(pid=103284) _exclude_attributes_by_policy /opt/stack/neutron/neutron/pecan_wsgi/hooks/policy_enforcement.py:259}}
May 09 20:25:09.345194 dv-cinder-836996-15-iscsi neutron-server[103284]: INFO neutron.wsgi [req-9a5703c4-49ec-45ed-836f-02d7506df4cf req-4413786d-de95-43d8-84d6-048f93d8b698 service neutron] 10.222.0.48 "GET /v2.0/ports?tenant_id=1689d104c0184a36816bb6e361733e16&device_id=5e5859d0-753a-4eb6-9c16-6a21b2a0758b HTTP/1.1" status: 200 len: 1127 time: 0.1158633
May 09 20:25:09.349514 dv-cinder-836996-15-iscsi neutron-server[103284]: INFO neutron.wsgi [req-77b4daf7-3031-4764-97e6-b2c22151467e req-8b66007b-afcc-4450-aa3d-7269fb839ccd tempest-AttachVolumeShelveTestJSON-1116624676 tempest-AttachVolumeShelveTestJSON-1116624676-project] 10.222.0.44 "GET /v2.0/security-groups?id=acf3aa05-d552-480e-bc9d-89e306838d78&fields=id&fields=name HTTP/1.1" status: 200 len: 313 time: 0.1593833
May 09 20:25:09.367453 dv-cinder-836996-15-iscsi neutron-server[103283]: DEBUG neutron_lib.callbacks.manager [None req-55124ad6-ebb6-4637-9b46-9179b285bddf admin admin] Publish callbacks ['neutron.plugins.ml2.ovo_rpc._ObjectChangeHandler.handle_event-263434'] for security_group (df056630-df4b-461d-96df-a8ddbbad6176), after_delete {{(pid=103283) _notify_loop /usr/local/lib/python3.8/dist-packages/neutron_lib/callbacks/manager.py:176}}
May 09 20:25:09.370162 dv-cinder-836996-15-iscsi neutron-server[103283]: DEBUG neutron_lib.callbacks.manager [None req-55124ad6-ebb6-4637-9b46-9179b285bddf admin admin] Publish callbacks [] for security_group (None), before_response {{(pid=103283) _notify_loop /usr/local/lib/python3.8/dist-packages/neutron_lib/callbacks/manager.py:176}}
May 09 20:25:09.371195 dv-cinder-836996-15-iscsi neutron-server[103283]: INFO neutron.wsgi [None req-55124ad6-ebb6-4637-9b46-9179b285bddf admin admin] 10.222.0.44 "DELETE /v2.0/security-groups/df056630-df4b-461d-96df-a8ddbbad6176 HTTP/1.1" status: 204 len: 168 time: 0.2102702
May 09 20:25:09.399927 dv-cinder-836996-15-iscsi neutron-server[103283]: DEBUG neutron.api.rpc.handlers.resources_rpc [None req-55124ad6-ebb6-4637-9b46-9179b285bddf admin admin] Pushing event deleted for resources: {'SecurityGroup': ['ID=df056630-df4b-461d-96df-a8ddbbad6176,revision_number=None']} {{(pid=103283) push /opt/stack/neutron/neutron/api/rpc/handlers/resources_rpc.py:237}}
May 09 20:25:09.402906 dv-cinder-836996-15-iscsi neutron-server[103285]: DEBUG novaclient.v2.client [-] RESP: [200] Connection: close Content-Length: 183 Content-Type: application/json Date: Mon, 09 May 2022 20:25:09 GMT OpenStack-API-Version: compute 2.1 Server: Apache/2.4.41 (Ubuntu) Vary: OpenStack-API-Version,X-OpenStack-Nova-API-Version X-OpenStack-Nova-API-Version: 2.1 x-compute-request-id: req-61f75d20-5a50-4738-b443-4ce4901cbfb8 x-openstack-request-id: req-61f75d20-5a50-4738-b443-4ce4901cbfb8 {{(pid=103285) _http_log_response /usr/local/lib/python3.8/dist-packages/keystoneauth1/session.py:550}}
May 09 20:25:09.403206 dv-cinder-836996-15-iscsi neutron-server[103285]: DEBUG novaclient.v2.client [-] RESP BODY: {"events": [{"server_uuid": "a55e260a-09eb-4d67-9271-5fe7c21cab71", "name": "network-vif-plugged", "status": "completed", "tag": "acace666-a7e8-4fa0-a252-9fd85656a35c", "code": 200}]} {{(pid=103285) _http_log_response /usr/local/lib/python3.8/dist-packages/keystoneauth1/session.py:582}}
May 09 20:25:09.403485 dv-cinder-836996-15-iscsi neutron-server[103285]: DEBUG novaclient.v2.client [-] POST call to compute for http://10.222.0.44/compute/v2.1/os-server-external-events used request id req-61f75d20-5a50-4738-b443-4ce4901cbfb8 {{(pid=103285) request /usr/local/lib/python3.8/dist-packages/keystoneauth1/session.py:954}}
May 09 20:25:09.404100 dv-cinder-836996-15-iscsi neutron-server[103285]: INFO neutron.notifiers.nova [-] Nova event matching ['req-61f75d20-5a50-4738-b443-4ce4901cbfb8'] response: {'server_uuid': 'a55e260a-09eb-4d67-9271-5fe7c21cab71', 'name': 'network-vif-plugged', 'status': 'completed', 'tag': 'acace666-a7e8-4fa0-a252-9fd85656a35c', 'code': 200}
May 09 20:25:09.429661 dv-cinder-836996-15-iscsi neutron-server[103283]: INFO neutron.wsgi [req-207f1df1-8214-48d7-b605-af43614dfd91 req-28bfe189-ebe3-4dae-8581-b6674fc2fb7b tempest-DeleteServersTestJSON-588295943 tempest-DeleteServersTestJSON-588295943-project] 10.222.0.44 "GET /v2.0/security-groups?id=bb6c4c69-bb66-4704-8efc-3a79db79d922&fields=id&fields=name HTTP/1.1" status: 200 len: 286 time: 0.0723555
May 09 20:25:09.502503 dv-cinder-836996-15-iscsi neutron-server[103284]: DEBUG neutron.pecan_wsgi.hooks.policy_enforcement [req-678eff1a-be94-4d2e-9729-4f535f57e8c4 req-5e5d1507-b8b1-4db2-a47d-eb6cd3c35c67 tempest-AttachVolumeNegativeTest-532270065 tempest-AttachVolumeNegativeTest-532270065-project] Attributes excluded by policy engine: ['standard_attr_id', 'binding:profile', 'binding:host_id', 'binding:vif_type', 'binding:vif_details'] {{(pid=103284) _exclude_attributes_by_policy /opt/stack/neutron/neutron/pecan_wsgi/hooks/policy_enforcement.py:259}}
May 09 20:25:09.504010 dv-cinder-836996-15-iscsi neutron-server[103284]: INFO neutron.wsgi [req-678eff1a-be94-4d2e-9729-4f535f57e8c4 req-5e5d1507-b8b1-4db2-a47d-eb6cd3c35c67 tempest-AttachVolumeNegativeTest-532270065 tempest-AttachVolumeNegativeTest-532270065-project] 10.222.0.44 "GET /v2.0/ports?device_id=fbed4907-edef-46b3-a625-306d3f840aae HTTP/1.1" status: 200 len: 944 time: 0.0483019
May 09 20:25:09.554898 dv-cinder-836996-15-iscsi neutron-server[103284]: INFO neutron.wsgi [req-678eff1a-be94-4d2e-9729-4f535f57e8c4 req-6bf5d455-268f-4740-9aef-c0e5c9bcae67 tempest-AttachVolumeNegativeTest-532270065 tempest-AttachVolumeNegativeTest-532270065-project] 10.222.0.44 "GET /v2.0/security-groups?id=237f6f11-9459-45ff-b8e0-41b4b96bcd2f&fields=id&fields=name HTTP/1.1" status: 200 len: 313 time: 0.0439835
May 09 20:25:09.811264 dv-cinder-836996-15-iscsi neutron-server[103283]: DEBUG neutron.pecan_wsgi.hooks.policy_enforcement [req-f6e6c335-adad-48a0-a000-08ad1bc84b66 req-2357e32b-9f9b-47ea-8e69-e807428b72db tempest-ServerRescueNegativeTestJSON-923663019 tempest-ServerRescueNegativeTestJSON-923663019-project] Attributes excluded by policy engine: ['standard_attr_id', 'binding:profile', 'binding:host_id', 'binding:vif_type', 'binding:vif_details'] {{(pid=103283) _exclude_attributes_by_policy /opt/stack/neutron/neutron/pecan_wsgi/hooks/policy_enforcement.py:259}}
May 09 20:25:09.812888 dv-cinder-836996-15-iscsi neutron-server[103283]: INFO neutron.wsgi [req-f6e6c335-adad-48a0-a000-08ad1bc84b66 req-2357e32b-9f9b-47ea-8e69-e807428b72db tempest-ServerRescueNegativeTestJSON-923663019 tempest-ServerRescueNegativeTestJSON-923663019-project] 10.222.0.44 "GET /v2.0/ports?device_id=5b0b9df6-b5f8-4e0f-8f73-9cc82cc08fa6 HTTP/1.1" status: 200 len: 944 time: 0.0514710
May 09 20:25:09.864567 dv-cinder-836996-15-iscsi neutron-server[103283]: INFO neutron.wsgi [req-f6e6c335-adad-48a0-a000-08ad1bc84b66 req-51d8098d-de38-465b-b68b-d11a8c7f4e0e tempest-ServerRescueNegativeTestJSON-923663019 tempest-ServerRescueNegativeTestJSON-923663019-project] 10.222.0.44 "GET /v2.0/security-groups?id=53507e0e-ffbd-4b52-8023-674d64522ddd&fields=id&fields=name HTTP/1.1" status: 200 len: 286 time: 0.0462003
May 09 20:25:10.314723 dv-cinder-836996-15-iscsi neutron-server[103284]: DEBUG neutron.pecan_wsgi.hooks.policy_enforcement [req-ab6a7411-05b0-4e19-949d-58a96c657781 req-cb4093a8-e7b2-422a-b040-5fe95704aa30 tempest-AttachVolumeTestJSON-1635221143 tempest-AttachVolumeTestJSON-1635221143-project] Attributes excluded by policy engine: ['standard_attr_id', 'binding:profile', 'binding:host_id', 'binding:vif_type', 'binding:vif_details'] {{(pid=103284) _exclude_attributes_by_policy /opt/stack/neutron/neutron/pecan_wsgi/hooks/policy_enforcement.py:259}}
May 09 20:25:10.316351 dv-cinder-836996-15-iscsi neutron-server[103284]: INFO neutron.wsgi [req-ab6a7411-05b0-4e19-949d-58a96c657781 req-cb4093a8-e7b2-422a-b040-5fe95704aa30 tempest-AttachVolumeTestJSON-1635221143 tempest-AttachVolumeTestJSON-1635221143-project] 10.222.0.44 "GET /v2.0/ports?device_id=5e5859d0-753a-4eb6-9c16-6a21b2a0758b HTTP/1.1" status: 200 len: 943 time: 0.0559208
May 09 20:25:10.369396 dv-cinder-836996-15-iscsi neutron-server[103284]: INFO neutron.wsgi [req-ab6a7411-05b0-4e19-949d-58a96c657781 req-6a7dc82e-2f18-4270-bd83-0a0ce0a6ca0a tempest-AttachVolumeTestJSON-1635221143 tempest-AttachVolumeTestJSON-1635221143-project] 10.222.0.44 "GET /v2.0/security-groups?id=de3f5f3c-b6b1-4674-b275-9b33dba46fcb&fields=id&fields=name HTTP/1.1" status: 200 len: 312 time: 0.0471852
May 09 20:25:10.424060 dv-cinder-836996-15-iscsi neutron-server[103285]: DEBUG neutron_lib.callbacks.manager [None req-e43eba55-7c23-4b50-9c46-276d875656ac None None] Publish callbacks ['neutron.services.segments.db._update_segment_host_mapping_for_agent-8750424959492', 'neutron.plugins.ml2.plugin.Ml2Plugin._retry_binding_revived_agents-66379684'] for agent (7688ea57-5ce0-4295-a316-f67c236a400a), after_update {{(pid=103285) _notify_loop /usr/local/lib/python3.8/dist-packages/neutron_lib/callbacks/manager.py:176}}
May 09 20:25:10.486257 dv-cinder-836996-15-iscsi neutron-server[103283]: DEBUG neutron.pecan_wsgi.hooks.policy_enforcement [req-5ce468c9-406a-4cfb-a00b-027f2e27fe3f req-05de9f0e-8587-4e0e-8e38-7df9f228ac27 tempest-AttachVolumeShelveTestJSON-1116624676 tempest-AttachVolumeShelveTestJSON-1116624676-project] Attributes excluded by policy engine: ['standard_attr_id', 'binding:profile', 'binding:host_id', 'binding:vif_type', 'binding:vif_details'] {{(pid=103283) _exclude_attributes_by_policy /opt/stack/neutron/neutron/pecan_wsgi/hooks/policy_enforcement.py:259}}
May 09 20:25:10.487858 dv-cinder-836996-15-iscsi neutron-server[103283]: INFO neutron.wsgi [req-5ce468c9-406a-4cfb-a00b-027f2e27fe3f req-05de9f0e-8587-4e0e-8e38-7df9f228ac27 tempest-AttachVolumeShelveTestJSON-1116624676 tempest-AttachVolumeShelveTestJSON-1116624676-project] 10.222.0.44 "GET /v2.0/ports?device_id=425e8732-2c2b-4c37-b2c3-e766712d293f HTTP/1.1" status: 200 len: 944 time: 0.0590949
May 09 20:25:10.543566 dv-cinder-836996-15-iscsi neutron-server[103283]: INFO neutron.wsgi [req-5ce468c9-406a-4cfb-a00b-027f2e27fe3f req-dbd83442-e263-40ee-9d95-d53b4a4fa460 tempest-AttachVolumeShelveTestJSON-1116624676 tempest-AttachVolumeShelveTestJSON-1116624676-project] 10.222.0.44 "GET /v2.0/security-groups?id=acf3aa05-d552-480e-bc9d-89e306838d78&fields=id&fields=name HTTP/1.1" status: 200 len: 313 time: 0.0494759
May 09 20:25:10.560063 dv-cinder-836996-15-iscsi neutron-server[103284]: DEBUG neutron.pecan_wsgi.hooks.policy_enforcement [req-c3611725-886d-482f-9349-dafeca5b6df5 req-8a6b8dc6-93b0-4c91-baf3-af0fd292e90d tempest-DeleteServersTestJSON-588295943 tempest-DeleteServersTestJSON-588295943-project] Attributes excluded by policy engine: ['standard_attr_id', 'binding:profile', 'binding:host_id', 'binding:vif_type', 'binding:vif_details'] {{(pid=103284) _exclude_attributes_by_policy /opt/stack/neutron/neutron/pecan_wsgi/hooks/policy_enforcement.py:259}}
May 09 20:25:10.562046 dv-cinder-836996-15-iscsi neutron-server[103284]: INFO neutron.wsgi [req-c3611725-886d-482f-9349-dafeca5b6df5 req-8a6b8dc6-93b0-4c91-baf3-af0fd292e90d tempest-DeleteServersTestJSON-588295943 tempest-DeleteServersTestJSON-588295943-project] 10.222.0.44 "GET /v2.0/ports?device_id=bb02ec29-edbc-4126-beaf-29b18aa9557f HTTP/1.1" status: 200 len: 945 time: 0.0551593
May 09 20:25:10.624931 dv-cinder-836996-15-iscsi neutron-server[103284]: INFO neutron.wsgi [req-c3611725-886d-482f-9349-dafeca5b6df5 req-3d5a3ac3-0a69-4c91-9ee8-5c9997557305 tempest-DeleteServersTestJSON-588295943 tempest-DeleteServersTestJSON-588295943-project] 10.222.0.44 "GET /v2.0/security-groups?id=bb6c4c69-bb66-4704-8efc-3a79db79d922&fields=id&fields=name HTTP/1.1" status: 200 len: 286 time: 0.0518160
May 09 20:25:10.696732 dv-cinder-836996-15-iscsi neutron-server[103283]: DEBUG neutron.pecan_wsgi.hooks.policy_enforcement [req-08372d62-c725-4a55-a647-3ae4f2d32a87 req-87c64b18-5daf-431d-ade4-202b94678aed tempest-AttachVolumeNegativeTest-532270065 tempest-AttachVolumeNegativeTest-532270065-project] Attributes excluded by policy engine: ['standard_attr_id', 'binding:profile', 'binding:host_id', 'binding:vif_type', 'binding:vif_details'] {{(pid=103283) _exclude_attributes_by_policy /opt/stack/neutron/neutron/pecan_wsgi/hooks/policy_enforcement.py:259}}
May 09 20:25:10.698168 dv-cinder-836996-15-iscsi neutron-server[103283]: INFO neutron.wsgi [req-08372d62-c725-4a55-a647-3ae4f2d32a87 req-87c64b18-5daf-431d-ade4-202b94678aed tempest-AttachVolumeNegativeTest-532270065 tempest-AttachVolumeNegativeTest-532270065-project] 10.222.0.44 "GET /v2.0/ports?device_id=fbed4907-edef-46b3-a625-306d3f840aae HTTP/1.1" status: 200 len: 944 time: 0.0623164
May 09 20:25:10.757180 dv-cinder-836996-15-iscsi neutron-server[103283]: INFO neutron.wsgi [req-08372d62-c725-4a55-a647-3ae4f2d32a87 req-2ecbfc70-eb78-46b1-b949-2fb7b27d5423 tempest-AttachVolumeNegativeTest-532270065 tempest-AttachVolumeNegativeTest-532270065-project] 10.222.0.44 "GET /v2.0/security-groups?id=237f6f11-9459-45ff-b8e0-41b4b96bcd2f&fields=id&fields=name HTTP/1.1" status: 200 len: 313 time: 0.0522580
May 09 20:25:10.963801 dv-cinder-836996-15-iscsi neutron-server[103285]: DEBUG neutron.plugins.ml2.rpc [None req-4c27a148-4555-4d9a-ba22-df1e86e9cf3c None None] Device 69ef2c60-07ae-4f03-b47c-0db178dcd214 details requested by agent hyperv_hv-cinder-83699 with host hv-cinder-83699 {{(pid=103285) get_device_details /opt/stack/neutron/neutron/plugins/ml2/rpc.py:102}}
May 09 20:25:10.998017 dv-cinder-836996-15-iscsi neutron-server[103284]: DEBUG neutron.pecan_wsgi.hooks.policy_enforcement [req-39e5e7d3-c008-4b30-a1b7-2a896130f7d5 req-dbe480f9-b98a-46a0-9c2e-836521105c85 tempest-ServerRescueNegativeTestJSON-923663019 tempest-ServerRescueNegativeTestJSON-923663019-project] Attributes excluded by policy engine: ['standard_attr_id', 'binding:profile', 'binding:host_id', 'binding:vif_type', 'binding:vif_details'] {{(pid=103284) _exclude_attributes_by_policy /opt/stack/neutron/neutron/pecan_wsgi/hooks/policy_enforcement.py:259}}
May 09 20:25:11.004778 dv-cinder-836996-15-iscsi neutron-server[103284]: INFO neutron.wsgi [req-39e5e7d3-c008-4b30-a1b7-2a896130f7d5 req-dbe480f9-b98a-46a0-9c2e-836521105c85 tempest-ServerRescueNegativeTestJSON-923663019 tempest-ServerRescueNegativeTestJSON-923663019-project] 10.222.0.44 "GET /v2.0/ports?device_id=5b0b9df6-b5f8-4e0f-8f73-9cc82cc08fa6 HTTP/1.1" status: 200 len: 944 time: 0.0610669
May 09 20:25:11.084322 dv-cinder-836996-15-iscsi neutron-server[103284]: INFO neutron.wsgi [req-39e5e7d3-c008-4b30-a1b7-2a896130f7d5 req-0becd380-4385-478b-a548-6e99d6d2cc46 tempest-ServerRescueNegativeTestJSON-923663019 tempest-ServerRescueNegativeTestJSON-923663019-project] 10.222.0.44 "GET /v2.0/security-groups?id=53507e0e-ffbd-4b52-8023-674d64522ddd&fields=id&fields=name HTTP/1.1" status: 200 len: 286 time: 0.0786831
May 09 20:25:11.117111 dv-cinder-836996-15-iscsi neutron-server[103285]: DEBUG neutron.plugins.ml2.db [None req-4c27a148-4555-4d9a-ba22-df1e86e9cf3c None None] For port 69ef2c60-07ae-4f03-b47c-0db178dcd214, host hv-cinder-83699, got binding levels [PortBindingLevel(driver='hyperv',host='hv-cinder-83699',level=0,port_id=69ef2c60-07ae-4f03-b47c-0db178dcd214,segment=NetworkSegment(16a18da1-a242-4cf6-8d2a-096b627815e8),segment_id=16a18da1-a242-4cf6-8d2a-096b627815e8)] {{(pid=103285) get_binding_level_objs /opt/stack/neutron/neutron/plugins/ml2/db.py:74}}
May 09 20:25:11.124959 dv-cinder-836996-15-iscsi neutron-server[103283]: DEBUG neutron.wsgi [-] (103283) accepted ('10.222.0.44', 41730) {{(pid=103283) server /usr/local/lib/python3.8/dist-packages/eventlet/wsgi.py:1004}}
May 09 20:25:11.131357 dv-cinder-836996-15-iscsi neutron-server[103285]: DEBUG neutron.plugins.ml2.rpc [None req-4c27a148-4555-4d9a-ba22-df1e86e9cf3c None None] Returning: {'device': '69ef2c60-07ae-4f03-b47c-0db178dcd214', 'network_id': 'b5211c87-473c-4568-883c-02b482c6282d', 'port_id': '69ef2c60-07ae-4f03-b47c-0db178dcd214', 'mac_address': 'fa:16:3e:60:e8:bc', 'admin_state_up': True, 'network_type': 'vlan', 'segmentation_id': 147, 'physical_network': 'physnet1', 'mtu': 1500, 'fixed_ips': [{'subnet_id': '6f8767eb-0f75-42af-a55b-04a8c6943f2d', 'ip_address': '172.20.0.12'}], 'device_owner': 'compute:nova', 'allowed_address_pairs': [], 'port_security_enabled': True, 'qos_policy_id': None, 'qos_network_policy_id': None, 'profile': {}, 'propagate_uplink_status': False} {{(pid=103285) _get_device_details /opt/stack/neutron/neutron/plugins/ml2/rpc.py:184}}
May 09 20:25:11.189549 dv-cinder-836996-15-iscsi neutron-server[103285]: DEBUG neutron.plugins.ml2.plugin [None req-4c27a148-4555-4d9a-ba22-df1e86e9cf3c None None] Current status of the port 69ef2c60-07ae-4f03-b47c-0db178dcd214 is: DOWN; New status is: BUILD {{(pid=103285) _update_individual_port_db_status /opt/stack/neutron/neutron/plugins/ml2/plugin.py:2296}}
May 09 20:25:11.189931 dv-cinder-836996-15-iscsi neutron-server[103285]: DEBUG neutron_lib.callbacks.manager [None req-4c27a148-4555-4d9a-ba22-df1e86e9cf3c None None] Publish callbacks ['neutron.plugins.ml2.plugin.SecurityGroupDbMixin._ensure_default_security_group_handler-66420334'] for port (69ef2c60-07ae-4f03-b47c-0db178dcd214), before_update {{(pid=103285) _notify_loop /usr/local/lib/python3.8/dist-packages/neutron_lib/callbacks/manager.py:176}}
May 09 20:25:11.206032 dv-cinder-836996-15-iscsi neutron-server[103285]: DEBUG neutron.notifiers.nova [None req-4c27a148-4555-4d9a-ba22-df1e86e9cf3c None None] Ignoring state change previous_port_status: DOWN current_port_status: BUILD port_id 69ef2c60-07ae-4f03-b47c-0db178dcd214 {{(pid=103285) record_port_status_changed /opt/stack/neutron/neutron/notifiers/nova.py:233}}
May 09 20:25:11.226665 dv-cinder-836996-15-iscsi neutron-server[103285]: DEBUG neutron.plugins.ml2.db [None req-4c27a148-4555-4d9a-ba22-df1e86e9cf3c None None] For port 69ef2c60-07ae-4f03-b47c-0db178dcd214, host hv-cinder-83699, got binding levels [PortBindingLevel(driver='hyperv',host='hv-cinder-83699',level=0,port_id=69ef2c60-07ae-4f03-b47c-0db178dcd214,segment=NetworkSegment(16a18da1-a242-4cf6-8d2a-096b627815e8),segment_id=16a18da1-a242-4cf6-8d2a-096b627815e8)] {{(pid=103285) get_binding_level_objs /opt/stack/neutron/neutron/plugins/ml2/db.py:74}}
May 09 20:25:11.231666 dv-cinder-836996-15-iscsi neutron-server[103285]: DEBUG neutron_lib.callbacks.manager [None req-4c27a148-4555-4d9a-ba22-df1e86e9cf3c None None] Publish callbacks ['neutron.plugins.ml2.plugin.SecurityGroupServerNotifierRpcMixin._notify_sg_on_port_change-66420416', 'neutron.plugins.ml2.ovo_rpc._ObjectChangeHandler.handle_event-211695', 'neutron.api.rpc.agentnotifiers.dhcp_rpc_agent_api.DhcpAgentNotifyAPI._native_event_send_dhcp_notification-618308', 'neutron.db.l3_db.L3RpcNotifierMixin._notify_gateway_port_ip_changed-8750424974987', 'neutron.db.l3_dvrscheduler_db._notify_l3_agent_port_update-8750424485214', 'neutron.db.l3_hascheduler_db._notify_l3_agent_ha_port_update-8750424485232'] for port (69ef2c60-07ae-4f03-b47c-0db178dcd214), after_update {{(pid=103285) _notify_loop /usr/local/lib/python3.8/dist-packages/neutron_lib/callbacks/manager.py:176}}
May 09 20:25:11.258863 dv-cinder-836996-15-iscsi neutron-server[103283]: DEBUG neutron_lib.callbacks.manager [None req-314e31da-abc5-4e30-a124-bdafc394edca admin admin] Publish callbacks [] for security_group (None), before_create {{(pid=103283) _notify_loop /usr/local/lib/python3.8/dist-packages/neutron_lib/callbacks/manager.py:176}}
May 09 20:25:11.288619 dv-cinder-836996-15-iscsi neutron-server[103285]: DEBUG neutron.api.rpc.handlers.resources_rpc [None req-4c27a148-4555-4d9a-ba22-df1e86e9cf3c None None] Pushing event updated for resources: {'Port': ['ID=69ef2c60-07ae-4f03-b47c-0db178dcd214,revision_number=4']} {{(pid=103285) push /opt/stack/neutron/neutron/api/rpc/handlers/resources_rpc.py:237}}
May 09 20:25:11.350561 dv-cinder-836996-15-iscsi neutron-server[103283]: DEBUG neutron_lib.callbacks.manager [None req-314e31da-abc5-4e30-a124-bdafc394edca admin admin] Publish callbacks [] for security_group (074d679b-89fa-45ed-9fef-cdd43f33ea69), precommit_create {{(pid=103283) _notify_loop /usr/local/lib/python3.8/dist-packages/neutron_lib/callbacks/manager.py:176}}
May 09 20:25:11.356225 dv-cinder-836996-15-iscsi neutron-server[103283]: DEBUG neutron_lib.callbacks.manager [None req-314e31da-abc5-4e30-a124-bdafc394edca admin admin] Publish callbacks ['neutron.plugins.ml2.ovo_rpc._ObjectChangeHandler.handle_event-263434'] for security_group (074d679b-89fa-45ed-9fef-cdd43f33ea69), after_create {{(pid=103283) _notify_loop /usr/local/lib/python3.8/dist-packages/neutron_lib/callbacks/manager.py:176}}
May 09 20:25:11.406645 dv-cinder-836996-15-iscsi neutron-server[103283]: INFO neutron.wsgi [None req-314e31da-abc5-4e30-a124-bdafc394edca admin admin] 10.222.0.44 "GET /v2.0/security-groups?tenant_id=09d1a32f43e1401da50a8571a3385338&name=default HTTP/1.1" status: 200 len: 2996 time: 0.2795756
May 09 20:25:11.409104 dv-cinder-836996-15-iscsi neutron-server[103283]: DEBUG neutron.api.rpc.handlers.resources_rpc [None req-314e31da-abc5-4e30-a124-bdafc394edca admin admin] Pushing event updated for resources: {'SecurityGroup': ['ID=074d679b-89fa-45ed-9fef-cdd43f33ea69,revision_number=1']} {{(pid=103283) push /opt/stack/neutron/neutron/api/rpc/handlers/resources_rpc.py:237}}
May 09 20:25:11.412923 dv-cinder-836996-15-iscsi neutron-server[103283]: DEBUG neutron.wsgi [-] (103283) accepted ('10.222.0.44', 41746) {{(pid=103283) server /usr/local/lib/python3.8/dist-packages/eventlet/wsgi.py:1004}}
May 09 20:25:11.473223 dv-cinder-836996-15-iscsi neutron-server[103283]: DEBUG neutron_lib.callbacks.manager [None req-1ba05c1c-fecd-40e1-970d-92677a6a1c53 admin admin] Publish callbacks [] for security_group (074d679b-89fa-45ed-9fef-cdd43f33ea69), before_delete {{(pid=103283) _notify_loop /usr/local/lib/python3.8/dist-packages/neutron_lib/callbacks/manager.py:176}}
May 09 20:25:11.484625 dv-cinder-836996-15-iscsi neutron-server[103284]: INFO neutron.wsgi [req-9a5703c4-49ec-45ed-836f-02d7506df4cf req-6bb3df8c-3cdf-4c96-b7a2-f5ddfa7e792f service neutron] 10.222.0.48 "GET /v2.0/floatingips?fixed_ip_address=172.20.0.5&port_id=8757cf9e-6828-4f88-b34e-3338c7176b27 HTTP/1.1" status: 200 len: 217 time: 0.1088552
May 09 20:25:11.499771 dv-cinder-836996-15-iscsi neutron-server[103283]: DEBUG neutron_lib.callbacks.manager [None req-1ba05c1c-fecd-40e1-970d-92677a6a1c53 admin admin] Publish callbacks [] for security_group (074d679b-89fa-45ed-9fef-cdd43f33ea69), precommit_delete {{(pid=103283) _notify_loop /usr/local/lib/python3.8/dist-packages/neutron_lib/callbacks/manager.py:176}}
May 09 20:25:11.548170 dv-cinder-836996-15-iscsi neutron-server[103284]: INFO neutron.wsgi [req-9ec29a20-7b7e-4123-9662-383eeceff9fe req-7e1684b4-9273-42bd-adb5-efc9427ec110 service neutron] 10.222.0.48 "GET /v2.0/floatingips?fixed_ip_address=172.20.0.10&port_id=9d1946fe-d370-43ff-a7d4-5a7d9c20d2be HTTP/1.1" status: 200 len: 217 time: 0.0619152
May 09 20:25:11.560473 dv-cinder-836996-15-iscsi neutron-server[103284]: DEBUG neutron.pecan_wsgi.hooks.policy_enforcement [req-3bcd2a00-465e-4e43-b7bc-c88a34451794 req-e348ba2d-9aed-42dc-bc50-104ea97d60a9 service neutron] Attributes excluded by policy engine: ['standard_attr_id'] {{(pid=103284) _exclude_attributes_by_policy /opt/stack/neutron/neutron/pecan_wsgi/hooks/policy_enforcement.py:259}}
May 09 20:25:11.562177 dv-cinder-836996-15-iscsi neutron-server[103284]: INFO neutron.wsgi [req-3bcd2a00-465e-4e43-b7bc-c88a34451794 req-e348ba2d-9aed-42dc-bc50-104ea97d60a9 service neutron] 10.222.0.48 "GET /v2.0/ports?tenant_id=5fe87375072b4dbbaac833caf2f705aa&device_id=fbed4907-edef-46b3-a625-306d3f840aae HTTP/1.1" status: 200 len: 1128 time: 0.0690868
May 09 20:25:11.587111 dv-cinder-836996-15-iscsi neutron-server[103283]: DEBUG neutron.pecan_wsgi.hooks.policy_enforcement [req-ceb28c10-75b3-41d3-900b-8cd865ff13f4 req-ea394cde-90e9-49d9-b6e8-842502ab9d5e tempest-AttachVolumeTestJSON-1635221143 tempest-AttachVolumeTestJSON-1635221143-project] Attributes excluded by policy engine: ['standard_attr_id', 'binding:profile', 'binding:host_id', 'binding:vif_type', 'binding:vif_details'] {{(pid=103283) _exclude_attributes_by_policy /opt/stack/neutron/neutron/pecan_wsgi/hooks/policy_enforcement.py:259}}
May 09 20:25:11.588668 dv-cinder-836996-15-iscsi neutron-server[103283]: INFO neutron.wsgi [req-ceb28c10-75b3-41d3-900b-8cd865ff13f4 req-ea394cde-90e9-49d9-b6e8-842502ab9d5e tempest-AttachVolumeTestJSON-1635221143 tempest-AttachVolumeTestJSON-1635221143-project] 10.222.0.44 "GET /v2.0/ports?device_id=5e5859d0-753a-4eb6-9c16-6a21b2a0758b HTTP/1.1" status: 200 len: 943 time: 0.0866373
May 09 20:25:11.598593 dv-cinder-836996-15-iscsi neutron-server[103285]: DEBUG neutron.plugins.ml2.db [None req-4c27a148-4555-4d9a-ba22-df1e86e9cf3c None None] get_ports_and_sgs() called for port_ids ['69ef2c60-07ae-4f03-b47c-0db178dcd214'] {{(pid=103285) get_ports_and_sgs /opt/stack/neutron/neutron/plugins/ml2/db.py:156}}
May 09 20:25:11.664170 dv-cinder-836996-15-iscsi neutron-server[103283]: INFO neutron.wsgi [req-ceb28c10-75b3-41d3-900b-8cd865ff13f4 req-dbc1bb4c-a333-4ef9-b1db-fc14b75e903d tempest-AttachVolumeTestJSON-1635221143 tempest-AttachVolumeTestJSON-1635221143-project] 10.222.0.44 "GET /v2.0/security-groups?id=de3f5f3c-b6b1-4674-b275-9b33dba46fcb&fields=id&fields=name HTTP/1.1" status: 200 len: 312 time: 0.0595014
May 09 20:25:11.666257 dv-cinder-836996-15-iscsi neutron-server[103283]: DEBUG neutron_lib.callbacks.manager [None req-1ba05c1c-fecd-40e1-970d-92677a6a1c53 admin admin] Publish callbacks ['neutron.plugins.ml2.ovo_rpc._ObjectChangeHandler.handle_event-263434'] for security_group (074d679b-89fa-45ed-9fef-cdd43f33ea69), after_delete {{(pid=103283) _notify_loop /usr/local/lib/python3.8/dist-packages/neutron_lib/callbacks/manager.py:176}}
May 09 20:25:11.670308 dv-cinder-836996-15-iscsi neutron-server[103283]: DEBUG neutron_lib.callbacks.manager [None req-1ba05c1c-fecd-40e1-970d-92677a6a1c53 admin admin] Publish callbacks [] for security_group (None), before_response {{(pid=103283) _notify_loop /usr/local/lib/python3.8/dist-packages/neutron_lib/callbacks/manager.py:176}}
May 09 20:25:11.676064 dv-cinder-836996-15-iscsi neutron-server[103283]: INFO neutron.wsgi [None req-1ba05c1c-fecd-40e1-970d-92677a6a1c53 admin admin] 10.222.0.44 "DELETE /v2.0/security-groups/074d679b-89fa-45ed-9fef-cdd43f33ea69 HTTP/1.1" status: 204 len: 168 time: 0.2597806
May 09 20:25:11.695434 dv-cinder-836996-15-iscsi neutron-server[103283]: DEBUG neutron.api.rpc.handlers.resources_rpc [None req-1ba05c1c-fecd-40e1-970d-92677a6a1c53 admin admin] Pushing event deleted for resources: {'SecurityGroup': ['ID=074d679b-89fa-45ed-9fef-cdd43f33ea69,revision_number=None']} {{(pid=103283) push /opt/stack/neutron/neutron/api/rpc/handlers/resources_rpc.py:237}}
May 09 20:25:11.718766 dv-cinder-836996-15-iscsi neutron-server[103284]: DEBUG neutron.pecan_wsgi.hooks.policy_enforcement [req-0beedc9e-d3f6-4470-88cf-1d9df098d62c req-d3889185-2b80-42a7-81dc-c400a5ce6c08 tempest-AttachVolumeShelveTestJSON-1116624676 tempest-AttachVolumeShelveTestJSON-1116624676-project] Attributes excluded by policy engine: ['standard_attr_id', 'binding:profile', 'binding:host_id', 'binding:vif_type', 'binding:vif_details'] {{(pid=103284) _exclude_attributes_by_policy /opt/stack/neutron/neutron/pecan_wsgi/hooks/policy_enforcement.py:259}}
May 09 20:25:11.725889 dv-cinder-836996-15-iscsi neutron-server[103284]: INFO neutron.wsgi [req-0beedc9e-d3f6-4470-88cf-1d9df098d62c req-d3889185-2b80-42a7-81dc-c400a5ce6c08 tempest-AttachVolumeShelveTestJSON-1116624676 tempest-AttachVolumeShelveTestJSON-1116624676-project] 10.222.0.44 "GET /v2.0/ports?device_id=425e8732-2c2b-4c37-b2c3-e766712d293f HTTP/1.1" status: 200 len: 944 time: 0.0792181
May 09 20:25:11.792476 dv-cinder-836996-15-iscsi neutron-server[103284]: INFO neutron.wsgi [req-0beedc9e-d3f6-4470-88cf-1d9df098d62c req-516b8382-5ab2-4483-aa33-4df9d4aa5c29 tempest-AttachVolumeShelveTestJSON-1116624676 tempest-AttachVolumeShelveTestJSON-1116624676-project] 10.222.0.44 "GET /v2.0/security-groups?id=acf3aa05-d552-480e-bc9d-89e306838d78&fields=id&fields=name HTTP/1.1" status: 200 len: 313 time: 0.0655956
May 09 20:25:11.813173 dv-cinder-836996-15-iscsi neutron-server[103283]: DEBUG neutron.pecan_wsgi.hooks.policy_enforcement [req-6975f1e5-9516-47ca-a3c1-61af1790bb79 req-65b94794-1323-4ca7-b0db-5c49a08d34f0 tempest-DeleteServersTestJSON-588295943 tempest-DeleteServersTestJSON-588295943-project] Attributes excluded by policy engine: ['standard_attr_id', 'binding:profile', 'binding:host_id', 'binding:vif_type', 'binding:vif_details'] {{(pid=103283) _exclude_attributes_by_policy /opt/stack/neutron/neutron/pecan_wsgi/hooks/policy_enforcement.py:259}}
May 09 20:25:11.815021 dv-cinder-836996-15-iscsi neutron-server[103283]: INFO neutron.wsgi [req-6975f1e5-9516-47ca-a3c1-61af1790bb79 req-65b94794-1323-4ca7-b0db-5c49a08d34f0 tempest-DeleteServersTestJSON-588295943 tempest-DeleteServersTestJSON-588295943-project] 10.222.0.44 "GET /v2.0/ports?device_id=bb02ec29-edbc-4126-beaf-29b18aa9557f HTTP/1.1" status: 200 len: 945 time: 0.0812078
May 09 20:25:11.926993 dv-cinder-836996-15-iscsi neutron-server[103285]: DEBUG neutron_lib.callbacks.manager [None req-eaf59b77-3c93-4936-b661-b7870f4c7934 None None] Publish callbacks ['neutron.services.segments.db._update_segment_host_mapping_for_agent-8750424959492', 'neutron.plugins.ml2.plugin.Ml2Plugin._retry_binding_revived_agents-66379684'] for agent (a0126709-1327-42e7-912a-414cd4e26dfb), after_update {{(pid=103285) _notify_loop /usr/local/lib/python3.8/dist-packages/neutron_lib/callbacks/manager.py:176}}
May 09 20:25:11.951175 dv-cinder-836996-15-iscsi neutron-server[103283]: INFO neutron.wsgi [req-6975f1e5-9516-47ca-a3c1-61af1790bb79 req-17917ef4-91a8-4872-b805-a939270600db tempest-DeleteServersTestJSON-588295943 tempest-DeleteServersTestJSON-588295943-project] 10.222.0.44 "GET /v2.0/security-groups?id=bb6c4c69-bb66-4704-8efc-3a79db79d922&fields=id&fields=name HTTP/1.1" status: 200 len: 286 time: 0.1293693
