Apr 07 17:19:51.666383 dv-cinder-836996-1-iscsi devstack@n-api.service[117703]: DEBUG nova.api.openstack.wsgi [None req-ca151dde-f308-48a6-9d2b-79ad69019e24 tempest-VolumesGetTestJSON-728468595 tempest-VolumesGetTestJSON-728468595-project] Calling method '.version_select at 0x7ff9d21a3040>' {{(pid=117703) _process_stack /opt/stack/nova/nova/api/openstack/wsgi.py:513}}
Apr 07 17:19:52.120620 dv-cinder-836996-1-iscsi devstack@n-api.service[117703]: INFO nova.api.openstack.requestlog [None req-ca151dde-f308-48a6-9d2b-79ad69019e24 tempest-VolumesGetTestJSON-728468595 tempest-VolumesGetTestJSON-728468595-project] 10.222.0.26 "DELETE /compute/v2.1/os-volumes/a5662db6-490e-41e3-878b-bf390d8b6f56" status: 202 len: 0 microversion: 2.1 time: 0.413349
Apr 07 17:19:52.120620 dv-cinder-836996-1-iscsi devstack@n-api.service[117703]: [pid: 117703|app: 0|req: 4/7] 10.222.0.26 () {58 vars in 1247 bytes} [Thu Apr 7 17:19:51 2022] DELETE /compute/v2.1/os-volumes/a5662db6-490e-41e3-878b-bf390d8b6f56 => generated 0 bytes in 415 msecs (HTTP/1.1 202) 9 headers in 361 bytes (2 switches on core 0)
Apr 07 17:19:52.123887 dv-cinder-836996-1-iscsi devstack@n-api.service[117702]: DEBUG nova.api.openstack.wsgi [None req-ec7f1579-e17a-45e1-9ed8-3c4252796819 tempest-VolumesGetTestJSON-728468595 tempest-VolumesGetTestJSON-728468595-project] Calling method '.version_select at 0x7ff9d1059550>' {{(pid=117702) _process_stack /opt/stack/nova/nova/api/openstack/wsgi.py:513}}
Apr 07 17:19:52.230411 dv-cinder-836996-1-iscsi devstack@n-api.service[117703]: DEBUG nova.api.openstack.wsgi [None req-9fe7c4c2-57f7-4067-b770-336c454536df tempest-DeleteServersTestJSON-407250252 tempest-DeleteServersTestJSON-407250252-project] Calling method '>' {{(pid=117703) _process_stack /opt/stack/nova/nova/api/openstack/wsgi.py:513}}
Apr 07 17:19:52.231548 dv-cinder-836996-1-iscsi devstack@n-api.service[117703]: DEBUG nova.compute.api [None req-9fe7c4c2-57f7-4067-b770-336c454536df tempest-DeleteServersTestJSON-407250252 tempest-DeleteServersTestJSON-407250252-project] [instance: 4c5c5bdb-94b4-456c-be68-441e1d4b1b74] Fetching instance by UUID {{(pid=117703) get /opt/stack/nova/nova/compute/api.py:2918}}
Apr 07 17:19:52.244818 dv-cinder-836996-1-iscsi devstack@n-api.service[117702]: INFO nova.api.openstack.requestlog [None req-ec7f1579-e17a-45e1-9ed8-3c4252796819 tempest-VolumesGetTestJSON-728468595 tempest-VolumesGetTestJSON-728468595-project] 10.222.0.26 "GET /compute/v2.1/os-volumes/a5662db6-490e-41e3-878b-bf390d8b6f56" status: 200 len: 353 microversion: 2.1 time: 0.153607
Apr 07 17:19:52.245634 dv-cinder-836996-1-iscsi devstack@n-api.service[117702]: [pid: 117702|app: 0|req: 4/8] 10.222.0.26 () {58 vars in 1244 bytes} [Thu Apr 7 17:19:52 2022] GET /compute/v2.1/os-volumes/a5662db6-490e-41e3-878b-bf390d8b6f56 => generated 353 bytes in 155 msecs (HTTP/1.1 200) 9 headers in 357 bytes (1 switches on core 0)
Apr 07 17:19:52.386829 dv-cinder-836996-1-iscsi devstack@n-api.service[117703]: DEBUG nova.policy [None req-9fe7c4c2-57f7-4067-b770-336c454536df tempest-DeleteServersTestJSON-407250252 tempest-DeleteServersTestJSON-407250252-project] Policy check for os_compute_api:os-extended-server-attributes failed with credentials {'is_admin': False, 'user_id': '992930abf4a84c5fbff0b0dbe188d56c', 'user_domain_id': 'default', 'system_scope': None, 'domain_id': None, 'project_id': 'b00415c0a7d44437b37125395140181e', 'project_domain_id': 'default', 'roles': ['member', 'reader'], 'is_admin_project': True, 'service_user_id': None, 'service_user_domain_id': None, 'service_project_id': None, 'service_project_domain_id': None, 'service_roles': []} {{(pid=117703) authorize /opt/stack/nova/nova/policy.py:199}}
Apr 07 17:19:52.412050 dv-cinder-836996-1-iscsi devstack@n-api.service[117703]: INFO nova.api.openstack.requestlog [None req-9fe7c4c2-57f7-4067-b770-336c454536df tempest-DeleteServersTestJSON-407250252 tempest-DeleteServersTestJSON-407250252-project] 10.222.0.26 "GET /compute/v2.1/servers/4c5c5bdb-94b4-456c-be68-441e1d4b1b74" status: 200 len: 1215 microversion: 2.1 time: 0.184996
Apr 07 17:19:52.424426 dv-cinder-836996-1-iscsi devstack@n-api.service[117703]: [pid: 117703|app: 0|req: 5/9] 10.222.0.26 () {58 vars in 1235 bytes} [Thu Apr 7 17:19:52 2022] GET /compute/v2.1/servers/4c5c5bdb-94b4-456c-be68-441e1d4b1b74 => generated 1215 bytes in 198 msecs (HTTP/1.1 200) 9 headers in 358 bytes (1 switches on core 0)
Apr 07 17:19:53.258068 dv-cinder-836996-1-iscsi devstack@n-api.service[117702]: DEBUG nova.api.openstack.wsgi [None req-f061c93b-218a-4d1d-8ce8-11df7f8f699f tempest-VolumesGetTestJSON-728468595 tempest-VolumesGetTestJSON-728468595-project] Calling method '.version_select at 0x7ff9d10598b0>' {{(pid=117702) _process_stack /opt/stack/nova/nova/api/openstack/wsgi.py:513}}
Apr 07 17:19:53.436986 dv-cinder-836996-1-iscsi devstack@n-api.service[117703]: DEBUG nova.api.openstack.wsgi [None req-21646dd2-2da1-4faf-8f76-ee8da611bd2a tempest-DeleteServersTestJSON-407250252 tempest-DeleteServersTestJSON-407250252-project] Calling method '>' {{(pid=117703) _process_stack /opt/stack/nova/nova/api/openstack/wsgi.py:513}}
Apr 07 17:19:53.440097 dv-cinder-836996-1-iscsi devstack@n-api.service[117703]: DEBUG nova.compute.api [None req-21646dd2-2da1-4faf-8f76-ee8da611bd2a tempest-DeleteServersTestJSON-407250252 tempest-DeleteServersTestJSON-407250252-project] [instance: 4c5c5bdb-94b4-456c-be68-441e1d4b1b74] Fetching instance by UUID {{(pid=117703) get /opt/stack/nova/nova/compute/api.py:2918}}
Apr 07 17:19:53.556458 dv-cinder-836996-1-iscsi devstack@n-api.service[117703]: DEBUG nova.policy [None req-21646dd2-2da1-4faf-8f76-ee8da611bd2a tempest-DeleteServersTestJSON-407250252 tempest-DeleteServersTestJSON-407250252-project] Policy check for os_compute_api:os-extended-server-attributes failed with credentials {'is_admin': False, 'user_id': '992930abf4a84c5fbff0b0dbe188d56c', 'user_domain_id': 'default', 'system_scope': None, 'domain_id': None, 'project_id': 'b00415c0a7d44437b37125395140181e', 'project_domain_id': 'default', 'roles': ['member', 'reader'], 'is_admin_project': True, 'service_user_id': None, 'service_user_domain_id': None, 'service_project_id': None, 'service_project_domain_id': None, 'service_roles': []} {{(pid=117703) authorize /opt/stack/nova/nova/policy.py:199}}
Apr 07 17:19:53.578116 dv-cinder-836996-1-iscsi devstack@n-api.service[117703]: INFO nova.api.openstack.requestlog [None req-21646dd2-2da1-4faf-8f76-ee8da611bd2a tempest-DeleteServersTestJSON-407250252 tempest-DeleteServersTestJSON-407250252-project] 10.222.0.26 "GET /compute/v2.1/servers/4c5c5bdb-94b4-456c-be68-441e1d4b1b74" status: 200 len: 1215 microversion: 2.1 time: 0.151811
Apr 07 17:19:53.591498 dv-cinder-836996-1-iscsi devstack@n-api.service[117703]: [pid: 117703|app: 0|req: 6/10] 10.222.0.26 () {58 vars in 1235 bytes} [Thu Apr 7 17:19:53 2022] GET /compute/v2.1/servers/4c5c5bdb-94b4-456c-be68-441e1d4b1b74 => generated 1215 bytes in 158 msecs (HTTP/1.1 200) 9 headers in 358 bytes (1 switches on core 0)
Apr 07 17:19:53.733452 dv-cinder-836996-1-iscsi devstack@n-api.service[117703]: DEBUG nova.api.openstack.wsgi [None req-d5b85a81-061d-44de-aac4-900d9ba86511 tempest-VolumesTestJSON-653525684 tempest-VolumesTestJSON-653525684-project] Calling method '.version_select at 0x7ff9d20ea9d0>' {{(pid=117703) _process_stack /opt/stack/nova/nova/api/openstack/wsgi.py:513}}
Apr 07 17:19:53.824473 dv-cinder-836996-1-iscsi devstack@n-api.service[117702]: INFO nova.api.openstack.wsgi [None req-f061c93b-218a-4d1d-8ce8-11df7f8f699f tempest-VolumesGetTestJSON-728468595 tempest-VolumesGetTestJSON-728468595-project] HTTP exception thrown: Volume a5662db6-490e-41e3-878b-bf390d8b6f56 could not be found.
Apr 07 17:19:53.825115 dv-cinder-836996-1-iscsi devstack@n-api.service[117702]: DEBUG nova.api.openstack.wsgi [None req-f061c93b-218a-4d1d-8ce8-11df7f8f699f tempest-VolumesGetTestJSON-728468595 tempest-VolumesGetTestJSON-728468595-project] Returning 404 to user: Volume a5662db6-490e-41e3-878b-bf390d8b6f56 could not be found. {{(pid=117702) __call__ /opt/stack/nova/nova/api/openstack/wsgi.py:936}}
Apr 07 17:19:53.826062 dv-cinder-836996-1-iscsi devstack@n-api.service[117702]: INFO nova.api.openstack.requestlog [None req-f061c93b-218a-4d1d-8ce8-11df7f8f699f tempest-VolumesGetTestJSON-728468595 tempest-VolumesGetTestJSON-728468595-project] 10.222.0.26 "GET /compute/v2.1/os-volumes/a5662db6-490e-41e3-878b-bf390d8b6f56" status: 404 len: 109 microversion: 2.1 time: 0.572198
Apr 07 17:19:53.826801 dv-cinder-836996-1-iscsi devstack@n-api.service[117702]: [pid: 117702|app: 0|req: 5/11] 10.222.0.26 () {58 vars in 1244 bytes} [Thu Apr 7 17:19:53 2022] GET /compute/v2.1/os-volumes/a5662db6-490e-41e3-878b-bf390d8b6f56 => generated 109 bytes in 574 msecs (HTTP/1.1 404) 9 headers in 379 bytes (1 switches on core 0)
Apr 07 17:19:54.053702 dv-cinder-836996-1-iscsi devstack@n-api.service[117703]: INFO nova.api.openstack.requestlog [None req-d5b85a81-061d-44de-aac4-900d9ba86511 tempest-VolumesTestJSON-653525684 tempest-VolumesTestJSON-653525684-project] 10.222.0.26 "GET /compute/v2.1/os-volumes/107c2256-6772-46d5-adfe-6a597e735165" status: 200 len: 351 microversion: 2.1 time: 0.324868
Apr 07 17:19:54.060024 dv-cinder-836996-1-iscsi devstack@n-api.service[117703]: [pid: 117703|app: 0|req: 7/12] 10.222.0.26 () {58 vars in 1244 bytes} [Thu Apr 7 17:19:53 2022] GET /compute/v2.1/os-volumes/107c2256-6772-46d5-adfe-6a597e735165 => generated 351 bytes in 326 msecs (HTTP/1.1 200) 9 headers in 357 bytes (2 switches on core 0)
Apr 07 17:19:54.600115 dv-cinder-836996-1-iscsi devstack@n-api.service[117702]: DEBUG nova.api.openstack.wsgi [None req-1883b1a1-5775-4098-afbf-55beaff2314b tempest-DeleteServersTestJSON-407250252 tempest-DeleteServersTestJSON-407250252-project] Calling method '>' {{(pid=117702) _process_stack /opt/stack/nova/nova/api/openstack/wsgi.py:513}}
Apr 07 17:19:54.600760 dv-cinder-836996-1-iscsi devstack@n-api.service[117702]: DEBUG nova.compute.api [None req-1883b1a1-5775-4098-afbf-55beaff2314b tempest-DeleteServersTestJSON-407250252 tempest-DeleteServersTestJSON-407250252-project] [instance: 4c5c5bdb-94b4-456c-be68-441e1d4b1b74] Fetching instance by UUID {{(pid=117702) get /opt/stack/nova/nova/compute/api.py:2918}}
Apr 07 17:19:54.612805 dv-cinder-836996-1-iscsi devstack@n-api.service[117702]: DEBUG oslo_concurrency.lockutils [None req-1883b1a1-5775-4098-afbf-55beaff2314b tempest-DeleteServersTestJSON-407250252 tempest-DeleteServersTestJSON-407250252-project] Lock "b8571387-67cb-4f0b-96d4-8f5caf004dc2" acquired by "nova.context.set_target_cell..get_or_set_cached_cell_and_set_connections" :: waited 0.000s {{(pid=117702) inner /usr/local/lib/python3.8/dist-packages/oslo_concurrency/lockutils.py:386}}
Apr 07 17:19:54.625031 dv-cinder-836996-1-iscsi devstack@n-api.service[117702]: DEBUG oslo_concurrency.lockutils [None req-1883b1a1-5775-4098-afbf-55beaff2314b tempest-DeleteServersTestJSON-407250252 tempest-DeleteServersTestJSON-407250252-project] Lock "b8571387-67cb-4f0b-96d4-8f5caf004dc2" "released" by "nova.context.set_target_cell..get_or_set_cached_cell_and_set_connections" :: held 0.001s {{(pid=117702) inner /usr/local/lib/python3.8/dist-packages/oslo_concurrency/lockutils.py:400}}
Apr 07 17:19:54.626860 dv-cinder-836996-1-iscsi devstack@n-api.service[117702]: DEBUG oslo_concurrency.lockutils [None req-1883b1a1-5775-4098-afbf-55beaff2314b tempest-DeleteServersTestJSON-407250252 tempest-DeleteServersTestJSON-407250252-project] Lock "b8571387-67cb-4f0b-96d4-8f5caf004dc2" acquired by "nova.context.set_target_cell..get_or_set_cached_cell_and_set_connections" :: waited 0.000s {{(pid=117702) inner /usr/local/lib/python3.8/dist-packages/oslo_concurrency/lockutils.py:386}}
Apr 07 17:19:54.627321 dv-cinder-836996-1-iscsi devstack@n-api.service[117702]: DEBUG oslo_concurrency.lockutils [None req-1883b1a1-5775-4098-afbf-55beaff2314b tempest-DeleteServersTestJSON-407250252 tempest-DeleteServersTestJSON-407250252-project] Lock "b8571387-67cb-4f0b-96d4-8f5caf004dc2" "released" by "nova.context.set_target_cell..get_or_set_cached_cell_and_set_connections" :: held 0.001s {{(pid=117702) inner /usr/local/lib/python3.8/dist-packages/oslo_concurrency/lockutils.py:400}}
Apr 07 17:19:55.084479 dv-cinder-836996-1-iscsi devstack@n-api.service[117702]: DEBUG nova.policy [None req-1883b1a1-5775-4098-afbf-55beaff2314b tempest-DeleteServersTestJSON-407250252 tempest-DeleteServersTestJSON-407250252-project] Policy check for os_compute_api:os-extended-server-attributes failed with credentials {'is_admin': False, 'user_id': '992930abf4a84c5fbff0b0dbe188d56c', 'user_domain_id': 'default', 'system_scope': None, 'domain_id': None, 'project_id': 'b00415c0a7d44437b37125395140181e', 'project_domain_id': 'default', 'roles': ['member', 'reader'], 'is_admin_project': True, 'service_user_id': None, 'service_user_domain_id': None, 'service_project_id': None, 'service_project_domain_id': None, 'service_roles': []} {{(pid=117702) authorize /opt/stack/nova/nova/policy.py:199}}
Apr 07 17:19:55.105524 dv-cinder-836996-1-iscsi devstack@n-api.service[117702]: INFO nova.api.openstack.requestlog [None req-1883b1a1-5775-4098-afbf-55beaff2314b tempest-DeleteServersTestJSON-407250252 tempest-DeleteServersTestJSON-407250252-project] 10.222.0.26 "GET /compute/v2.1/servers/4c5c5bdb-94b4-456c-be68-441e1d4b1b74" status: 200 len: 1211 microversion: 2.1 time: 0.510680
Apr 07 17:19:55.109221 dv-cinder-836996-1-iscsi devstack@n-api.service[117702]: [pid: 117702|app: 0|req: 6/13] 10.222.0.26 () {58 vars in 1235 bytes} [Thu Apr 7 17:19:54 2022] GET /compute/v2.1/servers/4c5c5bdb-94b4-456c-be68-441e1d4b1b74 => generated 1211 bytes in 515 msecs (HTTP/1.1 200) 9 headers in 358 bytes (1 switches on core 0)
Apr 07 17:19:56.124981 dv-cinder-836996-1-iscsi devstack@n-api.service[117703]: DEBUG nova.api.openstack.wsgi [None req-abf722fe-1dac-4968-aa1d-faf5ee717bba tempest-DeleteServersTestJSON-407250252 tempest-DeleteServersTestJSON-407250252-project] Calling method '>' {{(pid=117703) _process_stack /opt/stack/nova/nova/api/openstack/wsgi.py:513}}
Apr 07 17:19:56.125729 dv-cinder-836996-1-iscsi devstack@n-api.service[117703]: DEBUG nova.compute.api [None req-abf722fe-1dac-4968-aa1d-faf5ee717bba tempest-DeleteServersTestJSON-407250252 tempest-DeleteServersTestJSON-407250252-project] [instance: 4c5c5bdb-94b4-456c-be68-441e1d4b1b74] Fetching instance by UUID {{(pid=117703) get /opt/stack/nova/nova/compute/api.py:2918}}
Apr 07 17:19:56.138754 dv-cinder-836996-1-iscsi devstack@n-api.service[117703]: DEBUG oslo_concurrency.lockutils [None req-abf722fe-1dac-4968-aa1d-faf5ee717bba tempest-DeleteServersTestJSON-407250252 tempest-DeleteServersTestJSON-407250252-project] Lock "b8571387-67cb-4f0b-96d4-8f5caf004dc2" acquired by "nova.context.set_target_cell..get_or_set_cached_cell_and_set_connections" :: waited 0.000s {{(pid=117703) inner /usr/local/lib/python3.8/dist-packages/oslo_concurrency/lockutils.py:386}}
Apr 07 17:19:56.139819 dv-cinder-836996-1-iscsi devstack@n-api.service[117703]: DEBUG oslo_concurrency.lockutils [None req-abf722fe-1dac-4968-aa1d-faf5ee717bba tempest-DeleteServersTestJSON-407250252 tempest-DeleteServersTestJSON-407250252-project] Lock "b8571387-67cb-4f0b-96d4-8f5caf004dc2" "released" by "nova.context.set_target_cell..get_or_set_cached_cell_and_set_connections" :: held 0.004s {{(pid=117703) inner /usr/local/lib/python3.8/dist-packages/oslo_concurrency/lockutils.py:400}}
Apr 07 17:19:56.148941 dv-cinder-836996-1-iscsi devstack@n-api.service[117703]: DEBUG oslo_concurrency.lockutils [None req-abf722fe-1dac-4968-aa1d-faf5ee717bba tempest-DeleteServersTestJSON-407250252 tempest-DeleteServersTestJSON-407250252-project] Lock "b8571387-67cb-4f0b-96d4-8f5caf004dc2" acquired by "nova.context.set_target_cell..get_or_set_cached_cell_and_set_connections" :: waited 0.000s {{(pid=117703) inner /usr/local/lib/python3.8/dist-packages/oslo_concurrency/lockutils.py:386}}
Apr 07 17:19:56.149619 dv-cinder-836996-1-iscsi devstack@n-api.service[117703]: DEBUG oslo_concurrency.lockutils [None req-abf722fe-1dac-4968-aa1d-faf5ee717bba tempest-DeleteServersTestJSON-407250252 tempest-DeleteServersTestJSON-407250252-project] Lock "b8571387-67cb-4f0b-96d4-8f5caf004dc2" "released" by "nova.context.set_target_cell..get_or_set_cached_cell_and_set_connections" :: held 0.001s {{(pid=117703) inner /usr/local/lib/python3.8/dist-packages/oslo_concurrency/lockutils.py:400}}
Apr 07 17:19:56.359632 dv-cinder-836996-1-iscsi devstack@n-api.service[117703]: DEBUG nova.policy [None req-abf722fe-1dac-4968-aa1d-faf5ee717bba tempest-DeleteServersTestJSON-407250252 tempest-DeleteServersTestJSON-407250252-project] Policy check for os_compute_api:os-extended-server-attributes failed with credentials {'is_admin': False, 'user_id': '992930abf4a84c5fbff0b0dbe188d56c', 'user_domain_id': 'default', 'system_scope': None, 'domain_id': None, 'project_id': 'b00415c0a7d44437b37125395140181e', 'project_domain_id': 'default', 'roles': ['member', 'reader'], 'is_admin_project': True, 'service_user_id': None, 'service_user_domain_id': None, 'service_project_id': None, 'service_project_domain_id': None, 'service_roles': []} {{(pid=117703) authorize /opt/stack/nova/nova/policy.py:199}}
Apr 07 17:19:56.380625 dv-cinder-836996-1-iscsi devstack@n-api.service[117703]: INFO nova.api.openstack.requestlog [None req-abf722fe-1dac-4968-aa1d-faf5ee717bba tempest-DeleteServersTestJSON-407250252 tempest-DeleteServersTestJSON-407250252-project] 10.222.0.26 "GET /compute/v2.1/servers/4c5c5bdb-94b4-456c-be68-441e1d4b1b74" status: 200 len: 1211 microversion: 2.1 time: 0.259271
Apr 07 17:19:56.394328 dv-cinder-836996-1-iscsi devstack@n-api.service[117703]: [pid: 117703|app: 0|req: 8/14] 10.222.0.26 () {58 vars in 1235 bytes} [Thu Apr 7 17:19:56 2022] GET /compute/v2.1/servers/4c5c5bdb-94b4-456c-be68-441e1d4b1b74 => generated 1211 bytes in 273 msecs (HTTP/1.1 200) 9 headers in 358 bytes (1 switches on core 0)
Apr 07 17:19:56.788970 dv-cinder-836996-1-iscsi devstack@n-api.service[117702]: DEBUG nova.api.openstack.wsgi [None req-d18718a9-5d80-46e9-8a27-630742108048 tempest-ServerRescueNegativeTestJSON-958174661 tempest-ServerRescueNegativeTestJSON-958174661-project] Action: 'create', calling method: >, body: {"server": {"name": "tempest-ServerRescueNegativeTestJSON-server-879021423", "imageRef": "bf745fd4-fabb-402d-a549-d18ac2c830b1", "flavorRef": "452", "adminPass": "***", "networks": [{"uuid": "}]}} {{(pid=117702) _process_stack /opt/stack/nova/nova/api/openstack/wsgi.py:511}}
Apr 07 17:19:56.896503 dv-cinder-836996-1-iscsi devstack@n-api.service[117702]: DEBUG nova.network.neutron [None req-d18718a9-5d80-46e9-8a27-630742108048 tempest-ServerRescueNegativeTestJSON-958174661 tempest-ServerRescueNegativeTestJSON-958174661-project] validate_networks() for [('a08d8121-3795-4290-8edc-155198c9e461', None, None, None, None, None)] {{(pid=117702) validate_networks /opt/stack/nova/nova/network/neutron.py:2632}}
Apr 07 17:19:57.411604 dv-cinder-836996-1-iscsi devstack@n-api.service[117703]: DEBUG nova.api.openstack.wsgi [None req-ad8ec76d-e630-484f-a4cd-09a6c5a37b38 tempest-DeleteServersTestJSON-407250252 tempest-DeleteServersTestJSON-407250252-project] Calling method '>' {{(pid=117703) _process_stack /opt/stack/nova/nova/api/openstack/wsgi.py:513}}
Apr 07 17:19:57.412235 dv-cinder-836996-1-iscsi devstack@n-api.service[117703]: DEBUG nova.compute.api [None req-ad8ec76d-e630-484f-a4cd-09a6c5a37b38 tempest-DeleteServersTestJSON-407250252 tempest-DeleteServersTestJSON-407250252-project] [instance: 4c5c5bdb-94b4-456c-be68-441e1d4b1b74] Fetching instance by UUID {{(pid=117703) get /opt/stack/nova/nova/compute/api.py:2918}}
Apr 07 17:19:57.451315 dv-cinder-836996-1-iscsi devstack@n-api.service[117703]: DEBUG oslo_concurrency.lockutils [None req-ad8ec76d-e630-484f-a4cd-09a6c5a37b38 tempest-DeleteServersTestJSON-407250252 tempest-DeleteServersTestJSON-407250252-project] Lock "b8571387-67cb-4f0b-96d4-8f5caf004dc2" acquired by "nova.context.set_target_cell..get_or_set_cached_cell_and_set_connections" :: waited 0.000s {{(pid=117703) inner /usr/local/lib/python3.8/dist-packages/oslo_concurrency/lockutils.py:386}}
Apr 07 17:19:57.452945 dv-cinder-836996-1-iscsi devstack@n-api.service[117703]: DEBUG oslo_concurrency.lockutils [None req-ad8ec76d-e630-484f-a4cd-09a6c5a37b38 tempest-DeleteServersTestJSON-407250252 tempest-DeleteServersTestJSON-407250252-project] Lock "b8571387-67cb-4f0b-96d4-8f5caf004dc2" "released" by "nova.context.set_target_cell..get_or_set_cached_cell_and_set_connections" :: held 0.004s {{(pid=117703) inner /usr/local/lib/python3.8/dist-packages/oslo_concurrency/lockutils.py:400}}
Apr 07 17:19:57.461414 dv-cinder-836996-1-iscsi devstack@n-api.service[117703]: DEBUG oslo_concurrency.lockutils [None req-ad8ec76d-e630-484f-a4cd-09a6c5a37b38 tempest-DeleteServersTestJSON-407250252 tempest-DeleteServersTestJSON-407250252-project] Lock "b8571387-67cb-4f0b-96d4-8f5caf004dc2" acquired by "nova.context.set_target_cell..get_or_set_cached_cell_and_set_connections" :: waited 0.000s {{(pid=117703) inner /usr/local/lib/python3.8/dist-packages/oslo_concurrency/lockutils.py:386}}
Apr 07 17:19:57.463834 dv-cinder-836996-1-iscsi devstack@n-api.service[117703]: DEBUG oslo_concurrency.lockutils [None req-ad8ec76d-e630-484f-a4cd-09a6c5a37b38 tempest-DeleteServersTestJSON-407250252 tempest-DeleteServersTestJSON-407250252-project] Lock "b8571387-67cb-4f0b-96d4-8f5caf004dc2" "released" by "nova.context.set_target_cell..get_or_set_cached_cell_and_set_connections" :: held 0.008s {{(pid=117703) inner /usr/local/lib/python3.8/dist-packages/oslo_concurrency/lockutils.py:400}}
Apr 07 17:19:57.941213 dv-cinder-836996-1-iscsi devstack@n-api.service[117703]: DEBUG nova.policy [None req-ad8ec76d-e630-484f-a4cd-09a6c5a37b38 tempest-DeleteServersTestJSON-407250252 tempest-DeleteServersTestJSON-407250252-project] Policy check for os_compute_api:os-extended-server-attributes failed with credentials {'is_admin': False, 'user_id': '992930abf4a84c5fbff0b0dbe188d56c', 'user_domain_id': 'default', 'system_scope': None, 'domain_id': None, 'project_id': 'b00415c0a7d44437b37125395140181e', 'project_domain_id': 'default', 'roles': ['member', 'reader'], 'is_admin_project': True, 'service_user_id': None, 'service_user_domain_id': None, 'service_project_id': None, 'service_project_domain_id': None, 'service_roles': []} {{(pid=117703) authorize /opt/stack/nova/nova/policy.py:199}}
Apr 07 17:19:57.962651 dv-cinder-836996-1-iscsi devstack@n-api.service[117703]: INFO nova.api.openstack.requestlog [None req-ad8ec76d-e630-484f-a4cd-09a6c5a37b38 tempest-DeleteServersTestJSON-407250252 tempest-DeleteServersTestJSON-407250252-project] 10.222.0.26 "GET /compute/v2.1/servers/4c5c5bdb-94b4-456c-be68-441e1d4b1b74" status: 200 len: 1267 microversion: 2.1 time: 0.553670
Apr 07 17:19:57.974198 dv-cinder-836996-1-iscsi devstack@n-api.service[117703]: [pid: 117703|app: 0|req: 9/15] 10.222.0.26 () {58 vars in 1235 bytes} [Thu Apr 7 17:19:57 2022] GET /compute/v2.1/servers/4c5c5bdb-94b4-456c-be68-441e1d4b1b74 => generated 1267 bytes in 568 msecs (HTTP/1.1 200) 9 headers in 358 bytes (2 switches on core 0)
Apr 07 17:19:58.191078 dv-cinder-836996-1-iscsi devstack@n-api.service[117702]: DEBUG nova.virt.hardware [None req-d18718a9-5d80-46e9-8a27-630742108048 tempest-ServerRescueNegativeTestJSON-958174661 tempest-ServerRescueNegativeTestJSON-958174661-project] Flavor limits 0:0:0 {{(pid=117702) get_cpu_topology_constraints /opt/stack/nova/nova/virt/hardware.py:343}}
Apr 07 17:19:58.191625 dv-cinder-836996-1-iscsi devstack@n-api.service[117702]: DEBUG nova.virt.hardware [None req-d18718a9-5d80-46e9-8a27-630742108048 tempest-ServerRescueNegativeTestJSON-958174661 tempest-ServerRescueNegativeTestJSON-958174661-project] Image limits 0:0:0 {{(pid=117702) get_cpu_topology_constraints /opt/stack/nova/nova/virt/hardware.py:347}}
Apr 07 17:19:58.192270 dv-cinder-836996-1-iscsi devstack@n-api.service[117702]: DEBUG nova.virt.hardware [None req-d18718a9-5d80-46e9-8a27-630742108048 tempest-ServerRescueNegativeTestJSON-958174661 tempest-ServerRescueNegativeTestJSON-958174661-project] Flavor pref 0:0:0 {{(pid=117702) get_cpu_topology_constraints /opt/stack/nova/nova/virt/hardware.py:383}}
Apr 07 17:19:58.192830 dv-cinder-836996-1-iscsi devstack@n-api.service[117702]: DEBUG nova.virt.hardware [None req-d18718a9-5d80-46e9-8a27-630742108048 tempest-ServerRescueNegativeTestJSON-958174661 tempest-ServerRescueNegativeTestJSON-958174661-project] Image pref 0:0:0 {{(pid=117702) get_cpu_topology_constraints /opt/stack/nova/nova/virt/hardware.py:387}}
Apr 07 17:19:58.193553 dv-cinder-836996-1-iscsi devstack@n-api.service[117702]: DEBUG nova.virt.hardware [None req-d18718a9-5d80-46e9-8a27-630742108048 tempest-ServerRescueNegativeTestJSON-958174661 tempest-ServerRescueNegativeTestJSON-958174661-project] Chose sockets=0, cores=0, threads=0; limits were sockets=65536, cores=65536, threads=65536 {{(pid=117702) get_cpu_topology_constraints /opt/stack/nova/nova/virt/hardware.py:425}}
Apr 07 17:19:58.207884 dv-cinder-836996-1-iscsi devstack@n-api.service[117702]: DEBUG oslo_concurrency.lockutils [None req-d18718a9-5d80-46e9-8a27-630742108048 tempest-ServerRescueNegativeTestJSON-958174661 tempest-ServerRescueNegativeTestJSON-958174661-project] Lock "00000000-0000-0000-0000-000000000000" acquired by "nova.context.set_target_cell..get_or_set_cached_cell_and_set_connections" :: waited 0.000s {{(pid=117702) inner /usr/local/lib/python3.8/dist-packages/oslo_concurrency/lockutils.py:386}}
Apr 07 17:19:58.211020 dv-cinder-836996-1-iscsi devstack@n-api.service[117702]: DEBUG oslo_concurrency.lockutils [None req-d18718a9-5d80-46e9-8a27-630742108048 tempest-ServerRescueNegativeTestJSON-958174661 tempest-ServerRescueNegativeTestJSON-958174661-project] Lock "00000000-0000-0000-0000-000000000000" "released" by "nova.context.set_target_cell..get_or_set_cached_cell_and_set_connections" :: held 0.003s {{(pid=117702) inner /usr/local/lib/python3.8/dist-packages/oslo_concurrency/lockutils.py:400}}
Apr 07 17:19:58.212313 dv-cinder-836996-1-iscsi devstack@n-api.service[117702]: DEBUG oslo_concurrency.lockutils [None req-d18718a9-5d80-46e9-8a27-630742108048 tempest-ServerRescueNegativeTestJSON-958174661 tempest-ServerRescueNegativeTestJSON-958174661-project] Lock "b8571387-67cb-4f0b-96d4-8f5caf004dc2" acquired by "nova.context.set_target_cell..get_or_set_cached_cell_and_set_connections" :: waited 0.000s {{(pid=117702) inner /usr/local/lib/python3.8/dist-packages/oslo_concurrency/lockutils.py:386}}
Apr 07 17:19:58.212951 dv-cinder-836996-1-iscsi devstack@n-api.service[117702]: DEBUG oslo_concurrency.lockutils [None req-d18718a9-5d80-46e9-8a27-630742108048 tempest-ServerRescueNegativeTestJSON-958174661 tempest-ServerRescueNegativeTestJSON-958174661-project] Lock "b8571387-67cb-4f0b-96d4-8f5caf004dc2" "released" by "nova.context.set_target_cell..get_or_set_cached_cell_and_set_connections" :: held 0.001s {{(pid=117702) inner /usr/local/lib/python3.8/dist-packages/oslo_concurrency/lockutils.py:400}}
Apr 07 17:19:58.254538 dv-cinder-836996-1-iscsi devstack@n-api.service[117702]: DEBUG nova.quota [None req-d18718a9-5d80-46e9-8a27-630742108048 tempest-ServerRescueNegativeTestJSON-958174661 tempest-ServerRescueNegativeTestJSON-958174661-project] Getting quotas for project 03828970d20c4ed09fa9c9ec412782ec. Resources: {'cores', 'ram', 'instances'} {{(pid=117702) _get_quotas /opt/stack/nova/nova/quota.py:393}}
Apr 07 17:19:58.265398 dv-cinder-836996-1-iscsi devstack@n-api.service[117702]: DEBUG nova.quota [None req-d18718a9-5d80-46e9-8a27-630742108048 tempest-ServerRescueNegativeTestJSON-958174661 tempest-ServerRescueNegativeTestJSON-958174661-project] Getting quotas for user 9717b85343d14a1c919091f29a591763 and project 03828970d20c4ed09fa9c9ec412782ec. Resources: {'cores', 'ram', 'instances'} {{(pid=117702) _get_quotas /opt/stack/nova/nova/quota.py:383}}
Apr 07 17:19:58.297811 dv-cinder-836996-1-iscsi devstack@n-api.service[117702]: DEBUG nova.compute.api [None req-d18718a9-5d80-46e9-8a27-630742108048 tempest-ServerRescueNegativeTestJSON-958174661 tempest-ServerRescueNegativeTestJSON-958174661-project] Going to run 1 instances... {{(pid=117702) _provision_instances /opt/stack/nova/nova/compute/api.py:1389}}
Apr 07 17:19:58.305242 dv-cinder-836996-1-iscsi devstack@n-api.service[117702]: DEBUG nova.compute.api [None req-d18718a9-5d80-46e9-8a27-630742108048 tempest-ServerRescueNegativeTestJSON-958174661 tempest-ServerRescueNegativeTestJSON-958174661-project] [instance: 6861b8a6-c175-4196-998d-c63ddc75145a] block_device_mapping [BlockDeviceMapping(attachment_id=,boot_index=0,connection_info=None,created_at=,delete_on_termination=True,deleted=,deleted_at=,destination_type='local',device_name=None,device_type='disk',disk_bus=None,guest_format=None,id=,image_id='bf745fd4-fabb-402d-a549-d18ac2c830b1',instance=,instance_uuid=,no_device=False,snapshot_id=None,source_type='image',tag=None,updated_at=,uuid=,volume_id=None,volume_size=None,volume_type=None)] {{(pid=117702) _bdm_validate_set_size_and_instance /opt/stack/nova/nova/compute/api.py:1807}}
Apr 07 17:19:58.402598 dv-cinder-836996-1-iscsi devstack@n-api.service[117703]: DEBUG nova.api.openstack.wsgi [None req-39dc68c8-0268-41ac-a043-50dc1268e978 tempest-AttachVolumeShelveTestJSON-1452632862 tempest-AttachVolumeShelveTestJSON-1452632862-project] Action: 'create', calling method: .version_select at 0x7ff9d20a3040>, body: {"keypair": {"name": "tempest-keypair-1793611534"}} {{(pid=117703) _process_stack /opt/stack/nova/nova/api/openstack/wsgi.py:511}}
Apr 07 17:19:58.470396 dv-cinder-836996-1-iscsi devstack@n-api.service[117703]: DEBUG nova.quota [None req-39dc68c8-0268-41ac-a043-50dc1268e978 tempest-AttachVolumeShelveTestJSON-1452632862 tempest-AttachVolumeShelveTestJSON-1452632862-project] Getting quotas for project cb8370d7baf14d80b8e6f7882864649e. Resources: {'key_pairs'} {{(pid=117703) _get_quotas /opt/stack/nova/nova/quota.py:393}}
Apr 07 17:19:58.479848 dv-cinder-836996-1-iscsi devstack@n-api.service[117703]: DEBUG nova.quota [None req-39dc68c8-0268-41ac-a043-50dc1268e978 tempest-AttachVolumeShelveTestJSON-1452632862 tempest-AttachVolumeShelveTestJSON-1452632862-project] Getting quotas for user 93ce92053f4a4fa1a639726b2685cec2 and project cb8370d7baf14d80b8e6f7882864649e. Resources: {'key_pairs'} {{(pid=117703) _get_quotas /opt/stack/nova/nova/quota.py:383}}
Apr 07 17:19:58.520034 dv-cinder-836996-1-iscsi devstack@n-api.service[117702]: INFO nova.api.openstack.requestlog [None req-d18718a9-5d80-46e9-8a27-630742108048 tempest-ServerRescueNegativeTestJSON-958174661 tempest-ServerRescueNegativeTestJSON-958174661-project] 10.222.0.26 "POST /compute/v2.1/servers" status: 202 len: 383 microversion: 2.1 time: 2.377590
Apr 07 17:19:58.524252 dv-cinder-836996-1-iscsi devstack@n-api.service[117702]: [pid: 117702|app: 0|req: 7/16] 10.222.0.26 () {60 vars in 1146 bytes} [Thu Apr 7 17:19:56 2022] POST /compute/v2.1/servers => generated 383 bytes in 2383 msecs (HTTP/1.1 202) 10 headers in 451 bytes (1 switches on core 0)
Apr 07 17:19:58.535142 dv-cinder-836996-1-iscsi devstack@n-api.service[117702]: DEBUG nova.api.openstack.wsgi [None req-551f327a-8d83-4c98-9d37-17d785c5d46a tempest-VolumesTestJSON-653525684 tempest-VolumesTestJSON-653525684-project] Calling method '.version_select at 0x7ff9d0fe1d30>' {{(pid=117702) _process_stack /opt/stack/nova/nova/api/openstack/wsgi.py:513}}
Apr 07 17:19:58.728360 dv-cinder-836996-1-iscsi devstack@n-api.service[117702]: INFO nova.api.openstack.requestlog [None req-551f327a-8d83-4c98-9d37-17d785c5d46a tempest-VolumesTestJSON-653525684 tempest-VolumesTestJSON-653525684-project] 10.222.0.26 "GET /compute/v2.1/os-volumes/2204b555-fbda-44d7-8804-d4e7a123f5d5" status: 200 len: 351 microversion: 2.1 time: 0.201791
Apr 07 17:19:58.729443 dv-cinder-836996-1-iscsi devstack@n-api.service[117702]: [pid: 117702|app: 0|req: 8/17] 10.222.0.26 () {58 vars in 1244 bytes} [Thu Apr 7 17:19:58 2022] GET /compute/v2.1/os-volumes/2204b555-fbda-44d7-8804-d4e7a123f5d5 => generated 351 bytes in 204 msecs (HTTP/1.1 200) 9 headers in 357 bytes (1 switches on core 0)
Apr 07 17:19:58.743362 dv-cinder-836996-1-iscsi devstack@n-api.service[117702]: DEBUG nova.api.openstack.wsgi [None req-f556319a-5b60-4190-80fc-61aa52c1e6db tempest-ServerRescueNegativeTestJSON-958174661 tempest-ServerRescueNegativeTestJSON-958174661-project] Calling method '>' {{(pid=117702) _process_stack /opt/stack/nova/nova/api/openstack/wsgi.py:513}}
Apr 07 17:19:58.743362 dv-cinder-836996-1-iscsi devstack@n-api.service[117702]: DEBUG nova.compute.api [None req-f556319a-5b60-4190-80fc-61aa52c1e6db tempest-ServerRescueNegativeTestJSON-958174661 tempest-ServerRescueNegativeTestJSON-958174661-project] [instance: 6861b8a6-c175-4196-998d-c63ddc75145a] Fetching instance by UUID {{(pid=117702) get /opt/stack/nova/nova/compute/api.py:2918}}
Apr 07 17:19:58.956142 dv-cinder-836996-1-iscsi devstack@n-api.service[117702]: DEBUG nova.policy [None req-f556319a-5b60-4190-80fc-61aa52c1e6db tempest-ServerRescueNegativeTestJSON-958174661 tempest-ServerRescueNegativeTestJSON-958174661-project] Policy check for os_compute_api:os-extended-server-attributes failed with credentials {'is_admin': False, 'user_id': '9717b85343d14a1c919091f29a591763', 'user_domain_id': 'default', 'system_scope': None, 'domain_id': None, 'project_id': '03828970d20c4ed09fa9c9ec412782ec', 'project_domain_id': 'default', 'roles': ['member', 'reader'], 'is_admin_project': True, 'service_user_id': None, 'service_user_domain_id': None, 'service_project_id': None, 'service_project_domain_id': None, 'service_roles': []} {{(pid=117702) authorize /opt/stack/nova/nova/policy.py:199}}
Apr 07 17:19:58.970073 dv-cinder-836996-1-iscsi devstack@n-api.service[117702]: INFO nova.api.openstack.requestlog [None req-f556319a-5b60-4190-80fc-61aa52c1e6db tempest-ServerRescueNegativeTestJSON-958174661 tempest-ServerRescueNegativeTestJSON-958174661-project] 10.222.0.26 "GET /compute/v2.1/servers/6861b8a6-c175-4196-998d-c63ddc75145a" status: 200 len: 1221 microversion: 2.1 time: 0.234873
Apr 07 17:19:58.971176 dv-cinder-836996-1-iscsi devstack@n-api.service[117702]: [pid: 117702|app: 0|req: 9/18] 10.222.0.26 () {58 vars in 1235 bytes} [Thu Apr 7 17:19:58 2022] GET /compute/v2.1/servers/6861b8a6-c175-4196-998d-c63ddc75145a => generated 1221 bytes in 241 msecs (HTTP/1.1 200) 9 headers in 358 bytes (1 switches on core 0)
Apr 07 17:19:58.983253 dv-cinder-836996-1-iscsi devstack@n-api.service[117702]: DEBUG nova.api.openstack.wsgi [None req-e6af6906-7d51-4d32-aa52-c12b85aa705c tempest-VolumesTestJSON-653525684 tempest-VolumesTestJSON-653525684-project] Calling method '.version_select at 0x7ff9d0fe19d0>' {{(pid=117702) _process_stack /opt/stack/nova/nova/api/openstack/wsgi.py:513}}
Apr 07 17:19:59.264890 dv-cinder-836996-1-iscsi devstack@n-api.service[117702]: INFO nova.api.openstack.requestlog [None req-e6af6906-7d51-4d32-aa52-c12b85aa705c tempest-VolumesTestJSON-653525684 tempest-VolumesTestJSON-653525684-project] 10.222.0.26 "GET /compute/v2.1/os-volumes" status: 200 len: 1036 microversion: 2.1 time: 0.292447
Apr 07 17:19:59.266376 dv-cinder-836996-1-iscsi devstack@n-api.service[117702]: [pid: 117702|app: 0|req: 10/19] 10.222.0.26 () {58 vars in 1133 bytes} [Thu Apr 7 17:19:58 2022] GET /compute/v2.1/os-volumes => generated 1036 bytes in 295 msecs (HTTP/1.1 200) 9 headers in 358 bytes (1 switches on core 0)
Apr 07 17:19:59.280889 dv-cinder-836996-1-iscsi devstack@n-api.service[117702]: DEBUG nova.api.openstack.wsgi [None req-8820c115-c982-4597-a8fd-271cb1371bad tempest-DeleteServersTestJSON-407250252 tempest-DeleteServersTestJSON-407250252-project] Calling method '>' {{(pid=117702) _process_stack /opt/stack/nova/nova/api/openstack/wsgi.py:513}}
Apr 07 17:19:59.282513 dv-cinder-836996-1-iscsi devstack@n-api.service[117702]: DEBUG nova.compute.api [None req-8820c115-c982-4597-a8fd-271cb1371bad tempest-DeleteServersTestJSON-407250252 tempest-DeleteServersTestJSON-407250252-project] [instance: 4c5c5bdb-94b4-456c-be68-441e1d4b1b74] Fetching instance by UUID {{(pid=117702) get /opt/stack/nova/nova/compute/api.py:2918}}
Apr 07 17:19:59.300528 dv-cinder-836996-1-iscsi devstack@n-api.service[117702]: DEBUG oslo_concurrency.lockutils [None req-8820c115-c982-4597-a8fd-271cb1371bad tempest-DeleteServersTestJSON-407250252 tempest-DeleteServersTestJSON-407250252-project] Lock "b8571387-67cb-4f0b-96d4-8f5caf004dc2" acquired by "nova.context.set_target_cell..get_or_set_cached_cell_and_set_connections" :: waited 0.000s {{(pid=117702) inner /usr/local/lib/python3.8/dist-packages/oslo_concurrency/lockutils.py:386}}
Apr 07 17:19:59.301228 dv-cinder-836996-1-iscsi devstack@n-api.service[117702]: DEBUG oslo_concurrency.lockutils [None req-8820c115-c982-4597-a8fd-271cb1371bad tempest-DeleteServersTestJSON-407250252 tempest-DeleteServersTestJSON-407250252-project] Lock "b8571387-67cb-4f0b-96d4-8f5caf004dc2" "released" by "nova.context.set_target_cell..get_or_set_cached_cell_and_set_connections" :: held 0.001s {{(pid=117702) inner /usr/local/lib/python3.8/dist-packages/oslo_concurrency/lockutils.py:400}}
Apr 07 17:19:59.302420 dv-cinder-836996-1-iscsi devstack@n-api.service[117702]: DEBUG oslo_concurrency.lockutils [None req-8820c115-c982-4597-a8fd-271cb1371bad tempest-DeleteServersTestJSON-407250252 tempest-DeleteServersTestJSON-407250252-project] Lock "b8571387-67cb-4f0b-96d4-8f5caf004dc2" acquired by "nova.context.set_target_cell..get_or_set_cached_cell_and_set_connections" :: waited 0.000s {{(pid=117702) inner /usr/local/lib/python3.8/dist-packages/oslo_concurrency/lockutils.py:386}}
Apr 07 17:19:59.302997 dv-cinder-836996-1-iscsi devstack@n-api.service[117702]: DEBUG oslo_concurrency.lockutils [None req-8820c115-c982-4597-a8fd-271cb1371bad tempest-DeleteServersTestJSON-407250252 tempest-DeleteServersTestJSON-407250252-project] Lock "b8571387-67cb-4f0b-96d4-8f5caf004dc2" "released" by "nova.context.set_target_cell..get_or_set_cached_cell_and_set_connections" :: held 0.001s {{(pid=117702) inner /usr/local/lib/python3.8/dist-packages/oslo_concurrency/lockutils.py:400}}
Apr 07 17:19:59.416607 dv-cinder-836996-1-iscsi devstack@n-api.service[117703]: DEBUG nova.quota [None req-39dc68c8-0268-41ac-a043-50dc1268e978 tempest-AttachVolumeShelveTestJSON-1452632862 tempest-AttachVolumeShelveTestJSON-1452632862-project] Getting quotas for project cb8370d7baf14d80b8e6f7882864649e. Resources: {'key_pairs'} {{(pid=117703) _get_quotas /opt/stack/nova/nova/quota.py:393}}
Apr 07 17:19:59.439387 dv-cinder-836996-1-iscsi devstack@n-api.service[117703]: DEBUG nova.quota [None req-39dc68c8-0268-41ac-a043-50dc1268e978 tempest-AttachVolumeShelveTestJSON-1452632862 tempest-AttachVolumeShelveTestJSON-1452632862-project] Getting quotas for user 93ce92053f4a4fa1a639726b2685cec2 and project cb8370d7baf14d80b8e6f7882864649e. Resources: {'key_pairs'} {{(pid=117703) _get_quotas /opt/stack/nova/nova/quota.py:383}}
Apr 07 17:19:59.439574 dv-cinder-836996-1-iscsi devstack@n-api.service[117702]: DEBUG nova.policy [None req-8820c115-c982-4597-a8fd-271cb1371bad tempest-DeleteServersTestJSON-407250252 tempest-DeleteServersTestJSON-407250252-project] Policy check for os_compute_api:os-extended-server-attributes failed with credentials {'is_admin': False, 'user_id': '992930abf4a84c5fbff0b0dbe188d56c', 'user_domain_id': 'default', 'system_scope': None, 'domain_id': None, 'project_id': 'b00415c0a7d44437b37125395140181e', 'project_domain_id': 'default', 'roles': ['member', 'reader'], 'is_admin_project': True, 'service_user_id': None, 'service_user_domain_id': None, 'service_project_id': None, 'service_project_domain_id': None, 'service_roles': []} {{(pid=117702) authorize /opt/stack/nova/nova/policy.py:199}}
Apr 07 17:19:59.447267 dv-cinder-836996-1-iscsi devstack@n-api.service[117702]: INFO nova.api.openstack.requestlog [None req-8820c115-c982-4597-a8fd-271cb1371bad tempest-DeleteServersTestJSON-407250252 tempest-DeleteServersTestJSON-407250252-project] 10.222.0.26 "GET /compute/v2.1/servers/4c5c5bdb-94b4-456c-be68-441e1d4b1b74" status: 200 len: 1273 microversion: 2.1 time: 0.179641
Apr 07 17:19:59.453342 dv-cinder-836996-1-iscsi devstack@n-api.service[117702]: [pid: 117702|app: 0|req: 11/20] 10.222.0.26 () {58 vars in 1235 bytes} [Thu Apr 7 17:19:59 2022] GET /compute/v2.1/servers/4c5c5bdb-94b4-456c-be68-441e1d4b1b74 => generated 1273 bytes in 186 msecs (HTTP/1.1 200) 9 headers in 358 bytes (1 switches on core 0)
Apr 07 17:19:59.464463 dv-cinder-836996-1-iscsi devstack@n-api.service[117702]: DEBUG nova.api.openstack.wsgi [None req-29fceab8-f820-4ff8-a0c6-a522a906510d tempest-ServerRescueNegativeTestJSON-958174661 tempest-ServerRescueNegativeTestJSON-958174661-project] Action: 'create', calling method: >, body: {"server": {"name": "tempest-ServerRescueNegativeTestJSON-server-1129471237", "imageRef": "bf745fd4-fabb-402d-a549-d18ac2c830b1", "flavorRef": "452", "adminPass": "***", "networks": [{"uuid": "}]}} {{(pid=117702) _process_stack /opt/stack/nova/nova/api/openstack/wsgi.py:511}}
Apr 07 17:19:59.477042 dv-cinder-836996-1-iscsi devstack@n-api.service[117703]: INFO nova.api.openstack.requestlog [None req-39dc68c8-0268-41ac-a043-50dc1268e978 tempest-AttachVolumeShelveTestJSON-1452632862 tempest-AttachVolumeShelveTestJSON-1452632862-project] 10.222.0.26 "POST /compute/v2.1/os-keypairs" status: 201 len: 2316 microversion: 2.20 time: 1.500124
Apr 07 17:19:59.493177 dv-cinder-836996-1-iscsi devstack@n-api.service[117703]: [pid: 117703|app: 0|req: 10/21] 10.222.0.26 () {62 vars in 1198 bytes} [Thu Apr 7 17:19:57 2022] POST /compute/v2.1/os-keypairs => generated 2316 bytes in 1508 msecs (HTTP/1.1 201) 9 headers in 365 bytes (1 switches on core 0)
Apr 07 17:19:59.494251 dv-cinder-836996-1-iscsi devstack@n-api.service[117703]: DEBUG nova.api.openstack.wsgi [None req-cf2545ca-6c97-4ccf-a8ec-4b5f51f505d9 tempest-VolumesTestJSON-653525684 tempest-VolumesTestJSON-653525684-project] Calling method '.version_select at 0x7ff9d17bc280>' {{(pid=117703) _process_stack /opt/stack/nova/nova/api/openstack/wsgi.py:513}}
Apr 07 17:19:59.942951 dv-cinder-836996-1-iscsi devstack@n-api.service[117703]: INFO nova.api.openstack.requestlog [None req-cf2545ca-6c97-4ccf-a8ec-4b5f51f505d9 tempest-VolumesTestJSON-653525684 tempest-VolumesTestJSON-653525684-project] 10.222.0.26 "GET /compute/v2.1/os-volumes?limit=2" status: 200 len: 695 microversion: 2.1 time: 0.458292
Apr 07 17:19:59.943779 dv-cinder-836996-1-iscsi devstack@n-api.service[117703]: [pid: 117703|app: 0|req: 11/22] 10.222.0.26 () {58 vars in 1148 bytes} [Thu Apr 7 17:19:59 2022] GET /compute/v2.1/os-volumes?limit=2 => generated 695 bytes in 460 msecs (HTTP/1.1 200) 9 headers in 357 bytes (1 switches on core 0)
Apr 07 17:19:59.956690 dv-cinder-836996-1-iscsi devstack@n-api.service[117703]: DEBUG nova.api.openstack.wsgi [None req-04e32dd0-3005-45e6-9b4d-f6e6f0bc533d tempest-VolumesTestJSON-653525684 tempest-VolumesTestJSON-653525684-project] Calling method '.version_select at 0x7ff9d17c10d0>' {{(pid=117703) _process_stack /opt/stack/nova/nova/api/openstack/wsgi.py:513}}
Apr 07 17:20:00.209215 dv-cinder-836996-1-iscsi devstack@n-api.service[117703]: INFO nova.api.openstack.requestlog [None req-04e32dd0-3005-45e6-9b4d-f6e6f0bc533d tempest-VolumesTestJSON-653525684 tempest-VolumesTestJSON-653525684-project] 10.222.0.26 "GET /compute/v2.1/os-volumes" status: 200 len: 1036 microversion: 2.1 time: 0.253827
Apr 07 17:20:00.210210 dv-cinder-836996-1-iscsi devstack@n-api.service[117703]: [pid: 117703|app: 0|req: 12/23] 10.222.0.26 () {58 vars in 1133 bytes} [Thu Apr 7 17:19:59 2022] GET /compute/v2.1/os-volumes => generated 1036 bytes in 258 msecs (HTTP/1.1 200) 9 headers in 358 bytes (1 switches on core 0)
Apr 07 17:20:00.222139 dv-cinder-836996-1-iscsi devstack@n-api.service[117703]: DEBUG nova.api.openstack.wsgi [None req-2e53b7aa-5915-4e70-a6f3-318aabd0fceb tempest-VolumesTestJSON-653525684 tempest-VolumesTestJSON-653525684-project] Calling method '.version_select at 0x7ff9d20a3dc0>' {{(pid=117703) _process_stack /opt/stack/nova/nova/api/openstack/wsgi.py:513}}
Apr 07 17:20:00.224804 dv-cinder-836996-1-iscsi devstack@n-api.service[117702]: DEBUG nova.network.neutron [None req-29fceab8-f820-4ff8-a0c6-a522a906510d tempest-ServerRescueNegativeTestJSON-958174661 tempest-ServerRescueNegativeTestJSON-958174661-project] validate_networks() for [('a08d8121-3795-4290-8edc-155198c9e461', None, None, None, None, None)] {{(pid=117702) validate_networks /opt/stack/nova/nova/network/neutron.py:2632}}
Apr 07 17:20:00.444791 dv-cinder-836996-1-iscsi devstack@n-api.service[117703]: INFO nova.api.openstack.requestlog [None req-2e53b7aa-5915-4e70-a6f3-318aabd0fceb tempest-VolumesTestJSON-653525684 tempest-VolumesTestJSON-653525684-project] 10.222.0.26 "GET /compute/v2.1/os-volumes?offset=1&limit=1" status: 200 len: 354 microversion: 2.1 time: 0.227458
Apr 07 17:20:00.446205 dv-cinder-836996-1-iscsi devstack@n-api.service[117703]: [pid: 117703|app: 0|req: 13/24] 10.222.0.26 () {58 vars in 1166 bytes} [Thu Apr 7 17:20:00 2022] GET /compute/v2.1/os-volumes?offset=1&limit=1 => generated 354 bytes in 229 msecs (HTTP/1.1 200) 9 headers in 357 bytes (1 switches on core 0)
Apr 07 17:20:00.474730 dv-cinder-836996-1-iscsi devstack@n-api.service[117703]: DEBUG nova.api.openstack.wsgi [None req-f4720ebf-e795-4191-8001-bdb8ef72f431 tempest-VolumesTestJSON-653525684 tempest-VolumesTestJSON-653525684-project] Calling method '.version_select at 0x7ff9d17bc430>' {{(pid=117703) _process_stack /opt/stack/nova/nova/api/openstack/wsgi.py:513}}
Apr 07 17:20:00.700812 dv-cinder-836996-1-iscsi devstack@n-api.service[117703]: INFO nova.api.openstack.requestlog [None req-f4720ebf-e795-4191-8001-bdb8ef72f431 tempest-VolumesTestJSON-653525684 tempest-VolumesTestJSON-653525684-project] 10.222.0.26 "GET /compute/v2.1/os-volumes/detail?limit=2" status: 200 len: 695 microversion: 2.1 time: 0.245762
Apr 07 17:20:00.701534 dv-cinder-836996-1-iscsi devstack@n-api.service[117703]: [pid: 117703|app: 0|req: 14/25] 10.222.0.26 () {58 vars in 1169 bytes} [Thu Apr 7 17:20:00 2022] GET /compute/v2.1/os-volumes/detail?limit=2 => generated 695 bytes in 248 msecs (HTTP/1.1 200) 9 headers in 357 bytes (1 switches on core 0)
Apr 07 17:20:00.712870 dv-cinder-836996-1-iscsi devstack@n-api.service[117703]: DEBUG nova.api.openstack.wsgi [None req-1d5a874e-fc58-438a-8b96-e4b46aa759fe tempest-DeleteServersTestJSON-407250252 tempest-DeleteServersTestJSON-407250252-project] Calling method '>' {{(pid=117703) _process_stack /opt/stack/nova/nova/api/openstack/wsgi.py:513}}
Apr 07 17:20:00.713902 dv-cinder-836996-1-iscsi devstack@n-api.service[117703]: DEBUG nova.compute.api [None req-1d5a874e-fc58-438a-8b96-e4b46aa759fe tempest-DeleteServersTestJSON-407250252 tempest-DeleteServersTestJSON-407250252-project] [instance: 4c5c5bdb-94b4-456c-be68-441e1d4b1b74] Fetching instance by UUID {{(pid=117703) get /opt/stack/nova/nova/compute/api.py:2918}}
Apr 07 17:20:00.730711 dv-cinder-836996-1-iscsi devstack@n-api.service[117703]: DEBUG oslo_concurrency.lockutils [None req-1d5a874e-fc58-438a-8b96-e4b46aa759fe tempest-DeleteServersTestJSON-407250252 tempest-DeleteServersTestJSON-407250252-project] Lock "b8571387-67cb-4f0b-96d4-8f5caf004dc2" acquired by "nova.context.set_target_cell..get_or_set_cached_cell_and_set_connections" :: waited 0.000s {{(pid=117703) inner /usr/local/lib/python3.8/dist-packages/oslo_concurrency/lockutils.py:386}}
Apr 07 17:20:00.736430 dv-cinder-836996-1-iscsi devstack@n-api.service[117703]: DEBUG oslo_concurrency.lockutils [None req-1d5a874e-fc58-438a-8b96-e4b46aa759fe tempest-DeleteServersTestJSON-407250252 tempest-DeleteServersTestJSON-407250252-project] Lock "b8571387-67cb-4f0b-96d4-8f5caf004dc2" "released" by "nova.context.set_target_cell..get_or_set_cached_cell_and_set_connections" :: held 0.004s {{(pid=117703) inner /usr/local/lib/python3.8/dist-packages/oslo_concurrency/lockutils.py:400}}
Apr 07 17:20:00.742372 dv-cinder-836996-1-iscsi devstack@n-api.service[117703]: DEBUG oslo_concurrency.lockutils [None req-1d5a874e-fc58-438a-8b96-e4b46aa759fe tempest-DeleteServersTestJSON-407250252 tempest-DeleteServersTestJSON-407250252-project] Lock "b8571387-67cb-4f0b-96d4-8f5caf004dc2" acquired by "nova.context.set_target_cell..get_or_set_cached_cell_and_set_connections" :: waited 0.000s {{(pid=117703) inner /usr/local/lib/python3.8/dist-packages/oslo_concurrency/lockutils.py:386}}
Apr 07 17:20:00.744540 dv-cinder-836996-1-iscsi devstack@n-api.service[117703]: DEBUG oslo_concurrency.lockutils [None req-1d5a874e-fc58-438a-8b96-e4b46aa759fe tempest-DeleteServersTestJSON-407250252 tempest-DeleteServersTestJSON-407250252-project] Lock "b8571387-67cb-4f0b-96d4-8f5caf004dc2" "released" by "nova.context.set_target_cell..get_or_set_cached_cell_and_set_connections" :: held 0.004s {{(pid=117703) inner /usr/local/lib/python3.8/dist-packages/oslo_concurrency/lockutils.py:400}}
Apr 07 17:20:01.264705 dv-cinder-836996-1-iscsi devstack@n-api.service[117703]: DEBUG nova.policy [None req-1d5a874e-fc58-438a-8b96-e4b46aa759fe tempest-DeleteServersTestJSON-407250252 tempest-DeleteServersTestJSON-407250252-project] Policy check for os_compute_api:os-extended-server-attributes failed with credentials {'is_admin': False, 'user_id': '992930abf4a84c5fbff0b0dbe188d56c', 'user_domain_id': 'default', 'system_scope': None, 'domain_id': None, 'project_id': 'b00415c0a7d44437b37125395140181e', 'project_domain_id': 'default', 'roles': ['member', 'reader'], 'is_admin_project': True, 'service_user_id': None, 'service_user_domain_id': None, 'service_project_id': None, 'service_project_domain_id': None, 'service_roles': []} {{(pid=117703) authorize /opt/stack/nova/nova/policy.py:199}}
