Jun 20 12:08:23.954807 dv-cinder-836973-4-smb devstack@keystone.service[80295]: ERROR keystone.server.flask.application created_value = creator(
Jun 20 12:08:23.954807 dv-cinder-836973-4-smb devstack@keystone.service[80295]: ERROR keystone.server.flask.application
File "/opt/stack/keystone/keystone/assignment/core.py", line 1276, in get_role
Jun 20 12:08:23.954807 dv-cinder-836973-4-smb devstack@keystone.service[80295]: ERROR keystone.server.flask.application return self.driver.get_role(role_id)
Jun 20 12:08:23.954807 dv-cinder-836973-4-smb devstack@keystone.service[80295]: ERROR keystone.server.flask.application
File "/opt/stack/keystone/keystone/assignment/role_backends/sql.py", line 70, in get_role
Jun 20 12:08:23.954807 dv-cinder-836973-4-smb devstack@keystone.service[80295]: ERROR keystone.server.flask.application return self._get_role(session, role_id).to_dict()
Jun 20 12:08:23.954807 dv-cinder-836973-4-smb devstack@keystone.service[80295]: ERROR keystone.server.flask.application
File "/opt/stack/keystone/keystone/assignment/role_backends/sql.py", line 65, in _get_role
Jun 20 12:08:23.954807 dv-cinder-836973-4-smb devstack@keystone.service[80295]: ERROR keystone.server.flask.application raise exception.RoleNotFound(role_id=role_id)
Jun 20 12:08:23.954807 dv-cinder-836973-4-smb devstack@keystone.service[80295]: ERROR keystone.server.flask.application keystone.exception.RoleNotFound: Could not find role: reader.
Jun 20 12:08:23.954807 dv-cinder-836973-4-smb devstack@keystone.service[80295]: ERROR keystone.server.flask.application
Jun 20 12:08:23.954807 dv-cinder-836973-4-smb devstack@keystone.service[80295]: [pid: 80295|app: 0|req: 145/298] 10.222.0.70 () {56 vars in 1099 bytes} [Mon Jun 20 12:08:23 2022] GET /identity/v3/roles/reader => generated 84 bytes in 181 msecs (HTTP/1.1 404) 5 headers in 183 bytes (1 switches on core 0)
Jun 20 12:08:23.954807 dv-cinder-836973-4-smb devstack@keystone.service[80295]: DEBUG keystone.server.flask.request_processing.req_logging [None req-d715db93-a1f1-4c68-978f-2a9bde7d3e94 None None] REQUEST_METHOD: `GET` {{(pid=80295) log_request_info /opt/stack/keystone/keystone/server/flask/request_processing/req_logging.py:27}}
Jun 20 12:08:23.955552 dv-cinder-836973-4-smb devstack@keystone.service[80295]: DEBUG keystone.server.flask.request_processing.req_logging [None req-d715db93-a1f1-4c68-978f-2a9bde7d3e94 None None] SCRIPT_NAME: `/identity` {{(pid=80295) log_request_info /opt/stack/keystone/keystone/server/flask/request_processing/req_logging.py:28}}
Jun 20 12:08:23.955552 dv-cinder-836973-4-smb devstack@keystone.service[80295]: DEBUG keystone.server.flask.request_processing.req_logging [None req-d715db93-a1f1-4c68-978f-2a9bde7d3e94 None None] PATH_INFO: `/` {{(pid=80295) log_request_info /opt/stack/keystone/keystone/server/flask/request_processing/req_logging.py:29}}
Jun 20 12:08:23.956675 dv-cinder-836973-4-smb devstack@keystone.service[80295]: [pid: 80295|app: 0|req: 146/299] 10.222.0.70 () {54 vars in 926 bytes} [Mon Jun 20 12:08:23 2022] GET /identity => generated 270 bytes in 3 msecs (HTTP/1.1 300) 6 headers in 234 bytes (1 switches on core 0)
Jun 20 12:08:23.958713 dv-cinder-836973-4-smb devstack@keystone.service[80295]: DEBUG keystone.server.flask.request_processing.middleware.auth_context [None req-d715db93-a1f1-4c68-978f-2a9bde7d3e94 None None] Authenticating user token {{(pid=80295) process_request /usr/local/lib/python3.8/dist-packages/keystonemiddleware/auth_token/__init__.py:407}}
Jun 20 12:08:23.960557 dv-cinder-836973-4-smb devstack@keystone.service[80296]: DEBUG keystone.auth.core [None req-b28086ee-0004-4030-89ee-b47d9c8ab93a None None] MFA Rules not processed for user `59ecf7a36c4a499aaba37cd54ff4117a`. Rule list: `[]` (Enabled: `True`). {{(pid=80296) check_auth_methods_against_rules /opt/stack/keystone/keystone/auth/core.py:438}}
Jun 20 12:08:23.962267 dv-cinder-836973-4-smb devstack@keystone.service[80296]: DEBUG keystone.common.fernet_utils [None req-b28086ee-0004-4030-89ee-b47d9c8ab93a None None] Loaded 2 Fernet keys from /etc/keystone/fernet-keys/, but `[fernet_tokens] max_active_keys = 3`; perhaps there have not been enough key rotations to reach `max_active_keys` yet? {{(pid=80296) load_keys /opt/stack/keystone/keystone/common/fernet_utils.py:286}}
Jun 20 12:08:23.994319 dv-cinder-836973-4-smb devstack@keystone.service[80296]: DEBUG dbcounter [-] [80296] Writing DB stats keystone:SELECT=100 {{(pid=80296) stat_writer /usr/local/lib/python3.8/dist-packages/dbcounter.py:114}}
Jun 20 12:08:24.009039 dv-cinder-836973-4-smb devstack@keystone.service[80295]: DEBUG dbcounter [-] [80295] Writing DB stats keystone:SELECT=100 {{(pid=80295) stat_writer /usr/local/lib/python3.8/dist-packages/dbcounter.py:114}}
Jun 20 12:08:24.033794 dv-cinder-836973-4-smb devstack@keystone.service[80296]: [pid: 80296|app: 0|req: 154/300] 10.222.0.70 () {58 vars in 1023 bytes} [Mon Jun 20 12:08:23 2022] POST /identity/v3/auth/tokens => generated 799 bytes in 95 msecs (HTTP/1.1 201) 6 headers in 363 bytes (2 switches on core 0)
Jun 20 12:08:24.039620 dv-cinder-836973-4-smb devstack@keystone.service[80296]: DEBUG keystone.server.flask.request_processing.req_logging [None req-ba91376d-6086-473b-8943-100ca5000838 None None] REQUEST_METHOD: `POST` {{(pid=80296) log_request_info /opt/stack/keystone/keystone/server/flask/request_processing/req_logging.py:27}}
Jun 20 12:08:24.039910 dv-cinder-836973-4-smb devstack@keystone.service[80296]: DEBUG keystone.server.flask.request_processing.req_logging [None req-ba91376d-6086-473b-8943-100ca5000838 None None] SCRIPT_NAME: `/identity` {{(pid=80296) log_request_info /opt/stack/keystone/keystone/server/flask/request_processing/req_logging.py:28}}
Jun 20 12:08:24.040481 dv-cinder-836973-4-smb devstack@keystone.service[80296]: DEBUG keystone.server.flask.request_processing.req_logging [None req-ba91376d-6086-473b-8943-100ca5000838 None None] PATH_INFO: `/v3/auth/tokens` {{(pid=80296) log_request_info /opt/stack/keystone/keystone/server/flask/request_processing/req_logging.py:29}}
Jun 20 12:08:24.063872 dv-cinder-836973-4-smb devstack@keystone.service[80296]: DEBUG keystone.auth.core [None req-ba91376d-6086-473b-8943-100ca5000838 None None] MFA Rules not processed for user `59ecf7a36c4a499aaba37cd54ff4117a`. Rule list: `[]` (Enabled: `True`). {{(pid=80296) check_auth_methods_against_rules /opt/stack/keystone/keystone/auth/core.py:438}}
Jun 20 12:08:24.065406 dv-cinder-836973-4-smb devstack@keystone.service[80296]: DEBUG keystone.common.fernet_utils [None req-ba91376d-6086-473b-8943-100ca5000838 None None] Loaded 2 Fernet keys from /etc/keystone/fernet-keys/, but `[fernet_tokens] max_active_keys = 3`; perhaps there have not been enough key rotations to reach `max_active_keys` yet? {{(pid=80296) load_keys /opt/stack/keystone/keystone/common/fernet_utils.py:286}}
Jun 20 12:08:24.073311 dv-cinder-836973-4-smb devstack@keystone.service[80295]: DEBUG keystone.server.flask.request_processing.middleware.auth_context [None req-d715db93-a1f1-4c68-978f-2a9bde7d3e94 None None] Validating token access rules against request {{(pid=80295) validate_allowed_request /usr/local/lib/python3.8/dist-packages/keystonemiddleware/auth_token/__init__.py:545}}
Jun 20 12:08:24.113611 dv-cinder-836973-4-smb devstack@keystone.service[80295]: DEBUG keystone.server.flask.request_processing.middleware.auth_context [None req-95dd7b2f-602c-402f-8369-9350a7986336 None admin] RBAC: auth_context: {'token': , 'domain_id': None, 'trust_id': None, 'trustor_id': None, 'trustee_id': None, 'domain_name': None, 'group_ids': [], 'user_id': '59ecf7a36c4a499aaba37cd54ff4117a', 'user_domain_id': 'default', 'system_scope': 'all', 'project_id': None, 'project_domain_id': None, 'roles': ['admin', 'member', 'reader'], 'is_admin_project': True, 'service_user_id': None, 'service_user_domain_id': None, 'service_project_id': None, 'service_project_domain_id': None, 'service_roles': []} {{(pid=80295) fill_context /opt/stack/keystone/keystone/server/flask/request_processing/middleware/auth_context.py:478}}
Jun 20 12:08:24.114720 dv-cinder-836973-4-smb devstack@keystone.service[80295]: DEBUG keystone.server.flask.request_processing.req_logging [None req-95dd7b2f-602c-402f-8369-9350a7986336 None admin] REQUEST_METHOD: `GET` {{(pid=80295) log_request_info /opt/stack/keystone/keystone/server/flask/request_processing/req_logging.py:27}}
Jun 20 12:08:24.115022 dv-cinder-836973-4-smb devstack@keystone.service[80295]: DEBUG keystone.server.flask.request_processing.req_logging [None req-95dd7b2f-602c-402f-8369-9350a7986336 None admin] SCRIPT_NAME: `/identity` {{(pid=80295) log_request_info /opt/stack/keystone/keystone/server/flask/request_processing/req_logging.py:28}}
Jun 20 12:08:24.115286 dv-cinder-836973-4-smb devstack@keystone.service[80295]: DEBUG keystone.server.flask.request_processing.req_logging [None req-95dd7b2f-602c-402f-8369-9350a7986336 None admin] PATH_INFO: `/v3/roles` {{(pid=80295) log_request_info /opt/stack/keystone/keystone/server/flask/request_processing/req_logging.py:29}}
Jun 20 12:08:24.116042 dv-cinder-836973-4-smb devstack@keystone.service[80295]: DEBUG keystone.common.rbac_enforcer.enforcer [None req-95dd7b2f-602c-402f-8369-9350a7986336 None admin] RBAC: Adding query filter params (name=reader) {{(pid=80295) _extract_filter_values /opt/stack/keystone/keystone/common/rbac_enforcer/enforcer.py:167}}
Jun 20 12:08:24.116350 dv-cinder-836973-4-smb devstack@keystone.service[80295]: DEBUG keystone.common.rbac_enforcer.enforcer [None req-95dd7b2f-602c-402f-8369-9350a7986336 None admin] RBAC: Authorizing `identity:list_roles()` {{(pid=80295) enforce_call /opt/stack/keystone/keystone/common/rbac_enforcer/enforcer.py:449}}
Jun 20 12:08:24.117753 dv-cinder-836973-4-smb devstack@keystone.service[80295]: DEBUG keystone.common.rbac_enforcer.enforcer [None req-95dd7b2f-602c-402f-8369-9350a7986336 None admin] RBAC: Authorization granted {{(pid=80295) enforce_call /opt/stack/keystone/keystone/common/rbac_enforcer/enforcer.py:457}}
Jun 20 12:08:24.127098 dv-cinder-836973-4-smb devstack@keystone.service[80295]: [pid: 80295|app: 0|req: 147/301] 10.222.0.70 () {56 vars in 1101 bytes} [Mon Jun 20 12:08:23 2022] GET /identity/v3/roles?name=reader => generated 341 bytes in 169 msecs (HTTP/1.1 200) 5 headers in 177 bytes (1 switches on core 0)
Jun 20 12:08:24.127887 dv-cinder-836973-4-smb devstack@keystone.service[80295]: DEBUG keystone.server.flask.request_processing.middleware.auth_context [None req-95dd7b2f-602c-402f-8369-9350a7986336 None admin] Authenticating user token {{(pid=80295) process_request /usr/local/lib/python3.8/dist-packages/keystonemiddleware/auth_token/__init__.py:407}}
Jun 20 12:08:24.158034 dv-cinder-836973-4-smb devstack@keystone.service[80296]: [pid: 80296|app: 0|req: 155/302] 10.222.0.70 () {58 vars in 1023 bytes} [Mon Jun 20 12:08:24 2022] POST /identity/v3/auth/tokens => generated 799 bytes in 120 msecs (HTTP/1.1 201) 6 headers in 363 bytes (1 switches on core 0)
Jun 20 12:08:24.158034 dv-cinder-836973-4-smb devstack@keystone.service[80296]: DEBUG keystone.server.flask.request_processing.middleware.auth_context [None req-ba91376d-6086-473b-8943-100ca5000838 None None] Authenticating user token {{(pid=80296) process_request /usr/local/lib/python3.8/dist-packages/keystonemiddleware/auth_token/__init__.py:407}}
Jun 20 12:08:24.235981 dv-cinder-836973-4-smb devstack@keystone.service[80295]: DEBUG keystone.server.flask.request_processing.middleware.auth_context [None req-95dd7b2f-602c-402f-8369-9350a7986336 None admin] Validating token access rules against request {{(pid=80295) validate_allowed_request /usr/local/lib/python3.8/dist-packages/keystonemiddleware/auth_token/__init__.py:545}}
Jun 20 12:08:24.245899 dv-cinder-836973-4-smb devstack@keystone.service[80295]: DEBUG dbcounter [-] [80295] Writing DB stats keystone:SELECT=100 {{(pid=80295) stat_writer /usr/local/lib/python3.8/dist-packages/dbcounter.py:114}}
Jun 20 12:08:24.259671 dv-cinder-836973-4-smb devstack@keystone.service[80296]: DEBUG dbcounter [-] [80296] Writing DB stats keystone:SELECT=100 {{(pid=80296) stat_writer /usr/local/lib/python3.8/dist-packages/dbcounter.py:114}}
Jun 20 12:08:24.264001 dv-cinder-836973-4-smb devstack@keystone.service[80296]: DEBUG keystone.server.flask.request_processing.middleware.auth_context [None req-ba91376d-6086-473b-8943-100ca5000838 None None] Validating token access rules against request {{(pid=80296) validate_allowed_request /usr/local/lib/python3.8/dist-packages/keystonemiddleware/auth_token/__init__.py:545}}
Jun 20 12:08:24.275183 dv-cinder-836973-4-smb devstack@keystone.service[80295]: DEBUG keystone.server.flask.request_processing.middleware.auth_context [None req-49c96d8c-94b3-48e0-87c8-b0ca84ae7bb4 None admin] RBAC: auth_context: {'token': , 'domain_id': None, 'trust_id': None, 'trustor_id': None, 'trustee_id': None, 'domain_name': None, 'group_ids': [], 'user_id': '59ecf7a36c4a499aaba37cd54ff4117a', 'user_domain_id': 'default', 'system_scope': 'all', 'project_id': None, 'project_domain_id': None, 'roles': ['admin', 'member', 'reader'], 'is_admin_project': True, 'service_user_id': None, 'service_user_domain_id': None, 'service_project_id': None, 'service_project_domain_id': None, 'service_roles': []} {{(pid=80295) fill_context /opt/stack/keystone/keystone/server/flask/request_processing/middleware/auth_context.py:478}}
Jun 20 12:08:24.275969 dv-cinder-836973-4-smb devstack@keystone.service[80295]: DEBUG keystone.server.flask.request_processing.req_logging [None req-49c96d8c-94b3-48e0-87c8-b0ca84ae7bb4 None admin] REQUEST_METHOD: `GET` {{(pid=80295) log_request_info /opt/stack/keystone/keystone/server/flask/request_processing/req_logging.py:27}}
Jun 20 12:08:24.276256 dv-cinder-836973-4-smb devstack@keystone.service[80295]: DEBUG keystone.server.flask.request_processing.req_logging [None req-49c96d8c-94b3-48e0-87c8-b0ca84ae7bb4 None admin] SCRIPT_NAME: `/identity` {{(pid=80295) log_request_info /opt/stack/keystone/keystone/server/flask/request_processing/req_logging.py:28}}
Jun 20 12:08:24.276536 dv-cinder-836973-4-smb devstack@keystone.service[80295]: DEBUG keystone.server.flask.request_processing.req_logging [None req-49c96d8c-94b3-48e0-87c8-b0ca84ae7bb4 None admin] PATH_INFO: `/v3/roles/member` {{(pid=80295) log_request_info /opt/stack/keystone/keystone/server/flask/request_processing/req_logging.py:29}}
Jun 20 12:08:24.286955 dv-cinder-836973-4-smb devstack@keystone.service[80295]: DEBUG keystone.common.rbac_enforcer.enforcer [None req-49c96d8c-94b3-48e0-87c8-b0ca84ae7bb4 None admin] Extracting inferred target data resulted in "NOT FOUND (404)". {{(pid=80295) enforce_call /opt/stack/keystone/keystone/common/rbac_enforcer/enforcer.py:409}}
Jun 20 12:08:24.295322 dv-cinder-836973-4-smb devstack@keystone.service[80295]: ERROR keystone.server.flask.application [None req-49c96d8c-94b3-48e0-87c8-b0ca84ae7bb4 None admin] Could not find role: member.: keystone.exception.RoleNotFound: Could not find role: member.
Jun 20 12:08:24.295322 dv-cinder-836973-4-smb devstack@keystone.service[80295]: ERROR keystone.server.flask.application
Traceback (most recent call last):
Jun 20 12:08:24.295322 dv-cinder-836973-4-smb devstack@keystone.service[80295]: ERROR keystone.server.flask.application
File "/usr/local/lib/python3.8/dist-packages/flask/app.py", line 1523, in full_dispatch_request
Jun 20 12:08:24.295322 dv-cinder-836973-4-smb devstack@keystone.service[80295]: ERROR keystone.server.flask.application rv = self.dispatch_request()
Jun 20 12:08:24.295322 dv-cinder-836973-4-smb devstack@keystone.service[80295]: ERROR keystone.server.flask.application
File "/usr/local/lib/python3.8/dist-packages/flask/app.py", line 1509, in dispatch_request
Jun 20 12:08:24.295322 dv-cinder-836973-4-smb devstack@keystone.service[80295]: ERROR keystone.server.flask.application return self.ensure_sync(self.view_functions[rule.endpoint])(**req.view_args)
Jun 20 12:08:24.295322 dv-cinder-836973-4-smb devstack@keystone.service[80295]: ERROR keystone.server.flask.application
File "/usr/local/lib/python3.8/dist-packages/flask_restful/__init__.py", line 467, in wrapper
Jun 20 12:08:24.295322 dv-cinder-836973-4-smb devstack@keystone.service[80295]: ERROR keystone.server.flask.application resp = resource(*args, **kwargs)
Jun 20 12:08:24.295322 dv-cinder-836973-4-smb devstack@keystone.service[80295]: ERROR keystone.server.flask.application
File "/usr/local/lib/python3.8/dist-packages/flask/views.py", line 84, in view
Jun 20 12:08:24.295322 dv-cinder-836973-4-smb devstack@keystone.service[80295]: ERROR keystone.server.flask.application return current_app.ensure_sync(self.dispatch_request)(*args, **kwargs)
Jun 20 12:08:24.295322 dv-cinder-836973-4-smb devstack@keystone.service[80295]: ERROR keystone.server.flask.application
File "/usr/local/lib/python3.8/dist-packages/flask_restful/__init__.py", line 582, in dispatch_request
Jun 20 12:08:24.295322 dv-cinder-836973-4-smb devstack@keystone.service[80295]: ERROR keystone.server.flask.application resp = meth(*args, **kwargs)
Jun 20 12:08:24.295322 dv-cinder-836973-4-smb devstack@keystone.service[80295]: ERROR keystone.server.flask.application
File "/opt/stack/keystone/keystone/api/roles.py", line 50, in get
Jun 20 12:08:24.295322 dv-cinder-836973-4-smb devstack@keystone.service[80295]: ERROR keystone.server.flask.application return self._get_role(role_id)
Jun 20 12:08:24.295322 dv-cinder-836973-4-smb devstack@keystone.service[80295]: ERROR keystone.server.flask.application
File "/opt/stack/keystone/keystone/api/roles.py", line 70, in _get_role
Jun 20 12:08:24.295322 dv-cinder-836973-4-smb devstack@keystone.service[80295]: ERROR keystone.server.flask.application ENFORCER.enforce_call(action='identity:get_role')
Jun 20 12:08:24.296196 dv-cinder-836973-4-smb devstack@keystone.service[80295]: ERROR keystone.server.flask.application
File "/opt/stack/keystone/keystone/common/rbac_enforcer/enforcer.py", line 402, in enforce_call
Jun 20 12:08:24.296196 dv-cinder-836973-4-smb devstack@keystone.service[80295]: ERROR keystone.server.flask.application policy_dict.update(cls._extract_member_target_data(
Jun 20 12:08:24.296196 dv-cinder-836973-4-smb devstack@keystone.service[80295]: ERROR keystone.server.flask.application
File "/opt/stack/keystone/keystone/common/rbac_enforcer/enforcer.py", line 234, in _extract_member_target_data
Jun 20 12:08:24.296196 dv-cinder-836973-4-smb devstack@keystone.service[80295]: ERROR keystone.server.flask.application member_name: func(flask.request.view_args[key])
Jun 20 12:08:24.296196 dv-cinder-836973-4-smb devstack@keystone.service[80295]: ERROR keystone.server.flask.application
File "/opt/stack/keystone/keystone/common/manager.py", line 115, in wrapped
Jun 20 12:08:24.296196 dv-cinder-836973-4-smb devstack@keystone.service[80295]: ERROR keystone.server.flask.application __ret_val = __f(*args, **kwargs)
Jun 20 12:08:24.296196 dv-cinder-836973-4-smb devstack@keystone.service[80295]: ERROR keystone.server.flask.application
File "/usr/local/lib/python3.8/dist-packages/decorator.py", line 232, in fun
Jun 20 12:08:24.296196 dv-cinder-836973-4-smb devstack@keystone.service[80295]: ERROR keystone.server.flask.application return caller(func, *(extras + args), **kw)
Jun 20 12:08:24.296196 dv-cinder-836973-4-smb devstack@keystone.service[80295]: ERROR keystone.server.flask.application
File "/usr/local/lib/python3.8/dist-packages/dogpile/cache/region.py", line 1577, in get_or_create_for_user_func
Jun 20 12:08:24.296196 dv-cinder-836973-4-smb devstack@keystone.service[80295]: ERROR keystone.server.flask.application return self.get_or_create(
Jun 20 12:08:24.296196 dv-cinder-836973-4-smb devstack@keystone.service[80295]: ERROR keystone.server.flask.application
File "/usr/local/lib/python3.8/dist-packages/dogpile/cache/region.py", line 1042, in get_or_create
Jun 20 12:08:24.296196 dv-cinder-836973-4-smb devstack@keystone.service[80295]: ERROR keystone.server.flask.application with Lock(
Jun 20 12:08:24.296196 dv-cinder-836973-4-smb devstack@keystone.service[80295]: ERROR keystone.server.flask.application
File "/usr/local/lib/python3.8/dist-packages/dogpile/lock.py", line 185, in __enter__
Jun 20 12:08:24.296196 dv-cinder-836973-4-smb devstack@keystone.service[80295]: ERROR keystone.server.flask.application return self._enter()
Jun 20 12:08:24.296196 dv-cinder-836973-4-smb devstack@keystone.service[80295]: ERROR keystone.server.flask.application
File "/usr/local/lib/python3.8/dist-packages/dogpile/lock.py", line 94, in _enter
Jun 20 12:08:24.296196 dv-cinder-836973-4-smb devstack@keystone.service[80295]: ERROR keystone.server.flask.application generated = self._enter_create(value, createdtime)
Jun 20 12:08:24.297094 dv-cinder-836973-4-smb devstack@keystone.service[80295]: ERROR keystone.server.flask.application
File "/usr/local/lib/python3.8/dist-packages/dogpile/lock.py", line 178, in _enter_create
Jun 20 12:08:24.297094 dv-cinder-836973-4-smb devstack@keystone.service[80295]: ERROR keystone.server.flask.application return self.creator()
Jun 20 12:08:24.297094 dv-cinder-836973-4-smb devstack@keystone.service[80295]: ERROR keystone.server.flask.application
File "/usr/local/lib/python3.8/dist-packages/dogpile/cache/region.py", line 995, in gen_value
Jun 20 12:08:24.297094 dv-cinder-836973-4-smb devstack@keystone.service[80295]: ERROR keystone.server.flask.application created_value = creator(
Jun 20 12:08:24.297094 dv-cinder-836973-4-smb devstack@keystone.service[80295]: ERROR keystone.server.flask.application
File "/opt/stack/keystone/keystone/assignment/core.py", line 1276, in get_role
Jun 20 12:08:24.297094 dv-cinder-836973-4-smb devstack@keystone.service[80295]: ERROR keystone.server.flask.application return self.driver.get_role(role_id)
Jun 20 12:08:24.297094 dv-cinder-836973-4-smb devstack@keystone.service[80295]: ERROR keystone.server.flask.application
File "/opt/stack/keystone/keystone/assignment/role_backends/sql.py", line 70, in get_role
Jun 20 12:08:24.297094 dv-cinder-836973-4-smb devstack@keystone.service[80295]: ERROR keystone.server.flask.application return self._get_role(session, role_id).to_dict()
Jun 20 12:08:24.297094 dv-cinder-836973-4-smb devstack@keystone.service[80295]: ERROR keystone.server.flask.application
File "/opt/stack/keystone/keystone/assignment/role_backends/sql.py", line 65, in _get_role
Jun 20 12:08:24.297094 dv-cinder-836973-4-smb devstack@keystone.service[80295]: ERROR keystone.server.flask.application raise exception.RoleNotFound(role_id=role_id)
Jun 20 12:08:24.297094 dv-cinder-836973-4-smb devstack@keystone.service[80295]: ERROR keystone.server.flask.application keystone.exception.RoleNotFound: Could not find role: member.
Jun 20 12:08:24.297094 dv-cinder-836973-4-smb devstack@keystone.service[80295]: ERROR keystone.server.flask.application
Jun 20 12:08:24.300099 dv-cinder-836973-4-smb devstack@keystone.service[80296]: DEBUG keystone.server.flask.request_processing.middleware.auth_context [None req-70971295-9a32-42d1-acf3-036abec3a05c None admin] RBAC: auth_context: {'token': , 'domain_id': None, 'trust_id': None, 'trustor_id': None, 'trustee_id': None, 'domain_name': None, 'group_ids': [], 'user_id': '59ecf7a36c4a499aaba37cd54ff4117a', 'user_domain_id': 'default', 'system_scope': 'all', 'project_id': None, 'project_domain_id': None, 'roles': ['admin', 'member', 'reader'], 'is_admin_project': True, 'service_user_id': None, 'service_user_domain_id': None, 'service_project_id': None, 'service_project_domain_id': None, 'service_roles': []} {{(pid=80296) fill_context /opt/stack/keystone/keystone/server/flask/request_processing/middleware/auth_context.py:478}}
Jun 20 12:08:24.301096 dv-cinder-836973-4-smb devstack@keystone.service[80296]: DEBUG keystone.server.flask.request_processing.req_logging [None req-70971295-9a32-42d1-acf3-036abec3a05c None admin] REQUEST_METHOD: `GET` {{(pid=80296) log_request_info /opt/stack/keystone/keystone/server/flask/request_processing/req_logging.py:27}}
Jun 20 12:08:24.301501 dv-cinder-836973-4-smb devstack@keystone.service[80296]: DEBUG keystone.server.flask.request_processing.req_logging [None req-70971295-9a32-42d1-acf3-036abec3a05c None admin] SCRIPT_NAME: `/identity` {{(pid=80296) log_request_info /opt/stack/keystone/keystone/server/flask/request_processing/req_logging.py:28}}
Jun 20 12:08:24.301632 dv-cinder-836973-4-smb devstack@keystone.service[80295]: [pid: 80295|app: 0|req: 148/303] 10.222.0.70 () {56 vars in 1099 bytes} [Mon Jun 20 12:08:24 2022] GET /identity/v3/roles/member => generated 84 bytes in 174 msecs (HTTP/1.1 404) 5 headers in 183 bytes (1 switches on core 0)
Jun 20 12:08:24.301776 dv-cinder-836973-4-smb devstack@keystone.service[80296]: DEBUG keystone.server.flask.request_processing.req_logging [None req-70971295-9a32-42d1-acf3-036abec3a05c None admin] PATH_INFO: `/v3/users/f043004e940647edbed399577137fca9` {{(pid=80296) log_request_info /opt/stack/keystone/keystone/server/flask/request_processing/req_logging.py:29}}
Jun 20 12:08:24.302544 dv-cinder-836973-4-smb devstack@keystone.service[80295]: DEBUG keystone.server.flask.request_processing.middleware.auth_context [None req-49c96d8c-94b3-48e0-87c8-b0ca84ae7bb4 None admin] Authenticating user token {{(pid=80295) process_request /usr/local/lib/python3.8/dist-packages/keystonemiddleware/auth_token/__init__.py:407}}
Jun 20 12:08:24.316139 dv-cinder-836973-4-smb devstack@keystone.service[80296]: DEBUG keystone.common.rbac_enforcer.enforcer [None req-70971295-9a32-42d1-acf3-036abec3a05c None admin] RBAC: Authorizing `identity:get_user(user_id=f043004e940647edbed399577137fca9)` {{(pid=80296) enforce_call /opt/stack/keystone/keystone/common/rbac_enforcer/enforcer.py:449}}
Jun 20 12:08:24.317617 dv-cinder-836973-4-smb devstack@keystone.service[80296]: DEBUG keystone.common.rbac_enforcer.enforcer [None req-70971295-9a32-42d1-acf3-036abec3a05c None admin] RBAC: Authorization granted {{(pid=80296) enforce_call /opt/stack/keystone/keystone/common/rbac_enforcer/enforcer.py:457}}
Jun 20 12:08:24.323912 dv-cinder-836973-4-smb devstack@keystone.service[80296]: [pid: 80296|app: 0|req: 156/304] 10.222.0.70 () {56 vars in 1177 bytes} [Mon Jun 20 12:08:24 2022] GET /identity/v3/users/f043004e940647edbed399577137fca9 => generated 293 bytes in 165 msecs (HTTP/1.1 200) 5 headers in 177 bytes (1 switches on core 0)
Jun 20 12:08:24.323912 dv-cinder-836973-4-smb devstack@keystone.service[80296]: DEBUG keystone.server.flask.request_processing.middleware.auth_context [None req-70971295-9a32-42d1-acf3-036abec3a05c None admin] Authenticating user token {{(pid=80296) process_request /usr/local/lib/python3.8/dist-packages/keystonemiddleware/auth_token/__init__.py:407}}
Jun 20 12:08:24.410272 dv-cinder-836973-4-smb devstack@keystone.service[80295]: DEBUG keystone.server.flask.request_processing.middleware.auth_context [None req-49c96d8c-94b3-48e0-87c8-b0ca84ae7bb4 None admin] Validating token access rules against request {{(pid=80295) validate_allowed_request /usr/local/lib/python3.8/dist-packages/keystonemiddleware/auth_token/__init__.py:545}}
Jun 20 12:08:24.423523 dv-cinder-836973-4-smb devstack@keystone.service[80296]: DEBUG keystone.server.flask.request_processing.middleware.auth_context [None req-70971295-9a32-42d1-acf3-036abec3a05c None admin] Validating token access rules against request {{(pid=80296) validate_allowed_request /usr/local/lib/python3.8/dist-packages/keystonemiddleware/auth_token/__init__.py:545}}
Jun 20 12:08:24.448943 dv-cinder-836973-4-smb devstack@keystone.service[80295]: DEBUG keystone.server.flask.request_processing.middleware.auth_context [None req-c12d3bf0-caba-4e1a-92dc-4c282db9c18d None admin] RBAC: auth_context: {'token': , 'domain_id': None, 'trust_id': None, 'trustor_id': None, 'trustee_id': None, 'domain_name': None, 'group_ids': [], 'user_id': '59ecf7a36c4a499aaba37cd54ff4117a', 'user_domain_id': 'default', 'system_scope': 'all', 'project_id': None, 'project_domain_id': None, 'roles': ['admin', 'member', 'reader'], 'is_admin_project': True, 'service_user_id': None, 'service_user_domain_id': None, 'service_project_id': None, 'service_project_domain_id': None, 'service_roles': []} {{(pid=80295) fill_context /opt/stack/keystone/keystone/server/flask/request_processing/middleware/auth_context.py:478}}
Jun 20 12:08:24.449733 dv-cinder-836973-4-smb devstack@keystone.service[80295]: DEBUG keystone.server.flask.request_processing.req_logging [None req-c12d3bf0-caba-4e1a-92dc-4c282db9c18d None admin] REQUEST_METHOD: `GET` {{(pid=80295) log_request_info /opt/stack/keystone/keystone/server/flask/request_processing/req_logging.py:27}}
Jun 20 12:08:24.450030 dv-cinder-836973-4-smb devstack@keystone.service[80295]: DEBUG keystone.server.flask.request_processing.req_logging [None req-c12d3bf0-caba-4e1a-92dc-4c282db9c18d None admin] SCRIPT_NAME: `/identity` {{(pid=80295) log_request_info /opt/stack/keystone/keystone/server/flask/request_processing/req_logging.py:28}}
Jun 20 12:08:24.450316 dv-cinder-836973-4-smb devstack@keystone.service[80295]: DEBUG keystone.server.flask.request_processing.req_logging [None req-c12d3bf0-caba-4e1a-92dc-4c282db9c18d None admin] PATH_INFO: `/v3/domains/default` {{(pid=80295) log_request_info /opt/stack/keystone/keystone/server/flask/request_processing/req_logging.py:29}}
Jun 20 12:08:24.451493 dv-cinder-836973-4-smb devstack@keystone.service[80295]: DEBUG keystone.common.rbac_enforcer.enforcer [None req-c12d3bf0-caba-4e1a-92dc-4c282db9c18d None admin] RBAC: Authorizing `identity:get_domain(domain_id=default)` {{(pid=80295) enforce_call /opt/stack/keystone/keystone/common/rbac_enforcer/enforcer.py:449}}
Jun 20 12:08:24.452951 dv-cinder-836973-4-smb devstack@keystone.service[80295]: DEBUG keystone.common.rbac_enforcer.enforcer [None req-c12d3bf0-caba-4e1a-92dc-4c282db9c18d None admin] RBAC: Authorization granted {{(pid=80295) enforce_call /opt/stack/keystone/keystone/common/rbac_enforcer/enforcer.py:457}}
Jun 20 12:08:24.454585 dv-cinder-836973-4-smb devstack@keystone.service[80295]: [pid: 80295|app: 0|req: 149/305] 10.222.0.70 () {56 vars in 1108 bytes} [Mon Jun 20 12:08:24 2022] GET /identity/v3/domains/default => generated 199 bytes in 152 msecs (HTTP/1.1 200) 5 headers in 177 bytes (1 switches on core 0)
Jun 20 12:08:24.455344 dv-cinder-836973-4-smb devstack@keystone.service[80295]: DEBUG keystone.server.flask.request_processing.middleware.auth_context [None req-c12d3bf0-caba-4e1a-92dc-4c282db9c18d None admin] Authenticating user token {{(pid=80295) process_request /usr/local/lib/python3.8/dist-packages/keystonemiddleware/auth_token/__init__.py:407}}
Jun 20 12:08:24.467158 dv-cinder-836973-4-smb devstack@keystone.service[80296]: DEBUG keystone.server.flask.request_processing.middleware.auth_context [None req-f071fbd8-75b2-4599-accc-77b1b90c1004 None admin] RBAC: auth_context: {'token': , 'domain_id': None, 'trust_id': None, 'trustor_id': None, 'trustee_id': None, 'domain_name': None, 'group_ids': [], 'user_id': '59ecf7a36c4a499aaba37cd54ff4117a', 'user_domain_id': 'default', 'system_scope': 'all', 'project_id': None, 'project_domain_id': None, 'roles': ['admin', 'member', 'reader'], 'is_admin_project': True, 'service_user_id': None, 'service_user_domain_id': None, 'service_project_id': None, 'service_project_domain_id': None, 'service_roles': []} {{(pid=80296) fill_context /opt/stack/keystone/keystone/server/flask/request_processing/middleware/auth_context.py:478}}
Jun 20 12:08:24.468396 dv-cinder-836973-4-smb devstack@keystone.service[80296]: DEBUG keystone.server.flask.request_processing.req_logging [None req-f071fbd8-75b2-4599-accc-77b1b90c1004 None admin] REQUEST_METHOD: `GET` {{(pid=80296) log_request_info /opt/stack/keystone/keystone/server/flask/request_processing/req_logging.py:27}}
Jun 20 12:08:24.468876 dv-cinder-836973-4-smb devstack@keystone.service[80296]: DEBUG keystone.server.flask.request_processing.req_logging [None req-f071fbd8-75b2-4599-accc-77b1b90c1004 None admin] SCRIPT_NAME: `/identity` {{(pid=80296) log_request_info /opt/stack/keystone/keystone/server/flask/request_processing/req_logging.py:28}}
Jun 20 12:08:24.469510 dv-cinder-836973-4-smb devstack@keystone.service[80296]: DEBUG keystone.server.flask.request_processing.req_logging [None req-f071fbd8-75b2-4599-accc-77b1b90c1004 None admin] PATH_INFO: `/v3/roles` {{(pid=80296) log_request_info /opt/stack/keystone/keystone/server/flask/request_processing/req_logging.py:29}}
Jun 20 12:08:24.470843 dv-cinder-836973-4-smb devstack@keystone.service[80296]: DEBUG keystone.common.rbac_enforcer.enforcer [None req-f071fbd8-75b2-4599-accc-77b1b90c1004 None admin] RBAC: Adding query filter params (name=member) {{(pid=80296) _extract_filter_values /opt/stack/keystone/keystone/common/rbac_enforcer/enforcer.py:167}}
Jun 20 12:08:24.471589 dv-cinder-836973-4-smb devstack@keystone.service[80296]: DEBUG keystone.common.rbac_enforcer.enforcer [None req-f071fbd8-75b2-4599-accc-77b1b90c1004 None admin] RBAC: Authorizing `identity:list_roles()` {{(pid=80296) enforce_call /opt/stack/keystone/keystone/common/rbac_enforcer/enforcer.py:449}}
Jun 20 12:08:24.473604 dv-cinder-836973-4-smb devstack@keystone.service[80296]: DEBUG keystone.common.rbac_enforcer.enforcer [None req-f071fbd8-75b2-4599-accc-77b1b90c1004 None admin] RBAC: Authorization granted {{(pid=80296) enforce_call /opt/stack/keystone/keystone/common/rbac_enforcer/enforcer.py:457}}
Jun 20 12:08:24.485324 dv-cinder-836973-4-smb devstack@keystone.service[80296]: [pid: 80296|app: 0|req: 157/306] 10.222.0.70 () {56 vars in 1101 bytes} [Mon Jun 20 12:08:24 2022] GET /identity/v3/roles?name=member => generated 341 bytes in 165 msecs (HTTP/1.1 200) 5 headers in 177 bytes (1 switches on core 0)
Jun 20 12:08:24.487088 dv-cinder-836973-4-smb devstack@keystone.service[80296]: DEBUG keystone.server.flask.request_processing.middleware.auth_context [None req-f071fbd8-75b2-4599-accc-77b1b90c1004 None admin] Authenticating user token {{(pid=80296) process_request /usr/local/lib/python3.8/dist-packages/keystonemiddleware/auth_token/__init__.py:407}}
Jun 20 12:08:24.489153 dv-cinder-836973-4-smb devstack@keystone.service[80295]: DEBUG dbcounter [-] [80295] Writing DB stats keystone:SELECT=100 {{(pid=80295) stat_writer /usr/local/lib/python3.8/dist-packages/dbcounter.py:114}}
Jun 20 12:08:24.508226 dv-cinder-836973-4-smb devstack@keystone.service[80296]: DEBUG dbcounter [-] [80296] Writing DB stats keystone:SELECT=100 {{(pid=80296) stat_writer /usr/local/lib/python3.8/dist-packages/dbcounter.py:114}}
Jun 20 12:08:24.559500 dv-cinder-836973-4-smb devstack@keystone.service[80295]: DEBUG keystone.server.flask.request_processing.middleware.auth_context [None req-c12d3bf0-caba-4e1a-92dc-4c282db9c18d None admin] Validating token access rules against request {{(pid=80295) validate_allowed_request /usr/local/lib/python3.8/dist-packages/keystonemiddleware/auth_token/__init__.py:545}}
Jun 20 12:08:24.596492 dv-cinder-836973-4-smb devstack@keystone.service[80295]: DEBUG keystone.server.flask.request_processing.middleware.auth_context [None req-90abf807-566b-434e-a7e7-39f060b0b6c0 None admin] RBAC: auth_context: {'token': , 'domain_id': None, 'trust_id': None, 'trustor_id': None, 'trustee_id': None, 'domain_name': None, 'group_ids': [], 'user_id': '59ecf7a36c4a499aaba37cd54ff4117a', 'user_domain_id': 'default', 'system_scope': 'all', 'project_id': None, 'project_domain_id': None, 'roles': ['admin', 'member', 'reader'], 'is_admin_project': True, 'service_user_id': None, 'service_user_domain_id': None, 'service_project_id': None, 'service_project_domain_id': None, 'service_roles': []} {{(pid=80295) fill_context /opt/stack/keystone/keystone/server/flask/request_processing/middleware/auth_context.py:478}}
Jun 20 12:08:24.597147 dv-cinder-836973-4-smb devstack@keystone.service[80295]: DEBUG keystone.server.flask.request_processing.req_logging [None req-90abf807-566b-434e-a7e7-39f060b0b6c0 None admin] REQUEST_METHOD: `GET` {{(pid=80295) log_request_info /opt/stack/keystone/keystone/server/flask/request_processing/req_logging.py:27}}
Jun 20 12:08:24.597485 dv-cinder-836973-4-smb devstack@keystone.service[80295]: DEBUG keystone.server.flask.request_processing.req_logging [None req-90abf807-566b-434e-a7e7-39f060b0b6c0 None admin] SCRIPT_NAME: `/identity` {{(pid=80295) log_request_info /opt/stack/keystone/keystone/server/flask/request_processing/req_logging.py:28}}
Jun 20 12:08:24.597727 dv-cinder-836973-4-smb devstack@keystone.service[80295]: DEBUG keystone.server.flask.request_processing.req_logging [None req-90abf807-566b-434e-a7e7-39f060b0b6c0 None admin] PATH_INFO: `/v3/role_assignments` {{(pid=80295) log_request_info /opt/stack/keystone/keystone/server/flask/request_processing/req_logging.py:29}}
Jun 20 12:08:24.598562 dv-cinder-836973-4-smb devstack@keystone.service[80295]: DEBUG keystone.common.rbac_enforcer.enforcer [None req-90abf807-566b-434e-a7e7-39f060b0b6c0 None admin] RBAC: Adding query filter params (role.id=af08a486fc834d47979805f78c4d9703, user.id=f043004e940647edbed399577137fca9, scope.system=all) {{(pid=80295) _extract_filter_values /opt/stack/keystone/keystone/common/rbac_enforcer/enforcer.py:167}}
Jun 20 12:08:24.598884 dv-cinder-836973-4-smb devstack@keystone.service[80295]: DEBUG keystone.common.rbac_enforcer.enforcer [None req-90abf807-566b-434e-a7e7-39f060b0b6c0 None admin] RBAC: Authorizing `identity:list_role_assignments()` {{(pid=80295) enforce_call /opt/stack/keystone/keystone/common/rbac_enforcer/enforcer.py:449}}
Jun 20 12:08:24.600379 dv-cinder-836973-4-smb devstack@keystone.service[80295]: DEBUG keystone.common.rbac_enforcer.enforcer [None req-90abf807-566b-434e-a7e7-39f060b0b6c0 None admin] RBAC: Authorization granted {{(pid=80295) enforce_call /opt/stack/keystone/keystone/common/rbac_enforcer/enforcer.py:457}}
Jun 20 12:08:24.602961 dv-cinder-836973-4-smb devstack@keystone.service[80296]: DEBUG keystone.server.flask.request_processing.middleware.auth_context [None req-f071fbd8-75b2-4599-accc-77b1b90c1004 None admin] Validating token access rules against request {{(pid=80296) validate_allowed_request /usr/local/lib/python3.8/dist-packages/keystonemiddleware/auth_token/__init__.py:545}}
Jun 20 12:08:24.605843 dv-cinder-836973-4-smb devstack@keystone.service[80295]: [pid: 80295|app: 0|req: 150/307] 10.222.0.70 () {56 vars in 1308 bytes} [Mon Jun 20 12:08:24 2022] GET /identity/v3/role_assignments?user.id=f043004e940647edbed399577137fca9&scope.system=all&role.id=af08a486fc834d47979805f78c4d9703 => generated 226 bytes in 150 msecs (HTTP/1.1 200) 5 headers in 177 bytes (1 switches on core 0)
Jun 20 12:08:24.606164 dv-cinder-836973-4-smb devstack@keystone.service[80295]: DEBUG keystone.server.flask.request_processing.middleware.auth_context [None req-90abf807-566b-434e-a7e7-39f060b0b6c0 None admin] Authenticating user token {{(pid=80295) process_request /usr/local/lib/python3.8/dist-packages/keystonemiddleware/auth_token/__init__.py:407}}
Jun 20 12:08:24.661196 dv-cinder-836973-4-smb devstack@keystone.service[80296]: DEBUG keystone.server.flask.request_processing.middleware.auth_context [None req-20085dea-4ea7-4981-80b1-bbd2e3f0c5f0 None admin] RBAC: auth_context: {'token': , 'domain_id': None, 'trust_id': None, 'trustor_id': None, 'trustee_id': None, 'domain_name': None, 'group_ids': [], 'user_id': '59ecf7a36c4a499aaba37cd54ff4117a', 'user_domain_id': 'default', 'system_scope': 'all', 'project_id': None, 'project_domain_id': None, 'roles': ['admin', 'member', 'reader'], 'is_admin_project': True, 'service_user_id': None, 'service_user_domain_id': None, 'service_project_id': None, 'service_project_domain_id': None, 'service_roles': []} {{(pid=80296) fill_context /opt/stack/keystone/keystone/server/flask/request_processing/middleware/auth_context.py:478}}
Jun 20 12:08:24.662439 dv-cinder-836973-4-smb devstack@keystone.service[80296]: DEBUG keystone.server.flask.request_processing.req_logging [None req-20085dea-4ea7-4981-80b1-bbd2e3f0c5f0 None admin] REQUEST_METHOD: `POST` {{(pid=80296) log_request_info /opt/stack/keystone/keystone/server/flask/request_processing/req_logging.py:27}}
Jun 20 12:08:24.663141 dv-cinder-836973-4-smb devstack@keystone.service[80296]: DEBUG keystone.server.flask.request_processing.req_logging [None req-20085dea-4ea7-4981-80b1-bbd2e3f0c5f0 None admin] SCRIPT_NAME: `/identity` {{(pid=80296) log_request_info /opt/stack/keystone/keystone/server/flask/request_processing/req_logging.py:28}}
Jun 20 12:08:24.663571 dv-cinder-836973-4-smb devstack@keystone.service[80296]: DEBUG keystone.server.flask.request_processing.req_logging [None req-20085dea-4ea7-4981-80b1-bbd2e3f0c5f0 None admin] PATH_INFO: `/v3/groups` {{(pid=80296) log_request_info /opt/stack/keystone/keystone/server/flask/request_processing/req_logging.py:29}}
Jun 20 12:08:24.664811 dv-cinder-836973-4-smb devstack@keystone.service[80296]: DEBUG keystone.common.rbac_enforcer.enforcer [None req-20085dea-4ea7-4981-80b1-bbd2e3f0c5f0 None admin] RBAC: Authorizing `identity:create_group()` {{(pid=80296) enforce_call /opt/stack/keystone/keystone/common/rbac_enforcer/enforcer.py:449}}
Jun 20 12:08:24.667447 dv-cinder-836973-4-smb devstack@keystone.service[80296]: DEBUG keystone.common.rbac_enforcer.enforcer [None req-20085dea-4ea7-4981-80b1-bbd2e3f0c5f0 None admin] RBAC: Authorization granted {{(pid=80296) enforce_call /opt/stack/keystone/keystone/common/rbac_enforcer/enforcer.py:457}}
Jun 20 12:08:24.736223 dv-cinder-836973-4-smb devstack@keystone.service[80295]: DEBUG dbcounter [-] [80295] Writing DB stats keystone:SELECT=100 {{(pid=80295) stat_writer /usr/local/lib/python3.8/dist-packages/dbcounter.py:114}}
Jun 20 12:08:24.741516 dv-cinder-836973-4-smb devstack@keystone.service[80295]: DEBUG keystone.server.flask.request_processing.middleware.auth_context [None req-90abf807-566b-434e-a7e7-39f060b0b6c0 None admin] Validating token access rules against request {{(pid=80295) validate_allowed_request /usr/local/lib/python3.8/dist-packages/keystonemiddleware/auth_token/__init__.py:545}}
Jun 20 12:08:24.770496 dv-cinder-836973-4-smb devstack@keystone.service[80296]: [pid: 80296|app: 0|req: 158/308] 10.222.0.70 () {60 vars in 1134 bytes} [Mon Jun 20 12:08:24 2022] POST /identity/v3/groups => generated 229 bytes in 284 msecs (HTTP/1.1 201) 5 headers in 182 bytes (1 switches on core 0)
Jun 20 12:08:24.792794 dv-cinder-836973-4-smb devstack@keystone.service[80295]: DEBUG keystone.server.flask.request_processing.middleware.auth_context [None req-32fbf92b-b310-4081-8d63-208ac54e7a13 None admin] RBAC: auth_context: {'token': , 'domain_id': None, 'trust_id': None, 'trustor_id': None, 'trustee_id': None, 'domain_name': None, 'group_ids': [], 'user_id': '59ecf7a36c4a499aaba37cd54ff4117a', 'user_domain_id': 'default', 'system_scope': 'all', 'project_id': None, 'project_domain_id': None, 'roles': ['admin', 'member', 'reader'], 'is_admin_project': True, 'service_user_id': None, 'service_user_domain_id': None, 'service_project_id': None, 'service_project_domain_id': None, 'service_roles': []} {{(pid=80295) fill_context /opt/stack/keystone/keystone/server/flask/request_processing/middleware/auth_context.py:478}}
Jun 20 12:08:24.794116 dv-cinder-836973-4-smb devstack@keystone.service[80295]: DEBUG keystone.server.flask.request_processing.req_logging [None req-32fbf92b-b310-4081-8d63-208ac54e7a13 None admin] REQUEST_METHOD: `GET` {{(pid=80295) log_request_info /opt/stack/keystone/keystone/server/flask/request_processing/req_logging.py:27}}
Jun 20 12:08:24.794604 dv-cinder-836973-4-smb devstack@keystone.service[80295]: DEBUG keystone.server.flask.request_processing.req_logging [None req-32fbf92b-b310-4081-8d63-208ac54e7a13 None admin] SCRIPT_NAME: `/identity` {{(pid=80295) log_request_info /opt/stack/keystone/keystone/server/flask/request_processing/req_logging.py:28}}
Jun 20 12:08:24.795133 dv-cinder-836973-4-smb devstack@keystone.service[80295]: DEBUG keystone.server.flask.request_processing.req_logging [None req-32fbf92b-b310-4081-8d63-208ac54e7a13 None admin] PATH_INFO: `/v3/users/c484de7053354dbe9cba731ca67f7eca` {{(pid=80295) log_request_info /opt/stack/keystone/keystone/server/flask/request_processing/req_logging.py:29}}
Jun 20 12:08:24.796786 dv-cinder-836973-4-smb devstack@keystone.service[80295]: DEBUG keystone.common.rbac_enforcer.enforcer [None req-32fbf92b-b310-4081-8d63-208ac54e7a13 None admin] RBAC: Authorizing `identity:get_user(user_id=c484de7053354dbe9cba731ca67f7eca)` {{(pid=80295) enforce_call /opt/stack/keystone/keystone/common/rbac_enforcer/enforcer.py:449}}
Jun 20 12:08:24.798583 dv-cinder-836973-4-smb devstack@keystone.service[80295]: DEBUG keystone.common.rbac_enforcer.enforcer [None req-32fbf92b-b310-4081-8d63-208ac54e7a13 None admin] RBAC: Authorization granted {{(pid=80295) enforce_call /opt/stack/keystone/keystone/common/rbac_enforcer/enforcer.py:457}}
Jun 20 12:08:24.800602 dv-cinder-836973-4-smb devstack@keystone.service[80295]: [pid: 80295|app: 0|req: 151/309] 10.222.0.70 () {56 vars in 1177 bytes} [Mon Jun 20 12:08:24 2022] GET /identity/v3/users/c484de7053354dbe9cba731ca67f7eca => generated 293 bytes in 195 msecs (HTTP/1.1 200) 5 headers in 177 bytes (1 switches on core 0)
Jun 20 12:08:24.807249 dv-cinder-836973-4-smb devstack@keystone.service[80296]: DEBUG keystone.server.flask.request_processing.middleware.auth_context [None req-20085dea-4ea7-4981-80b1-bbd2e3f0c5f0 None admin] Authenticating user token {{(pid=80296) process_request /usr/local/lib/python3.8/dist-packages/keystonemiddleware/auth_token/__init__.py:407}}
Jun 20 12:08:24.907969 dv-cinder-836973-4-smb devstack@keystone.service[80296]: DEBUG dbcounter [-] [80296] Writing DB stats keystone:SELECT=99,keystone:INSERT=1 {{(pid=80296) stat_writer /usr/local/lib/python3.8/dist-packages/dbcounter.py:114}}
Jun 20 12:08:24.936102 dv-cinder-836973-4-smb devstack@keystone.service[80296]: DEBUG keystone.server.flask.request_processing.middleware.auth_context [None req-20085dea-4ea7-4981-80b1-bbd2e3f0c5f0 None admin] Validating token access rules against request {{(pid=80296) validate_allowed_request /usr/local/lib/python3.8/dist-packages/keystonemiddleware/auth_token/__init__.py:545}}
Jun 20 12:08:24.971176 dv-cinder-836973-4-smb devstack@keystone.service[80296]: DEBUG keystone.server.flask.request_processing.middleware.auth_context [None req-c6fa4a4d-c03d-4590-894a-d3e3a0551c90 None admin] RBAC: auth_context: {'token': , 'domain_id': None, 'trust_id': None, 'trustor_id': None, 'trustee_id': None, 'domain_name': None, 'group_ids': [], 'user_id': '59ecf7a36c4a499aaba37cd54ff4117a', 'user_domain_id': 'default', 'system_scope': 'all', 'project_id': None, 'project_domain_id': None, 'roles': ['admin', 'member', 'reader'], 'is_admin_project': True, 'service_user_id': None, 'service_user_domain_id': None, 'service_project_id': None, 'service_project_domain_id': None, 'service_roles': []} {{(pid=80296) fill_context /opt/stack/keystone/keystone/server/flask/request_processing/middleware/auth_context.py:478}}
Jun 20 12:08:24.972061 dv-cinder-836973-4-smb devstack@keystone.service[80296]: DEBUG keystone.server.flask.request_processing.req_logging [None req-c6fa4a4d-c03d-4590-894a-d3e3a0551c90 None admin] REQUEST_METHOD: `PUT` {{(pid=80296) log_request_info /opt/stack/keystone/keystone/server/flask/request_processing/req_logging.py:27}}
Jun 20 12:08:24.972353 dv-cinder-836973-4-smb devstack@keystone.service[80296]: DEBUG keystone.server.flask.request_processing.req_logging [None req-c6fa4a4d-c03d-4590-894a-d3e3a0551c90 None admin] SCRIPT_NAME: `/identity` {{(pid=80296) log_request_info /opt/stack/keystone/keystone/server/flask/request_processing/req_logging.py:28}}
Jun 20 12:08:24.972635 dv-cinder-836973-4-smb devstack@keystone.service[80296]: DEBUG keystone.server.flask.request_processing.req_logging [None req-c6fa4a4d-c03d-4590-894a-d3e3a0551c90 None admin] PATH_INFO: `/v3/system/users/c484de7053354dbe9cba731ca67f7eca/roles/5deb6d93e9c34f3bbfcf82d23e06790e` {{(pid=80296) log_request_info /opt/stack/keystone/keystone/server/flask/request_processing/req_logging.py:29}}
Jun 20 12:08:24.974800 dv-cinder-836973-4-smb devstack@keystone.service[80296]: DEBUG keystone.common.rbac_enforcer.enforcer [None req-c6fa4a4d-c03d-4590-894a-d3e3a0551c90 None admin] RBAC: Authorizing `identity:create_system_grant_for_user(user_id=c484de7053354dbe9cba731ca67f7eca, role_id=5deb6d93e9c34f3bbfcf82d23e06790e)` {{(pid=80296) enforce_call /opt/stack/keystone/keystone/common/rbac_enforcer/enforcer.py:449}}
Jun 20 12:08:24.976441 dv-cinder-836973-4-smb devstack@keystone.service[80296]: DEBUG keystone.common.rbac_enforcer.enforcer [None req-c6fa4a4d-c03d-4590-894a-d3e3a0551c90 None admin] RBAC: Authorization granted {{(pid=80296) enforce_call /opt/stack/keystone/keystone/common/rbac_enforcer/enforcer.py:457}}
Jun 20 12:08:25.033052 dv-cinder-836973-4-smb devstack@keystone.service[80295]: DEBUG keystone.server.flask.request_processing.req_logging [None req-91db5461-78c6-480f-b54d-10c971e5248a None None] REQUEST_METHOD: `GET` {{(pid=80295) log_request_info /opt/stack/keystone/keystone/server/flask/request_processing/req_logging.py:27}}
Jun 20 12:08:25.033395 dv-cinder-836973-4-smb devstack@keystone.service[80295]: DEBUG keystone.server.flask.request_processing.req_logging [None req-91db5461-78c6-480f-b54d-10c971e5248a None None] SCRIPT_NAME: `/identity` {{(pid=80295) log_request_info /opt/stack/keystone/keystone/server/flask/request_processing/req_logging.py:28}}
Jun 20 12:08:25.033671 dv-cinder-836973-4-smb devstack@keystone.service[80295]: DEBUG keystone.server.flask.request_processing.req_logging [None req-91db5461-78c6-480f-b54d-10c971e5248a None None] PATH_INFO: `/` {{(pid=80295) log_request_info /opt/stack/keystone/keystone/server/flask/request_processing/req_logging.py:29}}
