Jun 20 12:23:14.779932 dv-cinder-836973-4-iscsi devstack@n-api.service[118091]: DEBUG nova.virt.hardware [None req-584da52c-4fb4-4469-ac14-cdc5154f895e tempest-AttachVolumeTestJSON-413042313 tempest-AttachVolumeTestJSON-413042313-project] Image pref 0:0:0 {{(pid=118091) get_cpu_topology_constraints /opt/stack/nova/nova/virt/hardware.py:387}}
Jun 20 12:23:14.780494 dv-cinder-836973-4-iscsi devstack@n-api.service[118091]: DEBUG nova.virt.hardware [None req-584da52c-4fb4-4469-ac14-cdc5154f895e tempest-AttachVolumeTestJSON-413042313 tempest-AttachVolumeTestJSON-413042313-project] Chose sockets=0, cores=0, threads=0; limits were sockets=65536, cores=65536, threads=65536 {{(pid=118091) get_cpu_topology_constraints /opt/stack/nova/nova/virt/hardware.py:425}}
Jun 20 12:23:14.822104 dv-cinder-836973-4-iscsi devstack@n-api.service[118091]: DEBUG oslo_concurrency.lockutils [None req-584da52c-4fb4-4469-ac14-cdc5154f895e tempest-AttachVolumeTestJSON-413042313 tempest-AttachVolumeTestJSON-413042313-project] Lock "00000000-0000-0000-0000-000000000000" acquired by "nova.context.set_target_cell..get_or_set_cached_cell_and_set_connections" :: waited 0.000s {{(pid=118091) inner /usr/local/lib/python3.8/dist-packages/oslo_concurrency/lockutils.py:386}}
Jun 20 12:23:14.823439 dv-cinder-836973-4-iscsi devstack@n-api.service[118091]: DEBUG oslo_concurrency.lockutils [None req-584da52c-4fb4-4469-ac14-cdc5154f895e tempest-AttachVolumeTestJSON-413042313 tempest-AttachVolumeTestJSON-413042313-project] Lock "00000000-0000-0000-0000-000000000000" "released" by "nova.context.set_target_cell..get_or_set_cached_cell_and_set_connections" :: held 0.003s {{(pid=118091) inner /usr/local/lib/python3.8/dist-packages/oslo_concurrency/lockutils.py:400}}
Jun 20 12:23:14.825009 dv-cinder-836973-4-iscsi devstack@n-api.service[118091]: DEBUG oslo_concurrency.lockutils [None req-584da52c-4fb4-4469-ac14-cdc5154f895e tempest-AttachVolumeTestJSON-413042313 tempest-AttachVolumeTestJSON-413042313-project] Lock "1005ee0f-ec24-457d-9b36-b8a9b0504dd6" acquired by "nova.context.set_target_cell..get_or_set_cached_cell_and_set_connections" :: waited 0.000s {{(pid=118091) inner /usr/local/lib/python3.8/dist-packages/oslo_concurrency/lockutils.py:386}}
Jun 20 12:23:14.825456 dv-cinder-836973-4-iscsi devstack@n-api.service[118091]: DEBUG oslo_concurrency.lockutils [None req-584da52c-4fb4-4469-ac14-cdc5154f895e tempest-AttachVolumeTestJSON-413042313 tempest-AttachVolumeTestJSON-413042313-project] Lock "1005ee0f-ec24-457d-9b36-b8a9b0504dd6" "released" by "nova.context.set_target_cell..get_or_set_cached_cell_and_set_connections" :: held 0.000s {{(pid=118091) inner /usr/local/lib/python3.8/dist-packages/oslo_concurrency/lockutils.py:400}}
Jun 20 12:23:14.979737 dv-cinder-836973-4-iscsi devstack@n-api.service[118091]: DEBUG nova.quota [None req-584da52c-4fb4-4469-ac14-cdc5154f895e tempest-AttachVolumeTestJSON-413042313 tempest-AttachVolumeTestJSON-413042313-project] Getting quotas for project 3c7566543a6145b7b1a01612aff1c02a. Resources: {'ram', 'instances', 'cores'} {{(pid=118091) _get_quotas /opt/stack/nova/nova/quota.py:393}}
Jun 20 12:23:14.998515 dv-cinder-836973-4-iscsi devstack@n-api.service[118091]: DEBUG nova.quota [None req-584da52c-4fb4-4469-ac14-cdc5154f895e tempest-AttachVolumeTestJSON-413042313 tempest-AttachVolumeTestJSON-413042313-project] Getting quotas for user 41eb98b3a8434e7e9734eb747047a87d and project 3c7566543a6145b7b1a01612aff1c02a. Resources: {'ram', 'instances', 'cores'} {{(pid=118091) _get_quotas /opt/stack/nova/nova/quota.py:383}}
Jun 20 12:23:15.071337 dv-cinder-836973-4-iscsi devstack@n-api.service[118091]: DEBUG nova.compute.api [None req-584da52c-4fb4-4469-ac14-cdc5154f895e tempest-AttachVolumeTestJSON-413042313 tempest-AttachVolumeTestJSON-413042313-project] Going to run 1 instances... {{(pid=118091) _provision_instances /opt/stack/nova/nova/compute/api.py:1389}}
Jun 20 12:23:15.088179 dv-cinder-836973-4-iscsi devstack@n-api.service[118091]: DEBUG nova.compute.api [None req-584da52c-4fb4-4469-ac14-cdc5154f895e tempest-AttachVolumeTestJSON-413042313 tempest-AttachVolumeTestJSON-413042313-project] [instance: d4a331a3-6307-47a9-b9b8-cd94a0217c11] block_device_mapping [BlockDeviceMapping(attachment_id=,boot_index=0,connection_info=None,created_at=,delete_on_termination=True,deleted=,deleted_at=,destination_type='local',device_name=None,device_type='disk',disk_bus=None,guest_format=None,id=,image_id='c1c25756-7e31-4d84-a3f6-aba02c442309',instance=,instance_uuid=,no_device=False,snapshot_id=None,source_type='image',tag=None,updated_at=,uuid=,volume_id=None,volume_size=None,volume_type=None)] {{(pid=118091) _bdm_validate_set_size_and_instance /opt/stack/nova/nova/compute/api.py:1807}}
Jun 20 12:23:15.433355 dv-cinder-836973-4-iscsi devstack@n-api.service[118091]: INFO nova.api.openstack.requestlog [None req-584da52c-4fb4-4469-ac14-cdc5154f895e tempest-AttachVolumeTestJSON-413042313 tempest-AttachVolumeTestJSON-413042313-project] 10.222.0.64 "POST /compute/v2.1/servers" status: 202 len: 402 microversion: 2.1 time: 3.277797
Jun 20 12:23:15.434139 dv-cinder-836973-4-iscsi devstack@n-api.service[118091]: [pid: 118091|app: 0|req: 12/28] 10.222.0.64 () {60 vars in 1146 bytes} [Mon Jun 20 12:23:12 2022] POST /compute/v2.1/servers => generated 402 bytes in 3279 msecs (HTTP/1.1 202) 10 headers in 451 bytes (1 switches on core 0)
Jun 20 12:23:15.442052 dv-cinder-836973-4-iscsi devstack@n-api.service[118091]: DEBUG nova.api.openstack.wsgi [None req-5decc8a9-d2e7-4e34-bc3f-80e869549c4e tempest-ServerRescueNegativeTestJSON-1196000093 tempest-ServerRescueNegativeTestJSON-1196000093-project] Calling method '>' {{(pid=118091) _process_stack /opt/stack/nova/nova/api/openstack/wsgi.py:513}}
Jun 20 12:23:15.444386 dv-cinder-836973-4-iscsi devstack@n-api.service[118091]: DEBUG nova.compute.api [None req-5decc8a9-d2e7-4e34-bc3f-80e869549c4e tempest-ServerRescueNegativeTestJSON-1196000093 tempest-ServerRescueNegativeTestJSON-1196000093-project] [instance: dce80a92-cf20-4b98-9d4e-3d8dd0d42d54] Fetching instance by UUID {{(pid=118091) get /opt/stack/nova/nova/compute/api.py:2920}}
Jun 20 12:23:15.634240 dv-cinder-836973-4-iscsi devstack@n-api.service[118091]: DEBUG nova.policy [None req-5decc8a9-d2e7-4e34-bc3f-80e869549c4e tempest-ServerRescueNegativeTestJSON-1196000093 tempest-ServerRescueNegativeTestJSON-1196000093-project] Policy check for os_compute_api:os-extended-server-attributes failed with credentials {'is_admin': False, 'user_id': 'ec4c5293e6a148a2a16ba4c3fc57a3a3', 'user_domain_id': 'default', 'system_scope': None, 'domain_id': None, 'project_id': 'd55e2a4f35944f65bb0d5b1382b8cafc', 'project_domain_id': 'default', 'roles': ['reader', 'member'], 'is_admin_project': True, 'service_user_id': None, 'service_user_domain_id': None, 'service_project_id': None, 'service_project_domain_id': None, 'service_roles': []} {{(pid=118091) authorize /opt/stack/nova/nova/policy.py:199}}
Jun 20 12:23:15.655442 dv-cinder-836973-4-iscsi devstack@n-api.service[118091]: INFO nova.api.openstack.requestlog [None req-5decc8a9-d2e7-4e34-bc3f-80e869549c4e tempest-ServerRescueNegativeTestJSON-1196000093 tempest-ServerRescueNegativeTestJSON-1196000093-project] 10.222.0.64 "GET /compute/v2.1/servers/dce80a92-cf20-4b98-9d4e-3d8dd0d42d54" status: 200 len: 1222 microversion: 2.1 time: 0.220055
Jun 20 12:23:15.656038 dv-cinder-836973-4-iscsi devstack@n-api.service[118091]: [pid: 118091|app: 0|req: 13/29] 10.222.0.64 () {58 vars in 1235 bytes} [Mon Jun 20 12:23:15 2022] GET /compute/v2.1/servers/dce80a92-cf20-4b98-9d4e-3d8dd0d42d54 => generated 1222 bytes in 221 msecs (HTTP/1.1 200) 9 headers in 358 bytes (1 switches on core 0)
Jun 20 12:23:15.673796 dv-cinder-836973-4-iscsi devstack@n-api.service[118091]: DEBUG nova.api.openstack.wsgi [None req-fc33491b-42ca-4841-aae9-82d098c78c75 tempest-AttachVolumeTestJSON-413042313 tempest-AttachVolumeTestJSON-413042313-project] Calling method '>' {{(pid=118091) _process_stack /opt/stack/nova/nova/api/openstack/wsgi.py:513}}
Jun 20 12:23:15.676112 dv-cinder-836973-4-iscsi devstack@n-api.service[118091]: DEBUG nova.compute.api [None req-fc33491b-42ca-4841-aae9-82d098c78c75 tempest-AttachVolumeTestJSON-413042313 tempest-AttachVolumeTestJSON-413042313-project] [instance: d4a331a3-6307-47a9-b9b8-cd94a0217c11] Fetching instance by UUID {{(pid=118091) get /opt/stack/nova/nova/compute/api.py:2920}}
Jun 20 12:23:15.841247 dv-cinder-836973-4-iscsi devstack@n-api.service[118092]: DEBUG nova.policy [None req-19276240-a3da-41be-9955-b6fdb2b560b3 tempest-DeleteServersTestJSON-170918522 tempest-DeleteServersTestJSON-170918522-project] Policy check for os_compute_api:os-extended-server-attributes failed with credentials {'is_admin': False, 'user_id': '03102ea04c0e42b19576f1800f8cc6e9', 'user_domain_id': 'default', 'system_scope': None, 'domain_id': None, 'project_id': 'a3499b45946141ff9177a6f3bbf01d3d', 'project_domain_id': 'default', 'roles': ['reader', 'member'], 'is_admin_project': True, 'service_user_id': None, 'service_user_domain_id': None, 'service_project_id': None, 'service_project_domain_id': None, 'service_roles': []} {{(pid=118092) authorize /opt/stack/nova/nova/policy.py:199}}
Jun 20 12:23:15.855528 dv-cinder-836973-4-iscsi devstack@n-api.service[118091]: DEBUG nova.policy [None req-fc33491b-42ca-4841-aae9-82d098c78c75 tempest-AttachVolumeTestJSON-413042313 tempest-AttachVolumeTestJSON-413042313-project] Policy check for os_compute_api:os-extended-server-attributes failed with credentials {'is_admin': False, 'user_id': '41eb98b3a8434e7e9734eb747047a87d', 'user_domain_id': 'default', 'system_scope': None, 'domain_id': None, 'project_id': '3c7566543a6145b7b1a01612aff1c02a', 'project_domain_id': 'default', 'roles': ['reader', 'member'], 'is_admin_project': True, 'service_user_id': None, 'service_user_domain_id': None, 'service_project_id': None, 'service_project_domain_id': None, 'service_roles': []} {{(pid=118091) authorize /opt/stack/nova/nova/policy.py:199}}
Jun 20 12:23:15.862936 dv-cinder-836973-4-iscsi devstack@n-api.service[118091]: INFO nova.api.openstack.requestlog [None req-fc33491b-42ca-4841-aae9-82d098c78c75 tempest-AttachVolumeTestJSON-413042313 tempest-AttachVolumeTestJSON-413042313-project] 10.222.0.64 "GET /compute/v2.1/servers/d4a331a3-6307-47a9-b9b8-cd94a0217c11" status: 200 len: 1236 microversion: 2.1 time: 0.199682
Jun 20 12:23:15.876009 dv-cinder-836973-4-iscsi devstack@n-api.service[118091]: [pid: 118091|app: 0|req: 14/30] 10.222.0.64 () {58 vars in 1235 bytes} [Mon Jun 20 12:23:15 2022] GET /compute/v2.1/servers/d4a331a3-6307-47a9-b9b8-cd94a0217c11 => generated 1236 bytes in 214 msecs (HTTP/1.1 200) 9 headers in 358 bytes (1 switches on core 0)
Jun 20 12:23:15.880253 dv-cinder-836973-4-iscsi devstack@n-api.service[118092]: INFO nova.api.openstack.requestlog [None req-19276240-a3da-41be-9955-b6fdb2b560b3 tempest-DeleteServersTestJSON-170918522 tempest-DeleteServersTestJSON-170918522-project] 10.222.0.64 "GET /compute/v2.1/servers/3b2c0d3f-5fbd-486e-98fa-9056dde04005" status: 200 len: 1274 microversion: 2.1 time: 1.369277
Jun 20 12:23:15.891245 dv-cinder-836973-4-iscsi devstack@n-api.service[118092]: [pid: 118092|app: 0|req: 17/31] 10.222.0.64 () {58 vars in 1235 bytes} [Mon Jun 20 12:23:14 2022] GET /compute/v2.1/servers/3b2c0d3f-5fbd-486e-98fa-9056dde04005 => generated 1274 bytes in 1381 msecs (HTTP/1.1 200) 9 headers in 358 bytes (1 switches on core 0)
Jun 20 12:23:16.363605 dv-cinder-836973-4-iscsi devstack@n-api.service[118091]: DEBUG nova.api.openstack.wsgi [None req-4224a738-7be5-4cb0-9eda-ee43f754d714 tempest-VolumesTestJSON-1217709032 tempest-VolumesTestJSON-1217709032-project] Calling method '.version_select at 0x7fe291ebbd30>' {{(pid=118091) _process_stack /opt/stack/nova/nova/api/openstack/wsgi.py:513}}
Jun 20 12:23:16.475679 dv-cinder-836973-4-iscsi devstack@n-api.service[118091]: INFO nova.api.openstack.requestlog [None req-4224a738-7be5-4cb0-9eda-ee43f754d714 tempest-VolumesTestJSON-1217709032 tempest-VolumesTestJSON-1217709032-project] 10.222.0.64 "GET /compute/v2.1/os-volumes/e56f6baf-9dcf-4dbf-a756-354a337f93ce" status: 200 len: 351 microversion: 2.1 time: 0.116366
Jun 20 12:23:16.476261 dv-cinder-836973-4-iscsi devstack@n-api.service[118091]: [pid: 118091|app: 0|req: 15/32] 10.222.0.64 () {58 vars in 1244 bytes} [Mon Jun 20 12:23:16 2022] GET /compute/v2.1/os-volumes/e56f6baf-9dcf-4dbf-a756-354a337f93ce => generated 351 bytes in 118 msecs (HTTP/1.1 200) 9 headers in 357 bytes (1 switches on core 0)
Jun 20 12:23:16.672563 dv-cinder-836973-4-iscsi devstack@n-api.service[118092]: DEBUG nova.api.openstack.wsgi [None req-dac04332-bd38-4351-af1f-66b31ec44dc6 tempest-ServerRescueNegativeTestJSON-1196000093 tempest-ServerRescueNegativeTestJSON-1196000093-project] Calling method '>' {{(pid=118092) _process_stack /opt/stack/nova/nova/api/openstack/wsgi.py:513}}
Jun 20 12:23:16.673474 dv-cinder-836973-4-iscsi devstack@n-api.service[118092]: DEBUG nova.compute.api [None req-dac04332-bd38-4351-af1f-66b31ec44dc6 tempest-ServerRescueNegativeTestJSON-1196000093 tempest-ServerRescueNegativeTestJSON-1196000093-project] [instance: dce80a92-cf20-4b98-9d4e-3d8dd0d42d54] Fetching instance by UUID {{(pid=118092) get /opt/stack/nova/nova/compute/api.py:2920}}
Jun 20 12:23:16.680024 dv-cinder-836973-4-iscsi devstack@n-api.service[118092]: DEBUG oslo_concurrency.lockutils [None req-dac04332-bd38-4351-af1f-66b31ec44dc6 tempest-ServerRescueNegativeTestJSON-1196000093 tempest-ServerRescueNegativeTestJSON-1196000093-project] Lock "1005ee0f-ec24-457d-9b36-b8a9b0504dd6" acquired by "nova.context.set_target_cell..get_or_set_cached_cell_and_set_connections" :: waited 0.000s {{(pid=118092) inner /usr/local/lib/python3.8/dist-packages/oslo_concurrency/lockutils.py:386}}
Jun 20 12:23:16.680487 dv-cinder-836973-4-iscsi devstack@n-api.service[118092]: DEBUG oslo_concurrency.lockutils [None req-dac04332-bd38-4351-af1f-66b31ec44dc6 tempest-ServerRescueNegativeTestJSON-1196000093 tempest-ServerRescueNegativeTestJSON-1196000093-project] Lock "1005ee0f-ec24-457d-9b36-b8a9b0504dd6" "released" by "nova.context.set_target_cell..get_or_set_cached_cell_and_set_connections" :: held 0.001s {{(pid=118092) inner /usr/local/lib/python3.8/dist-packages/oslo_concurrency/lockutils.py:400}}
Jun 20 12:23:16.681283 dv-cinder-836973-4-iscsi devstack@n-api.service[118092]: DEBUG oslo_concurrency.lockutils [None req-dac04332-bd38-4351-af1f-66b31ec44dc6 tempest-ServerRescueNegativeTestJSON-1196000093 tempest-ServerRescueNegativeTestJSON-1196000093-project] Lock "1005ee0f-ec24-457d-9b36-b8a9b0504dd6" acquired by "nova.context.set_target_cell..get_or_set_cached_cell_and_set_connections" :: waited 0.000s {{(pid=118092) inner /usr/local/lib/python3.8/dist-packages/oslo_concurrency/lockutils.py:386}}
Jun 20 12:23:16.681729 dv-cinder-836973-4-iscsi devstack@n-api.service[118092]: DEBUG oslo_concurrency.lockutils [None req-dac04332-bd38-4351-af1f-66b31ec44dc6 tempest-ServerRescueNegativeTestJSON-1196000093 tempest-ServerRescueNegativeTestJSON-1196000093-project] Lock "1005ee0f-ec24-457d-9b36-b8a9b0504dd6" "released" by "nova.context.set_target_cell..get_or_set_cached_cell_and_set_connections" :: held 0.000s {{(pid=118092) inner /usr/local/lib/python3.8/dist-packages/oslo_concurrency/lockutils.py:400}}
Jun 20 12:23:16.893424 dv-cinder-836973-4-iscsi devstack@n-api.service[118091]: DEBUG nova.api.openstack.wsgi [None req-d1d5e9da-295f-42ff-af32-68d302a36e0e tempest-AttachVolumeTestJSON-413042313 tempest-AttachVolumeTestJSON-413042313-project] Calling method '>' {{(pid=118091) _process_stack /opt/stack/nova/nova/api/openstack/wsgi.py:513}}
Jun 20 12:23:16.894572 dv-cinder-836973-4-iscsi devstack@n-api.service[118091]: DEBUG nova.compute.api [None req-d1d5e9da-295f-42ff-af32-68d302a36e0e tempest-AttachVolumeTestJSON-413042313 tempest-AttachVolumeTestJSON-413042313-project] [instance: d4a331a3-6307-47a9-b9b8-cd94a0217c11] Fetching instance by UUID {{(pid=118091) get /opt/stack/nova/nova/compute/api.py:2920}}
Jun 20 12:23:17.015646 dv-cinder-836973-4-iscsi devstack@n-api.service[118092]: DEBUG nova.policy [None req-dac04332-bd38-4351-af1f-66b31ec44dc6 tempest-ServerRescueNegativeTestJSON-1196000093 tempest-ServerRescueNegativeTestJSON-1196000093-project] Policy check for os_compute_api:os-extended-server-attributes failed with credentials {'is_admin': False, 'user_id': 'ec4c5293e6a148a2a16ba4c3fc57a3a3', 'user_domain_id': 'default', 'system_scope': None, 'domain_id': None, 'project_id': 'd55e2a4f35944f65bb0d5b1382b8cafc', 'project_domain_id': 'default', 'roles': ['reader', 'member'], 'is_admin_project': True, 'service_user_id': None, 'service_user_domain_id': None, 'service_project_id': None, 'service_project_domain_id': None, 'service_roles': []} {{(pid=118092) authorize /opt/stack/nova/nova/policy.py:199}}
Jun 20 12:23:17.029308 dv-cinder-836973-4-iscsi devstack@n-api.service[118092]: INFO nova.api.openstack.requestlog [None req-dac04332-bd38-4351-af1f-66b31ec44dc6 tempest-ServerRescueNegativeTestJSON-1196000093 tempest-ServerRescueNegativeTestJSON-1196000093-project] 10.222.0.64 "GET /compute/v2.1/servers/dce80a92-cf20-4b98-9d4e-3d8dd0d42d54" status: 200 len: 1226 microversion: 2.1 time: 0.360578
Jun 20 12:23:17.034980 dv-cinder-836973-4-iscsi devstack@n-api.service[118092]: [pid: 118092|app: 0|req: 18/33] 10.222.0.64 () {58 vars in 1235 bytes} [Mon Jun 20 12:23:16 2022] GET /compute/v2.1/servers/dce80a92-cf20-4b98-9d4e-3d8dd0d42d54 => generated 1226 bytes in 367 msecs (HTTP/1.1 200) 9 headers in 358 bytes (1 switches on core 0)
Jun 20 12:23:17.054440 dv-cinder-836973-4-iscsi devstack@n-api.service[118092]: DEBUG nova.api.openstack.wsgi [None req-1d6a742c-2f4b-4fea-8a40-a68926381b18 tempest-DeleteServersTestJSON-170918522 tempest-DeleteServersTestJSON-170918522-project] Calling method '>' {{(pid=118092) _process_stack /opt/stack/nova/nova/api/openstack/wsgi.py:513}}
Jun 20 12:23:17.057457 dv-cinder-836973-4-iscsi devstack@n-api.service[118092]: DEBUG nova.compute.api [None req-1d6a742c-2f4b-4fea-8a40-a68926381b18 tempest-DeleteServersTestJSON-170918522 tempest-DeleteServersTestJSON-170918522-project] [instance: 3b2c0d3f-5fbd-486e-98fa-9056dde04005] Fetching instance by UUID {{(pid=118092) get /opt/stack/nova/nova/compute/api.py:2920}}
Jun 20 12:23:17.089079 dv-cinder-836973-4-iscsi devstack@n-api.service[118091]: DEBUG nova.policy [None req-d1d5e9da-295f-42ff-af32-68d302a36e0e tempest-AttachVolumeTestJSON-413042313 tempest-AttachVolumeTestJSON-413042313-project] Policy check for os_compute_api:os-extended-server-attributes failed with credentials {'is_admin': False, 'user_id': '41eb98b3a8434e7e9734eb747047a87d', 'user_domain_id': 'default', 'system_scope': None, 'domain_id': None, 'project_id': '3c7566543a6145b7b1a01612aff1c02a', 'project_domain_id': 'default', 'roles': ['reader', 'member'], 'is_admin_project': True, 'service_user_id': None, 'service_user_domain_id': None, 'service_project_id': None, 'service_project_domain_id': None, 'service_roles': []} {{(pid=118091) authorize /opt/stack/nova/nova/policy.py:199}}
Jun 20 12:23:17.096254 dv-cinder-836973-4-iscsi devstack@n-api.service[118092]: DEBUG oslo_concurrency.lockutils [None req-1d6a742c-2f4b-4fea-8a40-a68926381b18 tempest-DeleteServersTestJSON-170918522 tempest-DeleteServersTestJSON-170918522-project] Lock "1005ee0f-ec24-457d-9b36-b8a9b0504dd6" acquired by "nova.context.set_target_cell..get_or_set_cached_cell_and_set_connections" :: waited 0.000s {{(pid=118092) inner /usr/local/lib/python3.8/dist-packages/oslo_concurrency/lockutils.py:386}}
Jun 20 12:23:17.096721 dv-cinder-836973-4-iscsi devstack@n-api.service[118092]: DEBUG oslo_concurrency.lockutils [None req-1d6a742c-2f4b-4fea-8a40-a68926381b18 tempest-DeleteServersTestJSON-170918522 tempest-DeleteServersTestJSON-170918522-project] Lock "1005ee0f-ec24-457d-9b36-b8a9b0504dd6" "released" by "nova.context.set_target_cell..get_or_set_cached_cell_and_set_connections" :: held 0.001s {{(pid=118092) inner /usr/local/lib/python3.8/dist-packages/oslo_concurrency/lockutils.py:400}}
Jun 20 12:23:17.097609 dv-cinder-836973-4-iscsi devstack@n-api.service[118092]: DEBUG oslo_concurrency.lockutils [None req-1d6a742c-2f4b-4fea-8a40-a68926381b18 tempest-DeleteServersTestJSON-170918522 tempest-DeleteServersTestJSON-170918522-project] Lock "1005ee0f-ec24-457d-9b36-b8a9b0504dd6" acquired by "nova.context.set_target_cell..get_or_set_cached_cell_and_set_connections" :: waited 0.000s {{(pid=118092) inner /usr/local/lib/python3.8/dist-packages/oslo_concurrency/lockutils.py:386}}
Jun 20 12:23:17.110028 dv-cinder-836973-4-iscsi devstack@n-api.service[118091]: INFO nova.api.openstack.requestlog [None req-d1d5e9da-295f-42ff-af32-68d302a36e0e tempest-AttachVolumeTestJSON-413042313 tempest-AttachVolumeTestJSON-413042313-project] 10.222.0.64 "GET /compute/v2.1/servers/d4a331a3-6307-47a9-b9b8-cd94a0217c11" status: 200 len: 1236 microversion: 2.1 time: 0.220800
Jun 20 12:23:17.110731 dv-cinder-836973-4-iscsi devstack@n-api.service[118091]: [pid: 118091|app: 0|req: 16/34] 10.222.0.64 () {58 vars in 1235 bytes} [Mon Jun 20 12:23:16 2022] GET /compute/v2.1/servers/d4a331a3-6307-47a9-b9b8-cd94a0217c11 => generated 1236 bytes in 222 msecs (HTTP/1.1 200) 9 headers in 358 bytes (1 switches on core 0)
Jun 20 12:23:17.112614 dv-cinder-836973-4-iscsi devstack@n-api.service[118092]: DEBUG oslo_concurrency.lockutils [None req-1d6a742c-2f4b-4fea-8a40-a68926381b18 tempest-DeleteServersTestJSON-170918522 tempest-DeleteServersTestJSON-170918522-project] Lock "1005ee0f-ec24-457d-9b36-b8a9b0504dd6" "released" by "nova.context.set_target_cell..get_or_set_cached_cell_and_set_connections" :: held 0.000s {{(pid=118092) inner /usr/local/lib/python3.8/dist-packages/oslo_concurrency/lockutils.py:400}}
Jun 20 12:23:17.424877 dv-cinder-836973-4-iscsi devstack@n-api.service[118092]: DEBUG nova.policy [None req-1d6a742c-2f4b-4fea-8a40-a68926381b18 tempest-DeleteServersTestJSON-170918522 tempest-DeleteServersTestJSON-170918522-project] Policy check for os_compute_api:os-extended-server-attributes failed with credentials {'is_admin': False, 'user_id': '03102ea04c0e42b19576f1800f8cc6e9', 'user_domain_id': 'default', 'system_scope': None, 'domain_id': None, 'project_id': 'a3499b45946141ff9177a6f3bbf01d3d', 'project_domain_id': 'default', 'roles': ['reader', 'member'], 'is_admin_project': True, 'service_user_id': None, 'service_user_domain_id': None, 'service_project_id': None, 'service_project_domain_id': None, 'service_roles': []} {{(pid=118092) authorize /opt/stack/nova/nova/policy.py:199}}
Jun 20 12:23:17.436096 dv-cinder-836973-4-iscsi devstack@n-api.service[118092]: INFO nova.api.openstack.requestlog [None req-1d6a742c-2f4b-4fea-8a40-a68926381b18 tempest-DeleteServersTestJSON-170918522 tempest-DeleteServersTestJSON-170918522-project] 10.222.0.64 "GET /compute/v2.1/servers/3b2c0d3f-5fbd-486e-98fa-9056dde04005" status: 200 len: 1272 microversion: 2.1 time: 0.397465
Jun 20 12:23:17.440504 dv-cinder-836973-4-iscsi devstack@n-api.service[118092]: [pid: 118092|app: 0|req: 19/35] 10.222.0.64 () {58 vars in 1235 bytes} [Mon Jun 20 12:23:17 2022] GET /compute/v2.1/servers/3b2c0d3f-5fbd-486e-98fa-9056dde04005 => generated 1272 bytes in 403 msecs (HTTP/1.1 200) 9 headers in 358 bytes (1 switches on core 0)
Jun 20 12:23:17.709395 dv-cinder-836973-4-iscsi devstack@n-api.service[118091]: DEBUG nova.api.openstack.wsgi [None req-dcdbb817-0d47-4bd1-9d27-10d57acc40b8 tempest-AttachVolumeNegativeTest-187845647 tempest-AttachVolumeNegativeTest-187845647-project] Action: 'create', calling method: >, body: {"server": {"name": "tempest-AttachVolumeNegativeTest-server-790413461", "imageRef": "c1c25756-7e31-4d84-a3f6-aba02c442309", "flavorRef": "452", "adminPass": "***", "networks": [{"uuid": "25ad919b-444d-4364-9171-7dcb6a499f3f"}], "security_groups": [{"name": "tempest-securitygroup--2079070973"}], "key_name": "tempest-keypair-494182752", "user_data": "}} {{(pid=118091) _process_stack /opt/stack/nova/nova/api/openstack/wsgi.py:511}}
Jun 20 12:23:17.938178 dv-cinder-836973-4-iscsi devstack@n-api.service[118091]: DEBUG nova.network.neutron [None req-dcdbb817-0d47-4bd1-9d27-10d57acc40b8 tempest-AttachVolumeNegativeTest-187845647 tempest-AttachVolumeNegativeTest-187845647-project] validate_networks() for [('25ad919b-444d-4364-9171-7dcb6a499f3f', None, None, None, None, None)] {{(pid=118091) validate_networks /opt/stack/nova/nova/network/neutron.py:2626}}
Jun 20 12:23:18.059391 dv-cinder-836973-4-iscsi devstack@n-api.service[118092]: DEBUG nova.api.openstack.wsgi [None req-554d4af4-f045-4726-84b0-9ebe3f510c06 tempest-ServerRescueNegativeTestJSON-1196000093 tempest-ServerRescueNegativeTestJSON-1196000093-project] Calling method '>' {{(pid=118092) _process_stack /opt/stack/nova/nova/api/openstack/wsgi.py:513}}
Jun 20 12:23:18.060649 dv-cinder-836973-4-iscsi devstack@n-api.service[118092]: DEBUG nova.compute.api [None req-554d4af4-f045-4726-84b0-9ebe3f510c06 tempest-ServerRescueNegativeTestJSON-1196000093 tempest-ServerRescueNegativeTestJSON-1196000093-project] [instance: dce80a92-cf20-4b98-9d4e-3d8dd0d42d54] Fetching instance by UUID {{(pid=118092) get /opt/stack/nova/nova/compute/api.py:2920}}
Jun 20 12:23:18.459901 dv-cinder-836973-4-iscsi devstack@n-api.service[118092]: DEBUG oslo_concurrency.lockutils [None req-554d4af4-f045-4726-84b0-9ebe3f510c06 tempest-ServerRescueNegativeTestJSON-1196000093 tempest-ServerRescueNegativeTestJSON-1196000093-project] Lock "1005ee0f-ec24-457d-9b36-b8a9b0504dd6" acquired by "nova.context.set_target_cell..get_or_set_cached_cell_and_set_connections" :: waited 0.000s {{(pid=118092) inner /usr/local/lib/python3.8/dist-packages/oslo_concurrency/lockutils.py:386}}
Jun 20 12:23:18.459901 dv-cinder-836973-4-iscsi devstack@n-api.service[118092]: DEBUG oslo_concurrency.lockutils [None req-554d4af4-f045-4726-84b0-9ebe3f510c06 tempest-ServerRescueNegativeTestJSON-1196000093 tempest-ServerRescueNegativeTestJSON-1196000093-project] Lock "1005ee0f-ec24-457d-9b36-b8a9b0504dd6" "released" by "nova.context.set_target_cell..get_or_set_cached_cell_and_set_connections" :: held 0.003s {{(pid=118092) inner /usr/local/lib/python3.8/dist-packages/oslo_concurrency/lockutils.py:400}}
Jun 20 12:23:18.459901 dv-cinder-836973-4-iscsi devstack@n-api.service[118092]: DEBUG oslo_concurrency.lockutils [None req-554d4af4-f045-4726-84b0-9ebe3f510c06 tempest-ServerRescueNegativeTestJSON-1196000093 tempest-ServerRescueNegativeTestJSON-1196000093-project] Lock "1005ee0f-ec24-457d-9b36-b8a9b0504dd6" acquired by "nova.context.set_target_cell..get_or_set_cached_cell_and_set_connections" :: waited 0.000s {{(pid=118092) inner /usr/local/lib/python3.8/dist-packages/oslo_concurrency/lockutils.py:386}}
Jun 20 12:23:18.459901 dv-cinder-836973-4-iscsi devstack@n-api.service[118092]: DEBUG oslo_concurrency.lockutils [None req-554d4af4-f045-4726-84b0-9ebe3f510c06 tempest-ServerRescueNegativeTestJSON-1196000093 tempest-ServerRescueNegativeTestJSON-1196000093-project] Lock "1005ee0f-ec24-457d-9b36-b8a9b0504dd6" "released" by "nova.context.set_target_cell..get_or_set_cached_cell_and_set_connections" :: held 0.002s {{(pid=118092) inner /usr/local/lib/python3.8/dist-packages/oslo_concurrency/lockutils.py:400}}
Jun 20 12:23:18.462367 dv-cinder-836973-4-iscsi devstack@n-api.service[118092]: DEBUG nova.policy [None req-554d4af4-f045-4726-84b0-9ebe3f510c06 tempest-ServerRescueNegativeTestJSON-1196000093 tempest-ServerRescueNegativeTestJSON-1196000093-project] Policy check for os_compute_api:os-extended-server-attributes failed with credentials {'is_admin': False, 'user_id': 'ec4c5293e6a148a2a16ba4c3fc57a3a3', 'user_domain_id': 'default', 'system_scope': None, 'domain_id': None, 'project_id': 'd55e2a4f35944f65bb0d5b1382b8cafc', 'project_domain_id': 'default', 'roles': ['reader', 'member'], 'is_admin_project': True, 'service_user_id': None, 'service_user_domain_id': None, 'service_project_id': None, 'service_project_domain_id': None, 'service_roles': []} {{(pid=118092) authorize /opt/stack/nova/nova/policy.py:199}}
Jun 20 12:23:18.462367 dv-cinder-836973-4-iscsi devstack@n-api.service[118092]: INFO nova.api.openstack.requestlog [None req-554d4af4-f045-4726-84b0-9ebe3f510c06 tempest-ServerRescueNegativeTestJSON-1196000093 tempest-ServerRescueNegativeTestJSON-1196000093-project] 10.222.0.64 "GET /compute/v2.1/servers/dce80a92-cf20-4b98-9d4e-3d8dd0d42d54" status: 200 len: 1274 microversion: 2.1 time: 0.235838
Jun 20 12:23:18.462367 dv-cinder-836973-4-iscsi devstack@n-api.service[118092]: [pid: 118092|app: 0|req: 20/36] 10.222.0.64 () {58 vars in 1235 bytes} [Mon Jun 20 12:23:18 2022] GET /compute/v2.1/servers/dce80a92-cf20-4b98-9d4e-3d8dd0d42d54 => generated 1274 bytes in 237 msecs (HTTP/1.1 200) 9 headers in 358 bytes (1 switches on core 0)
Jun 20 12:23:18.462367 dv-cinder-836973-4-iscsi devstack@n-api.service[118092]: DEBUG nova.api.openstack.wsgi [None req-ea49c99a-85b2-4847-8e68-380130504fd8 tempest-AttachVolumeTestJSON-413042313 tempest-AttachVolumeTestJSON-413042313-project] Calling method '>' {{(pid=118092) _process_stack /opt/stack/nova/nova/api/openstack/wsgi.py:513}}
Jun 20 12:23:18.463839 dv-cinder-836973-4-iscsi devstack@n-api.service[118092]: DEBUG nova.compute.api [None req-ea49c99a-85b2-4847-8e68-380130504fd8 tempest-AttachVolumeTestJSON-413042313 tempest-AttachVolumeTestJSON-413042313-project] [instance: d4a331a3-6307-47a9-b9b8-cd94a0217c11] Fetching instance by UUID {{(pid=118092) get /opt/stack/nova/nova/compute/api.py:2920}}
Jun 20 12:23:18.463839 dv-cinder-836973-4-iscsi devstack@n-api.service[118092]: DEBUG oslo_concurrency.lockutils [None req-ea49c99a-85b2-4847-8e68-380130504fd8 tempest-AttachVolumeTestJSON-413042313 tempest-AttachVolumeTestJSON-413042313-project] Lock "1005ee0f-ec24-457d-9b36-b8a9b0504dd6" acquired by "nova.context.set_target_cell..get_or_set_cached_cell_and_set_connections" :: waited 0.000s {{(pid=118092) inner /usr/local/lib/python3.8/dist-packages/oslo_concurrency/lockutils.py:386}}
Jun 20 12:23:18.463839 dv-cinder-836973-4-iscsi devstack@n-api.service[118092]: DEBUG oslo_concurrency.lockutils [None req-ea49c99a-85b2-4847-8e68-380130504fd8 tempest-AttachVolumeTestJSON-413042313 tempest-AttachVolumeTestJSON-413042313-project] Lock "1005ee0f-ec24-457d-9b36-b8a9b0504dd6" "released" by "nova.context.set_target_cell..get_or_set_cached_cell_and_set_connections" :: held 0.001s {{(pid=118092) inner /usr/local/lib/python3.8/dist-packages/oslo_concurrency/lockutils.py:400}}
Jun 20 12:23:18.463839 dv-cinder-836973-4-iscsi devstack@n-api.service[118092]: DEBUG oslo_concurrency.lockutils [None req-ea49c99a-85b2-4847-8e68-380130504fd8 tempest-AttachVolumeTestJSON-413042313 tempest-AttachVolumeTestJSON-413042313-project] Lock "1005ee0f-ec24-457d-9b36-b8a9b0504dd6" acquired by "nova.context.set_target_cell..get_or_set_cached_cell_and_set_connections" :: waited 0.000s {{(pid=118092) inner /usr/local/lib/python3.8/dist-packages/oslo_concurrency/lockutils.py:386}}
Jun 20 12:23:18.464503 dv-cinder-836973-4-iscsi devstack@n-api.service[118092]: DEBUG oslo_concurrency.lockutils [None req-ea49c99a-85b2-4847-8e68-380130504fd8 tempest-AttachVolumeTestJSON-413042313 tempest-AttachVolumeTestJSON-413042313-project] Lock "1005ee0f-ec24-457d-9b36-b8a9b0504dd6" "released" by "nova.context.set_target_cell..get_or_set_cached_cell_and_set_connections" :: held 0.010s {{(pid=118092) inner /usr/local/lib/python3.8/dist-packages/oslo_concurrency/lockutils.py:400}}
Jun 20 12:23:18.519538 dv-cinder-836973-4-iscsi devstack@n-api.service[118092]: DEBUG nova.policy [None req-ea49c99a-85b2-4847-8e68-380130504fd8 tempest-AttachVolumeTestJSON-413042313 tempest-AttachVolumeTestJSON-413042313-project] Policy check for os_compute_api:os-extended-server-attributes failed with credentials {'is_admin': False, 'user_id': '41eb98b3a8434e7e9734eb747047a87d', 'user_domain_id': 'default', 'system_scope': None, 'domain_id': None, 'project_id': '3c7566543a6145b7b1a01612aff1c02a', 'project_domain_id': 'default', 'roles': ['reader', 'member'], 'is_admin_project': True, 'service_user_id': None, 'service_user_domain_id': None, 'service_project_id': None, 'service_project_domain_id': None, 'service_roles': []} {{(pid=118092) authorize /opt/stack/nova/nova/policy.py:199}}
Jun 20 12:23:18.532998 dv-cinder-836973-4-iscsi devstack@n-api.service[118092]: INFO nova.api.openstack.requestlog [None req-ea49c99a-85b2-4847-8e68-380130504fd8 tempest-AttachVolumeTestJSON-413042313 tempest-AttachVolumeTestJSON-413042313-project] 10.222.0.64 "GET /compute/v2.1/servers/d4a331a3-6307-47a9-b9b8-cd94a0217c11" status: 200 len: 1232 microversion: 2.1 time: 0.246054
Jun 20 12:23:18.533657 dv-cinder-836973-4-iscsi devstack@n-api.service[118092]: [pid: 118092|app: 0|req: 21/37] 10.222.0.64 () {58 vars in 1235 bytes} [Mon Jun 20 12:23:18 2022] GET /compute/v2.1/servers/d4a331a3-6307-47a9-b9b8-cd94a0217c11 => generated 1232 bytes in 248 msecs (HTTP/1.1 200) 9 headers in 358 bytes (1 switches on core 0)
Jun 20 12:23:18.546863 dv-cinder-836973-4-iscsi devstack@n-api.service[118092]: DEBUG nova.api.openstack.wsgi [None req-7de03933-bccf-4e4b-9214-6c610d63dc3f tempest-DeleteServersTestJSON-170918522 tempest-DeleteServersTestJSON-170918522-project] Calling method '>' {{(pid=118092) _process_stack /opt/stack/nova/nova/api/openstack/wsgi.py:513}}
Jun 20 12:23:18.547531 dv-cinder-836973-4-iscsi devstack@n-api.service[118092]: DEBUG nova.compute.api [None req-7de03933-bccf-4e4b-9214-6c610d63dc3f tempest-DeleteServersTestJSON-170918522 tempest-DeleteServersTestJSON-170918522-project] [instance: 3b2c0d3f-5fbd-486e-98fa-9056dde04005] Fetching instance by UUID {{(pid=118092) get /opt/stack/nova/nova/compute/api.py:2920}}
Jun 20 12:23:18.556152 dv-cinder-836973-4-iscsi devstack@n-api.service[118092]: DEBUG oslo_concurrency.lockutils [None req-7de03933-bccf-4e4b-9214-6c610d63dc3f tempest-DeleteServersTestJSON-170918522 tempest-DeleteServersTestJSON-170918522-project] Lock "1005ee0f-ec24-457d-9b36-b8a9b0504dd6" acquired by "nova.context.set_target_cell..get_or_set_cached_cell_and_set_connections" :: waited 0.000s {{(pid=118092) inner /usr/local/lib/python3.8/dist-packages/oslo_concurrency/lockutils.py:386}}
Jun 20 12:23:18.556633 dv-cinder-836973-4-iscsi devstack@n-api.service[118092]: DEBUG oslo_concurrency.lockutils [None req-7de03933-bccf-4e4b-9214-6c610d63dc3f tempest-DeleteServersTestJSON-170918522 tempest-DeleteServersTestJSON-170918522-project] Lock "1005ee0f-ec24-457d-9b36-b8a9b0504dd6" "released" by "nova.context.set_target_cell..get_or_set_cached_cell_and_set_connections" :: held 0.001s {{(pid=118092) inner /usr/local/lib/python3.8/dist-packages/oslo_concurrency/lockutils.py:400}}
Jun 20 12:23:18.558304 dv-cinder-836973-4-iscsi devstack@n-api.service[118092]: DEBUG oslo_concurrency.lockutils [None req-7de03933-bccf-4e4b-9214-6c610d63dc3f tempest-DeleteServersTestJSON-170918522 tempest-DeleteServersTestJSON-170918522-project] Lock "1005ee0f-ec24-457d-9b36-b8a9b0504dd6" acquired by "nova.context.set_target_cell..get_or_set_cached_cell_and_set_connections" :: waited 0.001s {{(pid=118092) inner /usr/local/lib/python3.8/dist-packages/oslo_concurrency/lockutils.py:386}}
Jun 20 12:23:18.558751 dv-cinder-836973-4-iscsi devstack@n-api.service[118092]: DEBUG oslo_concurrency.lockutils [None req-7de03933-bccf-4e4b-9214-6c610d63dc3f tempest-DeleteServersTestJSON-170918522 tempest-DeleteServersTestJSON-170918522-project] Lock "1005ee0f-ec24-457d-9b36-b8a9b0504dd6" "released" by "nova.context.set_target_cell..get_or_set_cached_cell_and_set_connections" :: held 0.001s {{(pid=118092) inner /usr/local/lib/python3.8/dist-packages/oslo_concurrency/lockutils.py:400}}
Jun 20 12:23:19.224680 dv-cinder-836973-4-iscsi devstack@n-api.service[118092]: DEBUG nova.policy [None req-7de03933-bccf-4e4b-9214-6c610d63dc3f tempest-DeleteServersTestJSON-170918522 tempest-DeleteServersTestJSON-170918522-project] Policy check for os_compute_api:os-extended-server-attributes failed with credentials {'is_admin': False, 'user_id': '03102ea04c0e42b19576f1800f8cc6e9', 'user_domain_id': 'default', 'system_scope': None, 'domain_id': None, 'project_id': 'a3499b45946141ff9177a6f3bbf01d3d', 'project_domain_id': 'default', 'roles': ['reader', 'member'], 'is_admin_project': True, 'service_user_id': None, 'service_user_domain_id': None, 'service_project_id': None, 'service_project_domain_id': None, 'service_roles': []} {{(pid=118092) authorize /opt/stack/nova/nova/policy.py:199}}
Jun 20 12:23:19.237518 dv-cinder-836973-4-iscsi devstack@n-api.service[118092]: INFO nova.api.openstack.requestlog [None req-7de03933-bccf-4e4b-9214-6c610d63dc3f tempest-DeleteServersTestJSON-170918522 tempest-DeleteServersTestJSON-170918522-project] 10.222.0.64 "GET /compute/v2.1/servers/3b2c0d3f-5fbd-486e-98fa-9056dde04005" status: 200 len: 1314 microversion: 2.1 time: 0.697496
Jun 20 12:23:19.250531 dv-cinder-836973-4-iscsi devstack@n-api.service[118092]: [pid: 118092|app: 0|req: 22/38] 10.222.0.64 () {58 vars in 1235 bytes} [Mon Jun 20 12:23:18 2022] GET /compute/v2.1/servers/3b2c0d3f-5fbd-486e-98fa-9056dde04005 => generated 1314 bytes in 711 msecs (HTTP/1.1 200) 9 headers in 358 bytes (1 switches on core 0)
Jun 20 12:23:19.292196 dv-cinder-836973-4-iscsi devstack@n-api.service[118091]: DEBUG nova.virt.hardware [None req-dcdbb817-0d47-4bd1-9d27-10d57acc40b8 tempest-AttachVolumeNegativeTest-187845647 tempest-AttachVolumeNegativeTest-187845647-project] Flavor limits 0:0:0 {{(pid=118091) get_cpu_topology_constraints /opt/stack/nova/nova/virt/hardware.py:343}}
Jun 20 12:23:19.294067 dv-cinder-836973-4-iscsi devstack@n-api.service[118091]: DEBUG nova.virt.hardware [None req-dcdbb817-0d47-4bd1-9d27-10d57acc40b8 tempest-AttachVolumeNegativeTest-187845647 tempest-AttachVolumeNegativeTest-187845647-project] Image limits 0:0:0 {{(pid=118091) get_cpu_topology_constraints /opt/stack/nova/nova/virt/hardware.py:347}}
Jun 20 12:23:19.295188 dv-cinder-836973-4-iscsi devstack@n-api.service[118091]: DEBUG nova.virt.hardware [None req-dcdbb817-0d47-4bd1-9d27-10d57acc40b8 tempest-AttachVolumeNegativeTest-187845647 tempest-AttachVolumeNegativeTest-187845647-project] Flavor pref 0:0:0 {{(pid=118091) get_cpu_topology_constraints /opt/stack/nova/nova/virt/hardware.py:383}}
Jun 20 12:23:19.295612 dv-cinder-836973-4-iscsi devstack@n-api.service[118091]: DEBUG nova.virt.hardware [None req-dcdbb817-0d47-4bd1-9d27-10d57acc40b8 tempest-AttachVolumeNegativeTest-187845647 tempest-AttachVolumeNegativeTest-187845647-project] Image pref 0:0:0 {{(pid=118091) get_cpu_topology_constraints /opt/stack/nova/nova/virt/hardware.py:387}}
Jun 20 12:23:19.296220 dv-cinder-836973-4-iscsi devstack@n-api.service[118091]: DEBUG nova.virt.hardware [None req-dcdbb817-0d47-4bd1-9d27-10d57acc40b8 tempest-AttachVolumeNegativeTest-187845647 tempest-AttachVolumeNegativeTest-187845647-project] Chose sockets=0, cores=0, threads=0; limits were sockets=65536, cores=65536, threads=65536 {{(pid=118091) get_cpu_topology_constraints /opt/stack/nova/nova/virt/hardware.py:425}}
Jun 20 12:23:19.308768 dv-cinder-836973-4-iscsi devstack@n-api.service[118092]: DEBUG nova.api.openstack.wsgi [None req-3d4bb95d-4629-4faa-9779-a02e587b509e tempest-ServerRescueNegativeTestJSON-1196000093 tempest-ServerRescueNegativeTestJSON-1196000093-project] Calling method '>' {{(pid=118092) _process_stack /opt/stack/nova/nova/api/openstack/wsgi.py:513}}
Jun 20 12:23:19.309555 dv-cinder-836973-4-iscsi devstack@n-api.service[118092]: DEBUG nova.compute.api [None req-3d4bb95d-4629-4faa-9779-a02e587b509e tempest-ServerRescueNegativeTestJSON-1196000093 tempest-ServerRescueNegativeTestJSON-1196000093-project] [instance: dce80a92-cf20-4b98-9d4e-3d8dd0d42d54] Fetching instance by UUID {{(pid=118092) get /opt/stack/nova/nova/compute/api.py:2920}}
Jun 20 12:23:19.312092 dv-cinder-836973-4-iscsi devstack@n-api.service[118091]: DEBUG oslo_concurrency.lockutils [None req-dcdbb817-0d47-4bd1-9d27-10d57acc40b8 tempest-AttachVolumeNegativeTest-187845647 tempest-AttachVolumeNegativeTest-187845647-project] Lock "00000000-0000-0000-0000-000000000000" acquired by "nova.context.set_target_cell..get_or_set_cached_cell_and_set_connections" :: waited 0.000s {{(pid=118091) inner /usr/local/lib/python3.8/dist-packages/oslo_concurrency/lockutils.py:386}}
Jun 20 12:23:19.314899 dv-cinder-836973-4-iscsi devstack@n-api.service[118091]: DEBUG oslo_concurrency.lockutils [None req-dcdbb817-0d47-4bd1-9d27-10d57acc40b8 tempest-AttachVolumeNegativeTest-187845647 tempest-AttachVolumeNegativeTest-187845647-project] Lock "00000000-0000-0000-0000-000000000000" "released" by "nova.context.set_target_cell..get_or_set_cached_cell_and_set_connections" :: held 0.003s {{(pid=118091) inner /usr/local/lib/python3.8/dist-packages/oslo_concurrency/lockutils.py:400}}
Jun 20 12:23:19.316165 dv-cinder-836973-4-iscsi devstack@n-api.service[118091]: DEBUG oslo_concurrency.lockutils [None req-dcdbb817-0d47-4bd1-9d27-10d57acc40b8 tempest-AttachVolumeNegativeTest-187845647 tempest-AttachVolumeNegativeTest-187845647-project] Lock "1005ee0f-ec24-457d-9b36-b8a9b0504dd6" acquired by "nova.context.set_target_cell..get_or_set_cached_cell_and_set_connections" :: waited 0.000s {{(pid=118091) inner /usr/local/lib/python3.8/dist-packages/oslo_concurrency/lockutils.py:386}}
Jun 20 12:23:19.316717 dv-cinder-836973-4-iscsi devstack@n-api.service[118092]: DEBUG oslo_concurrency.lockutils [None req-3d4bb95d-4629-4faa-9779-a02e587b509e tempest-ServerRescueNegativeTestJSON-1196000093 tempest-ServerRescueNegativeTestJSON-1196000093-project] Lock "1005ee0f-ec24-457d-9b36-b8a9b0504dd6" acquired by "nova.context.set_target_cell..get_or_set_cached_cell_and_set_connections" :: waited 0.000s {{(pid=118092) inner /usr/local/lib/python3.8/dist-packages/oslo_concurrency/lockutils.py:386}}
Jun 20 12:23:19.318647 dv-cinder-836973-4-iscsi devstack@n-api.service[118091]: DEBUG oslo_concurrency.lockutils [None req-dcdbb817-0d47-4bd1-9d27-10d57acc40b8 tempest-AttachVolumeNegativeTest-187845647 tempest-AttachVolumeNegativeTest-187845647-project] Lock "1005ee0f-ec24-457d-9b36-b8a9b0504dd6" "released" by "nova.context.set_target_cell..get_or_set_cached_cell_and_set_connections" :: held 0.002s {{(pid=118091) inner /usr/local/lib/python3.8/dist-packages/oslo_concurrency/lockutils.py:400}}
Jun 20 12:23:19.323468 dv-cinder-836973-4-iscsi devstack@n-api.service[118092]: DEBUG oslo_concurrency.lockutils [None req-3d4bb95d-4629-4faa-9779-a02e587b509e tempest-ServerRescueNegativeTestJSON-1196000093 tempest-ServerRescueNegativeTestJSON-1196000093-project] Lock "1005ee0f-ec24-457d-9b36-b8a9b0504dd6" "released" by "nova.context.set_target_cell..get_or_set_cached_cell_and_set_connections" :: held 0.001s {{(pid=118092) inner /usr/local/lib/python3.8/dist-packages/oslo_concurrency/lockutils.py:400}}
Jun 20 12:23:19.323468 dv-cinder-836973-4-iscsi devstack@n-api.service[118092]: DEBUG oslo_concurrency.lockutils [None req-3d4bb95d-4629-4faa-9779-a02e587b509e tempest-ServerRescueNegativeTestJSON-1196000093 tempest-ServerRescueNegativeTestJSON-1196000093-project] Lock "1005ee0f-ec24-457d-9b36-b8a9b0504dd6" acquired by "nova.context.set_target_cell..get_or_set_cached_cell_and_set_connections" :: waited 0.000s {{(pid=118092) inner /usr/local/lib/python3.8/dist-packages/oslo_concurrency/lockutils.py:386}}
Jun 20 12:23:19.323468 dv-cinder-836973-4-iscsi devstack@n-api.service[118092]: DEBUG oslo_concurrency.lockutils [None req-3d4bb95d-4629-4faa-9779-a02e587b509e tempest-ServerRescueNegativeTestJSON-1196000093 tempest-ServerRescueNegativeTestJSON-1196000093-project] Lock "1005ee0f-ec24-457d-9b36-b8a9b0504dd6" "released" by "nova.context.set_target_cell..get_or_set_cached_cell_and_set_connections" :: held 0.001s {{(pid=118092) inner /usr/local/lib/python3.8/dist-packages/oslo_concurrency/lockutils.py:400}}
Jun 20 12:23:19.368202 dv-cinder-836973-4-iscsi devstack@n-api.service[118091]: DEBUG nova.quota [None req-dcdbb817-0d47-4bd1-9d27-10d57acc40b8 tempest-AttachVolumeNegativeTest-187845647 tempest-AttachVolumeNegativeTest-187845647-project] Getting quotas for project 2f5df9a6a9764dde96014824c7456331. Resources: {'ram', 'instances', 'cores'} {{(pid=118091) _get_quotas /opt/stack/nova/nova/quota.py:393}}
Jun 20 12:23:19.382004 dv-cinder-836973-4-iscsi devstack@n-api.service[118091]: DEBUG nova.quota [None req-dcdbb817-0d47-4bd1-9d27-10d57acc40b8 tempest-AttachVolumeNegativeTest-187845647 tempest-AttachVolumeNegativeTest-187845647-project] Getting quotas for user 787efd65008840748e98f9e46e11a1eb and project 2f5df9a6a9764dde96014824c7456331. Resources: {'ram', 'instances', 'cores'} {{(pid=118091) _get_quotas /opt/stack/nova/nova/quota.py:383}}
Jun 20 12:23:19.434559 dv-cinder-836973-4-iscsi devstack@n-api.service[118091]: DEBUG nova.compute.api [None req-dcdbb817-0d47-4bd1-9d27-10d57acc40b8 tempest-AttachVolumeNegativeTest-187845647 tempest-AttachVolumeNegativeTest-187845647-project] Going to run 1 instances... {{(pid=118091) _provision_instances /opt/stack/nova/nova/compute/api.py:1389}}
Jun 20 12:23:19.436877 dv-cinder-836973-4-iscsi devstack@n-api.service[118091]: DEBUG nova.compute.api [None req-dcdbb817-0d47-4bd1-9d27-10d57acc40b8 tempest-AttachVolumeNegativeTest-187845647 tempest-AttachVolumeNegativeTest-187845647-project] [instance: b954edf9-f964-4714-b270-e9f9ee51a80a] block_device_mapping [BlockDeviceMapping(attachment_id=,boot_index=0,connection_info=None,created_at=,delete_on_termination=True,deleted=,deleted_at=,destination_type='local',device_name=None,device_type='disk',disk_bus=None,guest_format=None,id=,image_id='c1c25756-7e31-4d84-a3f6-aba02c442309',instance=,instance_uuid=,no_device=False,snapshot_id=None,source_type='image',tag=None,updated_at=,uuid=,volume_id=None,volume_size=None,volume_type=None)] {{(pid=118091) _bdm_validate_set_size_and_instance /opt/stack/nova/nova/compute/api.py:1807}}
Jun 20 12:23:19.548072 dv-cinder-836973-4-iscsi devstack@n-api.service[118092]: DEBUG nova.policy [None req-3d4bb95d-4629-4faa-9779-a02e587b509e tempest-ServerRescueNegativeTestJSON-1196000093 tempest-ServerRescueNegativeTestJSON-1196000093-project] Policy check for os_compute_api:os-extended-server-attributes failed with credentials {'is_admin': False, 'user_id': 'ec4c5293e6a148a2a16ba4c3fc57a3a3', 'user_domain_id': 'default', 'system_scope': None, 'domain_id': None, 'project_id': 'd55e2a4f35944f65bb0d5b1382b8cafc', 'project_domain_id': 'default', 'roles': ['reader', 'member'], 'is_admin_project': True, 'service_user_id': None, 'service_user_domain_id': None, 'service_project_id': None, 'service_project_domain_id': None, 'service_roles': []} {{(pid=118092) authorize /opt/stack/nova/nova/policy.py:199}}
Jun 20 12:23:19.562516 dv-cinder-836973-4-iscsi devstack@n-api.service[118092]: INFO nova.api.openstack.requestlog [None req-3d4bb95d-4629-4faa-9779-a02e587b509e tempest-ServerRescueNegativeTestJSON-1196000093 tempest-ServerRescueNegativeTestJSON-1196000093-project] 10.222.0.64 "GET /compute/v2.1/servers/dce80a92-cf20-4b98-9d4e-3d8dd0d42d54" status: 200 len: 1292 microversion: 2.1 time: 0.257823
Jun 20 12:23:19.571452 dv-cinder-836973-4-iscsi devstack@n-api.service[118092]: [pid: 118092|app: 0|req: 23/39] 10.222.0.64 () {58 vars in 1235 bytes} [Mon Jun 20 12:23:19 2022] GET /compute/v2.1/servers/dce80a92-cf20-4b98-9d4e-3d8dd0d42d54 => generated 1292 bytes in 267 msecs (HTTP/1.1 200) 9 headers in 358 bytes (2 switches on core 0)
Jun 20 12:23:19.591505 dv-cinder-836973-4-iscsi devstack@n-api.service[118092]: DEBUG nova.api.openstack.wsgi [None req-a4e507ba-16db-4676-973c-dad24f7d1e46 tempest-VolumesTestJSON-1217709032 tempest-VolumesTestJSON-1217709032-project] Calling method '.version_select at 0x7fe2915f25e0>' {{(pid=118092) _process_stack /opt/stack/nova/nova/api/openstack/wsgi.py:513}}
Jun 20 12:23:19.757716 dv-cinder-836973-4-iscsi devstack@n-api.service[118091]: INFO nova.api.openstack.requestlog [None req-dcdbb817-0d47-4bd1-9d27-10d57acc40b8 tempest-AttachVolumeNegativeTest-187845647 tempest-AttachVolumeNegativeTest-187845647-project] 10.222.0.64 "POST /compute/v2.1/servers" status: 202 len: 402 microversion: 2.1 time: 2.048019
Jun 20 12:23:19.768816 dv-cinder-836973-4-iscsi devstack@n-api.service[118091]: [pid: 118091|app: 0|req: 17/40] 10.222.0.64 () {60 vars in 1146 bytes} [Mon Jun 20 12:23:17 2022] POST /compute/v2.1/servers => generated 402 bytes in 2066 msecs (HTTP/1.1 202) 10 headers in 451 bytes (1 switches on core 0)
Jun 20 12:23:19.799163 dv-cinder-836973-4-iscsi devstack@n-api.service[118091]: DEBUG nova.api.openstack.wsgi [None req-56144c81-67d3-455f-b9c2-90f044df6cda tempest-AttachVolumeTestJSON-413042313 tempest-AttachVolumeTestJSON-413042313-project] Calling method '>' {{(pid=118091) _process_stack /opt/stack/nova/nova/api/openstack/wsgi.py:513}}
Jun 20 12:23:19.799606 dv-cinder-836973-4-iscsi devstack@n-api.service[118091]: DEBUG nova.compute.api [None req-56144c81-67d3-455f-b9c2-90f044df6cda tempest-AttachVolumeTestJSON-413042313 tempest-AttachVolumeTestJSON-413042313-project] [instance: d4a331a3-6307-47a9-b9b8-cd94a0217c11] Fetching instance by UUID {{(pid=118091) get /opt/stack/nova/nova/compute/api.py:2920}}
Jun 20 12:23:19.875816 dv-cinder-836973-4-iscsi devstack@n-api.service[118091]: DEBUG oslo_concurrency.lockutils [None req-56144c81-67d3-455f-b9c2-90f044df6cda tempest-AttachVolumeTestJSON-413042313 tempest-AttachVolumeTestJSON-413042313-project] Lock "1005ee0f-ec24-457d-9b36-b8a9b0504dd6" acquired by "nova.context.set_target_cell..get_or_set_cached_cell_and_set_connections" :: waited 0.000s {{(pid=118091) inner /usr/local/lib/python3.8/dist-packages/oslo_concurrency/lockutils.py:386}}
