Jun 20 12:03:31.770693 dv-cinder-836973-4-iscsi devstack@keystone.service[80466]: [pid: 80466|app: 0|req: 154/320] 10.222.0.64 () {58 vars in 1023 bytes} [Mon Jun 20 12:03:31 2022] POST /identity/v3/auth/tokens => generated 799 bytes in 90 msecs (HTTP/1.1 201) 6 headers in 363 bytes (1 switches on core 0)
Jun 20 12:03:31.795437 dv-cinder-836973-4-iscsi devstack@keystone.service[80465]: DEBUG keystone.server.flask.request_processing.middleware.auth_context [None req-fcad834f-b7b9-416b-819a-d0715ae2c40b None None] Authenticating user token {{(pid=80465) process_request /usr/local/lib/python3.8/dist-packages/keystonemiddleware/auth_token/__init__.py:407}}
Jun 20 12:03:31.848425 dv-cinder-836973-4-iscsi devstack@keystone.service[80465]: DEBUG dbcounter [-] [80465] Writing DB stats keystone:SELECT=100 {{(pid=80465) stat_writer /usr/local/lib/python3.8/dist-packages/dbcounter.py:114}}
Jun 20 12:03:31.897085 dv-cinder-836973-4-iscsi devstack@keystone.service[80465]: DEBUG keystone.server.flask.request_processing.middleware.auth_context [None req-fcad834f-b7b9-416b-819a-d0715ae2c40b None None] Validating token access rules against request {{(pid=80465) validate_allowed_request /usr/local/lib/python3.8/dist-packages/keystonemiddleware/auth_token/__init__.py:545}}
Jun 20 12:03:31.931302 dv-cinder-836973-4-iscsi devstack@keystone.service[80465]: DEBUG keystone.server.flask.request_processing.middleware.auth_context [None req-7f8ac714-2e5d-44b3-b274-bae446f7f56d None admin] RBAC: auth_context: {'token': , 'domain_id': None, 'trust_id': None, 'trustor_id': None, 'trustee_id': None, 'domain_name': None, 'group_ids': [], 'user_id': 'c92fa328437c4093a3eddeda8c856c28', 'user_domain_id': 'default', 'system_scope': 'all', 'project_id': None, 'project_domain_id': None, 'roles': ['admin', 'member', 'reader'], 'is_admin_project': True, 'service_user_id': None, 'service_user_domain_id': None, 'service_project_id': None, 'service_project_domain_id': None, 'service_roles': []} {{(pid=80465) fill_context /opt/stack/keystone/keystone/server/flask/request_processing/middleware/auth_context.py:478}}
Jun 20 12:03:31.932022 dv-cinder-836973-4-iscsi devstack@keystone.service[80465]: DEBUG keystone.server.flask.request_processing.req_logging [None req-7f8ac714-2e5d-44b3-b274-bae446f7f56d None admin] REQUEST_METHOD: `GET` {{(pid=80465) log_request_info /opt/stack/keystone/keystone/server/flask/request_processing/req_logging.py:27}}
Jun 20 12:03:31.932303 dv-cinder-836973-4-iscsi devstack@keystone.service[80465]: DEBUG keystone.server.flask.request_processing.req_logging [None req-7f8ac714-2e5d-44b3-b274-bae446f7f56d None admin] SCRIPT_NAME: `/identity` {{(pid=80465) log_request_info /opt/stack/keystone/keystone/server/flask/request_processing/req_logging.py:28}}
Jun 20 12:03:31.932574 dv-cinder-836973-4-iscsi devstack@keystone.service[80465]: DEBUG keystone.server.flask.request_processing.req_logging [None req-7f8ac714-2e5d-44b3-b274-bae446f7f56d None admin] PATH_INFO: `/v3/roles/member` {{(pid=80465) log_request_info /opt/stack/keystone/keystone/server/flask/request_processing/req_logging.py:29}}
Jun 20 12:03:31.942754 dv-cinder-836973-4-iscsi devstack@keystone.service[80465]: DEBUG keystone.common.rbac_enforcer.enforcer [None req-7f8ac714-2e5d-44b3-b274-bae446f7f56d None admin] Extracting inferred target data resulted in "NOT FOUND (404)". {{(pid=80465) enforce_call /opt/stack/keystone/keystone/common/rbac_enforcer/enforcer.py:409}}
Jun 20 12:03:31.950864 dv-cinder-836973-4-iscsi devstack@keystone.service[80465]: ERROR keystone.server.flask.application [None req-7f8ac714-2e5d-44b3-b274-bae446f7f56d None admin] Could not find role: member.: keystone.exception.RoleNotFound: Could not find role: member.
Jun 20 12:03:31.950864 dv-cinder-836973-4-iscsi devstack@keystone.service[80465]: ERROR keystone.server.flask.application
Traceback (most recent call last):
Jun 20 12:03:31.950864 dv-cinder-836973-4-iscsi devstack@keystone.service[80465]: ERROR keystone.server.flask.application
File "/usr/local/lib/python3.8/dist-packages/flask/app.py", line 1523, in full_dispatch_request
Jun 20 12:03:31.950864 dv-cinder-836973-4-iscsi devstack@keystone.service[80465]: ERROR keystone.server.flask.application rv = self.dispatch_request()
Jun 20 12:03:31.950864 dv-cinder-836973-4-iscsi devstack@keystone.service[80465]: ERROR keystone.server.flask.application
File "/usr/local/lib/python3.8/dist-packages/flask/app.py", line 1509, in dispatch_request
Jun 20 12:03:31.950864 dv-cinder-836973-4-iscsi devstack@keystone.service[80465]: ERROR keystone.server.flask.application return self.ensure_sync(self.view_functions[rule.endpoint])(**req.view_args)
Jun 20 12:03:31.950864 dv-cinder-836973-4-iscsi devstack@keystone.service[80465]: ERROR keystone.server.flask.application
File "/usr/local/lib/python3.8/dist-packages/flask_restful/__init__.py", line 467, in wrapper
Jun 20 12:03:31.950864 dv-cinder-836973-4-iscsi devstack@keystone.service[80465]: ERROR keystone.server.flask.application resp = resource(*args, **kwargs)
Jun 20 12:03:31.950864 dv-cinder-836973-4-iscsi devstack@keystone.service[80465]: ERROR keystone.server.flask.application
File "/usr/local/lib/python3.8/dist-packages/flask/views.py", line 84, in view
Jun 20 12:03:31.950864 dv-cinder-836973-4-iscsi devstack@keystone.service[80465]: ERROR keystone.server.flask.application return current_app.ensure_sync(self.dispatch_request)(*args, **kwargs)
Jun 20 12:03:31.950864 dv-cinder-836973-4-iscsi devstack@keystone.service[80465]: ERROR keystone.server.flask.application
File "/usr/local/lib/python3.8/dist-packages/flask_restful/__init__.py", line 582, in dispatch_request
Jun 20 12:03:31.950864 dv-cinder-836973-4-iscsi devstack@keystone.service[80465]: ERROR keystone.server.flask.application resp = meth(*args, **kwargs)
Jun 20 12:03:31.950864 dv-cinder-836973-4-iscsi devstack@keystone.service[80465]: ERROR keystone.server.flask.application
File "/opt/stack/keystone/keystone/api/roles.py", line 50, in get
Jun 20 12:03:31.950864 dv-cinder-836973-4-iscsi devstack@keystone.service[80465]: ERROR keystone.server.flask.application return self._get_role(role_id)
Jun 20 12:03:31.950864 dv-cinder-836973-4-iscsi devstack@keystone.service[80465]: ERROR keystone.server.flask.application
File "/opt/stack/keystone/keystone/api/roles.py", line 70, in _get_role
Jun 20 12:03:31.950864 dv-cinder-836973-4-iscsi devstack@keystone.service[80465]: ERROR keystone.server.flask.application ENFORCER.enforce_call(action='identity:get_role')
Jun 20 12:03:31.951760 dv-cinder-836973-4-iscsi devstack@keystone.service[80465]: ERROR keystone.server.flask.application
File "/opt/stack/keystone/keystone/common/rbac_enforcer/enforcer.py", line 402, in enforce_call
Jun 20 12:03:31.951760 dv-cinder-836973-4-iscsi devstack@keystone.service[80465]: ERROR keystone.server.flask.application policy_dict.update(cls._extract_member_target_data(
Jun 20 12:03:31.951760 dv-cinder-836973-4-iscsi devstack@keystone.service[80465]: ERROR keystone.server.flask.application
File "/opt/stack/keystone/keystone/common/rbac_enforcer/enforcer.py", line 234, in _extract_member_target_data
Jun 20 12:03:31.951760 dv-cinder-836973-4-iscsi devstack@keystone.service[80465]: ERROR keystone.server.flask.application member_name: func(flask.request.view_args[key])
Jun 20 12:03:31.951760 dv-cinder-836973-4-iscsi devstack@keystone.service[80465]: ERROR keystone.server.flask.application
File "/opt/stack/keystone/keystone/common/manager.py", line 115, in wrapped
Jun 20 12:03:31.951760 dv-cinder-836973-4-iscsi devstack@keystone.service[80465]: ERROR keystone.server.flask.application __ret_val = __f(*args, **kwargs)
Jun 20 12:03:31.951760 dv-cinder-836973-4-iscsi devstack@keystone.service[80465]: ERROR keystone.server.flask.application
File "/usr/local/lib/python3.8/dist-packages/decorator.py", line 232, in fun
Jun 20 12:03:31.951760 dv-cinder-836973-4-iscsi devstack@keystone.service[80465]: ERROR keystone.server.flask.application return caller(func, *(extras + args), **kw)
Jun 20 12:03:31.951760 dv-cinder-836973-4-iscsi devstack@keystone.service[80465]: ERROR keystone.server.flask.application
File "/usr/local/lib/python3.8/dist-packages/dogpile/cache/region.py", line 1577, in get_or_create_for_user_func
Jun 20 12:03:31.951760 dv-cinder-836973-4-iscsi devstack@keystone.service[80465]: ERROR keystone.server.flask.application return self.get_or_create(
Jun 20 12:03:31.951760 dv-cinder-836973-4-iscsi devstack@keystone.service[80465]: ERROR keystone.server.flask.application
File "/usr/local/lib/python3.8/dist-packages/dogpile/cache/region.py", line 1042, in get_or_create
Jun 20 12:03:31.951760 dv-cinder-836973-4-iscsi devstack@keystone.service[80465]: ERROR keystone.server.flask.application with Lock(
Jun 20 12:03:31.951760 dv-cinder-836973-4-iscsi devstack@keystone.service[80465]: ERROR keystone.server.flask.application
File "/usr/local/lib/python3.8/dist-packages/dogpile/lock.py", line 185, in __enter__
Jun 20 12:03:31.951760 dv-cinder-836973-4-iscsi devstack@keystone.service[80465]: ERROR keystone.server.flask.application return self._enter()
Jun 20 12:03:31.951760 dv-cinder-836973-4-iscsi devstack@keystone.service[80465]: ERROR keystone.server.flask.application
File "/usr/local/lib/python3.8/dist-packages/dogpile/lock.py", line 94, in _enter
Jun 20 12:03:31.951760 dv-cinder-836973-4-iscsi devstack@keystone.service[80465]: ERROR keystone.server.flask.application generated = self._enter_create(value, createdtime)
Jun 20 12:03:31.952615 dv-cinder-836973-4-iscsi devstack@keystone.service[80465]: ERROR keystone.server.flask.application
File "/usr/local/lib/python3.8/dist-packages/dogpile/lock.py", line 178, in _enter_create
Jun 20 12:03:31.952615 dv-cinder-836973-4-iscsi devstack@keystone.service[80465]: ERROR keystone.server.flask.application return self.creator()
Jun 20 12:03:31.952615 dv-cinder-836973-4-iscsi devstack@keystone.service[80465]: ERROR keystone.server.flask.application
File "/usr/local/lib/python3.8/dist-packages/dogpile/cache/region.py", line 995, in gen_value
Jun 20 12:03:31.952615 dv-cinder-836973-4-iscsi devstack@keystone.service[80465]: ERROR keystone.server.flask.application created_value = creator(
Jun 20 12:03:31.952615 dv-cinder-836973-4-iscsi devstack@keystone.service[80465]: ERROR keystone.server.flask.application
File "/opt/stack/keystone/keystone/assignment/core.py", line 1276, in get_role
Jun 20 12:03:31.952615 dv-cinder-836973-4-iscsi devstack@keystone.service[80465]: ERROR keystone.server.flask.application return self.driver.get_role(role_id)
Jun 20 12:03:31.952615 dv-cinder-836973-4-iscsi devstack@keystone.service[80465]: ERROR keystone.server.flask.application
File "/opt/stack/keystone/keystone/assignment/role_backends/sql.py", line 70, in get_role
Jun 20 12:03:31.952615 dv-cinder-836973-4-iscsi devstack@keystone.service[80465]: ERROR keystone.server.flask.application return self._get_role(session, role_id).to_dict()
Jun 20 12:03:31.952615 dv-cinder-836973-4-iscsi devstack@keystone.service[80465]: ERROR keystone.server.flask.application
File "/opt/stack/keystone/keystone/assignment/role_backends/sql.py", line 65, in _get_role
Jun 20 12:03:31.952615 dv-cinder-836973-4-iscsi devstack@keystone.service[80465]: ERROR keystone.server.flask.application raise exception.RoleNotFound(role_id=role_id)
Jun 20 12:03:31.952615 dv-cinder-836973-4-iscsi devstack@keystone.service[80465]: ERROR keystone.server.flask.application keystone.exception.RoleNotFound: Could not find role: member.
Jun 20 12:03:31.952615 dv-cinder-836973-4-iscsi devstack@keystone.service[80465]: ERROR keystone.server.flask.application
Jun 20 12:03:31.952615 dv-cinder-836973-4-iscsi devstack@keystone.service[80465]: [pid: 80465|app: 0|req: 167/321] 10.222.0.64 () {56 vars in 1099 bytes} [Mon Jun 20 12:03:31 2022] GET /identity/v3/roles/member => generated 84 bytes in 157 msecs (HTTP/1.1 404) 5 headers in 183 bytes (1 switches on core 0)
Jun 20 12:03:31.959113 dv-cinder-836973-4-iscsi devstack@keystone.service[80466]: DEBUG keystone.server.flask.request_processing.middleware.auth_context [None req-58000c6d-06e4-40d0-a8a5-ef5b7b9f78ea None None] Authenticating user token {{(pid=80466) process_request /usr/local/lib/python3.8/dist-packages/keystonemiddleware/auth_token/__init__.py:407}}
Jun 20 12:03:32.005004 dv-cinder-836973-4-iscsi devstack@keystone.service[80465]: DEBUG keystone.server.flask.request_processing.req_logging [None req-7c5b1d65-ba1d-4710-a6d0-5f27ff49f49c None None] REQUEST_METHOD: `GET` {{(pid=80465) log_request_info /opt/stack/keystone/keystone/server/flask/request_processing/req_logging.py:27}}
Jun 20 12:03:32.005299 dv-cinder-836973-4-iscsi devstack@keystone.service[80465]: DEBUG keystone.server.flask.request_processing.req_logging [None req-7c5b1d65-ba1d-4710-a6d0-5f27ff49f49c None None] SCRIPT_NAME: `/identity` {{(pid=80465) log_request_info /opt/stack/keystone/keystone/server/flask/request_processing/req_logging.py:28}}
Jun 20 12:03:32.005580 dv-cinder-836973-4-iscsi devstack@keystone.service[80465]: DEBUG keystone.server.flask.request_processing.req_logging [None req-7c5b1d65-ba1d-4710-a6d0-5f27ff49f49c None None] PATH_INFO: `/` {{(pid=80465) log_request_info /opt/stack/keystone/keystone/server/flask/request_processing/req_logging.py:29}}
Jun 20 12:03:32.007120 dv-cinder-836973-4-iscsi devstack@keystone.service[80465]: [pid: 80465|app: 0|req: 168/322] 10.222.0.64 () {54 vars in 926 bytes} [Mon Jun 20 12:03:32 2022] GET /identity => generated 270 bytes in 3 msecs (HTTP/1.1 300) 6 headers in 234 bytes (1 switches on core 0)
Jun 20 12:03:32.011893 dv-cinder-836973-4-iscsi devstack@keystone.service[80465]: DEBUG keystone.server.flask.request_processing.req_logging [None req-ef63f146-7d3d-4afe-a0c9-536007ea1a28 None None] REQUEST_METHOD: `POST` {{(pid=80465) log_request_info /opt/stack/keystone/keystone/server/flask/request_processing/req_logging.py:27}}
Jun 20 12:03:32.012189 dv-cinder-836973-4-iscsi devstack@keystone.service[80465]: DEBUG keystone.server.flask.request_processing.req_logging [None req-ef63f146-7d3d-4afe-a0c9-536007ea1a28 None None] SCRIPT_NAME: `/identity` {{(pid=80465) log_request_info /opt/stack/keystone/keystone/server/flask/request_processing/req_logging.py:28}}
Jun 20 12:03:32.012570 dv-cinder-836973-4-iscsi devstack@keystone.service[80465]: DEBUG keystone.server.flask.request_processing.req_logging [None req-ef63f146-7d3d-4afe-a0c9-536007ea1a28 None None] PATH_INFO: `/v3/auth/tokens` {{(pid=80465) log_request_info /opt/stack/keystone/keystone/server/flask/request_processing/req_logging.py:29}}
Jun 20 12:03:32.030377 dv-cinder-836973-4-iscsi devstack@keystone.service[80465]: DEBUG keystone.auth.core [None req-ef63f146-7d3d-4afe-a0c9-536007ea1a28 None None] MFA Rules not processed for user `c92fa328437c4093a3eddeda8c856c28`. Rule list: `[]` (Enabled: `True`). {{(pid=80465) check_auth_methods_against_rules /opt/stack/keystone/keystone/auth/core.py:438}}
Jun 20 12:03:32.031586 dv-cinder-836973-4-iscsi devstack@keystone.service[80465]: DEBUG keystone.common.fernet_utils [None req-ef63f146-7d3d-4afe-a0c9-536007ea1a28 None None] Loaded 2 Fernet keys from /etc/keystone/fernet-keys/, but `[fernet_tokens] max_active_keys = 3`; perhaps there have not been enough key rotations to reach `max_active_keys` yet? {{(pid=80465) load_keys /opt/stack/keystone/keystone/common/fernet_utils.py:286}}
Jun 20 12:03:32.064464 dv-cinder-836973-4-iscsi devstack@keystone.service[80466]: DEBUG keystone.server.flask.request_processing.middleware.auth_context [None req-58000c6d-06e4-40d0-a8a5-ef5b7b9f78ea None None] Validating token access rules against request {{(pid=80466) validate_allowed_request /usr/local/lib/python3.8/dist-packages/keystonemiddleware/auth_token/__init__.py:545}}
Jun 20 12:03:32.110149 dv-cinder-836973-4-iscsi devstack@keystone.service[80465]: [pid: 80465|app: 0|req: 169/323] 10.222.0.64 () {58 vars in 1023 bytes} [Mon Jun 20 12:03:32 2022] POST /identity/v3/auth/tokens => generated 799 bytes in 99 msecs (HTTP/1.1 201) 6 headers in 363 bytes (2 switches on core 0)
Jun 20 12:03:32.114004 dv-cinder-836973-4-iscsi devstack@keystone.service[80466]: DEBUG keystone.server.flask.request_processing.middleware.auth_context [None req-9ec67b07-14a5-4660-a662-6146b1b11888 None admin] RBAC: auth_context: {'token': , 'domain_id': None, 'trust_id': None, 'trustor_id': None, 'trustee_id': None, 'domain_name': None, 'group_ids': [], 'user_id': 'c92fa328437c4093a3eddeda8c856c28', 'user_domain_id': 'default', 'system_scope': 'all', 'project_id': None, 'project_domain_id': None, 'roles': ['admin', 'member', 'reader'], 'is_admin_project': True, 'service_user_id': None, 'service_user_domain_id': None, 'service_project_id': None, 'service_project_domain_id': None, 'service_roles': []} {{(pid=80466) fill_context /opt/stack/keystone/keystone/server/flask/request_processing/middleware/auth_context.py:478}}
Jun 20 12:03:32.114679 dv-cinder-836973-4-iscsi devstack@keystone.service[80466]: DEBUG keystone.server.flask.request_processing.req_logging [None req-9ec67b07-14a5-4660-a662-6146b1b11888 None admin] REQUEST_METHOD: `GET` {{(pid=80466) log_request_info /opt/stack/keystone/keystone/server/flask/request_processing/req_logging.py:27}}
Jun 20 12:03:32.114961 dv-cinder-836973-4-iscsi devstack@keystone.service[80466]: DEBUG keystone.server.flask.request_processing.req_logging [None req-9ec67b07-14a5-4660-a662-6146b1b11888 None admin] SCRIPT_NAME: `/identity` {{(pid=80466) log_request_info /opt/stack/keystone/keystone/server/flask/request_processing/req_logging.py:28}}
Jun 20 12:03:32.115236 dv-cinder-836973-4-iscsi devstack@keystone.service[80466]: DEBUG keystone.server.flask.request_processing.req_logging [None req-9ec67b07-14a5-4660-a662-6146b1b11888 None admin] PATH_INFO: `/v3/roles` {{(pid=80466) log_request_info /opt/stack/keystone/keystone/server/flask/request_processing/req_logging.py:29}}
Jun 20 12:03:32.115988 dv-cinder-836973-4-iscsi devstack@keystone.service[80466]: DEBUG keystone.common.rbac_enforcer.enforcer [None req-9ec67b07-14a5-4660-a662-6146b1b11888 None admin] RBAC: Adding query filter params (name=member) {{(pid=80466) _extract_filter_values /opt/stack/keystone/keystone/common/rbac_enforcer/enforcer.py:167}}
Jun 20 12:03:32.116295 dv-cinder-836973-4-iscsi devstack@keystone.service[80466]: DEBUG keystone.common.rbac_enforcer.enforcer [None req-9ec67b07-14a5-4660-a662-6146b1b11888 None admin] RBAC: Authorizing `identity:list_roles()` {{(pid=80466) enforce_call /opt/stack/keystone/keystone/common/rbac_enforcer/enforcer.py:449}}
Jun 20 12:03:32.117693 dv-cinder-836973-4-iscsi devstack@keystone.service[80466]: DEBUG keystone.common.rbac_enforcer.enforcer [None req-9ec67b07-14a5-4660-a662-6146b1b11888 None admin] RBAC: Authorization granted {{(pid=80466) enforce_call /opt/stack/keystone/keystone/common/rbac_enforcer/enforcer.py:457}}
Jun 20 12:03:32.123404 dv-cinder-836973-4-iscsi devstack@keystone.service[80466]: DEBUG dbcounter [-] [80466] Writing DB stats keystone:SELECT=100 {{(pid=80466) stat_writer /usr/local/lib/python3.8/dist-packages/dbcounter.py:114}}
Jun 20 12:03:32.127673 dv-cinder-836973-4-iscsi devstack@keystone.service[80466]: [pid: 80466|app: 0|req: 155/324] 10.222.0.64 () {56 vars in 1101 bytes} [Mon Jun 20 12:03:31 2022] GET /identity/v3/roles?name=member => generated 341 bytes in 169 msecs (HTTP/1.1 200) 5 headers in 177 bytes (2 switches on core 0)
Jun 20 12:03:32.132816 dv-cinder-836973-4-iscsi devstack@keystone.service[80465]: DEBUG keystone.server.flask.request_processing.middleware.auth_context [None req-ef63f146-7d3d-4afe-a0c9-536007ea1a28 None None] Authenticating user token {{(pid=80465) process_request /usr/local/lib/python3.8/dist-packages/keystonemiddleware/auth_token/__init__.py:407}}
Jun 20 12:03:32.132941 dv-cinder-836973-4-iscsi devstack@keystone.service[80466]: DEBUG keystone.server.flask.request_processing.middleware.auth_context [None req-9ec67b07-14a5-4660-a662-6146b1b11888 None admin] Authenticating user token {{(pid=80466) process_request /usr/local/lib/python3.8/dist-packages/keystonemiddleware/auth_token/__init__.py:407}}
Jun 20 12:03:32.215441 dv-cinder-836973-4-iscsi devstack@keystone.service[80465]: DEBUG dbcounter [-] [80465] Writing DB stats keystone:SELECT=100 {{(pid=80465) stat_writer /usr/local/lib/python3.8/dist-packages/dbcounter.py:114}}
Jun 20 12:03:32.273542 dv-cinder-836973-4-iscsi devstack@keystone.service[80466]: DEBUG keystone.server.flask.request_processing.middleware.auth_context [None req-9ec67b07-14a5-4660-a662-6146b1b11888 None admin] Validating token access rules against request {{(pid=80466) validate_allowed_request /usr/local/lib/python3.8/dist-packages/keystonemiddleware/auth_token/__init__.py:545}}
Jun 20 12:03:32.273926 dv-cinder-836973-4-iscsi devstack@keystone.service[80465]: DEBUG keystone.server.flask.request_processing.middleware.auth_context [None req-ef63f146-7d3d-4afe-a0c9-536007ea1a28 None None] Validating token access rules against request {{(pid=80465) validate_allowed_request /usr/local/lib/python3.8/dist-packages/keystonemiddleware/auth_token/__init__.py:545}}
Jun 20 12:03:32.309044 dv-cinder-836973-4-iscsi devstack@keystone.service[80466]: DEBUG keystone.server.flask.request_processing.middleware.auth_context [None req-56ac8d1e-1a82-459e-8f23-9a430fac63d4 None admin] RBAC: auth_context: {'token': , 'domain_id': None, 'trust_id': None, 'trustor_id': None, 'trustee_id': None, 'domain_name': None, 'group_ids': [], 'user_id': 'c92fa328437c4093a3eddeda8c856c28', 'user_domain_id': 'default', 'system_scope': 'all', 'project_id': None, 'project_domain_id': None, 'roles': ['admin', 'member', 'reader'], 'is_admin_project': True, 'service_user_id': None, 'service_user_domain_id': None, 'service_project_id': None, 'service_project_domain_id': None, 'service_roles': []} {{(pid=80466) fill_context /opt/stack/keystone/keystone/server/flask/request_processing/middleware/auth_context.py:478}}
Jun 20 12:03:32.309425 dv-cinder-836973-4-iscsi devstack@keystone.service[80465]: DEBUG keystone.server.flask.request_processing.middleware.auth_context [None req-90ec943e-9bc7-408b-aa82-b0ccd0d2c8dc None admin] RBAC: auth_context: {'token': , 'domain_id': None, 'trust_id': None, 'trustor_id': None, 'trustee_id': None, 'domain_name': None, 'group_ids': [], 'user_id': 'c92fa328437c4093a3eddeda8c856c28', 'user_domain_id': 'default', 'system_scope': 'all', 'project_id': None, 'project_domain_id': None, 'roles': ['admin', 'member', 'reader'], 'is_admin_project': True, 'service_user_id': None, 'service_user_domain_id': None, 'service_project_id': None, 'service_project_domain_id': None, 'service_roles': []} {{(pid=80465) fill_context /opt/stack/keystone/keystone/server/flask/request_processing/middleware/auth_context.py:478}}
Jun 20 12:03:32.309884 dv-cinder-836973-4-iscsi devstack@keystone.service[80466]: DEBUG keystone.server.flask.request_processing.req_logging [None req-56ac8d1e-1a82-459e-8f23-9a430fac63d4 None admin] REQUEST_METHOD: `GET` {{(pid=80466) log_request_info /opt/stack/keystone/keystone/server/flask/request_processing/req_logging.py:27}}
Jun 20 12:03:32.310170 dv-cinder-836973-4-iscsi devstack@keystone.service[80466]: DEBUG keystone.server.flask.request_processing.req_logging [None req-56ac8d1e-1a82-459e-8f23-9a430fac63d4 None admin] SCRIPT_NAME: `/identity` {{(pid=80466) log_request_info /opt/stack/keystone/keystone/server/flask/request_processing/req_logging.py:28}}
Jun 20 12:03:32.310266 dv-cinder-836973-4-iscsi devstack@keystone.service[80465]: DEBUG keystone.server.flask.request_processing.req_logging [None req-90ec943e-9bc7-408b-aa82-b0ccd0d2c8dc None admin] REQUEST_METHOD: `GET` {{(pid=80465) log_request_info /opt/stack/keystone/keystone/server/flask/request_processing/req_logging.py:27}}
Jun 20 12:03:32.310444 dv-cinder-836973-4-iscsi devstack@keystone.service[80466]: DEBUG keystone.server.flask.request_processing.req_logging [None req-56ac8d1e-1a82-459e-8f23-9a430fac63d4 None admin] PATH_INFO: `/v3/users/dcc5edb3d2dd4b64b0e397aebfc00458` {{(pid=80466) log_request_info /opt/stack/keystone/keystone/server/flask/request_processing/req_logging.py:29}}
Jun 20 12:03:32.310537 dv-cinder-836973-4-iscsi devstack@keystone.service[80465]: DEBUG keystone.server.flask.request_processing.req_logging [None req-90ec943e-9bc7-408b-aa82-b0ccd0d2c8dc None admin] SCRIPT_NAME: `/identity` {{(pid=80465) log_request_info /opt/stack/keystone/keystone/server/flask/request_processing/req_logging.py:28}}
Jun 20 12:03:32.310789 dv-cinder-836973-4-iscsi devstack@keystone.service[80465]: DEBUG keystone.server.flask.request_processing.req_logging [None req-90ec943e-9bc7-408b-aa82-b0ccd0d2c8dc None admin] PATH_INFO: `/v3/domains/default` {{(pid=80465) log_request_info /opt/stack/keystone/keystone/server/flask/request_processing/req_logging.py:29}}
Jun 20 12:03:32.311639 dv-cinder-836973-4-iscsi devstack@keystone.service[80466]: DEBUG keystone.common.rbac_enforcer.enforcer [None req-56ac8d1e-1a82-459e-8f23-9a430fac63d4 None admin] RBAC: Authorizing `identity:get_user(user_id=dcc5edb3d2dd4b64b0e397aebfc00458)` {{(pid=80466) enforce_call /opt/stack/keystone/keystone/common/rbac_enforcer/enforcer.py:449}}
Jun 20 12:03:32.311961 dv-cinder-836973-4-iscsi devstack@keystone.service[80465]: DEBUG keystone.common.rbac_enforcer.enforcer [None req-90ec943e-9bc7-408b-aa82-b0ccd0d2c8dc None admin] RBAC: Authorizing `identity:get_domain(domain_id=default)` {{(pid=80465) enforce_call /opt/stack/keystone/keystone/common/rbac_enforcer/enforcer.py:449}}
Jun 20 12:03:32.313156 dv-cinder-836973-4-iscsi devstack@keystone.service[80466]: DEBUG keystone.common.rbac_enforcer.enforcer [None req-56ac8d1e-1a82-459e-8f23-9a430fac63d4 None admin] RBAC: Authorization granted {{(pid=80466) enforce_call /opt/stack/keystone/keystone/common/rbac_enforcer/enforcer.py:457}}
Jun 20 12:03:32.313408 dv-cinder-836973-4-iscsi devstack@keystone.service[80465]: DEBUG keystone.common.rbac_enforcer.enforcer [None req-90ec943e-9bc7-408b-aa82-b0ccd0d2c8dc None admin] RBAC: Authorization granted {{(pid=80465) enforce_call /opt/stack/keystone/keystone/common/rbac_enforcer/enforcer.py:457}}
Jun 20 12:03:32.314825 dv-cinder-836973-4-iscsi devstack@keystone.service[80466]: [pid: 80466|app: 0|req: 156/325] 10.222.0.64 () {56 vars in 1177 bytes} [Mon Jun 20 12:03:32 2022] GET /identity/v3/users/dcc5edb3d2dd4b64b0e397aebfc00458 => generated 293 bytes in 182 msecs (HTTP/1.1 200) 5 headers in 177 bytes (2 switches on core 0)
Jun 20 12:03:32.319626 dv-cinder-836973-4-iscsi devstack@keystone.service[80465]: [pid: 80465|app: 0|req: 170/326] 10.222.0.64 () {56 vars in 1108 bytes} [Mon Jun 20 12:03:32 2022] GET /identity/v3/domains/default => generated 199 bytes in 183 msecs (HTTP/1.1 200) 5 headers in 177 bytes (1 switches on core 0)
Jun 20 12:03:32.320430 dv-cinder-836973-4-iscsi devstack@keystone.service[80466]: DEBUG keystone.server.flask.request_processing.middleware.auth_context [None req-56ac8d1e-1a82-459e-8f23-9a430fac63d4 None admin] Authenticating user token {{(pid=80466) process_request /usr/local/lib/python3.8/dist-packages/keystonemiddleware/auth_token/__init__.py:407}}
Jun 20 12:03:32.320532 dv-cinder-836973-4-iscsi devstack@keystone.service[80465]: DEBUG keystone.server.flask.request_processing.middleware.auth_context [None req-90ec943e-9bc7-408b-aa82-b0ccd0d2c8dc None admin] Authenticating user token {{(pid=80465) process_request /usr/local/lib/python3.8/dist-packages/keystonemiddleware/auth_token/__init__.py:407}}
Jun 20 12:03:32.394638 dv-cinder-836973-4-iscsi devstack@keystone.service[80466]: DEBUG dbcounter [-] [80466] Writing DB stats keystone:SELECT=100 {{(pid=80466) stat_writer /usr/local/lib/python3.8/dist-packages/dbcounter.py:114}}
Jun 20 12:03:32.427690 dv-cinder-836973-4-iscsi devstack@keystone.service[80465]: DEBUG keystone.server.flask.request_processing.middleware.auth_context [None req-90ec943e-9bc7-408b-aa82-b0ccd0d2c8dc None admin] Validating token access rules against request {{(pid=80465) validate_allowed_request /usr/local/lib/python3.8/dist-packages/keystonemiddleware/auth_token/__init__.py:545}}
Jun 20 12:03:32.431958 dv-cinder-836973-4-iscsi devstack@keystone.service[80466]: DEBUG keystone.server.flask.request_processing.middleware.auth_context [None req-56ac8d1e-1a82-459e-8f23-9a430fac63d4 None admin] Validating token access rules against request {{(pid=80466) validate_allowed_request /usr/local/lib/python3.8/dist-packages/keystonemiddleware/auth_token/__init__.py:545}}
Jun 20 12:03:32.440100 dv-cinder-836973-4-iscsi devstack@keystone.service[80465]: DEBUG dbcounter [-] [80465] Writing DB stats keystone:SELECT=100 {{(pid=80465) stat_writer /usr/local/lib/python3.8/dist-packages/dbcounter.py:114}}
Jun 20 12:03:32.466142 dv-cinder-836973-4-iscsi devstack@keystone.service[80465]: DEBUG keystone.server.flask.request_processing.middleware.auth_context [None req-3edc6c47-9a4d-4659-9d42-33d7cce06234 None admin] RBAC: auth_context: {'token': , 'domain_id': None, 'trust_id': None, 'trustor_id': None, 'trustee_id': None, 'domain_name': None, 'group_ids': [], 'user_id': 'c92fa328437c4093a3eddeda8c856c28', 'user_domain_id': 'default', 'system_scope': 'all', 'project_id': None, 'project_domain_id': None, 'roles': ['admin', 'member', 'reader'], 'is_admin_project': True, 'service_user_id': None, 'service_user_domain_id': None, 'service_project_id': None, 'service_project_domain_id': None, 'service_roles': []} {{(pid=80465) fill_context /opt/stack/keystone/keystone/server/flask/request_processing/middleware/auth_context.py:478}}
Jun 20 12:03:32.466742 dv-cinder-836973-4-iscsi devstack@keystone.service[80465]: DEBUG keystone.server.flask.request_processing.req_logging [None req-3edc6c47-9a4d-4659-9d42-33d7cce06234 None admin] REQUEST_METHOD: `POST` {{(pid=80465) log_request_info /opt/stack/keystone/keystone/server/flask/request_processing/req_logging.py:27}}
Jun 20 12:03:32.467022 dv-cinder-836973-4-iscsi devstack@keystone.service[80465]: DEBUG keystone.server.flask.request_processing.req_logging [None req-3edc6c47-9a4d-4659-9d42-33d7cce06234 None admin] SCRIPT_NAME: `/identity` {{(pid=80465) log_request_info /opt/stack/keystone/keystone/server/flask/request_processing/req_logging.py:28}}
Jun 20 12:03:32.467295 dv-cinder-836973-4-iscsi devstack@keystone.service[80465]: DEBUG keystone.server.flask.request_processing.req_logging [None req-3edc6c47-9a4d-4659-9d42-33d7cce06234 None admin] PATH_INFO: `/v3/groups` {{(pid=80465) log_request_info /opt/stack/keystone/keystone/server/flask/request_processing/req_logging.py:29}}
Jun 20 12:03:32.467981 dv-cinder-836973-4-iscsi devstack@keystone.service[80465]: DEBUG keystone.common.rbac_enforcer.enforcer [None req-3edc6c47-9a4d-4659-9d42-33d7cce06234 None admin] RBAC: Authorizing `identity:create_group()` {{(pid=80465) enforce_call /opt/stack/keystone/keystone/common/rbac_enforcer/enforcer.py:449}}
Jun 20 12:03:32.469472 dv-cinder-836973-4-iscsi devstack@keystone.service[80465]: DEBUG keystone.common.rbac_enforcer.enforcer [None req-3edc6c47-9a4d-4659-9d42-33d7cce06234 None admin] RBAC: Authorization granted {{(pid=80465) enforce_call /opt/stack/keystone/keystone/common/rbac_enforcer/enforcer.py:457}}
Jun 20 12:03:32.479500 dv-cinder-836973-4-iscsi devstack@keystone.service[80466]: DEBUG keystone.server.flask.request_processing.middleware.auth_context [None req-13eaea92-18d2-4151-8706-4e90067993b9 None admin] RBAC: auth_context: {'token': , 'domain_id': None, 'trust_id': None, 'trustor_id': None, 'trustee_id': None, 'domain_name': None, 'group_ids': [], 'user_id': 'c92fa328437c4093a3eddeda8c856c28', 'user_domain_id': 'default', 'system_scope': 'all', 'project_id': None, 'project_domain_id': None, 'roles': ['admin', 'member', 'reader'], 'is_admin_project': True, 'service_user_id': None, 'service_user_domain_id': None, 'service_project_id': None, 'service_project_domain_id': None, 'service_roles': []} {{(pid=80466) fill_context /opt/stack/keystone/keystone/server/flask/request_processing/middleware/auth_context.py:478}}
Jun 20 12:03:32.480188 dv-cinder-836973-4-iscsi devstack@keystone.service[80466]: DEBUG keystone.server.flask.request_processing.req_logging [None req-13eaea92-18d2-4151-8706-4e90067993b9 None admin] REQUEST_METHOD: `GET` {{(pid=80466) log_request_info /opt/stack/keystone/keystone/server/flask/request_processing/req_logging.py:27}}
Jun 20 12:03:32.482398 dv-cinder-836973-4-iscsi devstack@keystone.service[80466]: DEBUG keystone.server.flask.request_processing.req_logging [None req-13eaea92-18d2-4151-8706-4e90067993b9 None admin] SCRIPT_NAME: `/identity` {{(pid=80466) log_request_info /opt/stack/keystone/keystone/server/flask/request_processing/req_logging.py:28}}
Jun 20 12:03:32.482398 dv-cinder-836973-4-iscsi devstack@keystone.service[80466]: DEBUG keystone.server.flask.request_processing.req_logging [None req-13eaea92-18d2-4151-8706-4e90067993b9 None admin] PATH_INFO: `/v3/role_assignments` {{(pid=80466) log_request_info /opt/stack/keystone/keystone/server/flask/request_processing/req_logging.py:29}}
Jun 20 12:03:32.482398 dv-cinder-836973-4-iscsi devstack@keystone.service[80466]: DEBUG keystone.common.rbac_enforcer.enforcer [None req-13eaea92-18d2-4151-8706-4e90067993b9 None admin] RBAC: Adding query filter params (role.id=dee54d96dbc846328f01f51027d2178f, user.id=dcc5edb3d2dd4b64b0e397aebfc00458, scope.system=all) {{(pid=80466) _extract_filter_values /opt/stack/keystone/keystone/common/rbac_enforcer/enforcer.py:167}}
Jun 20 12:03:32.482618 dv-cinder-836973-4-iscsi devstack@keystone.service[80466]: DEBUG keystone.common.rbac_enforcer.enforcer [None req-13eaea92-18d2-4151-8706-4e90067993b9 None admin] RBAC: Authorizing `identity:list_role_assignments()` {{(pid=80466) enforce_call /opt/stack/keystone/keystone/common/rbac_enforcer/enforcer.py:449}}
Jun 20 12:03:32.484035 dv-cinder-836973-4-iscsi devstack@keystone.service[80466]: DEBUG keystone.common.rbac_enforcer.enforcer [None req-13eaea92-18d2-4151-8706-4e90067993b9 None admin] RBAC: Authorization granted {{(pid=80466) enforce_call /opt/stack/keystone/keystone/common/rbac_enforcer/enforcer.py:457}}
Jun 20 12:03:32.496189 dv-cinder-836973-4-iscsi devstack@keystone.service[80466]: [pid: 80466|app: 0|req: 157/327] 10.222.0.64 () {56 vars in 1308 bytes} [Mon Jun 20 12:03:32 2022] GET /identity/v3/role_assignments?user.id=dcc5edb3d2dd4b64b0e397aebfc00458&scope.system=all&role.id=dee54d96dbc846328f01f51027d2178f => generated 510 bytes in 176 msecs (HTTP/1.1 200) 5 headers in 177 bytes (1 switches on core 0)
Jun 20 12:03:32.536303 dv-cinder-836973-4-iscsi devstack@keystone.service[80466]: DEBUG keystone.server.flask.request_processing.req_logging [None req-d089968d-227f-4119-a47c-80e9896e6f93 None None] REQUEST_METHOD: `GET` {{(pid=80466) log_request_info /opt/stack/keystone/keystone/server/flask/request_processing/req_logging.py:27}}
Jun 20 12:03:32.536577 dv-cinder-836973-4-iscsi devstack@keystone.service[80466]: DEBUG keystone.server.flask.request_processing.req_logging [None req-d089968d-227f-4119-a47c-80e9896e6f93 None None] SCRIPT_NAME: `/identity` {{(pid=80466) log_request_info /opt/stack/keystone/keystone/server/flask/request_processing/req_logging.py:28}}
Jun 20 12:03:32.536853 dv-cinder-836973-4-iscsi devstack@keystone.service[80466]: DEBUG keystone.server.flask.request_processing.req_logging [None req-d089968d-227f-4119-a47c-80e9896e6f93 None None] PATH_INFO: `/` {{(pid=80466) log_request_info /opt/stack/keystone/keystone/server/flask/request_processing/req_logging.py:29}}
Jun 20 12:03:32.538272 dv-cinder-836973-4-iscsi devstack@keystone.service[80466]: [pid: 80466|app: 0|req: 158/328] 10.222.0.64 () {54 vars in 926 bytes} [Mon Jun 20 12:03:32 2022] GET /identity => generated 270 bytes in 3 msecs (HTTP/1.1 300) 6 headers in 234 bytes (2 switches on core 0)
Jun 20 12:03:32.544836 dv-cinder-836973-4-iscsi devstack@keystone.service[80466]: DEBUG keystone.server.flask.request_processing.req_logging [None req-82068dc8-7bf3-47f1-9170-2f13b40a78a0 None None] REQUEST_METHOD: `POST` {{(pid=80466) log_request_info /opt/stack/keystone/keystone/server/flask/request_processing/req_logging.py:27}}
Jun 20 12:03:32.545124 dv-cinder-836973-4-iscsi devstack@keystone.service[80466]: DEBUG keystone.server.flask.request_processing.req_logging [None req-82068dc8-7bf3-47f1-9170-2f13b40a78a0 None None] SCRIPT_NAME: `/identity` {{(pid=80466) log_request_info /opt/stack/keystone/keystone/server/flask/request_processing/req_logging.py:28}}
Jun 20 12:03:32.545435 dv-cinder-836973-4-iscsi devstack@keystone.service[80466]: DEBUG keystone.server.flask.request_processing.req_logging [None req-82068dc8-7bf3-47f1-9170-2f13b40a78a0 None None] PATH_INFO: `/v3/auth/tokens` {{(pid=80466) log_request_info /opt/stack/keystone/keystone/server/flask/request_processing/req_logging.py:29}}
Jun 20 12:03:32.557539 dv-cinder-836973-4-iscsi devstack@keystone.service[80465]: [pid: 80465|app: 0|req: 171/329] 10.222.0.64 () {60 vars in 1134 bytes} [Mon Jun 20 12:03:32 2022] POST /identity/v3/groups => generated 226 bytes in 237 msecs (HTTP/1.1 201) 5 headers in 182 bytes (1 switches on core 0)
Jun 20 12:03:32.563909 dv-cinder-836973-4-iscsi devstack@keystone.service[80466]: DEBUG keystone.auth.core [None req-82068dc8-7bf3-47f1-9170-2f13b40a78a0 None None] MFA Rules not processed for user `c92fa328437c4093a3eddeda8c856c28`. Rule list: `[]` (Enabled: `True`). {{(pid=80466) check_auth_methods_against_rules /opt/stack/keystone/keystone/auth/core.py:438}}
Jun 20 12:03:32.568055 dv-cinder-836973-4-iscsi devstack@keystone.service[80466]: DEBUG keystone.common.fernet_utils [None req-82068dc8-7bf3-47f1-9170-2f13b40a78a0 None None] Loaded 2 Fernet keys from /etc/keystone/fernet-keys/, but `[fernet_tokens] max_active_keys = 3`; perhaps there have not been enough key rotations to reach `max_active_keys` yet? {{(pid=80466) load_keys /opt/stack/keystone/keystone/common/fernet_utils.py:286}}
Jun 20 12:03:32.647873 dv-cinder-836973-4-iscsi devstack@keystone.service[80466]: [pid: 80466|app: 0|req: 159/330] 10.222.0.64 () {58 vars in 1023 bytes} [Mon Jun 20 12:03:32 2022] POST /identity/v3/auth/tokens => generated 799 bytes in 105 msecs (HTTP/1.1 201) 6 headers in 363 bytes (2 switches on core 0)
Jun 20 12:03:32.672168 dv-cinder-836973-4-iscsi devstack@keystone.service[80465]: DEBUG keystone.server.flask.request_processing.middleware.auth_context [None req-3edc6c47-9a4d-4659-9d42-33d7cce06234 None admin] Authenticating user token {{(pid=80465) process_request /usr/local/lib/python3.8/dist-packages/keystonemiddleware/auth_token/__init__.py:407}}
Jun 20 12:03:32.780600 dv-cinder-836973-4-iscsi devstack@keystone.service[80465]: DEBUG keystone.server.flask.request_processing.middleware.auth_context [None req-3edc6c47-9a4d-4659-9d42-33d7cce06234 None admin] Validating token access rules against request {{(pid=80465) validate_allowed_request /usr/local/lib/python3.8/dist-packages/keystonemiddleware/auth_token/__init__.py:545}}
Jun 20 12:03:32.816424 dv-cinder-836973-4-iscsi devstack@keystone.service[80465]: DEBUG keystone.server.flask.request_processing.middleware.auth_context [None req-b762b2e3-f5ec-4037-b137-82ae73c1a46c None admin] RBAC: auth_context: {'token': , 'domain_id': None, 'trust_id': None, 'trustor_id': None, 'trustee_id': None, 'domain_name': None, 'group_ids': [], 'user_id': 'c92fa328437c4093a3eddeda8c856c28', 'user_domain_id': 'default', 'system_scope': 'all', 'project_id': None, 'project_domain_id': None, 'roles': ['admin', 'member', 'reader'], 'is_admin_project': True, 'service_user_id': None, 'service_user_domain_id': None, 'service_project_id': None, 'service_project_domain_id': None, 'service_roles': []} {{(pid=80465) fill_context /opt/stack/keystone/keystone/server/flask/request_processing/middleware/auth_context.py:478}}
Jun 20 12:03:32.817229 dv-cinder-836973-4-iscsi devstack@keystone.service[80465]: DEBUG keystone.server.flask.request_processing.req_logging [None req-b762b2e3-f5ec-4037-b137-82ae73c1a46c None admin] REQUEST_METHOD: `GET` {{(pid=80465) log_request_info /opt/stack/keystone/keystone/server/flask/request_processing/req_logging.py:27}}
Jun 20 12:03:32.817514 dv-cinder-836973-4-iscsi devstack@keystone.service[80465]: DEBUG keystone.server.flask.request_processing.req_logging [None req-b762b2e3-f5ec-4037-b137-82ae73c1a46c None admin] SCRIPT_NAME: `/identity` {{(pid=80465) log_request_info /opt/stack/keystone/keystone/server/flask/request_processing/req_logging.py:28}}
Jun 20 12:03:32.817787 dv-cinder-836973-4-iscsi devstack@keystone.service[80465]: DEBUG keystone.server.flask.request_processing.req_logging [None req-b762b2e3-f5ec-4037-b137-82ae73c1a46c None admin] PATH_INFO: `/v3/roles/reader` {{(pid=80465) log_request_info /opt/stack/keystone/keystone/server/flask/request_processing/req_logging.py:29}}
Jun 20 12:03:32.829263 dv-cinder-836973-4-iscsi devstack@keystone.service[80465]: DEBUG keystone.common.rbac_enforcer.enforcer [None req-b762b2e3-f5ec-4037-b137-82ae73c1a46c None admin] Extracting inferred target data resulted in "NOT FOUND (404)". {{(pid=80465) enforce_call /opt/stack/keystone/keystone/common/rbac_enforcer/enforcer.py:409}}
Jun 20 12:03:32.837169 dv-cinder-836973-4-iscsi devstack@keystone.service[80465]: ERROR keystone.server.flask.application [None req-b762b2e3-f5ec-4037-b137-82ae73c1a46c None admin] Could not find role: reader.: keystone.exception.RoleNotFound: Could not find role: reader.
Jun 20 12:03:32.837169 dv-cinder-836973-4-iscsi devstack@keystone.service[80465]: ERROR keystone.server.flask.application
Traceback (most recent call last):
Jun 20 12:03:32.837169 dv-cinder-836973-4-iscsi devstack@keystone.service[80465]: ERROR keystone.server.flask.application
File "/usr/local/lib/python3.8/dist-packages/flask/app.py", line 1523, in full_dispatch_request
Jun 20 12:03:32.837169 dv-cinder-836973-4-iscsi devstack@keystone.service[80465]: ERROR keystone.server.flask.application rv = self.dispatch_request()
Jun 20 12:03:32.837169 dv-cinder-836973-4-iscsi devstack@keystone.service[80465]: ERROR keystone.server.flask.application
File "/usr/local/lib/python3.8/dist-packages/flask/app.py", line 1509, in dispatch_request
Jun 20 12:03:32.837169 dv-cinder-836973-4-iscsi devstack@keystone.service[80465]: ERROR keystone.server.flask.application return self.ensure_sync(self.view_functions[rule.endpoint])(**req.view_args)
Jun 20 12:03:32.837169 dv-cinder-836973-4-iscsi devstack@keystone.service[80465]: ERROR keystone.server.flask.application
File "/usr/local/lib/python3.8/dist-packages/flask_restful/__init__.py", line 467, in wrapper
Jun 20 12:03:32.837169 dv-cinder-836973-4-iscsi devstack@keystone.service[80465]: ERROR keystone.server.flask.application resp = resource(*args, **kwargs)
Jun 20 12:03:32.837169 dv-cinder-836973-4-iscsi devstack@keystone.service[80465]: ERROR keystone.server.flask.application
File "/usr/local/lib/python3.8/dist-packages/flask/views.py", line 84, in view
Jun 20 12:03:32.837169 dv-cinder-836973-4-iscsi devstack@keystone.service[80465]: ERROR keystone.server.flask.application return current_app.ensure_sync(self.dispatch_request)(*args, **kwargs)
Jun 20 12:03:32.837169 dv-cinder-836973-4-iscsi devstack@keystone.service[80465]: ERROR keystone.server.flask.application
File "/usr/local/lib/python3.8/dist-packages/flask_restful/__init__.py", line 582, in dispatch_request
Jun 20 12:03:32.837169 dv-cinder-836973-4-iscsi devstack@keystone.service[80465]: ERROR keystone.server.flask.application resp = meth(*args, **kwargs)
Jun 20 12:03:32.837169 dv-cinder-836973-4-iscsi devstack@keystone.service[80465]: ERROR keystone.server.flask.application
File "/opt/stack/keystone/keystone/api/roles.py", line 50, in get
Jun 20 12:03:32.837169 dv-cinder-836973-4-iscsi devstack@keystone.service[80465]: ERROR keystone.server.flask.application return self._get_role(role_id)
Jun 20 12:03:32.837169 dv-cinder-836973-4-iscsi devstack@keystone.service[80465]: ERROR keystone.server.flask.application
File "/opt/stack/keystone/keystone/api/roles.py", line 70, in _get_role
Jun 20 12:03:32.837169 dv-cinder-836973-4-iscsi devstack@keystone.service[80465]: ERROR keystone.server.flask.application ENFORCER.enforce_call(action='identity:get_role')
Jun 20 12:03:32.838094 dv-cinder-836973-4-iscsi devstack@keystone.service[80465]: ERROR keystone.server.flask.application
File "/opt/stack/keystone/keystone/common/rbac_enforcer/enforcer.py", line 402, in enforce_call
Jun 20 12:03:32.838094 dv-cinder-836973-4-iscsi devstack@keystone.service[80465]: ERROR keystone.server.flask.application policy_dict.update(cls._extract_member_target_data(
Jun 20 12:03:32.838094 dv-cinder-836973-4-iscsi devstack@keystone.service[80465]: ERROR keystone.server.flask.application
File "/opt/stack/keystone/keystone/common/rbac_enforcer/enforcer.py", line 234, in _extract_member_target_data
Jun 20 12:03:32.838094 dv-cinder-836973-4-iscsi devstack@keystone.service[80465]: ERROR keystone.server.flask.application member_name: func(flask.request.view_args[key])
Jun 20 12:03:32.838094 dv-cinder-836973-4-iscsi devstack@keystone.service[80465]: ERROR keystone.server.flask.application
File "/opt/stack/keystone/keystone/common/manager.py", line 115, in wrapped
Jun 20 12:03:32.838094 dv-cinder-836973-4-iscsi devstack@keystone.service[80465]: ERROR keystone.server.flask.application __ret_val = __f(*args, **kwargs)
Jun 20 12:03:32.838094 dv-cinder-836973-4-iscsi devstack@keystone.service[80465]: ERROR keystone.server.flask.application
File "/usr/local/lib/python3.8/dist-packages/decorator.py", line 232, in fun
Jun 20 12:03:32.838094 dv-cinder-836973-4-iscsi devstack@keystone.service[80465]: ERROR keystone.server.flask.application return caller(func, *(extras + args), **kw)
Jun 20 12:03:32.838094 dv-cinder-836973-4-iscsi devstack@keystone.service[80465]: ERROR keystone.server.flask.application
File "/usr/local/lib/python3.8/dist-packages/dogpile/cache/region.py", line 1577, in get_or_create_for_user_func
Jun 20 12:03:32.838094 dv-cinder-836973-4-iscsi devstack@keystone.service[80465]: ERROR keystone.server.flask.application return self.get_or_create(
Jun 20 12:03:32.838094 dv-cinder-836973-4-iscsi devstack@keystone.service[80465]: ERROR keystone.server.flask.application
File "/usr/local/lib/python3.8/dist-packages/dogpile/cache/region.py", line 1042, in get_or_create
Jun 20 12:03:32.838094 dv-cinder-836973-4-iscsi devstack@keystone.service[80465]: ERROR keystone.server.flask.application with Lock(
Jun 20 12:03:32.838094 dv-cinder-836973-4-iscsi devstack@keystone.service[80465]: ERROR keystone.server.flask.application
File "/usr/local/lib/python3.8/dist-packages/dogpile/lock.py", line 185, in __enter__
Jun 20 12:03:32.838094 dv-cinder-836973-4-iscsi devstack@keystone.service[80465]: ERROR keystone.server.flask.application return self._enter()
Jun 20 12:03:32.838094 dv-cinder-836973-4-iscsi devstack@keystone.service[80465]: ERROR keystone.server.flask.application
File "/usr/local/lib/python3.8/dist-packages/dogpile/lock.py", line 94, in _enter
Jun 20 12:03:32.838094 dv-cinder-836973-4-iscsi devstack@keystone.service[80465]: ERROR keystone.server.flask.application generated = self._enter_create(value, createdtime)
Jun 20 12:03:32.839151 dv-cinder-836973-4-iscsi devstack@keystone.service[80465]: ERROR keystone.server.flask.application
File "/usr/local/lib/python3.8/dist-packages/dogpile/lock.py", line 178, in _enter_create
Jun 20 12:03:32.839151 dv-cinder-836973-4-iscsi devstack@keystone.service[80465]: ERROR keystone.server.flask.application return self.creator()
Jun 20 12:03:32.839151 dv-cinder-836973-4-iscsi devstack@keystone.service[80465]: ERROR keystone.server.flask.application
File "/usr/local/lib/python3.8/dist-packages/dogpile/cache/region.py", line 995, in gen_value
Jun 20 12:03:32.839151 dv-cinder-836973-4-iscsi devstack@keystone.service[80465]: ERROR keystone.server.flask.application created_value = creator(
Jun 20 12:03:32.839151 dv-cinder-836973-4-iscsi devstack@keystone.service[80465]: ERROR keystone.server.flask.application
File "/opt/stack/keystone/keystone/assignment/core.py", line 1276, in get_role
Jun 20 12:03:32.839151 dv-cinder-836973-4-iscsi devstack@keystone.service[80465]: ERROR keystone.server.flask.application return self.driver.get_role(role_id)
Jun 20 12:03:32.839151 dv-cinder-836973-4-iscsi devstack@keystone.service[80465]: ERROR keystone.server.flask.application
File "/opt/stack/keystone/keystone/assignment/role_backends/sql.py", line 70, in get_role
Jun 20 12:03:32.839151 dv-cinder-836973-4-iscsi devstack@keystone.service[80465]: ERROR keystone.server.flask.application return self._get_role(session, role_id).to_dict()
Jun 20 12:03:32.839151 dv-cinder-836973-4-iscsi devstack@keystone.service[80465]: ERROR keystone.server.flask.application
File "/opt/stack/keystone/keystone/assignment/role_backends/sql.py", line 65, in _get_role
Jun 20 12:03:32.839151 dv-cinder-836973-4-iscsi devstack@keystone.service[80465]: ERROR keystone.server.flask.application raise exception.RoleNotFound(role_id=role_id)
Jun 20 12:03:32.839151 dv-cinder-836973-4-iscsi devstack@keystone.service[80465]: ERROR keystone.server.flask.application keystone.exception.RoleNotFound: Could not find role: reader.
Jun 20 12:03:32.839151 dv-cinder-836973-4-iscsi devstack@keystone.service[80465]: ERROR keystone.server.flask.application
Jun 20 12:03:32.839151 dv-cinder-836973-4-iscsi devstack@keystone.service[80465]: [pid: 80465|app: 0|req: 172/331] 10.222.0.64 () {56 vars in 1099 bytes} [Mon Jun 20 12:03:32 2022] GET /identity/v3/roles/reader => generated 84 bytes in 167 msecs (HTTP/1.1 404) 5 headers in 183 bytes (1 switches on core 0)
