Jun 20 12:03:14.470551 dv-cinder-836973-4-iscsi devstack@keystone.service[80465]: DEBUG keystone.server.flask.request_processing.middleware.auth_context [None req-baedbdf5-373c-47d0-b579-f3060f5bb638 None admin] RBAC: auth_context: {'token': , 'domain_id': None, 'trust_id': None, 'trustor_id': None, 'trustee_id': None, 'domain_name': None, 'group_ids': [], 'user_id': 'c92fa328437c4093a3eddeda8c856c28', 'user_domain_id': 'default', 'system_scope': 'all', 'project_id': None, 'project_domain_id': None, 'roles': ['admin', 'member', 'reader'], 'is_admin_project': True, 'service_user_id': None, 'service_user_domain_id': None, 'service_project_id': None, 'service_project_domain_id': None, 'service_roles': []} {{(pid=80465) fill_context /opt/stack/keystone/keystone/server/flask/request_processing/middleware/auth_context.py:478}}
Jun 20 12:03:14.471510 dv-cinder-836973-4-iscsi devstack@keystone.service[80465]: DEBUG keystone.server.flask.request_processing.req_logging [None req-baedbdf5-373c-47d0-b579-f3060f5bb638 None admin] REQUEST_METHOD: `GET` {{(pid=80465) log_request_info /opt/stack/keystone/keystone/server/flask/request_processing/req_logging.py:27}}
Jun 20 12:03:14.471797 dv-cinder-836973-4-iscsi devstack@keystone.service[80465]: DEBUG keystone.server.flask.request_processing.req_logging [None req-baedbdf5-373c-47d0-b579-f3060f5bb638 None admin] SCRIPT_NAME: `/identity` {{(pid=80465) log_request_info /opt/stack/keystone/keystone/server/flask/request_processing/req_logging.py:28}}
Jun 20 12:03:14.472076 dv-cinder-836973-4-iscsi devstack@keystone.service[80465]: DEBUG keystone.server.flask.request_processing.req_logging [None req-baedbdf5-373c-47d0-b579-f3060f5bb638 None admin] PATH_INFO: `/v3/projects/2a1721e348644e499179fd00d5540e1e` {{(pid=80465) log_request_info /opt/stack/keystone/keystone/server/flask/request_processing/req_logging.py:29}}
Jun 20 12:03:14.472836 dv-cinder-836973-4-iscsi devstack@keystone.service[80466]: DEBUG keystone.server.flask.request_processing.middleware.auth_context [None req-cdec5cc1-5436-47f5-9e57-3ba40ed6f0f1 None admin] RBAC: auth_context: {'token': , 'domain_id': None, 'trust_id': None, 'trustor_id': None, 'trustee_id': None, 'domain_name': None, 'group_ids': [], 'user_id': 'c92fa328437c4093a3eddeda8c856c28', 'user_domain_id': 'default', 'system_scope': 'all', 'project_id': None, 'project_domain_id': None, 'roles': ['admin', 'member', 'reader'], 'is_admin_project': True, 'service_user_id': None, 'service_user_domain_id': None, 'service_project_id': None, 'service_project_domain_id': None, 'service_roles': []} {{(pid=80466) fill_context /opt/stack/keystone/keystone/server/flask/request_processing/middleware/auth_context.py:478}}
Jun 20 12:03:14.473246 dv-cinder-836973-4-iscsi devstack@keystone.service[80465]: DEBUG keystone.common.rbac_enforcer.enforcer [None req-baedbdf5-373c-47d0-b579-f3060f5bb638 None admin] RBAC: Authorizing `identity:get_project(project_id=2a1721e348644e499179fd00d5540e1e)` {{(pid=80465) enforce_call /opt/stack/keystone/keystone/common/rbac_enforcer/enforcer.py:449}}
Jun 20 12:03:14.473640 dv-cinder-836973-4-iscsi devstack@keystone.service[80466]: DEBUG keystone.server.flask.request_processing.req_logging [None req-cdec5cc1-5436-47f5-9e57-3ba40ed6f0f1 None admin] REQUEST_METHOD: `GET` {{(pid=80466) log_request_info /opt/stack/keystone/keystone/server/flask/request_processing/req_logging.py:27}}
Jun 20 12:03:14.473959 dv-cinder-836973-4-iscsi devstack@keystone.service[80466]: DEBUG keystone.server.flask.request_processing.req_logging [None req-cdec5cc1-5436-47f5-9e57-3ba40ed6f0f1 None admin] SCRIPT_NAME: `/identity` {{(pid=80466) log_request_info /opt/stack/keystone/keystone/server/flask/request_processing/req_logging.py:28}}
Jun 20 12:03:14.474243 dv-cinder-836973-4-iscsi devstack@keystone.service[80466]: DEBUG keystone.server.flask.request_processing.req_logging [None req-cdec5cc1-5436-47f5-9e57-3ba40ed6f0f1 None admin] PATH_INFO: `/v3/roles/anotherrole` {{(pid=80466) log_request_info /opt/stack/keystone/keystone/server/flask/request_processing/req_logging.py:29}}
Jun 20 12:03:14.474748 dv-cinder-836973-4-iscsi devstack@keystone.service[80465]: DEBUG keystone.common.rbac_enforcer.enforcer [None req-baedbdf5-373c-47d0-b579-f3060f5bb638 None admin] RBAC: Authorization granted {{(pid=80465) enforce_call /opt/stack/keystone/keystone/common/rbac_enforcer/enforcer.py:457}}
Jun 20 12:03:14.476492 dv-cinder-836973-4-iscsi devstack@keystone.service[80465]: [pid: 80465|app: 0|req: 98/188] 10.222.0.64 () {56 vars in 1186 bytes} [Mon Jun 20 12:03:14 2022] GET /identity/v3/projects/2a1721e348644e499179fd00d5540e1e => generated 298 bytes in 141 msecs (HTTP/1.1 200) 5 headers in 177 bytes (1 switches on core 0)
Jun 20 12:03:14.477259 dv-cinder-836973-4-iscsi devstack@keystone.service[80465]: DEBUG keystone.server.flask.request_processing.middleware.auth_context [None req-baedbdf5-373c-47d0-b579-f3060f5bb638 None admin] Authenticating user token {{(pid=80465) process_request /usr/local/lib/python3.8/dist-packages/keystonemiddleware/auth_token/__init__.py:407}}
Jun 20 12:03:14.489781 dv-cinder-836973-4-iscsi devstack@keystone.service[80466]: DEBUG keystone.common.rbac_enforcer.enforcer [None req-cdec5cc1-5436-47f5-9e57-3ba40ed6f0f1 None admin] Extracting inferred target data resulted in "NOT FOUND (404)". {{(pid=80466) enforce_call /opt/stack/keystone/keystone/common/rbac_enforcer/enforcer.py:409}}
Jun 20 12:03:14.498094 dv-cinder-836973-4-iscsi devstack@keystone.service[80466]: ERROR keystone.server.flask.application [None req-cdec5cc1-5436-47f5-9e57-3ba40ed6f0f1 None admin] Could not find role: anotherrole.: keystone.exception.RoleNotFound: Could not find role: anotherrole.
Jun 20 12:03:14.498094 dv-cinder-836973-4-iscsi devstack@keystone.service[80466]: ERROR keystone.server.flask.application
Traceback (most recent call last):
Jun 20 12:03:14.498094 dv-cinder-836973-4-iscsi devstack@keystone.service[80466]: ERROR keystone.server.flask.application
File "/usr/local/lib/python3.8/dist-packages/flask/app.py", line 1523, in full_dispatch_request
Jun 20 12:03:14.498094 dv-cinder-836973-4-iscsi devstack@keystone.service[80466]: ERROR keystone.server.flask.application rv = self.dispatch_request()
Jun 20 12:03:14.498094 dv-cinder-836973-4-iscsi devstack@keystone.service[80466]: ERROR keystone.server.flask.application
File "/usr/local/lib/python3.8/dist-packages/flask/app.py", line 1509, in dispatch_request
Jun 20 12:03:14.498094 dv-cinder-836973-4-iscsi devstack@keystone.service[80466]: ERROR keystone.server.flask.application return self.ensure_sync(self.view_functions[rule.endpoint])(**req.view_args)
Jun 20 12:03:14.498094 dv-cinder-836973-4-iscsi devstack@keystone.service[80466]: ERROR keystone.server.flask.application
File "/usr/local/lib/python3.8/dist-packages/flask_restful/__init__.py", line 467, in wrapper
Jun 20 12:03:14.498094 dv-cinder-836973-4-iscsi devstack@keystone.service[80466]: ERROR keystone.server.flask.application resp = resource(*args, **kwargs)
Jun 20 12:03:14.498094 dv-cinder-836973-4-iscsi devstack@keystone.service[80466]: ERROR keystone.server.flask.application
File "/usr/local/lib/python3.8/dist-packages/flask/views.py", line 84, in view
Jun 20 12:03:14.498094 dv-cinder-836973-4-iscsi devstack@keystone.service[80466]: ERROR keystone.server.flask.application return current_app.ensure_sync(self.dispatch_request)(*args, **kwargs)
Jun 20 12:03:14.498094 dv-cinder-836973-4-iscsi devstack@keystone.service[80466]: ERROR keystone.server.flask.application
File "/usr/local/lib/python3.8/dist-packages/flask_restful/__init__.py", line 582, in dispatch_request
Jun 20 12:03:14.498094 dv-cinder-836973-4-iscsi devstack@keystone.service[80466]: ERROR keystone.server.flask.application resp = meth(*args, **kwargs)
Jun 20 12:03:14.498094 dv-cinder-836973-4-iscsi devstack@keystone.service[80466]: ERROR keystone.server.flask.application
File "/opt/stack/keystone/keystone/api/roles.py", line 50, in get
Jun 20 12:03:14.498094 dv-cinder-836973-4-iscsi devstack@keystone.service[80466]: ERROR keystone.server.flask.application return self._get_role(role_id)
Jun 20 12:03:14.498094 dv-cinder-836973-4-iscsi devstack@keystone.service[80466]: ERROR keystone.server.flask.application
File "/opt/stack/keystone/keystone/api/roles.py", line 70, in _get_role
Jun 20 12:03:14.498094 dv-cinder-836973-4-iscsi devstack@keystone.service[80466]: ERROR keystone.server.flask.application ENFORCER.enforce_call(action='identity:get_role')
Jun 20 12:03:14.499165 dv-cinder-836973-4-iscsi devstack@keystone.service[80466]: ERROR keystone.server.flask.application
File "/opt/stack/keystone/keystone/common/rbac_enforcer/enforcer.py", line 402, in enforce_call
Jun 20 12:03:14.499165 dv-cinder-836973-4-iscsi devstack@keystone.service[80466]: ERROR keystone.server.flask.application policy_dict.update(cls._extract_member_target_data(
Jun 20 12:03:14.499165 dv-cinder-836973-4-iscsi devstack@keystone.service[80466]: ERROR keystone.server.flask.application
File "/opt/stack/keystone/keystone/common/rbac_enforcer/enforcer.py", line 234, in _extract_member_target_data
Jun 20 12:03:14.499165 dv-cinder-836973-4-iscsi devstack@keystone.service[80466]: ERROR keystone.server.flask.application member_name: func(flask.request.view_args[key])
Jun 20 12:03:14.499165 dv-cinder-836973-4-iscsi devstack@keystone.service[80466]: ERROR keystone.server.flask.application
File "/opt/stack/keystone/keystone/common/manager.py", line 115, in wrapped
Jun 20 12:03:14.499165 dv-cinder-836973-4-iscsi devstack@keystone.service[80466]: ERROR keystone.server.flask.application __ret_val = __f(*args, **kwargs)
Jun 20 12:03:14.499165 dv-cinder-836973-4-iscsi devstack@keystone.service[80466]: ERROR keystone.server.flask.application
File "/usr/local/lib/python3.8/dist-packages/decorator.py", line 232, in fun
Jun 20 12:03:14.499165 dv-cinder-836973-4-iscsi devstack@keystone.service[80466]: ERROR keystone.server.flask.application return caller(func, *(extras + args), **kw)
Jun 20 12:03:14.499165 dv-cinder-836973-4-iscsi devstack@keystone.service[80466]: ERROR keystone.server.flask.application
File "/usr/local/lib/python3.8/dist-packages/dogpile/cache/region.py", line 1577, in get_or_create_for_user_func
Jun 20 12:03:14.499165 dv-cinder-836973-4-iscsi devstack@keystone.service[80466]: ERROR keystone.server.flask.application return self.get_or_create(
Jun 20 12:03:14.499165 dv-cinder-836973-4-iscsi devstack@keystone.service[80466]: ERROR keystone.server.flask.application
File "/usr/local/lib/python3.8/dist-packages/dogpile/cache/region.py", line 1042, in get_or_create
Jun 20 12:03:14.499165 dv-cinder-836973-4-iscsi devstack@keystone.service[80466]: ERROR keystone.server.flask.application with Lock(
Jun 20 12:03:14.499165 dv-cinder-836973-4-iscsi devstack@keystone.service[80466]: ERROR keystone.server.flask.application
File "/usr/local/lib/python3.8/dist-packages/dogpile/lock.py", line 185, in __enter__
Jun 20 12:03:14.499165 dv-cinder-836973-4-iscsi devstack@keystone.service[80466]: ERROR keystone.server.flask.application return self._enter()
Jun 20 12:03:14.499165 dv-cinder-836973-4-iscsi devstack@keystone.service[80466]: ERROR keystone.server.flask.application
File "/usr/local/lib/python3.8/dist-packages/dogpile/lock.py", line 94, in _enter
Jun 20 12:03:14.499165 dv-cinder-836973-4-iscsi devstack@keystone.service[80466]: ERROR keystone.server.flask.application generated = self._enter_create(value, createdtime)
Jun 20 12:03:14.499965 dv-cinder-836973-4-iscsi devstack@keystone.service[80466]: ERROR keystone.server.flask.application
File "/usr/local/lib/python3.8/dist-packages/dogpile/lock.py", line 178, in _enter_create
Jun 20 12:03:14.499965 dv-cinder-836973-4-iscsi devstack@keystone.service[80466]: ERROR keystone.server.flask.application return self.creator()
Jun 20 12:03:14.499965 dv-cinder-836973-4-iscsi devstack@keystone.service[80466]: ERROR keystone.server.flask.application
File "/usr/local/lib/python3.8/dist-packages/dogpile/cache/region.py", line 995, in gen_value
Jun 20 12:03:14.499965 dv-cinder-836973-4-iscsi devstack@keystone.service[80466]: ERROR keystone.server.flask.application created_value = creator(
Jun 20 12:03:14.499965 dv-cinder-836973-4-iscsi devstack@keystone.service[80466]: ERROR keystone.server.flask.application
File "/opt/stack/keystone/keystone/assignment/core.py", line 1276, in get_role
Jun 20 12:03:14.499965 dv-cinder-836973-4-iscsi devstack@keystone.service[80466]: ERROR keystone.server.flask.application return self.driver.get_role(role_id)
Jun 20 12:03:14.499965 dv-cinder-836973-4-iscsi devstack@keystone.service[80466]: ERROR keystone.server.flask.application
File "/opt/stack/keystone/keystone/assignment/role_backends/sql.py", line 70, in get_role
Jun 20 12:03:14.499965 dv-cinder-836973-4-iscsi devstack@keystone.service[80466]: ERROR keystone.server.flask.application return self._get_role(session, role_id).to_dict()
Jun 20 12:03:14.499965 dv-cinder-836973-4-iscsi devstack@keystone.service[80466]: ERROR keystone.server.flask.application
File "/opt/stack/keystone/keystone/assignment/role_backends/sql.py", line 65, in _get_role
Jun 20 12:03:14.499965 dv-cinder-836973-4-iscsi devstack@keystone.service[80466]: ERROR keystone.server.flask.application raise exception.RoleNotFound(role_id=role_id)
Jun 20 12:03:14.499965 dv-cinder-836973-4-iscsi devstack@keystone.service[80466]: ERROR keystone.server.flask.application keystone.exception.RoleNotFound: Could not find role: anotherrole.
Jun 20 12:03:14.499965 dv-cinder-836973-4-iscsi devstack@keystone.service[80466]: ERROR keystone.server.flask.application
Jun 20 12:03:14.499965 dv-cinder-836973-4-iscsi devstack@keystone.service[80466]: [pid: 80466|app: 0|req: 91/189] 10.222.0.64 () {56 vars in 1114 bytes} [Mon Jun 20 12:03:14 2022] GET /identity/v3/roles/anotherrole => generated 89 bytes in 168 msecs (HTTP/1.1 404) 5 headers in 183 bytes (1 switches on core 0)
Jun 20 12:03:14.500628 dv-cinder-836973-4-iscsi devstack@keystone.service[80466]: DEBUG keystone.server.flask.request_processing.middleware.auth_context [None req-cdec5cc1-5436-47f5-9e57-3ba40ed6f0f1 None admin] Authenticating user token {{(pid=80466) process_request /usr/local/lib/python3.8/dist-packages/keystonemiddleware/auth_token/__init__.py:407}}
Jun 20 12:03:14.581942 dv-cinder-836973-4-iscsi devstack@keystone.service[80465]: DEBUG keystone.server.flask.request_processing.middleware.auth_context [None req-baedbdf5-373c-47d0-b579-f3060f5bb638 None admin] Validating token access rules against request {{(pid=80465) validate_allowed_request /usr/local/lib/python3.8/dist-packages/keystonemiddleware/auth_token/__init__.py:545}}
Jun 20 12:03:14.599661 dv-cinder-836973-4-iscsi devstack@keystone.service[80466]: DEBUG keystone.server.flask.request_processing.middleware.auth_context [None req-cdec5cc1-5436-47f5-9e57-3ba40ed6f0f1 None admin] Validating token access rules against request {{(pid=80466) validate_allowed_request /usr/local/lib/python3.8/dist-packages/keystonemiddleware/auth_token/__init__.py:545}}
Jun 20 12:03:14.608959 dv-cinder-836973-4-iscsi devstack@keystone.service[80466]: DEBUG dbcounter [-] [80466] Writing DB stats keystone:SELECT=100 {{(pid=80466) stat_writer /usr/local/lib/python3.8/dist-packages/dbcounter.py:114}}
Jun 20 12:03:14.614994 dv-cinder-836973-4-iscsi devstack@keystone.service[80465]: DEBUG keystone.server.flask.request_processing.middleware.auth_context [None req-888d3a1d-fe17-48fd-b0ea-e10c91c058d1 None admin] RBAC: auth_context: {'token': , 'domain_id': None, 'trust_id': None, 'trustor_id': None, 'trustee_id': None, 'domain_name': None, 'group_ids': [], 'user_id': 'c92fa328437c4093a3eddeda8c856c28', 'user_domain_id': 'default', 'system_scope': 'all', 'project_id': None, 'project_domain_id': None, 'roles': ['admin', 'member', 'reader'], 'is_admin_project': True, 'service_user_id': None, 'service_user_domain_id': None, 'service_project_id': None, 'service_project_domain_id': None, 'service_roles': []} {{(pid=80465) fill_context /opt/stack/keystone/keystone/server/flask/request_processing/middleware/auth_context.py:478}}
Jun 20 12:03:14.615650 dv-cinder-836973-4-iscsi devstack@keystone.service[80465]: DEBUG keystone.server.flask.request_processing.req_logging [None req-888d3a1d-fe17-48fd-b0ea-e10c91c058d1 None admin] REQUEST_METHOD: `GET` {{(pid=80465) log_request_info /opt/stack/keystone/keystone/server/flask/request_processing/req_logging.py:27}}
Jun 20 12:03:14.619214 dv-cinder-836973-4-iscsi devstack@keystone.service[80465]: DEBUG keystone.server.flask.request_processing.req_logging [None req-888d3a1d-fe17-48fd-b0ea-e10c91c058d1 None admin] SCRIPT_NAME: `/identity` {{(pid=80465) log_request_info /opt/stack/keystone/keystone/server/flask/request_processing/req_logging.py:28}}
Jun 20 12:03:14.619214 dv-cinder-836973-4-iscsi devstack@keystone.service[80465]: DEBUG keystone.server.flask.request_processing.req_logging [None req-888d3a1d-fe17-48fd-b0ea-e10c91c058d1 None admin] PATH_INFO: `/v3/roles` {{(pid=80465) log_request_info /opt/stack/keystone/keystone/server/flask/request_processing/req_logging.py:29}}
Jun 20 12:03:14.619214 dv-cinder-836973-4-iscsi devstack@keystone.service[80465]: DEBUG keystone.common.rbac_enforcer.enforcer [None req-888d3a1d-fe17-48fd-b0ea-e10c91c058d1 None admin] RBAC: Adding query filter params (name=admin) {{(pid=80465) _extract_filter_values /opt/stack/keystone/keystone/common/rbac_enforcer/enforcer.py:167}}
Jun 20 12:03:14.619214 dv-cinder-836973-4-iscsi devstack@keystone.service[80465]: DEBUG keystone.common.rbac_enforcer.enforcer [None req-888d3a1d-fe17-48fd-b0ea-e10c91c058d1 None admin] RBAC: Authorizing `identity:list_roles()` {{(pid=80465) enforce_call /opt/stack/keystone/keystone/common/rbac_enforcer/enforcer.py:449}}
Jun 20 12:03:14.619214 dv-cinder-836973-4-iscsi devstack@keystone.service[80465]: DEBUG keystone.common.rbac_enforcer.enforcer [None req-888d3a1d-fe17-48fd-b0ea-e10c91c058d1 None admin] RBAC: Authorization granted {{(pid=80465) enforce_call /opt/stack/keystone/keystone/common/rbac_enforcer/enforcer.py:457}}
Jun 20 12:03:14.627415 dv-cinder-836973-4-iscsi devstack@keystone.service[80465]: [pid: 80465|app: 0|req: 99/190] 10.222.0.64 () {56 vars in 1099 bytes} [Mon Jun 20 12:03:14 2022] GET /identity/v3/roles?name=admin => generated 339 bytes in 150 msecs (HTTP/1.1 200) 5 headers in 177 bytes (1 switches on core 0)
Jun 20 12:03:14.628202 dv-cinder-836973-4-iscsi devstack@keystone.service[80465]: DEBUG keystone.server.flask.request_processing.middleware.auth_context [None req-888d3a1d-fe17-48fd-b0ea-e10c91c058d1 None admin] Authenticating user token {{(pid=80465) process_request /usr/local/lib/python3.8/dist-packages/keystonemiddleware/auth_token/__init__.py:407}}
Jun 20 12:03:14.633919 dv-cinder-836973-4-iscsi devstack@keystone.service[80466]: DEBUG keystone.server.flask.request_processing.middleware.auth_context [None req-594b09c7-ac76-4084-ae04-8a3670aa874e None admin] RBAC: auth_context: {'token': , 'domain_id': None, 'trust_id': None, 'trustor_id': None, 'trustee_id': None, 'domain_name': None, 'group_ids': [], 'user_id': 'c92fa328437c4093a3eddeda8c856c28', 'user_domain_id': 'default', 'system_scope': 'all', 'project_id': None, 'project_domain_id': None, 'roles': ['admin', 'member', 'reader'], 'is_admin_project': True, 'service_user_id': None, 'service_user_domain_id': None, 'service_project_id': None, 'service_project_domain_id': None, 'service_roles': []} {{(pid=80466) fill_context /opt/stack/keystone/keystone/server/flask/request_processing/middleware/auth_context.py:478}}
Jun 20 12:03:14.634594 dv-cinder-836973-4-iscsi devstack@keystone.service[80466]: DEBUG keystone.server.flask.request_processing.req_logging [None req-594b09c7-ac76-4084-ae04-8a3670aa874e None admin] REQUEST_METHOD: `GET` {{(pid=80466) log_request_info /opt/stack/keystone/keystone/server/flask/request_processing/req_logging.py:27}}
Jun 20 12:03:14.634936 dv-cinder-836973-4-iscsi devstack@keystone.service[80466]: DEBUG keystone.server.flask.request_processing.req_logging [None req-594b09c7-ac76-4084-ae04-8a3670aa874e None admin] SCRIPT_NAME: `/identity` {{(pid=80466) log_request_info /opt/stack/keystone/keystone/server/flask/request_processing/req_logging.py:28}}
Jun 20 12:03:14.635419 dv-cinder-836973-4-iscsi devstack@keystone.service[80466]: DEBUG keystone.server.flask.request_processing.req_logging [None req-594b09c7-ac76-4084-ae04-8a3670aa874e None admin] PATH_INFO: `/v3/roles` {{(pid=80466) log_request_info /opt/stack/keystone/keystone/server/flask/request_processing/req_logging.py:29}}
Jun 20 12:03:14.636335 dv-cinder-836973-4-iscsi devstack@keystone.service[80466]: DEBUG keystone.common.rbac_enforcer.enforcer [None req-594b09c7-ac76-4084-ae04-8a3670aa874e None admin] RBAC: Adding query filter params (name=reader) {{(pid=80466) _extract_filter_values /opt/stack/keystone/keystone/common/rbac_enforcer/enforcer.py:167}}
Jun 20 12:03:14.636946 dv-cinder-836973-4-iscsi devstack@keystone.service[80466]: DEBUG keystone.common.rbac_enforcer.enforcer [None req-594b09c7-ac76-4084-ae04-8a3670aa874e None admin] RBAC: Authorizing `identity:list_roles()` {{(pid=80466) enforce_call /opt/stack/keystone/keystone/common/rbac_enforcer/enforcer.py:449}}
Jun 20 12:03:14.639087 dv-cinder-836973-4-iscsi devstack@keystone.service[80466]: DEBUG keystone.common.rbac_enforcer.enforcer [None req-594b09c7-ac76-4084-ae04-8a3670aa874e None admin] RBAC: Authorization granted {{(pid=80466) enforce_call /opt/stack/keystone/keystone/common/rbac_enforcer/enforcer.py:457}}
Jun 20 12:03:14.647771 dv-cinder-836973-4-iscsi devstack@keystone.service[80466]: [pid: 80466|app: 0|req: 92/191] 10.222.0.64 () {56 vars in 1101 bytes} [Mon Jun 20 12:03:14 2022] GET /identity/v3/roles?name=reader => generated 341 bytes in 148 msecs (HTTP/1.1 200) 5 headers in 177 bytes (1 switches on core 0)
Jun 20 12:03:14.648576 dv-cinder-836973-4-iscsi devstack@keystone.service[80466]: DEBUG keystone.server.flask.request_processing.middleware.auth_context [None req-594b09c7-ac76-4084-ae04-8a3670aa874e None admin] Authenticating user token {{(pid=80466) process_request /usr/local/lib/python3.8/dist-packages/keystonemiddleware/auth_token/__init__.py:407}}
Jun 20 12:03:14.680015 dv-cinder-836973-4-iscsi devstack@keystone.service[80465]: DEBUG dbcounter [-] [80465] Writing DB stats keystone:SELECT=100 {{(pid=80465) stat_writer /usr/local/lib/python3.8/dist-packages/dbcounter.py:114}}
Jun 20 12:03:14.731197 dv-cinder-836973-4-iscsi devstack@keystone.service[80465]: DEBUG keystone.server.flask.request_processing.middleware.auth_context [None req-888d3a1d-fe17-48fd-b0ea-e10c91c058d1 None admin] Validating token access rules against request {{(pid=80465) validate_allowed_request /usr/local/lib/python3.8/dist-packages/keystonemiddleware/auth_token/__init__.py:545}}
Jun 20 12:03:14.747216 dv-cinder-836973-4-iscsi devstack@keystone.service[80466]: DEBUG keystone.server.flask.request_processing.middleware.auth_context [None req-594b09c7-ac76-4084-ae04-8a3670aa874e None admin] Validating token access rules against request {{(pid=80466) validate_allowed_request /usr/local/lib/python3.8/dist-packages/keystonemiddleware/auth_token/__init__.py:545}}
Jun 20 12:03:14.765402 dv-cinder-836973-4-iscsi devstack@keystone.service[80465]: DEBUG keystone.server.flask.request_processing.middleware.auth_context [None req-962aa8ba-ab3d-4c1d-a009-2c0fcabe7f0d None admin] RBAC: auth_context: {'token': , 'domain_id': None, 'trust_id': None, 'trustor_id': None, 'trustee_id': None, 'domain_name': None, 'group_ids': [], 'user_id': 'c92fa328437c4093a3eddeda8c856c28', 'user_domain_id': 'default', 'system_scope': 'all', 'project_id': None, 'project_domain_id': None, 'roles': ['admin', 'member', 'reader'], 'is_admin_project': True, 'service_user_id': None, 'service_user_domain_id': None, 'service_project_id': None, 'service_project_domain_id': None, 'service_roles': []} {{(pid=80465) fill_context /opt/stack/keystone/keystone/server/flask/request_processing/middleware/auth_context.py:478}}
Jun 20 12:03:14.766086 dv-cinder-836973-4-iscsi devstack@keystone.service[80465]: DEBUG keystone.server.flask.request_processing.req_logging [None req-962aa8ba-ab3d-4c1d-a009-2c0fcabe7f0d None admin] REQUEST_METHOD: `GET` {{(pid=80465) log_request_info /opt/stack/keystone/keystone/server/flask/request_processing/req_logging.py:27}}
Jun 20 12:03:14.766369 dv-cinder-836973-4-iscsi devstack@keystone.service[80465]: DEBUG keystone.server.flask.request_processing.req_logging [None req-962aa8ba-ab3d-4c1d-a009-2c0fcabe7f0d None admin] SCRIPT_NAME: `/identity` {{(pid=80465) log_request_info /opt/stack/keystone/keystone/server/flask/request_processing/req_logging.py:28}}
Jun 20 12:03:14.766648 dv-cinder-836973-4-iscsi devstack@keystone.service[80465]: DEBUG keystone.server.flask.request_processing.req_logging [None req-962aa8ba-ab3d-4c1d-a009-2c0fcabe7f0d None admin] PATH_INFO: `/v3/role_assignments` {{(pid=80465) log_request_info /opt/stack/keystone/keystone/server/flask/request_processing/req_logging.py:29}}
Jun 20 12:03:14.767470 dv-cinder-836973-4-iscsi devstack@keystone.service[80465]: DEBUG keystone.common.rbac_enforcer.enforcer [None req-962aa8ba-ab3d-4c1d-a009-2c0fcabe7f0d None admin] RBAC: Adding query filter params (role.id=dec207b48f6f4beb9cc4250b08307111, scope.project.id=2a1721e348644e499179fd00d5540e1e, user.id=b4dabefd3bfb4ca9b3fb0b68b73dfc43) {{(pid=80465) _extract_filter_values /opt/stack/keystone/keystone/common/rbac_enforcer/enforcer.py:167}}
Jun 20 12:03:14.767778 dv-cinder-836973-4-iscsi devstack@keystone.service[80465]: DEBUG keystone.common.rbac_enforcer.enforcer [None req-962aa8ba-ab3d-4c1d-a009-2c0fcabe7f0d None admin] RBAC: Authorizing `identity:list_role_assignments()` {{(pid=80465) enforce_call /opt/stack/keystone/keystone/common/rbac_enforcer/enforcer.py:449}}
Jun 20 12:03:14.769207 dv-cinder-836973-4-iscsi devstack@keystone.service[80465]: DEBUG keystone.common.rbac_enforcer.enforcer [None req-962aa8ba-ab3d-4c1d-a009-2c0fcabe7f0d None admin] RBAC: Authorization granted {{(pid=80465) enforce_call /opt/stack/keystone/keystone/common/rbac_enforcer/enforcer.py:457}}
Jun 20 12:03:14.775079 dv-cinder-836973-4-iscsi devstack@keystone.service[80465]: [pid: 80465|app: 0|req: 100/192] 10.222.0.64 () {56 vars in 1374 bytes} [Mon Jun 20 12:03:14 2022] GET /identity/v3/role_assignments?user.id=b4dabefd3bfb4ca9b3fb0b68b73dfc43&scope.project.id=2a1721e348644e499179fd00d5540e1e&role.id=dec207b48f6f4beb9cc4250b08307111 => generated 608 bytes in 147 msecs (HTTP/1.1 200) 5 headers in 177 bytes (1 switches on core 0)
Jun 20 12:03:14.778801 dv-cinder-836973-4-iscsi devstack@keystone.service[80465]: DEBUG keystone.server.flask.request_processing.middleware.auth_context [None req-962aa8ba-ab3d-4c1d-a009-2c0fcabe7f0d None admin] Authenticating user token {{(pid=80465) process_request /usr/local/lib/python3.8/dist-packages/keystonemiddleware/auth_token/__init__.py:407}}
Jun 20 12:03:14.780943 dv-cinder-836973-4-iscsi devstack@keystone.service[80466]: DEBUG keystone.server.flask.request_processing.middleware.auth_context [None req-f5e649ee-8ffa-4e48-b6f9-83de767fb009 None admin] RBAC: auth_context: {'token': , 'domain_id': None, 'trust_id': None, 'trustor_id': None, 'trustee_id': None, 'domain_name': None, 'group_ids': [], 'user_id': 'c92fa328437c4093a3eddeda8c856c28', 'user_domain_id': 'default', 'system_scope': 'all', 'project_id': None, 'project_domain_id': None, 'roles': ['admin', 'member', 'reader'], 'is_admin_project': True, 'service_user_id': None, 'service_user_domain_id': None, 'service_project_id': None, 'service_project_domain_id': None, 'service_roles': []} {{(pid=80466) fill_context /opt/stack/keystone/keystone/server/flask/request_processing/middleware/auth_context.py:478}}
Jun 20 12:03:14.782015 dv-cinder-836973-4-iscsi devstack@keystone.service[80466]: DEBUG keystone.server.flask.request_processing.req_logging [None req-f5e649ee-8ffa-4e48-b6f9-83de767fb009 None admin] REQUEST_METHOD: `GET` {{(pid=80466) log_request_info /opt/stack/keystone/keystone/server/flask/request_processing/req_logging.py:27}}
Jun 20 12:03:14.782304 dv-cinder-836973-4-iscsi devstack@keystone.service[80466]: DEBUG keystone.server.flask.request_processing.req_logging [None req-f5e649ee-8ffa-4e48-b6f9-83de767fb009 None admin] SCRIPT_NAME: `/identity` {{(pid=80466) log_request_info /opt/stack/keystone/keystone/server/flask/request_processing/req_logging.py:28}}
Jun 20 12:03:14.783514 dv-cinder-836973-4-iscsi devstack@keystone.service[80466]: DEBUG keystone.server.flask.request_processing.req_logging [None req-f5e649ee-8ffa-4e48-b6f9-83de767fb009 None admin] PATH_INFO: `/v3/domains/default` {{(pid=80466) log_request_info /opt/stack/keystone/keystone/server/flask/request_processing/req_logging.py:29}}
Jun 20 12:03:14.784856 dv-cinder-836973-4-iscsi devstack@keystone.service[80466]: DEBUG keystone.common.rbac_enforcer.enforcer [None req-f5e649ee-8ffa-4e48-b6f9-83de767fb009 None admin] RBAC: Authorizing `identity:get_domain(domain_id=default)` {{(pid=80466) enforce_call /opt/stack/keystone/keystone/common/rbac_enforcer/enforcer.py:449}}
Jun 20 12:03:14.786405 dv-cinder-836973-4-iscsi devstack@keystone.service[80466]: DEBUG keystone.common.rbac_enforcer.enforcer [None req-f5e649ee-8ffa-4e48-b6f9-83de767fb009 None admin] RBAC: Authorization granted {{(pid=80466) enforce_call /opt/stack/keystone/keystone/common/rbac_enforcer/enforcer.py:457}}
Jun 20 12:03:14.788129 dv-cinder-836973-4-iscsi devstack@keystone.service[80466]: [pid: 80466|app: 0|req: 93/193] 10.222.0.64 () {56 vars in 1108 bytes} [Mon Jun 20 12:03:14 2022] GET /identity/v3/domains/default => generated 199 bytes in 140 msecs (HTTP/1.1 200) 5 headers in 177 bytes (1 switches on core 0)
Jun 20 12:03:14.789604 dv-cinder-836973-4-iscsi devstack@keystone.service[80466]: DEBUG keystone.server.flask.request_processing.middleware.auth_context [None req-f5e649ee-8ffa-4e48-b6f9-83de767fb009 None admin] Authenticating user token {{(pid=80466) process_request /usr/local/lib/python3.8/dist-packages/keystonemiddleware/auth_token/__init__.py:407}}
Jun 20 12:03:14.838335 dv-cinder-836973-4-iscsi devstack@keystone.service[80466]: DEBUG dbcounter [-] [80466] Writing DB stats keystone:SELECT=100 {{(pid=80466) stat_writer /usr/local/lib/python3.8/dist-packages/dbcounter.py:114}}
Jun 20 12:03:14.903555 dv-cinder-836973-4-iscsi devstack@keystone.service[80465]: DEBUG keystone.server.flask.request_processing.middleware.auth_context [None req-962aa8ba-ab3d-4c1d-a009-2c0fcabe7f0d None admin] Validating token access rules against request {{(pid=80465) validate_allowed_request /usr/local/lib/python3.8/dist-packages/keystonemiddleware/auth_token/__init__.py:545}}
Jun 20 12:03:14.907460 dv-cinder-836973-4-iscsi devstack@keystone.service[80466]: DEBUG keystone.server.flask.request_processing.middleware.auth_context [None req-f5e649ee-8ffa-4e48-b6f9-83de767fb009 None admin] Validating token access rules against request {{(pid=80466) validate_allowed_request /usr/local/lib/python3.8/dist-packages/keystonemiddleware/auth_token/__init__.py:545}}
Jun 20 12:03:14.919727 dv-cinder-836973-4-iscsi devstack@keystone.service[80465]: DEBUG dbcounter [-] [80465] Writing DB stats keystone:SELECT=100 {{(pid=80465) stat_writer /usr/local/lib/python3.8/dist-packages/dbcounter.py:114}}
Jun 20 12:03:14.945783 dv-cinder-836973-4-iscsi devstack@keystone.service[80465]: DEBUG keystone.server.flask.request_processing.middleware.auth_context [None req-9aad9e23-68aa-4a45-a396-f0dffc00c42d None admin] RBAC: auth_context: {'token': , 'domain_id': None, 'trust_id': None, 'trustor_id': None, 'trustee_id': None, 'domain_name': None, 'group_ids': [], 'user_id': 'c92fa328437c4093a3eddeda8c856c28', 'user_domain_id': 'default', 'system_scope': 'all', 'project_id': None, 'project_domain_id': None, 'roles': ['admin', 'member', 'reader'], 'is_admin_project': True, 'service_user_id': None, 'service_user_domain_id': None, 'service_project_id': None, 'service_project_domain_id': None, 'service_roles': []} {{(pid=80465) fill_context /opt/stack/keystone/keystone/server/flask/request_processing/middleware/auth_context.py:478}}
Jun 20 12:03:14.946480 dv-cinder-836973-4-iscsi devstack@keystone.service[80465]: DEBUG keystone.server.flask.request_processing.req_logging [None req-9aad9e23-68aa-4a45-a396-f0dffc00c42d None admin] REQUEST_METHOD: `GET` {{(pid=80465) log_request_info /opt/stack/keystone/keystone/server/flask/request_processing/req_logging.py:27}}
Jun 20 12:03:14.946764 dv-cinder-836973-4-iscsi devstack@keystone.service[80465]: DEBUG keystone.server.flask.request_processing.req_logging [None req-9aad9e23-68aa-4a45-a396-f0dffc00c42d None admin] SCRIPT_NAME: `/identity` {{(pid=80465) log_request_info /opt/stack/keystone/keystone/server/flask/request_processing/req_logging.py:28}}
Jun 20 12:03:14.947055 dv-cinder-836973-4-iscsi devstack@keystone.service[80465]: DEBUG keystone.server.flask.request_processing.req_logging [None req-9aad9e23-68aa-4a45-a396-f0dffc00c42d None admin] PATH_INFO: `/v3/role_assignments` {{(pid=80465) log_request_info /opt/stack/keystone/keystone/server/flask/request_processing/req_logging.py:29}}
Jun 20 12:03:14.947871 dv-cinder-836973-4-iscsi devstack@keystone.service[80465]: DEBUG keystone.common.rbac_enforcer.enforcer [None req-9aad9e23-68aa-4a45-a396-f0dffc00c42d None admin] RBAC: Adding query filter params (role.id=257fc562d022442fb5494f80168760bb, scope.project.id=2a1721e348644e499179fd00d5540e1e, user.id=c92fa328437c4093a3eddeda8c856c28) {{(pid=80465) _extract_filter_values /opt/stack/keystone/keystone/common/rbac_enforcer/enforcer.py:167}}
Jun 20 12:03:14.948178 dv-cinder-836973-4-iscsi devstack@keystone.service[80465]: DEBUG keystone.common.rbac_enforcer.enforcer [None req-9aad9e23-68aa-4a45-a396-f0dffc00c42d None admin] RBAC: Authorizing `identity:list_role_assignments()` {{(pid=80465) enforce_call /opt/stack/keystone/keystone/common/rbac_enforcer/enforcer.py:449}}
Jun 20 12:03:14.949318 dv-cinder-836973-4-iscsi devstack@keystone.service[80466]: DEBUG keystone.server.flask.request_processing.middleware.auth_context [None req-409aee21-5a94-4ec4-bf39-cc0ed37e2b0e None admin] RBAC: auth_context: {'token': , 'domain_id': None, 'trust_id': None, 'trustor_id': None, 'trustee_id': None, 'domain_name': None, 'group_ids': [], 'user_id': 'c92fa328437c4093a3eddeda8c856c28', 'user_domain_id': 'default', 'system_scope': 'all', 'project_id': None, 'project_domain_id': None, 'roles': ['admin', 'member', 'reader'], 'is_admin_project': True, 'service_user_id': None, 'service_user_domain_id': None, 'service_project_id': None, 'service_project_domain_id': None, 'service_roles': []} {{(pid=80466) fill_context /opt/stack/keystone/keystone/server/flask/request_processing/middleware/auth_context.py:478}}
Jun 20 12:03:14.950526 dv-cinder-836973-4-iscsi devstack@keystone.service[80465]: DEBUG keystone.common.rbac_enforcer.enforcer [None req-9aad9e23-68aa-4a45-a396-f0dffc00c42d None admin] RBAC: Authorization granted {{(pid=80465) enforce_call /opt/stack/keystone/keystone/common/rbac_enforcer/enforcer.py:457}}
Jun 20 12:03:14.951192 dv-cinder-836973-4-iscsi devstack@keystone.service[80466]: DEBUG keystone.server.flask.request_processing.req_logging [None req-409aee21-5a94-4ec4-bf39-cc0ed37e2b0e None admin] REQUEST_METHOD: `GET` {{(pid=80466) log_request_info /opt/stack/keystone/keystone/server/flask/request_processing/req_logging.py:27}}
Jun 20 12:03:14.951489 dv-cinder-836973-4-iscsi devstack@keystone.service[80466]: DEBUG keystone.server.flask.request_processing.req_logging [None req-409aee21-5a94-4ec4-bf39-cc0ed37e2b0e None admin] SCRIPT_NAME: `/identity` {{(pid=80466) log_request_info /opt/stack/keystone/keystone/server/flask/request_processing/req_logging.py:28}}
Jun 20 12:03:14.951824 dv-cinder-836973-4-iscsi devstack@keystone.service[80466]: DEBUG keystone.server.flask.request_processing.req_logging [None req-409aee21-5a94-4ec4-bf39-cc0ed37e2b0e None admin] PATH_INFO: `/v3/roles` {{(pid=80466) log_request_info /opt/stack/keystone/keystone/server/flask/request_processing/req_logging.py:29}}
Jun 20 12:03:14.952595 dv-cinder-836973-4-iscsi devstack@keystone.service[80466]: DEBUG keystone.common.rbac_enforcer.enforcer [None req-409aee21-5a94-4ec4-bf39-cc0ed37e2b0e None admin] RBAC: Adding query filter params (name=anotherrole) {{(pid=80466) _extract_filter_values /opt/stack/keystone/keystone/common/rbac_enforcer/enforcer.py:167}}
Jun 20 12:03:14.953016 dv-cinder-836973-4-iscsi devstack@keystone.service[80466]: DEBUG keystone.common.rbac_enforcer.enforcer [None req-409aee21-5a94-4ec4-bf39-cc0ed37e2b0e None admin] RBAC: Authorizing `identity:list_roles()` {{(pid=80466) enforce_call /opt/stack/keystone/keystone/common/rbac_enforcer/enforcer.py:449}}
Jun 20 12:03:14.954431 dv-cinder-836973-4-iscsi devstack@keystone.service[80466]: DEBUG keystone.common.rbac_enforcer.enforcer [None req-409aee21-5a94-4ec4-bf39-cc0ed37e2b0e None admin] RBAC: Authorization granted {{(pid=80466) enforce_call /opt/stack/keystone/keystone/common/rbac_enforcer/enforcer.py:457}}
Jun 20 12:03:14.957248 dv-cinder-836973-4-iscsi devstack@keystone.service[80465]: [pid: 80465|app: 0|req: 101/194] 10.222.0.64 () {56 vars in 1374 bytes} [Mon Jun 20 12:03:14 2022] GET /identity/v3/role_assignments?user.id=c92fa328437c4093a3eddeda8c856c28&scope.project.id=2a1721e348644e499179fd00d5540e1e&role.id=257fc562d022442fb5494f80168760bb => generated 608 bytes in 182 msecs (HTTP/1.1 200) 5 headers in 177 bytes (1 switches on core 0)
Jun 20 12:03:14.958500 dv-cinder-836973-4-iscsi devstack@keystone.service[80465]: DEBUG keystone.server.flask.request_processing.middleware.auth_context [None req-9aad9e23-68aa-4a45-a396-f0dffc00c42d None admin] Authenticating user token {{(pid=80465) process_request /usr/local/lib/python3.8/dist-packages/keystonemiddleware/auth_token/__init__.py:407}}
Jun 20 12:03:14.963969 dv-cinder-836973-4-iscsi devstack@keystone.service[80466]: [pid: 80466|app: 0|req: 94/195] 10.222.0.64 () {56 vars in 1111 bytes} [Mon Jun 20 12:03:14 2022] GET /identity/v3/roles?name=anotherrole => generated 334 bytes in 175 msecs (HTTP/1.1 200) 5 headers in 177 bytes (1 switches on core 0)
Jun 20 12:03:14.965599 dv-cinder-836973-4-iscsi devstack@keystone.service[80466]: DEBUG keystone.server.flask.request_processing.middleware.auth_context [None req-409aee21-5a94-4ec4-bf39-cc0ed37e2b0e None admin] Authenticating user token {{(pid=80466) process_request /usr/local/lib/python3.8/dist-packages/keystonemiddleware/auth_token/__init__.py:407}}
Jun 20 12:03:15.093095 dv-cinder-836973-4-iscsi devstack@keystone.service[80466]: DEBUG dbcounter [-] [80466] Writing DB stats keystone:SELECT=100 {{(pid=80466) stat_writer /usr/local/lib/python3.8/dist-packages/dbcounter.py:114}}
Jun 20 12:03:15.096535 dv-cinder-836973-4-iscsi devstack@keystone.service[80466]: DEBUG keystone.server.flask.request_processing.middleware.auth_context [None req-409aee21-5a94-4ec4-bf39-cc0ed37e2b0e None admin] Validating token access rules against request {{(pid=80466) validate_allowed_request /usr/local/lib/python3.8/dist-packages/keystonemiddleware/auth_token/__init__.py:545}}
Jun 20 12:03:15.100188 dv-cinder-836973-4-iscsi devstack@keystone.service[80465]: DEBUG keystone.server.flask.request_processing.middleware.auth_context [None req-9aad9e23-68aa-4a45-a396-f0dffc00c42d None admin] Validating token access rules against request {{(pid=80465) validate_allowed_request /usr/local/lib/python3.8/dist-packages/keystonemiddleware/auth_token/__init__.py:545}}
Jun 20 12:03:15.142011 dv-cinder-836973-4-iscsi devstack@keystone.service[80466]: DEBUG keystone.server.flask.request_processing.middleware.auth_context [None req-191e5932-7e89-44a3-aa90-e55a359fe841 None admin] RBAC: auth_context: {'token': , 'domain_id': None, 'trust_id': None, 'trustor_id': None, 'trustee_id': None, 'domain_name': None, 'group_ids': [], 'user_id': 'c92fa328437c4093a3eddeda8c856c28', 'user_domain_id': 'default', 'system_scope': 'all', 'project_id': None, 'project_domain_id': None, 'roles': ['admin', 'member', 'reader'], 'is_admin_project': True, 'service_user_id': None, 'service_user_domain_id': None, 'service_project_id': None, 'service_project_domain_id': None, 'service_roles': []} {{(pid=80466) fill_context /opt/stack/keystone/keystone/server/flask/request_processing/middleware/auth_context.py:478}}
Jun 20 12:03:15.142592 dv-cinder-836973-4-iscsi devstack@keystone.service[80465]: DEBUG keystone.server.flask.request_processing.middleware.auth_context [None req-ccc2ff51-fd06-4d39-a892-4656f944a21a None admin] RBAC: auth_context: {'token': , 'domain_id': None, 'trust_id': None, 'trustor_id': None, 'trustee_id': None, 'domain_name': None, 'group_ids': [], 'user_id': 'c92fa328437c4093a3eddeda8c856c28', 'user_domain_id': 'default', 'system_scope': 'all', 'project_id': None, 'project_domain_id': None, 'roles': ['admin', 'member', 'reader'], 'is_admin_project': True, 'service_user_id': None, 'service_user_domain_id': None, 'service_project_id': None, 'service_project_domain_id': None, 'service_roles': []} {{(pid=80465) fill_context /opt/stack/keystone/keystone/server/flask/request_processing/middleware/auth_context.py:478}}
Jun 20 12:03:15.143144 dv-cinder-836973-4-iscsi devstack@keystone.service[80466]: DEBUG keystone.server.flask.request_processing.req_logging [None req-191e5932-7e89-44a3-aa90-e55a359fe841 None admin] REQUEST_METHOD: `GET` {{(pid=80466) log_request_info /opt/stack/keystone/keystone/server/flask/request_processing/req_logging.py:27}}
Jun 20 12:03:15.143430 dv-cinder-836973-4-iscsi devstack@keystone.service[80466]: DEBUG keystone.server.flask.request_processing.req_logging [None req-191e5932-7e89-44a3-aa90-e55a359fe841 None admin] SCRIPT_NAME: `/identity` {{(pid=80466) log_request_info /opt/stack/keystone/keystone/server/flask/request_processing/req_logging.py:28}}
Jun 20 12:03:15.143526 dv-cinder-836973-4-iscsi devstack@keystone.service[80465]: DEBUG keystone.server.flask.request_processing.req_logging [None req-ccc2ff51-fd06-4d39-a892-4656f944a21a None admin] REQUEST_METHOD: `GET` {{(pid=80465) log_request_info /opt/stack/keystone/keystone/server/flask/request_processing/req_logging.py:27}}
Jun 20 12:03:15.143706 dv-cinder-836973-4-iscsi devstack@keystone.service[80466]: DEBUG keystone.server.flask.request_processing.req_logging [None req-191e5932-7e89-44a3-aa90-e55a359fe841 None admin] PATH_INFO: `/v3/users/a7c3a6bdc8a54184a8a9c3688843bf99` {{(pid=80466) log_request_info /opt/stack/keystone/keystone/server/flask/request_processing/req_logging.py:29}}
Jun 20 12:03:15.143813 dv-cinder-836973-4-iscsi devstack@keystone.service[80465]: DEBUG keystone.server.flask.request_processing.req_logging [None req-ccc2ff51-fd06-4d39-a892-4656f944a21a None admin] SCRIPT_NAME: `/identity` {{(pid=80465) log_request_info /opt/stack/keystone/keystone/server/flask/request_processing/req_logging.py:28}}
Jun 20 12:03:15.144472 dv-cinder-836973-4-iscsi devstack@keystone.service[80465]: DEBUG keystone.server.flask.request_processing.req_logging [None req-ccc2ff51-fd06-4d39-a892-4656f944a21a None admin] PATH_INFO: `/v3/users/2ba12d9b45004cf8bb9d767dbafaefb1` {{(pid=80465) log_request_info /opt/stack/keystone/keystone/server/flask/request_processing/req_logging.py:29}}
Jun 20 12:03:15.144956 dv-cinder-836973-4-iscsi devstack@keystone.service[80466]: DEBUG keystone.common.rbac_enforcer.enforcer [None req-191e5932-7e89-44a3-aa90-e55a359fe841 None admin] RBAC: Authorizing `identity:get_user(user_id=a7c3a6bdc8a54184a8a9c3688843bf99)` {{(pid=80466) enforce_call /opt/stack/keystone/keystone/common/rbac_enforcer/enforcer.py:449}}
Jun 20 12:03:15.146473 dv-cinder-836973-4-iscsi devstack@keystone.service[80466]: DEBUG keystone.common.rbac_enforcer.enforcer [None req-191e5932-7e89-44a3-aa90-e55a359fe841 None admin] RBAC: Authorization granted {{(pid=80466) enforce_call /opt/stack/keystone/keystone/common/rbac_enforcer/enforcer.py:457}}
Jun 20 12:03:15.148470 dv-cinder-836973-4-iscsi devstack@keystone.service[80466]: [pid: 80466|app: 0|req: 95/196] 10.222.0.64 () {56 vars in 1177 bytes} [Mon Jun 20 12:03:14 2022] GET /identity/v3/users/a7c3a6bdc8a54184a8a9c3688843bf99 => generated 289 bytes in 184 msecs (HTTP/1.1 200) 5 headers in 177 bytes (1 switches on core 0)
Jun 20 12:03:15.149237 dv-cinder-836973-4-iscsi devstack@keystone.service[80466]: DEBUG keystone.server.flask.request_processing.middleware.auth_context [None req-191e5932-7e89-44a3-aa90-e55a359fe841 None admin] Authenticating user token {{(pid=80466) process_request /usr/local/lib/python3.8/dist-packages/keystonemiddleware/auth_token/__init__.py:407}}
Jun 20 12:03:15.159616 dv-cinder-836973-4-iscsi devstack@keystone.service[80465]: DEBUG keystone.common.rbac_enforcer.enforcer [None req-ccc2ff51-fd06-4d39-a892-4656f944a21a None admin] RBAC: Authorizing `identity:get_user(user_id=2ba12d9b45004cf8bb9d767dbafaefb1)` {{(pid=80465) enforce_call /opt/stack/keystone/keystone/common/rbac_enforcer/enforcer.py:449}}
Jun 20 12:03:15.161204 dv-cinder-836973-4-iscsi devstack@keystone.service[80465]: DEBUG keystone.common.rbac_enforcer.enforcer [None req-ccc2ff51-fd06-4d39-a892-4656f944a21a None admin] RBAC: Authorization granted {{(pid=80465) enforce_call /opt/stack/keystone/keystone/common/rbac_enforcer/enforcer.py:457}}
Jun 20 12:03:15.164032 dv-cinder-836973-4-iscsi devstack@keystone.service[80465]: [pid: 80465|app: 0|req: 102/197] 10.222.0.64 () {56 vars in 1177 bytes} [Mon Jun 20 12:03:14 2022] GET /identity/v3/users/2ba12d9b45004cf8bb9d767dbafaefb1 => generated 283 bytes in 206 msecs (HTTP/1.1 200) 5 headers in 177 bytes (1 switches on core 0)
Jun 20 12:03:15.169832 dv-cinder-836973-4-iscsi devstack@keystone.service[80465]: DEBUG keystone.server.flask.request_processing.middleware.auth_context [None req-ccc2ff51-fd06-4d39-a892-4656f944a21a None admin] Authenticating user token {{(pid=80465) process_request /usr/local/lib/python3.8/dist-packages/keystonemiddleware/auth_token/__init__.py:407}}
Jun 20 12:03:15.213329 dv-cinder-836973-4-iscsi devstack@keystone.service[80465]: DEBUG dbcounter [-] [80465] Writing DB stats keystone:SELECT=100 {{(pid=80465) stat_writer /usr/local/lib/python3.8/dist-packages/dbcounter.py:114}}
Jun 20 12:03:15.261761 dv-cinder-836973-4-iscsi devstack@keystone.service[80466]: DEBUG keystone.server.flask.request_processing.middleware.auth_context [None req-191e5932-7e89-44a3-aa90-e55a359fe841 None admin] Validating token access rules against request {{(pid=80466) validate_allowed_request /usr/local/lib/python3.8/dist-packages/keystonemiddleware/auth_token/__init__.py:545}}
Jun 20 12:03:15.279926 dv-cinder-836973-4-iscsi devstack@keystone.service[80465]: DEBUG keystone.server.flask.request_processing.middleware.auth_context [None req-ccc2ff51-fd06-4d39-a892-4656f944a21a None admin] Validating token access rules against request {{(pid=80465) validate_allowed_request /usr/local/lib/python3.8/dist-packages/keystonemiddleware/auth_token/__init__.py:545}}
Jun 20 12:03:15.297104 dv-cinder-836973-4-iscsi devstack@keystone.service[80466]: DEBUG keystone.server.flask.request_processing.middleware.auth_context [None req-7404a505-d847-4f65-81e5-497f89eaf0e3 None admin] RBAC: auth_context: {'token': , 'domain_id': None, 'trust_id': None, 'trustor_id': None, 'trustee_id': None, 'domain_name': None, 'group_ids': [], 'user_id': 'c92fa328437c4093a3eddeda8c856c28', 'user_domain_id': 'default', 'system_scope': 'all', 'project_id': None, 'project_domain_id': None, 'roles': ['admin', 'member', 'reader'], 'is_admin_project': True, 'service_user_id': None, 'service_user_domain_id': None, 'service_project_id': None, 'service_project_domain_id': None, 'service_roles': []} {{(pid=80466) fill_context /opt/stack/keystone/keystone/server/flask/request_processing/middleware/auth_context.py:478}}
Jun 20 12:03:15.297777 dv-cinder-836973-4-iscsi devstack@keystone.service[80466]: DEBUG keystone.server.flask.request_processing.req_logging [None req-7404a505-d847-4f65-81e5-497f89eaf0e3 None admin] REQUEST_METHOD: `POST` {{(pid=80466) log_request_info /opt/stack/keystone/keystone/server/flask/request_processing/req_logging.py:27}}
Jun 20 12:03:15.298094 dv-cinder-836973-4-iscsi devstack@keystone.service[80466]: DEBUG keystone.server.flask.request_processing.req_logging [None req-7404a505-d847-4f65-81e5-497f89eaf0e3 None admin] SCRIPT_NAME: `/identity` {{(pid=80466) log_request_info /opt/stack/keystone/keystone/server/flask/request_processing/req_logging.py:28}}
Jun 20 12:03:15.298374 dv-cinder-836973-4-iscsi devstack@keystone.service[80466]: DEBUG keystone.server.flask.request_processing.req_logging [None req-7404a505-d847-4f65-81e5-497f89eaf0e3 None admin] PATH_INFO: `/v3/users` {{(pid=80466) log_request_info /opt/stack/keystone/keystone/server/flask/request_processing/req_logging.py:29}}
Jun 20 12:03:15.299086 dv-cinder-836973-4-iscsi devstack@keystone.service[80466]: DEBUG keystone.common.rbac_enforcer.enforcer [None req-7404a505-d847-4f65-81e5-497f89eaf0e3 None admin] RBAC: Authorizing `identity:create_user()` {{(pid=80466) enforce_call /opt/stack/keystone/keystone/common/rbac_enforcer/enforcer.py:449}}
Jun 20 12:03:15.300549 dv-cinder-836973-4-iscsi devstack@keystone.service[80466]: DEBUG keystone.common.rbac_enforcer.enforcer [None req-7404a505-d847-4f65-81e5-497f89eaf0e3 None admin] RBAC: Authorization granted {{(pid=80466) enforce_call /opt/stack/keystone/keystone/common/rbac_enforcer/enforcer.py:457}}
