Jul 25 16:19:40.511632 dv-cinder-836973-15-smb neutron-server[104136]: INFO neutron.wsgi [req-68705102-a9b6-4edd-9744-aaeff0477f79 req-89a0412e-2b8a-4ec0-a5f9-1d087b117b65 service neutron] 10.222.0.99 "PUT /v2.0/ports/f6c03fa1-57b7-4618-b059-e5bf055e8e52 HTTP/1.1" status: 200 len: 1093 time: 5.3210094
Jul 25 16:19:40.616158 dv-cinder-836973-15-smb neutron-server[104137]: DEBUG neutron.plugins.ml2.drivers.mech_agent [req-ac0683b7-8d94-4521-b5da-a0426787666c req-0ffc04a4-c1ca-41ef-9581-8a40b52a86a1 service neutron] Port 93518b0d-9477-45ad-9764-ad5d908d5e81 on network a7a69cdd-aaea-4aba-8046-ff3a5d5c58dd not bound, no agent of type Open vSwitch agent registered on host hv-cinder-83697 {{(pid=104137) bind_port /opt/stack/neutron/neutron/plugins/ml2/drivers/mech_agent.py:103}}
Jul 25 16:19:40.616769 dv-cinder-836973-15-smb neutron-server[104137]: DEBUG neutron.plugins.ml2.drivers.mech_agent [req-ac0683b7-8d94-4521-b5da-a0426787666c req-0ffc04a4-c1ca-41ef-9581-8a40b52a86a1 service neutron] Attempting to bind port 93518b0d-9477-45ad-9764-ad5d908d5e81 on network a7a69cdd-aaea-4aba-8046-ff3a5d5c58dd {{(pid=104137) bind_port /opt/stack/neutron/neutron/plugins/ml2/drivers/mech_agent.py:91}}
Jul 25 16:19:40.634948 dv-cinder-836973-15-smb neutron-server[104137]: DEBUG neutron.plugins.ml2.drivers.mech_agent [req-ac0683b7-8d94-4521-b5da-a0426787666c req-0ffc04a4-c1ca-41ef-9581-8a40b52a86a1 service neutron] Checking agent: {'id': '8e47c5f6-56c8-409f-8c64-20cd40b2e545', 'agent_type': 'HyperV agent', 'binary': 'neutron-hyperv-agent', 'topic': 'N/A', 'host': 'hv-cinder-83697', 'admin_state_up': True, 'created_at': datetime.datetime(2022, 7, 25, 16, 16, 48), 'started_at': datetime.datetime(2022, 7, 25, 16, 16, 48), 'heartbeat_timestamp': datetime.datetime(2022, 7, 25, 16, 19, 18), 'description': None, 'resources_synced': None, 'availability_zone': None, 'alive': True, 'configurations': {'vswitch_mappings': {'physnet1$': 'br-data'}}, 'resource_versions': {}} {{(pid=104137) bind_port /opt/stack/neutron/neutron/plugins/ml2/drivers/mech_agent.py:110}}
Jul 25 16:19:40.635298 dv-cinder-836973-15-smb neutron-server[104137]: DEBUG neutron.plugins.ml2.drivers.mech_agent [req-ac0683b7-8d94-4521-b5da-a0426787666c req-0ffc04a4-c1ca-41ef-9581-8a40b52a86a1 service neutron] Checking segment: {'id': 'f1842ee6-645c-495c-a59f-7b4ecdd7bc8d', 'network_type': 'vlan', 'physical_network': 'physnet1', 'segmentation_id': 247, 'network_id': 'a7a69cdd-aaea-4aba-8046-ff3a5d5c58dd'} for mappings: {'physnet1$': 'br-data'} with network types: ['local', 'flat', 'vlan'] {{(pid=104137) check_segment_for_agent /opt/stack/neutron/neutron/plugins/ml2/drivers/mech_agent.py:373}}
Jul 25 16:19:40.635684 dv-cinder-836973-15-smb neutron-server[104137]: DEBUG neutron.plugins.ml2.drivers.mech_agent [req-ac0683b7-8d94-4521-b5da-a0426787666c req-0ffc04a4-c1ca-41ef-9581-8a40b52a86a1 service neutron] Bound using segment: {'id': 'f1842ee6-645c-495c-a59f-7b4ecdd7bc8d', 'network_type': 'vlan', 'physical_network': 'physnet1', 'segmentation_id': 247, 'network_id': 'a7a69cdd-aaea-4aba-8046-ff3a5d5c58dd'} {{(pid=104137) bind_port /opt/stack/neutron/neutron/plugins/ml2/drivers/mech_agent.py:120}}
Jul 25 16:19:40.636181 dv-cinder-836973-15-smb neutron-server[104137]: DEBUG neutron.plugins.ml2.managers [req-ac0683b7-8d94-4521-b5da-a0426787666c req-0ffc04a4-c1ca-41ef-9581-8a40b52a86a1 service neutron] Bound port: 93518b0d-9477-45ad-9764-ad5d908d5e81, host: hv-cinder-83697, vif_type: hyperv, vif_details: {"connectivity": "legacy", "port_filter": false}, binding_levels: [{'bound_driver': 'hyperv', 'bound_segment': {'id': 'f1842ee6-645c-495c-a59f-7b4ecdd7bc8d', 'network_type': 'vlan', 'physical_network': 'physnet1', 'segmentation_id': 247, 'network_id': 'a7a69cdd-aaea-4aba-8046-ff3a5d5c58dd'}}] {{(pid=104137) _bind_port_level /opt/stack/neutron/neutron/plugins/ml2/managers.py:947}}
Jul 25 16:19:40.636573 dv-cinder-836973-15-smb neutron-server[104137]: DEBUG neutron_lib.callbacks.manager [req-ac0683b7-8d94-4521-b5da-a0426787666c req-0ffc04a4-c1ca-41ef-9581-8a40b52a86a1 service neutron] Publish callbacks ['neutron.plugins.ml2.plugin.SecurityGroupDbMixin._ensure_default_security_group_handler-1800383'] for port (93518b0d-9477-45ad-9764-ad5d908d5e81), before_update {{(pid=104137) _notify_loop /usr/local/lib/python3.8/dist-packages/neutron_lib/callbacks/manager.py:176}}
Jul 25 16:19:40.638884 dv-cinder-836973-15-smb neutron-server[104137]: DEBUG neutron_lib.callbacks.manager [None req-3f15ee7c-edb7-4062-878e-6ebd6f798d7f admin admin] Publish callbacks [] for security_group (None), before_create {{(pid=104137) _notify_loop /usr/local/lib/python3.8/dist-packages/neutron_lib/callbacks/manager.py:176}}
Jul 25 16:19:40.660150 dv-cinder-836973-15-smb neutron-server[104137]: INFO neutron.wsgi [req-c1ee56a7-b5b9-4c00-9f4e-73c4a8023dbe req-02130091-4664-4a70-8245-67927f45140f tempest-DeleteServersTestJSON-1220061855 tempest-DeleteServersTestJSON-1220061855-project] 10.222.0.70 "GET /v2.0/security-groups?id=306301ac-d6d0-440f-962b-a9caae1f7505&fields=id&fields=name HTTP/1.1" status: 200 len: 286 time: 0.8641150
Jul 25 16:19:40.660670 dv-cinder-836973-15-smb neutron-server[104137]: DEBUG neutron.wsgi [-] (104137) accepted ('10.222.0.70', 47064) {{(pid=104137) server /usr/local/lib/python3.8/dist-packages/eventlet/wsgi.py:1004}}
Jul 25 16:19:40.828459 dv-cinder-836973-15-smb neutron-server[104136]: DEBUG novaclient.v2.client [-] REQ: curl -g -i --cacert "/opt/stack/data/ca-bundle.pem" -X POST http://10.222.0.70/compute/v2.1/os-server-external-events -H "Accept: application/json" -H "Content-Type: application/json" -H "User-Agent: python-novaclient" -H "X-Auth-Token: {SHA256}2198322489e7edff099f79b2aa4710993c66d1e274e9388ca92d3f4b72c46abb" -H "X-OpenStack-Nova-API-Version: 2.1" -H "X-OpenStack-Request-ID: req-1c31c26b-8634-4fcc-a4e8-581d7d7b5009" -d '{"events": [{"name": "network-changed", "server_uuid": "3421b098-2b2d-46dc-a3e8-e3c384273d27", "tag": "dfffa2d1-e273-46bc-9e95-10483721a05a"}]}' {{(pid=104136) _http_log_request /usr/local/lib/python3.8/dist-packages/keystoneauth1/session.py:519}}
Jul 25 16:19:40.834016 dv-cinder-836973-15-smb neutron-server[104136]: INFO neutron.wsgi [req-a1eaed37-3945-48d8-8f77-9ed8f2a741c0 req-cf354173-55df-4f90-88c7-1dd197c9072f tempest-AttachVolumeShelveTestJSON-1427869612 tempest-AttachVolumeShelveTestJSON-1427869612-project] 10.222.0.70 "GET /v2.0/security-groups?id=92bdfd83-a336-46ba-b5d5-475dbf807109&fields=id&fields=name HTTP/1.1" status: 200 len: 313 time: 0.3349202
Jul 25 16:19:40.834950 dv-cinder-836973-15-smb neutron-server[104136]: DEBUG neutron.pecan_wsgi.hooks.policy_enforcement [req-b59cd3a2-400a-4366-9173-28f2b35df683 req-675ffd2d-8131-480f-9a95-42fab8c8e2ad service neutron] Attributes excluded by policy engine: ['standard_attr_id'] {{(pid=104136) _exclude_attributes_by_policy /opt/stack/neutron/neutron/pecan_wsgi/hooks/policy_enforcement.py:259}}
Jul 25 16:19:40.838161 dv-cinder-836973-15-smb neutron-server[104136]: INFO neutron.wsgi [req-b59cd3a2-400a-4366-9173-28f2b35df683 req-675ffd2d-8131-480f-9a95-42fab8c8e2ad service neutron] 10.222.0.99 "GET /v2.0/ports?tenant_id=31cff479d29e46d5afd36dfb98a65aa2&device_id=3421b098-2b2d-46dc-a3e8-e3c384273d27 HTTP/1.1" status: 200 len: 1128 time: 0.9404762
Jul 25 16:19:40.844218 dv-cinder-836973-15-smb neutron-server[104136]: DEBUG dbcounter [-] [104136] Writing DB stats neutron:SELECT=95,neutron:UPDATE=4,neutron:INSERT=1 {{(pid=104136) stat_writer /usr/local/lib/python3.8/dist-packages/dbcounter.py:114}}
Jul 25 16:19:40.853971 dv-cinder-836973-15-smb neutron-server[104136]: DEBUG neutron_lib.callbacks.manager [None req-5a781c4b-f02a-46a3-ae04-6e4aa5a7923c admin admin] Publish callbacks [] for security_group (9de07e5a-8dd3-43d9-aacc-059b7b4f62a9), before_delete {{(pid=104136) _notify_loop /usr/local/lib/python3.8/dist-packages/neutron_lib/callbacks/manager.py:176}}
Jul 25 16:19:40.961477 dv-cinder-836973-15-smb neutron-server[104136]: DEBUG neutron.api.rpc.handlers.resources_rpc [None req-176a7048-70fc-42fa-9543-bfd7c4ef8dc8 service neutron] Pushing event updated for resources: {'Port': ['ID=dfffa2d1-e273-46bc-9e95-10483721a05a,revision_number=3']} {{(pid=104136) push /opt/stack/neutron/neutron/api/rpc/handlers/resources_rpc.py:237}}
Jul 25 16:19:41.059266 dv-cinder-836973-15-smb neutron-server[104137]: DEBUG neutron.pecan_wsgi.hooks.policy_enforcement [req-00ceac79-a8f5-4b16-a000-0e03c016b4c0 req-a9c57698-9810-4ee6-bab8-796f71e3b05c tempest-ServerRescueNegativeTestJSON-173566222 tempest-ServerRescueNegativeTestJSON-173566222-project] Attributes excluded by policy engine: ['standard_attr_id', 'binding:profile', 'binding:host_id', 'binding:vif_type', 'binding:vif_details'] {{(pid=104137) _exclude_attributes_by_policy /opt/stack/neutron/neutron/pecan_wsgi/hooks/policy_enforcement.py:259}}
Jul 25 16:19:41.061266 dv-cinder-836973-15-smb neutron-server[104137]: INFO neutron.wsgi [req-00ceac79-a8f5-4b16-a000-0e03c016b4c0 req-a9c57698-9810-4ee6-bab8-796f71e3b05c tempest-ServerRescueNegativeTestJSON-173566222 tempest-ServerRescueNegativeTestJSON-173566222-project] 10.222.0.70 "GET /v2.0/ports?device_id=3421b098-2b2d-46dc-a3e8-e3c384273d27 HTTP/1.1" status: 200 len: 944 time: 0.2797141
Jul 25 16:19:41.125924 dv-cinder-836973-15-smb neutron-server[104137]: DEBUG neutron.pecan_wsgi.hooks.policy_enforcement [req-f242db1e-2044-4c30-9ba6-98cea0851f4e req-a760f662-6950-48f4-9aa6-3894cde20f4c service neutron] Attributes excluded by policy engine: ['standard_attr_id', 'vlan_transparent'] {{(pid=104137) _exclude_attributes_by_policy /opt/stack/neutron/neutron/pecan_wsgi/hooks/policy_enforcement.py:259}}
Jul 25 16:19:41.130884 dv-cinder-836973-15-smb neutron-server[104137]: INFO neutron.wsgi [req-f242db1e-2044-4c30-9ba6-98cea0851f4e req-a760f662-6950-48f4-9aa6-3894cde20f4c service neutron] 10.222.0.99 "GET /v2.0/networks?id=4588616a-5e44-4d62-b682-7df14af5537d HTTP/1.1" status: 200 len: 917 time: 1.1248021
Jul 25 16:19:41.140209 dv-cinder-836973-15-smb neutron-server[104137]: DEBUG neutron_lib.callbacks.manager [None req-aa5bb990-4eab-4d85-963e-461df54a2b17 admin admin] Publish callbacks [] for security_group (None), before_create {{(pid=104137) _notify_loop /usr/local/lib/python3.8/dist-packages/neutron_lib/callbacks/manager.py:176}}
Jul 25 16:19:41.251451 dv-cinder-836973-15-smb neutron-server[104137]: DEBUG neutron_lib.callbacks.manager [None req-3f15ee7c-edb7-4062-878e-6ebd6f798d7f admin admin] Publish callbacks [] for security_group (34f566d0-dc54-4276-beb1-6c0759ab93dc), precommit_create {{(pid=104137) _notify_loop /usr/local/lib/python3.8/dist-packages/neutron_lib/callbacks/manager.py:176}}
Jul 25 16:19:41.278765 dv-cinder-836973-15-smb neutron-server[104137]: DEBUG neutron_lib.callbacks.manager [None req-3f15ee7c-edb7-4062-878e-6ebd6f798d7f admin admin] Publish callbacks ['neutron.plugins.ml2.ovo_rpc._ObjectChangeHandler.handle_event-567536'] for security_group (34f566d0-dc54-4276-beb1-6c0759ab93dc), after_create {{(pid=104137) _notify_loop /usr/local/lib/python3.8/dist-packages/neutron_lib/callbacks/manager.py:176}}
Jul 25 16:19:41.307868 dv-cinder-836973-15-smb neutron-server[104137]: DEBUG neutron.plugins.ml2.db [req-ac0683b7-8d94-4521-b5da-a0426787666c req-0ffc04a4-c1ca-41ef-9581-8a40b52a86a1 service neutron] For port 93518b0d-9477-45ad-9764-ad5d908d5e81, host hv-cinder-83697, cleared binding levels {{(pid=104137) clear_binding_levels /opt/stack/neutron/neutron/plugins/ml2/db.py:87}}
Jul 25 16:19:41.354446 dv-cinder-836973-15-smb neutron-server[104137]: INFO neutron.wsgi [req-00ceac79-a8f5-4b16-a000-0e03c016b4c0 req-d93d451c-91ef-405e-906f-366e73fe07f6 tempest-ServerRescueNegativeTestJSON-173566222 tempest-ServerRescueNegativeTestJSON-173566222-project] 10.222.0.70 "GET /v2.0/security-groups?id=4dad9cbd-0a5e-41ae-bab2-a4b05ca812a9&fields=id&fields=name HTTP/1.1" status: 200 len: 286 time: 0.2799237
Jul 25 16:19:41.356334 dv-cinder-836973-15-smb neutron-server[104137]: DEBUG neutron.plugins.ml2.db [req-ac0683b7-8d94-4521-b5da-a0426787666c req-0ffc04a4-c1ca-41ef-9581-8a40b52a86a1 service neutron] For port 93518b0d-9477-45ad-9764-ad5d908d5e81, host hv-cinder-83697, set binding levels [PortBindingLevel(driver='hyperv',host='hv-cinder-83697',level=0,port_id=93518b0d-9477-45ad-9764-ad5d908d5e81,segment=NetworkSegment(f1842ee6-645c-495c-a59f-7b4ecdd7bc8d),segment_id=f1842ee6-645c-495c-a59f-7b4ecdd7bc8d)] {{(pid=104137) set_binding_levels /opt/stack/neutron/neutron/plugins/ml2/db.py:59}}
Jul 25 16:19:41.389839 dv-cinder-836973-15-smb neutron-server[104137]: DEBUG dbcounter [-] [104137] Writing DB stats neutron:SELECT=85,neutron:INSERT=14,neutron:UPDATE=1 {{(pid=104137) stat_writer /usr/local/lib/python3.8/dist-packages/dbcounter.py:114}}
Jul 25 16:19:41.392628 dv-cinder-836973-15-smb neutron-server[104137]: DEBUG neutron.api.rpc.handlers.resources_rpc [None req-3f15ee7c-edb7-4062-878e-6ebd6f798d7f admin admin] Pushing event updated for resources: {'SecurityGroup': ['ID=34f566d0-dc54-4276-beb1-6c0759ab93dc,revision_number=1']} {{(pid=104137) push /opt/stack/neutron/neutron/api/rpc/handlers/resources_rpc.py:237}}
Jul 25 16:19:41.411614 dv-cinder-836973-15-smb neutron-server[104137]: INFO neutron.wsgi [None req-3f15ee7c-edb7-4062-878e-6ebd6f798d7f admin admin] 10.222.0.70 "GET /v2.0/security-groups?tenant_id=d7f77431bf974fc980165567a862ecc4&name=default HTTP/1.1" status: 200 len: 2996 time: 1.2837644
Jul 25 16:19:41.413432 dv-cinder-836973-15-smb neutron-server[104137]: DEBUG neutron_lib.callbacks.manager [req-ac0683b7-8d94-4521-b5da-a0426787666c req-0ffc04a4-c1ca-41ef-9581-8a40b52a86a1 service neutron] Publish callbacks ['neutron.plugins.ml2.plugin.SecurityGroupServerNotifierRpcMixin._notify_sg_on_port_change-1800432', 'neutron.plugins.ml2.ovo_rpc._ObjectChangeHandler.handle_event-842407', 'neutron.api.rpc.agentnotifiers.dhcp_rpc_agent_api.DhcpAgentNotifyAPI._native_event_send_dhcp_notification-524995', 'neutron.db.l3_db.L3RpcNotifierMixin._notify_gateway_port_ip_changed-8756218289502', 'neutron.db.l3_dvrscheduler_db._notify_l3_agent_port_update-8756217912086', 'neutron.db.l3_hascheduler_db._notify_l3_agent_ha_port_update-8756217912104'] for port (93518b0d-9477-45ad-9764-ad5d908d5e81), after_update {{(pid=104137) _notify_loop /usr/local/lib/python3.8/dist-packages/neutron_lib/callbacks/manager.py:176}}
Jul 25 16:19:41.415595 dv-cinder-836973-15-smb neutron-server[104137]: DEBUG neutron.wsgi [-] (104137) accepted ('10.222.0.70', 47092) {{(pid=104137) server /usr/local/lib/python3.8/dist-packages/eventlet/wsgi.py:1004}}
Jul 25 16:19:41.422702 dv-cinder-836973-15-smb neutron-server[104137]: DEBUG dbcounter [-] [104137] Writing DB stats neutron:SELECT=87,neutron:UPDATE=4,neutron:INSERT=9 {{(pid=104137) stat_writer /usr/local/lib/python3.8/dist-packages/dbcounter.py:114}}
Jul 25 16:19:41.486858 dv-cinder-836973-15-smb neutron-server[104137]: DEBUG neutron.pecan_wsgi.hooks.policy_enforcement [req-ac0683b7-8d94-4521-b5da-a0426787666c req-0ffc04a4-c1ca-41ef-9581-8a40b52a86a1 service neutron] Attributes excluded by policy engine: ['standard_attr_id'] {{(pid=104137) _exclude_attributes_by_policy /opt/stack/neutron/neutron/pecan_wsgi/hooks/policy_enforcement.py:259}}
Jul 25 16:19:41.487443 dv-cinder-836973-15-smb neutron-server[104137]: DEBUG neutron_lib.callbacks.manager [req-ac0683b7-8d94-4521-b5da-a0426787666c req-0ffc04a4-c1ca-41ef-9581-8a40b52a86a1 service neutron] Publish callbacks ['neutron.notifiers.nova.Notifier._send_nova_notification-41076', 'neutron.api.rpc.agentnotifiers.dhcp_rpc_agent_api.DhcpAgentNotifyAPI._send_dhcp_notification-525037'] for port (None), before_response {{(pid=104137) _notify_loop /usr/local/lib/python3.8/dist-packages/neutron_lib/callbacks/manager.py:176}}
Jul 25 16:19:41.488856 dv-cinder-836973-15-smb neutron-server[104137]: INFO neutron.wsgi [req-ac0683b7-8d94-4521-b5da-a0426787666c req-0ffc04a4-c1ca-41ef-9581-8a40b52a86a1 service neutron] 10.222.0.99 "PUT /v2.0/ports/93518b0d-9477-45ad-9764-ad5d908d5e81 HTTP/1.1" status: 200 len: 1093 time: 7.4283051
Jul 25 16:19:41.494607 dv-cinder-836973-15-smb neutron-server[104137]: DEBUG neutron.notifiers.nova [-] Sending events: [{'name': 'network-changed', 'server_uuid': '79f6f90c-9ce8-4993-89e0-1db068669e3b', 'tag': '93518b0d-9477-45ad-9764-ad5d908d5e81'}] {{(pid=104137) send_events /opt/stack/neutron/neutron/notifiers/nova.py:271}}
Jul 25 16:19:41.496943 dv-cinder-836973-15-smb neutron-server[104137]: DEBUG novaclient.v2.client [-] REQ: curl -g -i --cacert "/opt/stack/data/ca-bundle.pem" -X POST http://10.222.0.70/compute/v2.1/os-server-external-events -H "Accept: application/json" -H "Content-Type: application/json" -H "User-Agent: python-novaclient" -H "X-Auth-Token: {SHA256}40c1ad0f4a30ba8276bf353b0c2b7940d967520f256da04ffb405e3da8817783" -H "X-OpenStack-Nova-API-Version: 2.1" -H "X-OpenStack-Request-ID: req-7853a677-3b1e-484f-99fb-9d62c206053c" -d '{"events": [{"name": "network-changed", "server_uuid": "79f6f90c-9ce8-4993-89e0-1db068669e3b", "tag": "93518b0d-9477-45ad-9764-ad5d908d5e81"}]}' {{(pid=104137) _http_log_request /usr/local/lib/python3.8/dist-packages/keystoneauth1/session.py:519}}
Jul 25 16:19:41.509080 dv-cinder-836973-15-smb neutron-server[104136]: DEBUG neutron.api.rpc.handlers.resources_rpc [None req-89a0412e-2b8a-4ec0-a5f9-1d087b117b65 service neutron] Pushing event updated for resources: {'Port': ['ID=f6c03fa1-57b7-4618-b059-e5bf055e8e52,revision_number=3']} {{(pid=104136) push /opt/stack/neutron/neutron/api/rpc/handlers/resources_rpc.py:237}}
Jul 25 16:19:41.553774 dv-cinder-836973-15-smb neutron-server[104137]: DEBUG neutron_lib.callbacks.manager [None req-aa5bb990-4eab-4d85-963e-461df54a2b17 admin admin] Publish callbacks [] for security_group (5cae60fe-53b4-423b-9b56-99f582afc39a), precommit_create {{(pid=104137) _notify_loop /usr/local/lib/python3.8/dist-packages/neutron_lib/callbacks/manager.py:176}}
Jul 25 16:19:41.554146 dv-cinder-836973-15-smb neutron-server[104136]: DEBUG novaclient.v2.client [-] RESP: [200] Connection: close Content-Length: 179 Content-Type: application/json Date: Mon, 25 Jul 2022 16:19:40 GMT OpenStack-API-Version: compute 2.1 Server: Apache/2.4.41 (Ubuntu) Vary: OpenStack-API-Version,X-OpenStack-Nova-API-Version X-OpenStack-Nova-API-Version: 2.1 x-compute-request-id: req-9086966b-22bf-4ef4-880d-81084ec51415 x-openstack-request-id: req-9086966b-22bf-4ef4-880d-81084ec51415 {{(pid=104136) _http_log_response /usr/local/lib/python3.8/dist-packages/keystoneauth1/session.py:550}}
Jul 25 16:19:41.554617 dv-cinder-836973-15-smb neutron-server[104136]: DEBUG novaclient.v2.client [-] RESP BODY: {"events": [{"name": "network-changed", "server_uuid": "3421b098-2b2d-46dc-a3e8-e3c384273d27", "tag": "dfffa2d1-e273-46bc-9e95-10483721a05a", "status": "completed", "code": 200}]} {{(pid=104136) _http_log_response /usr/local/lib/python3.8/dist-packages/keystoneauth1/session.py:582}}
Jul 25 16:19:41.554832 dv-cinder-836973-15-smb neutron-server[104136]: DEBUG novaclient.v2.client [-] POST call to compute for http://10.222.0.70/compute/v2.1/os-server-external-events used request id req-9086966b-22bf-4ef4-880d-81084ec51415 {{(pid=104136) request /usr/local/lib/python3.8/dist-packages/keystoneauth1/session.py:954}}
Jul 25 16:19:41.555690 dv-cinder-836973-15-smb neutron-server[104136]: INFO neutron.notifiers.nova [-] Nova event matching ['req-9086966b-22bf-4ef4-880d-81084ec51415'] response: {'name': 'network-changed', 'server_uuid': '3421b098-2b2d-46dc-a3e8-e3c384273d27', 'tag': 'dfffa2d1-e273-46bc-9e95-10483721a05a', 'status': 'completed', 'code': 200}
Jul 25 16:19:41.565436 dv-cinder-836973-15-smb neutron-server[104137]: DEBUG neutron_lib.callbacks.manager [None req-aa5bb990-4eab-4d85-963e-461df54a2b17 admin admin] Publish callbacks ['neutron.plugins.ml2.ovo_rpc._ObjectChangeHandler.handle_event-567536'] for security_group (5cae60fe-53b4-423b-9b56-99f582afc39a), after_create {{(pid=104137) _notify_loop /usr/local/lib/python3.8/dist-packages/neutron_lib/callbacks/manager.py:176}}
Jul 25 16:19:41.570388 dv-cinder-836973-15-smb neutron-server[104137]: DEBUG neutron.api.rpc.handlers.resources_rpc [None req-0ffc04a4-c1ca-41ef-9581-8a40b52a86a1 service neutron] Pushing event updated for resources: {'Port': ['ID=93518b0d-9477-45ad-9764-ad5d908d5e81,revision_number=3']} {{(pid=104137) push /opt/stack/neutron/neutron/api/rpc/handlers/resources_rpc.py:237}}
Jul 25 16:19:41.591064 dv-cinder-836973-15-smb neutron-server[104136]: DEBUG neutron_lib.callbacks.manager [None req-5a781c4b-f02a-46a3-ae04-6e4aa5a7923c admin admin] Publish callbacks [] for security_group (9de07e5a-8dd3-43d9-aacc-059b7b4f62a9), precommit_delete {{(pid=104136) _notify_loop /usr/local/lib/python3.8/dist-packages/neutron_lib/callbacks/manager.py:176}}
Jul 25 16:19:41.605357 dv-cinder-836973-15-smb neutron-server[104136]: INFO neutron.wsgi [req-b59cd3a2-400a-4366-9173-28f2b35df683 req-465d13ad-179b-4fb1-8987-b15cd316e0d5 service neutron] 10.222.0.99 "GET /v2.0/floatingips?fixed_ip_address=172.20.0.13&port_id=dfffa2d1-e273-46bc-9e95-10483721a05a HTTP/1.1" status: 200 len: 217 time: 0.6464448
Jul 25 16:19:41.606004 dv-cinder-836973-15-smb neutron-server[104139]: DEBUG neutron.db.agents_db [None req-7cd2ad7c-2cad-4c1f-9cc4-4f46ad448ab7 None None] Agent healthcheck: found 6 active agents {{(pid=104139) agent_health_check /opt/stack/neutron/neutron/db/agents_db.py:317}}
Jul 25 16:19:41.613219 dv-cinder-836973-15-smb neutron-server[104136]: DEBUG neutron.pecan_wsgi.hooks.policy_enforcement [req-17e89c7e-9ec8-437e-baa6-c48e3db37f76 req-749dd118-9155-4c3b-a943-8f4d1a2c2714 tempest-AttachVolumeTestJSON-323562711 tempest-AttachVolumeTestJSON-323562711-project] Attributes excluded by policy engine: ['standard_attr_id', 'binding:profile', 'binding:host_id', 'binding:vif_type', 'binding:vif_details'] {{(pid=104136) _exclude_attributes_by_policy /opt/stack/neutron/neutron/pecan_wsgi/hooks/policy_enforcement.py:259}}
Jul 25 16:19:41.614778 dv-cinder-836973-15-smb neutron-server[104136]: INFO neutron.wsgi [req-17e89c7e-9ec8-437e-baa6-c48e3db37f76 req-749dd118-9155-4c3b-a943-8f4d1a2c2714 tempest-AttachVolumeTestJSON-323562711 tempest-AttachVolumeTestJSON-323562711-project] 10.222.0.70 "GET /v2.0/ports?device_id=164d73d8-f508-45c2-8699-44993d44def9 HTTP/1.1" status: 200 len: 931 time: 0.1703362
Jul 25 16:19:41.615795 dv-cinder-836973-15-smb neutron-server[104136]: DEBUG neutron.pecan_wsgi.hooks.policy_enforcement [req-68705102-a9b6-4edd-9744-aaeff0477f79 req-85ef195e-c343-4c49-9aa1-5bbb4c4cc84f service neutron] Attributes excluded by policy engine: ['standard_attr_id'] {{(pid=104136) _exclude_attributes_by_policy /opt/stack/neutron/neutron/pecan_wsgi/hooks/policy_enforcement.py:259}}
Jul 25 16:19:41.617204 dv-cinder-836973-15-smb neutron-server[104136]: INFO neutron.wsgi [req-68705102-a9b6-4edd-9744-aaeff0477f79 req-85ef195e-c343-4c49-9aa1-5bbb4c4cc84f service neutron] 10.222.0.99 "GET /v2.0/ports?tenant_id=c349fe56f64e4377ae674b60d36afc91&device_id=13e9aef6-1ce6-4a28-9313-f3e088e90a9e HTTP/1.1" status: 200 len: 1127 time: 0.6567965
Jul 25 16:19:41.624099 dv-cinder-836973-15-smb neutron-server[104137]: DEBUG novaclient.v2.client [-] RESP: [200] Connection: close Content-Length: 179 Content-Type: application/json Date: Mon, 25 Jul 2022 16:19:41 GMT OpenStack-API-Version: compute 2.1 Server: Apache/2.4.41 (Ubuntu) Vary: OpenStack-API-Version,X-OpenStack-Nova-API-Version X-OpenStack-Nova-API-Version: 2.1 x-compute-request-id: req-b44795fe-368f-42bc-b1d4-5cecbdfe889e x-openstack-request-id: req-b44795fe-368f-42bc-b1d4-5cecbdfe889e {{(pid=104137) _http_log_response /usr/local/lib/python3.8/dist-packages/keystoneauth1/session.py:550}}
Jul 25 16:19:41.624710 dv-cinder-836973-15-smb neutron-server[104137]: DEBUG novaclient.v2.client [-] RESP BODY: {"events": [{"name": "network-changed", "server_uuid": "79f6f90c-9ce8-4993-89e0-1db068669e3b", "tag": "93518b0d-9477-45ad-9764-ad5d908d5e81", "status": "completed", "code": 200}]} {{(pid=104137) _http_log_response /usr/local/lib/python3.8/dist-packages/keystoneauth1/session.py:582}}
Jul 25 16:19:41.624710 dv-cinder-836973-15-smb neutron-server[104137]: DEBUG novaclient.v2.client [-] POST call to compute for http://10.222.0.70/compute/v2.1/os-server-external-events used request id req-b44795fe-368f-42bc-b1d4-5cecbdfe889e {{(pid=104137) request /usr/local/lib/python3.8/dist-packages/keystoneauth1/session.py:954}}
Jul 25 16:19:41.625053 dv-cinder-836973-15-smb neutron-server[104137]: INFO neutron.notifiers.nova [-] Nova event matching ['req-b44795fe-368f-42bc-b1d4-5cecbdfe889e'] response: {'name': 'network-changed', 'server_uuid': '79f6f90c-9ce8-4993-89e0-1db068669e3b', 'tag': '93518b0d-9477-45ad-9764-ad5d908d5e81', 'status': 'completed', 'code': 200}
Jul 25 16:19:41.637259 dv-cinder-836973-15-smb neutron-server[104137]: DEBUG neutron.api.rpc.handlers.resources_rpc [None req-aa5bb990-4eab-4d85-963e-461df54a2b17 admin admin] Pushing event updated for resources: {'SecurityGroup': ['ID=5cae60fe-53b4-423b-9b56-99f582afc39a,revision_number=1']} {{(pid=104137) push /opt/stack/neutron/neutron/api/rpc/handlers/resources_rpc.py:237}}
Jul 25 16:19:41.639713 dv-cinder-836973-15-smb neutron-server[104137]: DEBUG neutron_lib.callbacks.manager [None req-af1f6c40-58c2-4d57-aed0-c6cf9b2c85f9 admin admin] Publish callbacks [] for security_group (34f566d0-dc54-4276-beb1-6c0759ab93dc), before_delete {{(pid=104137) _notify_loop /usr/local/lib/python3.8/dist-packages/neutron_lib/callbacks/manager.py:176}}
Jul 25 16:19:41.647108 dv-cinder-836973-15-smb neutron-server[104137]: INFO neutron.wsgi [None req-aa5bb990-4eab-4d85-963e-461df54a2b17 admin admin] 10.222.0.70 "GET /v2.0/security-groups?tenant_id=3543ae02d0814c2893dfaf4fe922912c&name=default HTTP/1.1" status: 200 len: 2996 time: 0.9592793
Jul 25 16:19:41.647694 dv-cinder-836973-15-smb neutron-server[104137]: DEBUG neutron.wsgi [-] (104137) accepted ('10.222.0.70', 47100) {{(pid=104137) server /usr/local/lib/python3.8/dist-packages/eventlet/wsgi.py:1004}}
Jul 25 16:19:41.687016 dv-cinder-836973-15-smb neutron-server[104137]: DEBUG neutron_lib.callbacks.manager [None req-af1f6c40-58c2-4d57-aed0-c6cf9b2c85f9 admin admin] Publish callbacks [] for security_group (34f566d0-dc54-4276-beb1-6c0759ab93dc), precommit_delete {{(pid=104137) _notify_loop /usr/local/lib/python3.8/dist-packages/neutron_lib/callbacks/manager.py:176}}
Jul 25 16:19:41.758016 dv-cinder-836973-15-smb neutron-server[104136]: DEBUG neutron_lib.callbacks.manager [None req-5a781c4b-f02a-46a3-ae04-6e4aa5a7923c admin admin] Publish callbacks ['neutron.plugins.ml2.ovo_rpc._ObjectChangeHandler.handle_event-567536'] for security_group (9de07e5a-8dd3-43d9-aacc-059b7b4f62a9), after_delete {{(pid=104136) _notify_loop /usr/local/lib/python3.8/dist-packages/neutron_lib/callbacks/manager.py:176}}
Jul 25 16:19:41.761274 dv-cinder-836973-15-smb neutron-server[104136]: DEBUG neutron_lib.callbacks.manager [None req-5a781c4b-f02a-46a3-ae04-6e4aa5a7923c admin admin] Publish callbacks [] for security_group (None), before_response {{(pid=104136) _notify_loop /usr/local/lib/python3.8/dist-packages/neutron_lib/callbacks/manager.py:176}}
Jul 25 16:19:41.762398 dv-cinder-836973-15-smb neutron-server[104136]: INFO neutron.wsgi [None req-5a781c4b-f02a-46a3-ae04-6e4aa5a7923c admin admin] 10.222.0.70 "DELETE /v2.0/security-groups/9de07e5a-8dd3-43d9-aacc-059b7b4f62a9 HTTP/1.1" status: 204 len: 168 time: 2.5222728
Jul 25 16:19:41.774438 dv-cinder-836973-15-smb neutron-server[104136]: INFO neutron.wsgi [req-17e89c7e-9ec8-437e-baa6-c48e3db37f76 req-e7b15505-b67b-41e6-9e36-83cc5b278991 tempest-AttachVolumeTestJSON-323562711 tempest-AttachVolumeTestJSON-323562711-project] 10.222.0.70 "GET /v2.0/security-groups?id=9541b1c6-3209-40e6-a00d-78c3640e5885&fields=id&fields=name HTTP/1.1" status: 200 len: 312 time: 0.1463614
Jul 25 16:19:41.785681 dv-cinder-836973-15-smb neutron-server[104136]: DEBUG neutron.api.rpc.handlers.resources_rpc [None req-5a781c4b-f02a-46a3-ae04-6e4aa5a7923c admin admin] Pushing event deleted for resources: {'SecurityGroup': ['ID=9de07e5a-8dd3-43d9-aacc-059b7b4f62a9,revision_number=None']} {{(pid=104136) push /opt/stack/neutron/neutron/api/rpc/handlers/resources_rpc.py:237}}
Jul 25 16:19:41.798893 dv-cinder-836973-15-smb neutron-server[104137]: DEBUG neutron_lib.callbacks.manager [None req-af1f6c40-58c2-4d57-aed0-c6cf9b2c85f9 admin admin] Publish callbacks ['neutron.plugins.ml2.ovo_rpc._ObjectChangeHandler.handle_event-567536'] for security_group (34f566d0-dc54-4276-beb1-6c0759ab93dc), after_delete {{(pid=104137) _notify_loop /usr/local/lib/python3.8/dist-packages/neutron_lib/callbacks/manager.py:176}}
Jul 25 16:19:41.803348 dv-cinder-836973-15-smb neutron-server[104137]: DEBUG neutron_lib.callbacks.manager [None req-af1f6c40-58c2-4d57-aed0-c6cf9b2c85f9 admin admin] Publish callbacks [] for security_group (None), before_response {{(pid=104137) _notify_loop /usr/local/lib/python3.8/dist-packages/neutron_lib/callbacks/manager.py:176}}
Jul 25 16:19:41.804784 dv-cinder-836973-15-smb neutron-server[104137]: INFO neutron.wsgi [None req-af1f6c40-58c2-4d57-aed0-c6cf9b2c85f9 admin admin] 10.222.0.70 "DELETE /v2.0/security-groups/34f566d0-dc54-4276-beb1-6c0759ab93dc HTTP/1.1" status: 204 len: 168 time: 0.3805413
Jul 25 16:19:41.805690 dv-cinder-836973-15-smb neutron-server[104137]: DEBUG neutron_lib.callbacks.manager [None req-35d10f2f-6f97-40f3-ace1-53c08e4bdf56 admin admin] Publish callbacks [] for security_group (5cae60fe-53b4-423b-9b56-99f582afc39a), before_delete {{(pid=104137) _notify_loop /usr/local/lib/python3.8/dist-packages/neutron_lib/callbacks/manager.py:176}}
Jul 25 16:19:41.862522 dv-cinder-836973-15-smb neutron-server[104137]: DEBUG neutron.api.rpc.handlers.resources_rpc [None req-af1f6c40-58c2-4d57-aed0-c6cf9b2c85f9 admin admin] Pushing event deleted for resources: {'SecurityGroup': ['ID=34f566d0-dc54-4276-beb1-6c0759ab93dc,revision_number=None']} {{(pid=104137) push /opt/stack/neutron/neutron/api/rpc/handlers/resources_rpc.py:237}}
Jul 25 16:19:41.886643 dv-cinder-836973-15-smb neutron-server[104137]: DEBUG neutron.pecan_wsgi.hooks.policy_enforcement [req-294fcef2-ffee-4eaa-8d59-49b99b73b921 req-efb73974-e5f5-4902-90ab-1dc2895f24b5 tempest-DeleteServersTestJSON-1220061855 tempest-DeleteServersTestJSON-1220061855-project] Attributes excluded by policy engine: ['standard_attr_id', 'binding:profile', 'binding:host_id', 'binding:vif_type', 'binding:vif_details'] {{(pid=104137) _exclude_attributes_by_policy /opt/stack/neutron/neutron/pecan_wsgi/hooks/policy_enforcement.py:259}}
Jul 25 16:19:41.891760 dv-cinder-836973-15-smb neutron-server[104136]: DEBUG neutron.notifiers.nova [req-c5f3cf1e-3448-49fe-8424-3ed0dc7ff9ae req-4099562d-fc26-41a9-bd47-44dccaf2f836 service neutron] Ignoring state change previous_port_status: DOWN current_port_status: DOWN port_id a103ab0f-4fb5-40c4-b0f7-58edb6567742 {{(pid=104136) record_port_status_changed /opt/stack/neutron/neutron/notifiers/nova.py:233}}
Jul 25 16:19:41.893612 dv-cinder-836973-15-smb neutron-server[104137]: INFO neutron.wsgi [req-294fcef2-ffee-4eaa-8d59-49b99b73b921 req-efb73974-e5f5-4902-90ab-1dc2895f24b5 tempest-DeleteServersTestJSON-1220061855 tempest-DeleteServersTestJSON-1220061855-project] 10.222.0.70 "GET /v2.0/ports?device_id=13e9aef6-1ce6-4a28-9313-f3e088e90a9e HTTP/1.1" status: 200 len: 943 time: 0.0850031
Jul 25 16:19:41.910635 dv-cinder-836973-15-smb neutron-server[104136]: DEBUG neutron_lib.callbacks.manager [req-c5f3cf1e-3448-49fe-8424-3ed0dc7ff9ae req-4099562d-fc26-41a9-bd47-44dccaf2f836 service neutron] Publish callbacks [] for port (a103ab0f-4fb5-40c4-b0f7-58edb6567742), precommit_update {{(pid=104136) _notify_loop /usr/local/lib/python3.8/dist-packages/neutron_lib/callbacks/manager.py:176}}
Jul 25 16:19:41.926953 dv-cinder-836973-15-smb neutron-server[104136]: DEBUG neutron.db.provisioning_blocks [req-c5f3cf1e-3448-49fe-8424-3ed0dc7ff9ae req-4099562d-fc26-41a9-bd47-44dccaf2f836 service neutron] Transition to ACTIVE for port object a103ab0f-4fb5-40c4-b0f7-58edb6567742 will not be triggered until provisioned by entity L2. {{(pid=104136) add_provisioning_component /opt/stack/neutron/neutron/db/provisioning_blocks.py:75}}
Jul 25 16:19:41.933218 dv-cinder-836973-15-smb neutron-server[104136]: DEBUG neutron_lib.callbacks.manager [req-c5f3cf1e-3448-49fe-8424-3ed0dc7ff9ae req-4099562d-fc26-41a9-bd47-44dccaf2f836 service neutron] Publish callbacks ['neutron.plugins.ml2.plugin.SecurityGroupServerNotifierRpcMixin._notify_sg_on_port_change-1800432', 'neutron.plugins.ml2.ovo_rpc._ObjectChangeHandler.handle_event-842407', 'neutron.api.rpc.agentnotifiers.dhcp_rpc_agent_api.DhcpAgentNotifyAPI._native_event_send_dhcp_notification-524995', 'neutron.db.l3_db.L3RpcNotifierMixin._notify_gateway_port_ip_changed-8756218289502', 'neutron.db.l3_dvrscheduler_db._notify_l3_agent_port_update-8756217912086', 'neutron.db.l3_hascheduler_db._notify_l3_agent_ha_port_update-8756217912104'] for port (a103ab0f-4fb5-40c4-b0f7-58edb6567742), after_update {{(pid=104136) _notify_loop /usr/local/lib/python3.8/dist-packages/neutron_lib/callbacks/manager.py:176}}
Jul 25 16:19:41.951373 dv-cinder-836973-15-smb neutron-server[104137]: DEBUG neutron_lib.callbacks.manager [None req-35d10f2f-6f97-40f3-ace1-53c08e4bdf56 admin admin] Publish callbacks [] for security_group (5cae60fe-53b4-423b-9b56-99f582afc39a), precommit_delete {{(pid=104137) _notify_loop /usr/local/lib/python3.8/dist-packages/neutron_lib/callbacks/manager.py:176}}
Jul 25 16:19:42.022554 dv-cinder-836973-15-smb neutron-server[104136]: DEBUG dbcounter [-] [104136] Writing DB stats neutron:SELECT=98,neutron:DELETE=2 {{(pid=104136) stat_writer /usr/local/lib/python3.8/dist-packages/dbcounter.py:114}}
Jul 25 16:19:42.037621 dv-cinder-836973-15-smb neutron-server[104136]: DEBUG neutron.api.rpc.handlers.resources_rpc [None req-4099562d-fc26-41a9-bd47-44dccaf2f836 service neutron] Pushing event updated for resources: {'Port': ['ID=a103ab0f-4fb5-40c4-b0f7-58edb6567742,revision_number=2']} {{(pid=104136) push /opt/stack/neutron/neutron/api/rpc/handlers/resources_rpc.py:237}}
Jul 25 16:19:42.072149 dv-cinder-836973-15-smb neutron-server[104136]: DEBUG neutron.pecan_wsgi.hooks.policy_enforcement [req-cd22db20-9b50-4d49-b30c-3b7c34eb47b5 req-14ab02d0-78cf-48ba-a5b3-3f876247419f tempest-AttachVolumeShelveTestJSON-1427869612 tempest-AttachVolumeShelveTestJSON-1427869612-project] Attributes excluded by policy engine: ['standard_attr_id', 'binding:profile', 'binding:host_id', 'binding:vif_type', 'binding:vif_details'] {{(pid=104136) _exclude_attributes_by_policy /opt/stack/neutron/neutron/pecan_wsgi/hooks/policy_enforcement.py:259}}
Jul 25 16:19:42.073383 dv-cinder-836973-15-smb neutron-server[104136]: INFO neutron.wsgi [req-cd22db20-9b50-4d49-b30c-3b7c34eb47b5 req-14ab02d0-78cf-48ba-a5b3-3f876247419f tempest-AttachVolumeShelveTestJSON-1427869612 tempest-AttachVolumeShelveTestJSON-1427869612-project] 10.222.0.70 "GET /v2.0/ports?device_id=e23fe412-a56a-4cfa-bb4f-f27a6941b981 HTTP/1.1" status: 200 len: 943 time: 0.1029804
Jul 25 16:19:42.074075 dv-cinder-836973-15-smb neutron-server[104137]: INFO neutron.wsgi [req-294fcef2-ffee-4eaa-8d59-49b99b73b921 req-a57ac951-a282-4977-8aae-e0a2484a74d1 tempest-DeleteServersTestJSON-1220061855 tempest-DeleteServersTestJSON-1220061855-project] 10.222.0.70 "GET /v2.0/security-groups?id=306301ac-d6d0-440f-962b-a9caae1f7505&fields=id&fields=name HTTP/1.1" status: 200 len: 286 time: 0.1783292
Jul 25 16:19:42.109228 dv-cinder-836973-15-smb neutron-server[104137]: DEBUG neutron_lib.callbacks.manager [None req-35d10f2f-6f97-40f3-ace1-53c08e4bdf56 admin admin] Publish callbacks ['neutron.plugins.ml2.ovo_rpc._ObjectChangeHandler.handle_event-567536'] for security_group (5cae60fe-53b4-423b-9b56-99f582afc39a), after_delete {{(pid=104137) _notify_loop /usr/local/lib/python3.8/dist-packages/neutron_lib/callbacks/manager.py:176}}
Jul 25 16:19:42.113949 dv-cinder-836973-15-smb neutron-server[104137]: DEBUG neutron_lib.callbacks.manager [None req-35d10f2f-6f97-40f3-ace1-53c08e4bdf56 admin admin] Publish callbacks [] for security_group (None), before_response {{(pid=104137) _notify_loop /usr/local/lib/python3.8/dist-packages/neutron_lib/callbacks/manager.py:176}}
Jul 25 16:19:42.115692 dv-cinder-836973-15-smb neutron-server[104137]: INFO neutron.wsgi [None req-35d10f2f-6f97-40f3-ace1-53c08e4bdf56 admin admin] 10.222.0.70 "DELETE /v2.0/security-groups/5cae60fe-53b4-423b-9b56-99f582afc39a HTTP/1.1" status: 204 len: 168 time: 0.4669614
Jul 25 16:19:42.133265 dv-cinder-836973-15-smb neutron-server[104137]: DEBUG neutron.api.rpc.handlers.resources_rpc [None req-35d10f2f-6f97-40f3-ace1-53c08e4bdf56 admin admin] Pushing event deleted for resources: {'SecurityGroup': ['ID=5cae60fe-53b4-423b-9b56-99f582afc39a,revision_number=None']} {{(pid=104137) push /opt/stack/neutron/neutron/api/rpc/handlers/resources_rpc.py:237}}
Jul 25 16:19:42.151352 dv-cinder-836973-15-smb neutron-server[104136]: DEBUG neutron.plugins.ml2.managers [req-c5f3cf1e-3448-49fe-8424-3ed0dc7ff9ae req-4099562d-fc26-41a9-bd47-44dccaf2f836 service neutron] Attempting to bind port a103ab0f-4fb5-40c4-b0f7-58edb6567742 on host hv-cinder-83697 for vnic_type normal with profile {{(pid=104136) bind_port /opt/stack/neutron/neutron/plugins/ml2/managers.py:810}}
Jul 25 16:19:42.151707 dv-cinder-836973-15-smb neutron-server[104136]: DEBUG neutron.plugins.ml2.managers [req-c5f3cf1e-3448-49fe-8424-3ed0dc7ff9ae req-4099562d-fc26-41a9-bd47-44dccaf2f836 service neutron] Attempting to bind port a103ab0f-4fb5-40c4-b0f7-58edb6567742 by drivers openvswitch,hyperv on host hv-cinder-83697 at level 0 using segments [{'id': 'bc72f63d-573d-4d80-a5e8-1188b6d5aebb', 'network_type': 'vlan', 'physical_network': 'physnet1', 'segmentation_id': 235, 'network_id': 'de5fa134-ec95-4f25-a115-46e4b4a9b022'}] {{(pid=104136) _bind_port_level /opt/stack/neutron/neutron/plugins/ml2/managers.py:835}}
Jul 25 16:19:42.152031 dv-cinder-836973-15-smb neutron-server[104136]: DEBUG neutron.plugins.ml2.drivers.mech_agent [req-c5f3cf1e-3448-49fe-8424-3ed0dc7ff9ae req-4099562d-fc26-41a9-bd47-44dccaf2f836 service neutron] Attempting to bind port a103ab0f-4fb5-40c4-b0f7-58edb6567742 on network de5fa134-ec95-4f25-a115-46e4b4a9b022 {{(pid=104136) bind_port /opt/stack/neutron/neutron/plugins/ml2/drivers/mech_agent.py:91}}
Jul 25 16:19:42.167672 dv-cinder-836973-15-smb neutron-server[104136]: DEBUG neutron.plugins.ml2.drivers.mech_agent [req-c5f3cf1e-3448-49fe-8424-3ed0dc7ff9ae req-4099562d-fc26-41a9-bd47-44dccaf2f836 service neutron] Port a103ab0f-4fb5-40c4-b0f7-58edb6567742 on network de5fa134-ec95-4f25-a115-46e4b4a9b022 not bound, no agent of type Open vSwitch agent registered on host hv-cinder-83697 {{(pid=104136) bind_port /opt/stack/neutron/neutron/plugins/ml2/drivers/mech_agent.py:103}}
Jul 25 16:19:42.167987 dv-cinder-836973-15-smb neutron-server[104136]: DEBUG neutron.plugins.ml2.drivers.mech_agent [req-c5f3cf1e-3448-49fe-8424-3ed0dc7ff9ae req-4099562d-fc26-41a9-bd47-44dccaf2f836 service neutron] Attempting to bind port a103ab0f-4fb5-40c4-b0f7-58edb6567742 on network de5fa134-ec95-4f25-a115-46e4b4a9b022 {{(pid=104136) bind_port /opt/stack/neutron/neutron/plugins/ml2/drivers/mech_agent.py:91}}
Jul 25 16:19:42.186534 dv-cinder-836973-15-smb neutron-server[104136]: DEBUG neutron.plugins.ml2.drivers.mech_agent [req-c5f3cf1e-3448-49fe-8424-3ed0dc7ff9ae req-4099562d-fc26-41a9-bd47-44dccaf2f836 service neutron] Checking agent: {'id': '8e47c5f6-56c8-409f-8c64-20cd40b2e545', 'agent_type': 'HyperV agent', 'binary': 'neutron-hyperv-agent', 'topic': 'N/A', 'host': 'hv-cinder-83697', 'admin_state_up': True, 'created_at': datetime.datetime(2022, 7, 25, 16, 16, 48), 'started_at': datetime.datetime(2022, 7, 25, 16, 16, 48), 'heartbeat_timestamp': datetime.datetime(2022, 7, 25, 16, 19, 18), 'description': None, 'resources_synced': None, 'availability_zone': None, 'alive': True, 'configurations': {'vswitch_mappings': {'physnet1$': 'br-data'}}, 'resource_versions': {}} {{(pid=104136) bind_port /opt/stack/neutron/neutron/plugins/ml2/drivers/mech_agent.py:110}}
Jul 25 16:19:42.186892 dv-cinder-836973-15-smb neutron-server[104136]: DEBUG neutron.plugins.ml2.drivers.mech_agent [req-c5f3cf1e-3448-49fe-8424-3ed0dc7ff9ae req-4099562d-fc26-41a9-bd47-44dccaf2f836 service neutron] Checking segment: {'id': 'bc72f63d-573d-4d80-a5e8-1188b6d5aebb', 'network_type': 'vlan', 'physical_network': 'physnet1', 'segmentation_id': 235, 'network_id': 'de5fa134-ec95-4f25-a115-46e4b4a9b022'} for mappings: {'physnet1$': 'br-data'} with network types: ['local', 'flat', 'vlan'] {{(pid=104136) check_segment_for_agent /opt/stack/neutron/neutron/plugins/ml2/drivers/mech_agent.py:373}}
Jul 25 16:19:42.187273 dv-cinder-836973-15-smb neutron-server[104136]: DEBUG neutron.plugins.ml2.drivers.mech_agent [req-c5f3cf1e-3448-49fe-8424-3ed0dc7ff9ae req-4099562d-fc26-41a9-bd47-44dccaf2f836 service neutron] Bound using segment: {'id': 'bc72f63d-573d-4d80-a5e8-1188b6d5aebb', 'network_type': 'vlan', 'physical_network': 'physnet1', 'segmentation_id': 235, 'network_id': 'de5fa134-ec95-4f25-a115-46e4b4a9b022'} {{(pid=104136) bind_port /opt/stack/neutron/neutron/plugins/ml2/drivers/mech_agent.py:120}}
Jul 25 16:19:42.187767 dv-cinder-836973-15-smb neutron-server[104136]: DEBUG neutron.plugins.ml2.managers [req-c5f3cf1e-3448-49fe-8424-3ed0dc7ff9ae req-4099562d-fc26-41a9-bd47-44dccaf2f836 service neutron] Bound port: a103ab0f-4fb5-40c4-b0f7-58edb6567742, host: hv-cinder-83697, vif_type: hyperv, vif_details: {"connectivity": "legacy", "port_filter": false}, binding_levels: [{'bound_driver': 'hyperv', 'bound_segment': {'id': 'bc72f63d-573d-4d80-a5e8-1188b6d5aebb', 'network_type': 'vlan', 'physical_network': 'physnet1', 'segmentation_id': 235, 'network_id': 'de5fa134-ec95-4f25-a115-46e4b4a9b022'}}] {{(pid=104136) _bind_port_level /opt/stack/neutron/neutron/plugins/ml2/managers.py:947}}
Jul 25 16:19:42.188129 dv-cinder-836973-15-smb neutron-server[104136]: DEBUG neutron_lib.callbacks.manager [req-c5f3cf1e-3448-49fe-8424-3ed0dc7ff9ae req-4099562d-fc26-41a9-bd47-44dccaf2f836 service neutron] Publish callbacks ['neutron.plugins.ml2.plugin.SecurityGroupDbMixin._ensure_default_security_group_handler-1800383'] for port (a103ab0f-4fb5-40c4-b0f7-58edb6567742), before_update {{(pid=104136) _notify_loop /usr/local/lib/python3.8/dist-packages/neutron_lib/callbacks/manager.py:176}}
Jul 25 16:19:42.194408 dv-cinder-836973-15-smb neutron-server[104136]: INFO neutron.wsgi [req-cd22db20-9b50-4d49-b30c-3b7c34eb47b5 req-9b5ce790-4a87-4c0d-a614-0cfc05f800e3 tempest-AttachVolumeShelveTestJSON-1427869612 tempest-AttachVolumeShelveTestJSON-1427869612-project] 10.222.0.70 "GET /v2.0/security-groups?id=92bdfd83-a336-46ba-b5d5-475dbf807109&fields=id&fields=name HTTP/1.1" status: 200 len: 313 time: 0.0882773
Jul 25 16:19:42.285134 dv-cinder-836973-15-smb neutron-server[104136]: DEBUG neutron.plugins.ml2.db [req-c5f3cf1e-3448-49fe-8424-3ed0dc7ff9ae req-4099562d-fc26-41a9-bd47-44dccaf2f836 service neutron] For port a103ab0f-4fb5-40c4-b0f7-58edb6567742, host hv-cinder-83697, cleared binding levels {{(pid=104136) clear_binding_levels /opt/stack/neutron/neutron/plugins/ml2/db.py:87}}
Jul 25 16:19:42.289615 dv-cinder-836973-15-smb neutron-server[104136]: DEBUG neutron.plugins.ml2.db [req-c5f3cf1e-3448-49fe-8424-3ed0dc7ff9ae req-4099562d-fc26-41a9-bd47-44dccaf2f836 service neutron] For port a103ab0f-4fb5-40c4-b0f7-58edb6567742, host hv-cinder-83697, set binding levels [PortBindingLevel(driver='hyperv',host='hv-cinder-83697',level=0,port_id=a103ab0f-4fb5-40c4-b0f7-58edb6567742,segment=NetworkSegment(bc72f63d-573d-4d80-a5e8-1188b6d5aebb),segment_id=bc72f63d-573d-4d80-a5e8-1188b6d5aebb)] {{(pid=104136) set_binding_levels /opt/stack/neutron/neutron/plugins/ml2/db.py:59}}
Jul 25 16:19:42.300036 dv-cinder-836973-15-smb neutron-server[104136]: DEBUG neutron_lib.callbacks.manager [req-c5f3cf1e-3448-49fe-8424-3ed0dc7ff9ae req-4099562d-fc26-41a9-bd47-44dccaf2f836 service neutron] Publish callbacks ['neutron.plugins.ml2.plugin.SecurityGroupServerNotifierRpcMixin._notify_sg_on_port_change-1800432', 'neutron.plugins.ml2.ovo_rpc._ObjectChangeHandler.handle_event-842407', 'neutron.api.rpc.agentnotifiers.dhcp_rpc_agent_api.DhcpAgentNotifyAPI._native_event_send_dhcp_notification-524995', 'neutron.db.l3_db.L3RpcNotifierMixin._notify_gateway_port_ip_changed-8756218289502', 'neutron.db.l3_dvrscheduler_db._notify_l3_agent_port_update-8756217912086', 'neutron.db.l3_hascheduler_db._notify_l3_agent_ha_port_update-8756217912104'] for port (a103ab0f-4fb5-40c4-b0f7-58edb6567742), after_update {{(pid=104136) _notify_loop /usr/local/lib/python3.8/dist-packages/neutron_lib/callbacks/manager.py:176}}
Jul 25 16:19:42.328126 dv-cinder-836973-15-smb neutron-server[104137]: DEBUG neutron.wsgi [-] (104137) accepted ('10.222.0.70', 47122) {{(pid=104137) server /usr/local/lib/python3.8/dist-packages/eventlet/wsgi.py:1004}}
Jul 25 16:19:42.345468 dv-cinder-836973-15-smb neutron-server[104137]: DEBUG neutron_lib.callbacks.manager [None req-e99760fa-9972-405d-afc8-dbdae7884dba admin admin] Publish callbacks [] for security_group (None), before_create {{(pid=104137) _notify_loop /usr/local/lib/python3.8/dist-packages/neutron_lib/callbacks/manager.py:176}}
Jul 25 16:19:42.351215 dv-cinder-836973-15-smb neutron-server[104136]: DEBUG neutron.pecan_wsgi.hooks.policy_enforcement [req-c5f3cf1e-3448-49fe-8424-3ed0dc7ff9ae req-4099562d-fc26-41a9-bd47-44dccaf2f836 service neutron] Attributes excluded by policy engine: ['standard_attr_id'] {{(pid=104136) _exclude_attributes_by_policy /opt/stack/neutron/neutron/pecan_wsgi/hooks/policy_enforcement.py:259}}
Jul 25 16:19:42.354729 dv-cinder-836973-15-smb neutron-server[104136]: DEBUG neutron_lib.callbacks.manager [req-c5f3cf1e-3448-49fe-8424-3ed0dc7ff9ae req-4099562d-fc26-41a9-bd47-44dccaf2f836 service neutron] Publish callbacks ['neutron.notifiers.nova.Notifier._send_nova_notification-41076', 'neutron.api.rpc.agentnotifiers.dhcp_rpc_agent_api.DhcpAgentNotifyAPI._send_dhcp_notification-525037'] for port (None), before_response {{(pid=104136) _notify_loop /usr/local/lib/python3.8/dist-packages/neutron_lib/callbacks/manager.py:176}}
Jul 25 16:19:42.357149 dv-cinder-836973-15-smb neutron-server[104136]: INFO neutron.wsgi [req-c5f3cf1e-3448-49fe-8424-3ed0dc7ff9ae req-4099562d-fc26-41a9-bd47-44dccaf2f836 service neutron] 10.222.0.99 "PUT /v2.0/ports/a103ab0f-4fb5-40c4-b0f7-58edb6567742 HTTP/1.1" status: 200 len: 1093 time: 2.9137766
Jul 25 16:19:42.391742 dv-cinder-836973-15-smb neutron-server[104136]: DEBUG neutron.api.rpc.handlers.resources_rpc [None req-4099562d-fc26-41a9-bd47-44dccaf2f836 service neutron] Pushing event updated for resources: {'Port': ['ID=a103ab0f-4fb5-40c4-b0f7-58edb6567742,revision_number=3']} {{(pid=104136) push /opt/stack/neutron/neutron/api/rpc/handlers/resources_rpc.py:237}}
Jul 25 16:19:42.433237 dv-cinder-836973-15-smb neutron-server[104137]: DEBUG dbcounter [-] [104137] Writing DB stats neutron:SELECT=92,neutron:INSERT=4,neutron:DELETE=4 {{(pid=104137) stat_writer /usr/local/lib/python3.8/dist-packages/dbcounter.py:114}}
Jul 25 16:19:42.485646 dv-cinder-836973-15-smb neutron-server[104137]: DEBUG neutron_lib.callbacks.manager [None req-e99760fa-9972-405d-afc8-dbdae7884dba admin admin] Publish callbacks [] for security_group (2162b75f-cab8-4d53-a506-df46bf6a9c73), precommit_create {{(pid=104137) _notify_loop /usr/local/lib/python3.8/dist-packages/neutron_lib/callbacks/manager.py:176}}
Jul 25 16:19:42.494886 dv-cinder-836973-15-smb neutron-server[104137]: DEBUG neutron_lib.callbacks.manager [None req-e99760fa-9972-405d-afc8-dbdae7884dba admin admin] Publish callbacks ['neutron.plugins.ml2.ovo_rpc._ObjectChangeHandler.handle_event-567536'] for security_group (2162b75f-cab8-4d53-a506-df46bf6a9c73), after_create {{(pid=104137) _notify_loop /usr/local/lib/python3.8/dist-packages/neutron_lib/callbacks/manager.py:176}}
Jul 25 16:19:42.582508 dv-cinder-836973-15-smb neutron-server[104137]: INFO neutron.wsgi [None req-e99760fa-9972-405d-afc8-dbdae7884dba admin admin] 10.222.0.70 "GET /v2.0/security-groups?tenant_id=8aaee68a65f44f78ac982a20110a291c&name=default HTTP/1.1" status: 200 len: 2996 time: 0.2529507
Jul 25 16:19:42.585223 dv-cinder-836973-15-smb neutron-server[104136]: DEBUG neutron.wsgi [-] (104136) accepted ('10.222.0.70', 47136) {{(pid=104136) server /usr/local/lib/python3.8/dist-packages/eventlet/wsgi.py:1004}}
Jul 25 16:19:42.590832 dv-cinder-836973-15-smb neutron-server[104137]: DEBUG neutron.pecan_wsgi.hooks.policy_enforcement [req-bb8fdf8b-c259-4979-9c57-999cf2af26c8 req-75852d67-860a-43c3-a7ee-0cd95718251c tempest-ServerRescueNegativeTestJSON-173566222 tempest-ServerRescueNegativeTestJSON-173566222-project] Attributes excluded by policy engine: ['standard_attr_id', 'binding:profile', 'binding:host_id', 'binding:vif_type', 'binding:vif_details'] {{(pid=104137) _exclude_attributes_by_policy /opt/stack/neutron/neutron/pecan_wsgi/hooks/policy_enforcement.py:259}}
Jul 25 16:19:42.592490 dv-cinder-836973-15-smb neutron-server[104137]: INFO neutron.wsgi [req-bb8fdf8b-c259-4979-9c57-999cf2af26c8 req-75852d67-860a-43c3-a7ee-0cd95718251c tempest-ServerRescueNegativeTestJSON-173566222 tempest-ServerRescueNegativeTestJSON-173566222-project] 10.222.0.70 "GET /v2.0/ports?device_id=3421b098-2b2d-46dc-a3e8-e3c384273d27 HTTP/1.1" status: 200 len: 944 time: 0.0999904
Jul 25 16:19:42.593336 dv-cinder-836973-15-smb neutron-server[104137]: DEBUG neutron.api.rpc.handlers.resources_rpc [None req-e99760fa-9972-405d-afc8-dbdae7884dba admin admin] Pushing event updated for resources: {'SecurityGroup': ['ID=2162b75f-cab8-4d53-a506-df46bf6a9c73,revision_number=1']} {{(pid=104137) push /opt/stack/neutron/neutron/api/rpc/handlers/resources_rpc.py:237}}
