Jul 25 16:25:57.201670 dv-cinder-836973-15-iscsi neutron-server[104071]: DEBUG neutron.api.rpc.handlers.l3_rpc [None req-eea8ca9a-9f2a-4174-8352-837f764463fb None None] The sync data for ids ['05139dea-cf56-4a00-a647-1fbec6eb202f'] in dv-cinder-836973-15-iscsi is: [{'id': '05139dea-cf56-4a00-a647-1fbec6eb202f', 'name': 'tempest-AttachVolumeTestJSON-73784076-router', 'tenant_id': '5c4be8083168475198c66cca890b18a9', 'admin_state_up': True, 'status': 'ACTIVE', 'external_gateway_info': {'network_id': 'f19ce595-f1e5-43f5-b606-8286331f814b', 'external_fixed_ips': [{'subnet_id': 'eefb3825-81b9-4a4b-a5df-4f259b58bbaf', 'ip_address': '172.27.2.212'}], 'enable_snat': True}, 'gw_port_id': '0e2ad6a9-a96b-4a39-b38e-d7e50201701b', 'description': '', 'availability_zones': ['nova'], 'distributed': False, 'ha': False, 'ha_vr_id': 0, 'availability_zone_hints': [], 'routes': [], 'flavor_id': None, 'tags': [], 'created_at': '2022-07-25T16:24:26Z', 'updated_at': '2022-07-25T16:24:36Z', 'revision_number': 4, 'project_id': '5c4be8083168475198c66cca890b18a9', 'gw_port': {'id': '0e2ad6a9-a96b-4a39-b38e-d7e50201701b', 'name': '', 'network_id': 'f19ce595-f1e5-43f5-b606-8286331f814b', 'tenant_id': '', 'mac_address': 'fa:16:3e:ca:8c:a2', 'admin_state_up': True, 'status': 'ACTIVE', 'device_id': '05139dea-cf56-4a00-a647-1fbec6eb202f', 'device_owner': 'network:router_gateway', 'standard_attr_id': 63, 'fixed_ips': [{'subnet_id': 'eefb3825-81b9-4a4b-a5df-4f259b58bbaf', 'ip_address': '172.27.2.212', 'prefixlen': 24}], 'allowed_address_pairs': [], 'extra_dhcp_opts': [], 'security_groups': [], 'description': '', 'binding:vnic_type': 'normal', 'binding:profile': {}, 'binding:host_id': 'dv-cinder-836973-15-iscsi', 'binding:vif_type': 'ovs', 'binding:vif_details': {'connectivity': 'l2', 'port_filter': True, 'ovs_hybrid_plug': False, 'datapath_type': 'system', 'bridge_name': 'br-int', 'bound_drivers': {'0': 'openvswitch'}}, 'port_security_enabled': False, 'tags': [], 'created_at': '2022-07-25T16:24:28Z', 'updated_at': '2022-07-25T16:24:44Z', 'revision_number': 4, 'project_id': '', 'subnets': [{'id': 'eefb3825-81b9-4a4b-a5df-4f259b58bbaf', 'cidr': '172.27.2.0/24', 'gateway_ip': '172.27.2.1', 'dns_nameservers': [], 'ipv6_ra_mode': None, 'subnetpool_id': None}], 'extra_subnets': [], 'address_scopes': {4: None, 6: None}, 'mtu': 1500}, 'enable_snat': True, 'gw_port_host': 'dv-cinder-836973-15-iscsi', '_floatingips': [{'id': 'a22aa5a9-693d-4bc5-9bfd-9d7a4aa6fd3a', 'tenant_id': '5c4be8083168475198c66cca890b18a9', 'floating_ip_address': '172.27.2.219', 'floating_network_id': 'f19ce595-f1e5-43f5-b606-8286331f814b', 'router_id': '05139dea-cf56-4a00-a647-1fbec6eb202f', 'port_id': 'aaea7be2-6388-4c1f-8fe7-40d03b69cf00', 'fixed_ip_address': '172.20.0.10', 'status': 'DOWN', 'standard_attr_id': 104, 'description': '', 'qos_policy_id': None, 'qos_network_policy_id': None, 'port_details': {'name': '', 'network_id': 'ab360f41-bf62-4a29-ad06-3a6595fd95fd', 'mac_address': 'fa:16:3e:0a:d1:05', 'admin_state_up': True, 'status': 'ACTIVE', 'device_id': 'bfffb541-3a46-4a3f-ad6c-8d7a88586b23', 'device_owner': 'compute:nova'}, 'dns_domain': '', 'dns_name': '', 'tags': [], 'created_at': '2022-07-25T16:24:53Z', 'updated_at': '2022-07-25T16:25:52Z', 'revision_number': 1, 'project_id': '5c4be8083168475198c66cca890b18a9', 'fixed_ip_address_scope': None}], '_interfaces': [{'id': '2aa3ec6e-ea8a-47d9-8f66-57e70ab41f14', 'name': '', 'network_id': 'ab360f41-bf62-4a29-ad06-3a6595fd95fd', 'tenant_id': '5c4be8083168475198c66cca890b18a9', 'mac_address': 'fa:16:3e:94:15:cf', 'admin_state_up': True, 'status': 'ACTIVE', 'device_id': '05139dea-cf56-4a00-a647-1fbec6eb202f', 'device_owner': 'network:router_interface', 'standard_attr_id': 65, 'fixed_ips': [{'subnet_id': '8c73b70b-a4ef-4199-82ab-d49f3df7dc6c', 'ip_address': '172.20.0.1', 'prefixlen': 28}], 'allowed_address_pairs': [], 'extra_dhcp_opts': [], 'security_groups': [], 'description': '', 'binding:vnic_type': 'normal', 'binding:profile': {}, 'binding:host_id': 'dv-cinder-836973-15-iscsi', 'binding:vif_type': 'ovs', 'binding:vif_details': {'connectivity': 'l2', 'port_filter': True, 'ovs_hybrid_plug': False, 'datapath_type': 'system', 'bridge_name': 'br-int', 'bound_drivers': {'0': 'openvswitch'}}, 'port_security_enabled': False, 'tags': [], 'created_at': '2022-07-25T16:24:33Z', 'updated_at': '2022-07-25T16:24:47Z', 'revision_number': 5, 'project_id': '5c4be8083168475198c66cca890b18a9', 'subnets': [{'id': '8c73b70b-a4ef-4199-82ab-d49f3df7dc6c', 'cidr': '172.20.0.0/28', 'gateway_ip': '172.20.0.1', 'dns_nameservers': [], 'ipv6_ra_mode': None, 'subnetpool_id': None}], 'extra_subnets': [], 'address_scopes': {4: None, 6: None}, 'mtu': 1500}]}] {{(pid=104071) sync_routers /opt/stack/neutron/neutron/api/rpc/handlers/l3_rpc.py:137}}
Jul 25 16:25:57.219381 dv-cinder-836973-15-iscsi neutron-server[104069]: DEBUG neutron_lib.callbacks.manager [None req-843a52e8-956c-44ec-a0be-1fc89f9e92d9 admin admin] Publish callbacks ['neutron.plugins.ml2.ovo_rpc._ObjectChangeHandler.handle_event-1820656'] for security_group (db7c95a3-4688-4c7d-96ce-39986371040c), after_delete {{(pid=104069) _notify_loop /usr/local/lib/python3.8/dist-packages/neutron_lib/callbacks/manager.py:176}}
Jul 25 16:25:57.222832 dv-cinder-836973-15-iscsi neutron-server[104069]: DEBUG neutron_lib.callbacks.manager [None req-843a52e8-956c-44ec-a0be-1fc89f9e92d9 admin admin] Publish callbacks [] for security_group (None), before_response {{(pid=104069) _notify_loop /usr/local/lib/python3.8/dist-packages/neutron_lib/callbacks/manager.py:176}}
Jul 25 16:25:57.224075 dv-cinder-836973-15-iscsi neutron-server[104069]: INFO neutron.wsgi [None req-843a52e8-956c-44ec-a0be-1fc89f9e92d9 admin admin] 10.222.0.66 "DELETE /v2.0/security-groups/db7c95a3-4688-4c7d-96ce-39986371040c HTTP/1.1" status: 204 len: 168 time: 0.3446760
Jul 25 16:25:57.264011 dv-cinder-836973-15-iscsi neutron-server[104069]: DEBUG neutron.api.rpc.handlers.resources_rpc [None req-843a52e8-956c-44ec-a0be-1fc89f9e92d9 admin admin] Pushing event deleted for resources: {'SecurityGroup': ['ID=db7c95a3-4688-4c7d-96ce-39986371040c,revision_number=None']} {{(pid=104069) push /opt/stack/neutron/neutron/api/rpc/handlers/resources_rpc.py:237}}
Jul 25 16:25:57.289117 dv-cinder-836973-15-iscsi neutron-server[104068]: DEBUG neutron.pecan_wsgi.hooks.policy_enforcement [req-97bb60b4-b577-46a5-b78a-2b39c883b69a req-6a4db701-d265-4323-8059-ee33b2b20e39 service neutron] Attributes excluded by policy engine: ['standard_attr_id', 'shared'] {{(pid=104068) _exclude_attributes_by_policy /opt/stack/neutron/neutron/pecan_wsgi/hooks/policy_enforcement.py:259}}
Jul 25 16:25:57.297943 dv-cinder-836973-15-iscsi neutron-server[104068]: INFO neutron.wsgi [req-97bb60b4-b577-46a5-b78a-2b39c883b69a req-6a4db701-d265-4323-8059-ee33b2b20e39 service neutron] 10.222.0.102 "GET /v2.0/subnets?id=8c73b70b-a4ef-4199-82ab-d49f3df7dc6c HTTP/1.1" status: 200 len: 848 time: 0.7604768
Jul 25 16:25:57.442768 dv-cinder-836973-15-iscsi neutron-server[104068]: INFO neutron.wsgi [req-d2b40a13-0094-4e4d-bdd8-3eda963c0548 req-29ffce88-766e-41a2-b279-b64db5430114 tempest-VolumesActionsTest-2115364438 tempest-VolumesActionsTest-2115364438-project] 10.222.0.102 "POST /v2.0/ports HTTP/1.1" status: 201 len: 934 time: 3.9210687
Jul 25 16:25:57.485451 dv-cinder-836973-15-iscsi neutron-server[104068]: DEBUG neutron.api.v2.base [req-d2b40a13-0094-4e4d-bdd8-3eda963c0548 req-b067ae00-53aa-4217-bd3f-c27fc5f2a642 service neutron] Request body: {'port': {'device_id': '93412ce8-1fdb-44e3-b22b-37a7128e8beb', 'device_owner': 'compute:nova', 'binding:host_id': 'hv-cinder-83697'}} {{(pid=104068) prepare_request_body /opt/stack/neutron/neutron/api/v2/base.py:730}}
Jul 25 16:25:57.494865 dv-cinder-836973-15-iscsi neutron-server[104068]: DEBUG dbcounter [-] [104068] Writing DB stats neutron:SELECT=97,neutron:INSERT=2,neutron:DELETE=1 {{(pid=104068) stat_writer /usr/local/lib/python3.8/dist-packages/dbcounter.py:114}}
Jul 25 16:25:57.529314 dv-cinder-836973-15-iscsi neutron-server[104068]: DEBUG neutron.pecan_wsgi.hooks.policy_enforcement [req-97bb60b4-b577-46a5-b78a-2b39c883b69a req-cfc37400-3786-4446-b42c-7b641fc4716e service neutron] Attributes excluded by policy engine: ['standard_attr_id'] {{(pid=104068) _exclude_attributes_by_policy /opt/stack/neutron/neutron/pecan_wsgi/hooks/policy_enforcement.py:259}}
Jul 25 16:25:57.531438 dv-cinder-836973-15-iscsi neutron-server[104068]: INFO neutron.wsgi [req-97bb60b4-b577-46a5-b78a-2b39c883b69a req-cfc37400-3786-4446-b42c-7b641fc4716e service neutron] 10.222.0.102 "GET /v2.0/ports?network_id=ab360f41-bf62-4a29-ad06-3a6595fd95fd&device_owner=network%3Adhcp HTTP/1.1" status: 200 len: 1213 time: 0.2302716
Jul 25 16:25:57.761250 dv-cinder-836973-15-iscsi neutron-server[104069]: DEBUG neutron.wsgi [-] (104069) accepted ('10.222.0.66', 33370) {{(pid=104069) server /usr/local/lib/python3.8/dist-packages/eventlet/wsgi.py:1004}}
Jul 25 16:25:57.825662 dv-cinder-836973-15-iscsi neutron-server[104070]: DEBUG neutron.api.rpc.handlers.l3_rpc [None req-46080c3d-b5fd-470b-97d9-7103ea475c3b None None] New status for floating IP a22aa5a9-693d-4bc5-9bfd-9d7a4aa6fd3a: ACTIVE {{(pid=104070) update_floatingip_statuses /opt/stack/neutron/neutron/api/rpc/handlers/l3_rpc.py:269}}
Jul 25 16:25:57.943116 dv-cinder-836973-15-iscsi neutron-server[104069]: DEBUG neutron.pecan_wsgi.hooks.policy_enforcement [req-c351b9ed-d296-400e-b5b9-3c63d747c7ca req-4a3f87c5-bffa-447b-98ac-6f004fa423c6 tempest-ServerRescueNegativeTestJSON-1183571930 tempest-ServerRescueNegativeTestJSON-1183571930-project] Attributes excluded by policy engine: ['standard_attr_id', 'binding:profile', 'binding:host_id', 'binding:vif_type', 'binding:vif_details'] {{(pid=104069) _exclude_attributes_by_policy /opt/stack/neutron/neutron/pecan_wsgi/hooks/policy_enforcement.py:259}}
Jul 25 16:25:57.961497 dv-cinder-836973-15-iscsi neutron-server[104069]: INFO neutron.wsgi [req-c351b9ed-d296-400e-b5b9-3c63d747c7ca req-4a3f87c5-bffa-447b-98ac-6f004fa423c6 tempest-ServerRescueNegativeTestJSON-1183571930 tempest-ServerRescueNegativeTestJSON-1183571930-project] 10.222.0.66 "GET /v2.0/ports?device_id=9a766e06-b19b-4fd9-9f31-7ef4af533654 HTTP/1.1" status: 200 len: 946 time: 0.1422703
Jul 25 16:25:58.033818 dv-cinder-836973-15-iscsi neutron-server[104068]: DEBUG neutron.plugins.ml2.plugin [None req-a4e6e9e9-ae14-4f5c-8ef1-f9c532da5e28 admin admin] Deleting port 74829555-947b-4aff-89fe-a6fe060fc041 {{(pid=104068) _pre_delete_port /opt/stack/neutron/neutron/plugins/ml2/plugin.py:2037}}
Jul 25 16:25:58.035619 dv-cinder-836973-15-iscsi neutron-server[104068]: DEBUG neutron_lib.callbacks.manager [None req-a4e6e9e9-ae14-4f5c-8ef1-f9c532da5e28 admin admin] Publish callbacks ['neutron.db.l3_db.L3_NAT_dbonly_mixin._prevent_l3_port_delete_callback-8734079658698'] for port (74829555-947b-4aff-89fe-a6fe060fc041), before_delete {{(pid=104068) _notify_loop /usr/local/lib/python3.8/dist-packages/neutron_lib/callbacks/manager.py:176}}
Jul 25 16:25:58.062635 dv-cinder-836973-15-iscsi neutron-server[104068]: DEBUG dbcounter [-] [104068] Writing DB stats neutron:SELECT=99,neutron:DELETE=1 {{(pid=104068) stat_writer /usr/local/lib/python3.8/dist-packages/dbcounter.py:114}}
Jul 25 16:25:58.164777 dv-cinder-836973-15-iscsi neutron-server[104069]: INFO neutron.wsgi [req-c351b9ed-d296-400e-b5b9-3c63d747c7ca req-f04ac533-ee41-49d3-bf90-46f6a66663ca tempest-ServerRescueNegativeTestJSON-1183571930 tempest-ServerRescueNegativeTestJSON-1183571930-project] 10.222.0.66 "GET /v2.0/security-groups?id=1ad8620e-d8ee-49c1-9df2-95b8daea0aea&fields=id&fields=name HTTP/1.1" status: 200 len: 286 time: 0.2009835
Jul 25 16:25:58.174964 dv-cinder-836973-15-iscsi neutron-server[104069]: DEBUG neutron_lib.callbacks.manager [None req-1f82102c-6187-4407-80e5-19129e533ebd admin admin] Publish callbacks [] for security_group (None), before_create {{(pid=104069) _notify_loop /usr/local/lib/python3.8/dist-packages/neutron_lib/callbacks/manager.py:176}}
Jul 25 16:25:58.220670 dv-cinder-836973-15-iscsi neutron-server[104068]: DEBUG neutron_lib.callbacks.manager [req-d2b40a13-0094-4e4d-bdd8-3eda963c0548 req-b067ae00-53aa-4217-bd3f-c27fc5f2a642 service neutron] Publish callbacks ['neutron.plugins.ml2.plugin.SecurityGroupDbMixin._ensure_default_security_group_handler-605887'] for port (84fcc185-716f-4766-9f03-7fdf34e835c0), before_update {{(pid=104068) _notify_loop /usr/local/lib/python3.8/dist-packages/neutron_lib/callbacks/manager.py:176}}
Jul 25 16:25:58.292349 dv-cinder-836973-15-iscsi neutron-server[104068]: INFO neutron.wsgi [req-97bb60b4-b577-46a5-b78a-2b39c883b69a req-f7b6e5db-0960-4f27-a36b-6d27146161f6 service neutron] 10.222.0.102 "GET /v2.0/networks/ab360f41-bf62-4a29-ad06-3a6595fd95fd?fields=segments HTTP/1.1" status: 200 len: 212 time: 0.7474585
Jul 25 16:25:58.305215 dv-cinder-836973-15-iscsi neutron-server[104069]: DEBUG neutron.pecan_wsgi.hooks.policy_enforcement [req-9a68155c-8312-4225-af82-ccce61d420be req-70dc3b6b-029b-41c4-9788-ff89dce43b6a tempest-VolumesActionsTest-2115364438 tempest-VolumesActionsTest-2115364438-project] Attributes excluded by policy engine: ['standard_attr_id', 'binding:profile', 'binding:host_id', 'binding:vif_type', 'binding:vif_details'] {{(pid=104069) _exclude_attributes_by_policy /opt/stack/neutron/neutron/pecan_wsgi/hooks/policy_enforcement.py:259}}
Jul 25 16:25:58.324999 dv-cinder-836973-15-iscsi neutron-server[104069]: INFO neutron.wsgi [req-9a68155c-8312-4225-af82-ccce61d420be req-70dc3b6b-029b-41c4-9788-ff89dce43b6a tempest-VolumesActionsTest-2115364438 tempest-VolumesActionsTest-2115364438-project] 10.222.0.66 "GET /v2.0/ports?device_id=93412ce8-1fdb-44e3-b22b-37a7128e8beb HTTP/1.1" status: 200 len: 932 time: 0.1586833
Jul 25 16:25:58.552293 dv-cinder-836973-15-iscsi neutron-server[104069]: INFO neutron.wsgi [req-9a68155c-8312-4225-af82-ccce61d420be req-8c4a7c4f-ce52-403a-a863-1f3a5c3a3037 tempest-VolumesActionsTest-2115364438 tempest-VolumesActionsTest-2115364438-project] 10.222.0.66 "GET /v2.0/security-groups?id=0b1ecaa0-e877-45ec-80ea-5221be311078&fields=id&fields=name HTTP/1.1" status: 200 len: 286 time: 0.2262967
Jul 25 16:25:58.620115 dv-cinder-836973-15-iscsi neutron-server[104069]: DEBUG neutron_lib.callbacks.manager [None req-1f82102c-6187-4407-80e5-19129e533ebd admin admin] Publish callbacks [] for security_group (f5c0010c-f9b4-49de-97a6-58a7137480ac), precommit_create {{(pid=104069) _notify_loop /usr/local/lib/python3.8/dist-packages/neutron_lib/callbacks/manager.py:176}}
Jul 25 16:25:58.626023 dv-cinder-836973-15-iscsi neutron-server[104069]: DEBUG neutron_lib.callbacks.manager [None req-1f82102c-6187-4407-80e5-19129e533ebd admin admin] Publish callbacks ['neutron.plugins.ml2.ovo_rpc._ObjectChangeHandler.handle_event-1820656'] for security_group (f5c0010c-f9b4-49de-97a6-58a7137480ac), after_create {{(pid=104069) _notify_loop /usr/local/lib/python3.8/dist-packages/neutron_lib/callbacks/manager.py:176}}
Jul 25 16:25:58.697529 dv-cinder-836973-15-iscsi neutron-server[104069]: DEBUG dbcounter [-] [104069] Writing DB stats neutron:SELECT=88,neutron:INSERT=9,neutron:DELETE=2,neutron:UPDATE=1 {{(pid=104069) stat_writer /usr/local/lib/python3.8/dist-packages/dbcounter.py:114}}
Jul 25 16:25:58.701238 dv-cinder-836973-15-iscsi neutron-server[104069]: INFO neutron.wsgi [None req-1f82102c-6187-4407-80e5-19129e533ebd admin admin] 10.222.0.66 "GET /v2.0/security-groups?tenant_id=0df93b27f35b40a488e3f8c636fde300&name=default HTTP/1.1" status: 200 len: 2996 time: 0.9372959
Jul 25 16:25:58.712598 dv-cinder-836973-15-iscsi neutron-server[104069]: DEBUG neutron.wsgi [-] (104069) accepted ('10.222.0.66', 33400) {{(pid=104069) server /usr/local/lib/python3.8/dist-packages/eventlet/wsgi.py:1004}}
Jul 25 16:25:58.740948 dv-cinder-836973-15-iscsi neutron-server[104069]: DEBUG neutron.api.rpc.handlers.resources_rpc [None req-1f82102c-6187-4407-80e5-19129e533ebd admin admin] Pushing event updated for resources: {'SecurityGroup': ['ID=f5c0010c-f9b4-49de-97a6-58a7137480ac,revision_number=1']} {{(pid=104069) push /opt/stack/neutron/neutron/api/rpc/handlers/resources_rpc.py:237}}
Jul 25 16:25:58.826196 dv-cinder-836973-15-iscsi neutron-server[104069]: DEBUG neutron_lib.callbacks.manager [None req-224156d1-be03-4d0d-83e6-b09373b32325 admin admin] Publish callbacks [] for security_group (f5c0010c-f9b4-49de-97a6-58a7137480ac), before_delete {{(pid=104069) _notify_loop /usr/local/lib/python3.8/dist-packages/neutron_lib/callbacks/manager.py:176}}
Jul 25 16:25:58.830234 dv-cinder-836973-15-iscsi neutron-server[104069]: DEBUG dbcounter [-] [104069] Writing DB stats neutron:SELECT=92,neutron:DELETE=2,neutron:INSERT=6 {{(pid=104069) stat_writer /usr/local/lib/python3.8/dist-packages/dbcounter.py:114}}
Jul 25 16:25:58.863956 dv-cinder-836973-15-iscsi neutron-server[104069]: DEBUG neutron_lib.callbacks.manager [None req-224156d1-be03-4d0d-83e6-b09373b32325 admin admin] Publish callbacks [] for security_group (f5c0010c-f9b4-49de-97a6-58a7137480ac), precommit_delete {{(pid=104069) _notify_loop /usr/local/lib/python3.8/dist-packages/neutron_lib/callbacks/manager.py:176}}
Jul 25 16:25:58.910419 dv-cinder-836973-15-iscsi neutron-server[104068]: DEBUG neutron.plugins.ml2.db [None req-a4e6e9e9-ae14-4f5c-8ef1-f9c532da5e28 admin admin] For port 74829555-947b-4aff-89fe-a6fe060fc041, host dv-cinder-836973-15-iscsi, got binding levels [PortBindingLevel(driver='openvswitch',host='dv-cinder-836973-15-iscsi',level=0,port_id=74829555-947b-4aff-89fe-a6fe060fc041,segment=NetworkSegment(5212ff52-82d9-4266-bf89-ad50464092d7),segment_id=5212ff52-82d9-4266-bf89-ad50464092d7)] {{(pid=104068) get_binding_level_objs /opt/stack/neutron/neutron/plugins/ml2/db.py:74}}
Jul 25 16:25:58.910671 dv-cinder-836973-15-iscsi neutron-server[104068]: DEBUG neutron_lib.callbacks.manager [None req-a4e6e9e9-ae14-4f5c-8ef1-f9c532da5e28 admin admin] Publish callbacks ['neutron.services.l3_router.l3_router_plugin.L3_NAT_dbonly_mixin._precommit_delete_port_callback-1583415'] for port (74829555-947b-4aff-89fe-a6fe060fc041), precommit_delete {{(pid=104068) _notify_loop /usr/local/lib/python3.8/dist-packages/neutron_lib/callbacks/manager.py:176}}
Jul 25 16:25:58.929398 dv-cinder-836973-15-iscsi neutron-server[104068]: INFO neutron.wsgi [req-97bb60b4-b577-46a5-b78a-2b39c883b69a req-9aad7829-424e-4bc6-9bf2-96cd6abe5e1b service neutron] 10.222.0.102 "GET /v2.0/networks/ab360f41-bf62-4a29-ad06-3a6595fd95fd?fields=provider%3Aphysical_network&fields=provider%3Anetwork_type HTTP/1.1" status: 200 len: 281 time: 0.6237512
Jul 25 16:25:58.953388 dv-cinder-836973-15-iscsi neutron-server[104068]: DEBUG neutron.plugins.ml2.plugin [None req-a4e6e9e9-ae14-4f5c-8ef1-f9c532da5e28 admin admin] Calling delete_port for 74829555-947b-4aff-89fe-a6fe060fc041 owned by network:router_interface {{(pid=104068) delete_port /opt/stack/neutron/neutron/plugins/ml2/plugin.py:2116}}
Jul 25 16:25:58.981512 dv-cinder-836973-15-iscsi neutron-server[104069]: DEBUG neutron_lib.callbacks.manager [None req-224156d1-be03-4d0d-83e6-b09373b32325 admin admin] Publish callbacks ['neutron.plugins.ml2.ovo_rpc._ObjectChangeHandler.handle_event-1820656'] for security_group (f5c0010c-f9b4-49de-97a6-58a7137480ac), after_delete {{(pid=104069) _notify_loop /usr/local/lib/python3.8/dist-packages/neutron_lib/callbacks/manager.py:176}}
Jul 25 16:25:58.984415 dv-cinder-836973-15-iscsi neutron-server[104069]: DEBUG neutron_lib.callbacks.manager [None req-224156d1-be03-4d0d-83e6-b09373b32325 admin admin] Publish callbacks [] for security_group (None), before_response {{(pid=104069) _notify_loop /usr/local/lib/python3.8/dist-packages/neutron_lib/callbacks/manager.py:176}}
Jul 25 16:25:58.990391 dv-cinder-836973-15-iscsi neutron-server[104069]: INFO neutron.wsgi [None req-224156d1-be03-4d0d-83e6-b09373b32325 admin admin] 10.222.0.66 "DELETE /v2.0/security-groups/f5c0010c-f9b4-49de-97a6-58a7137480ac HTTP/1.1" status: 204 len: 168 time: 0.2722151
Jul 25 16:25:58.996422 dv-cinder-836973-15-iscsi neutron-server[104069]: DEBUG neutron.api.rpc.handlers.resources_rpc [None req-224156d1-be03-4d0d-83e6-b09373b32325 admin admin] Pushing event deleted for resources: {'SecurityGroup': ['ID=f5c0010c-f9b4-49de-97a6-58a7137480ac,revision_number=None']} {{(pid=104069) push /opt/stack/neutron/neutron/api/rpc/handlers/resources_rpc.py:237}}
Jul 25 16:25:59.218369 dv-cinder-836973-15-iscsi neutron-server[104068]: DEBUG neutron.notifiers.nova [req-d2b40a13-0094-4e4d-bdd8-3eda963c0548 req-b067ae00-53aa-4217-bd3f-c27fc5f2a642 service neutron] Ignoring state change previous_port_status: DOWN current_port_status: DOWN port_id 84fcc185-716f-4766-9f03-7fdf34e835c0 {{(pid=104068) record_port_status_changed /opt/stack/neutron/neutron/notifiers/nova.py:233}}
Jul 25 16:25:59.240262 dv-cinder-836973-15-iscsi neutron-server[104068]: DEBUG neutron_lib.callbacks.manager [req-d2b40a13-0094-4e4d-bdd8-3eda963c0548 req-b067ae00-53aa-4217-bd3f-c27fc5f2a642 service neutron] Publish callbacks [] for port (84fcc185-716f-4766-9f03-7fdf34e835c0), precommit_update {{(pid=104068) _notify_loop /usr/local/lib/python3.8/dist-packages/neutron_lib/callbacks/manager.py:176}}
Jul 25 16:25:59.350791 dv-cinder-836973-15-iscsi neutron-server[104068]: DEBUG neutron.db.provisioning_blocks [req-d2b40a13-0094-4e4d-bdd8-3eda963c0548 req-b067ae00-53aa-4217-bd3f-c27fc5f2a642 service neutron] Transition to ACTIVE for port object 84fcc185-716f-4766-9f03-7fdf34e835c0 will not be triggered until provisioned by entity L2. {{(pid=104068) add_provisioning_component /opt/stack/neutron/neutron/db/provisioning_blocks.py:75}}
Jul 25 16:25:59.360138 dv-cinder-836973-15-iscsi neutron-server[104068]: DEBUG neutron_lib.callbacks.manager [req-d2b40a13-0094-4e4d-bdd8-3eda963c0548 req-b067ae00-53aa-4217-bd3f-c27fc5f2a642 service neutron] Publish callbacks ['neutron.plugins.ml2.plugin.SecurityGroupServerNotifierRpcMixin._notify_sg_on_port_change-605936', 'neutron.plugins.ml2.ovo_rpc._ObjectChangeHandler.handle_event-487079', 'neutron.api.rpc.agentnotifiers.dhcp_rpc_agent_api.DhcpAgentNotifyAPI._native_event_send_dhcp_notification-1576387', 'neutron.db.l3_db.L3RpcNotifierMixin._notify_gateway_port_ip_changed-8734079664222', 'neutron.db.l3_dvrscheduler_db._notify_l3_agent_port_update-8734079121192', 'neutron.db.l3_hascheduler_db._notify_l3_agent_ha_port_update-8734079121210'] for port (84fcc185-716f-4766-9f03-7fdf34e835c0), after_update {{(pid=104068) _notify_loop /usr/local/lib/python3.8/dist-packages/neutron_lib/callbacks/manager.py:176}}
Jul 25 16:25:59.419390 dv-cinder-836973-15-iscsi neutron-server[104069]: DEBUG neutron.pecan_wsgi.hooks.policy_enforcement [req-05fe1ea6-7ade-4eab-8be9-42428f14c1a3 req-c9fcb4fc-2163-426a-95e1-40b98b056e1f tempest-ServerRescueNegativeTestJSON-1183571930 tempest-ServerRescueNegativeTestJSON-1183571930-project] Attributes excluded by policy engine: ['standard_attr_id', 'binding:profile', 'binding:host_id', 'binding:vif_type', 'binding:vif_details'] {{(pid=104069) _exclude_attributes_by_policy /opt/stack/neutron/neutron/pecan_wsgi/hooks/policy_enforcement.py:259}}
Jul 25 16:25:59.422026 dv-cinder-836973-15-iscsi neutron-server[104069]: INFO neutron.wsgi [req-05fe1ea6-7ade-4eab-8be9-42428f14c1a3 req-c9fcb4fc-2163-426a-95e1-40b98b056e1f tempest-ServerRescueNegativeTestJSON-1183571930 tempest-ServerRescueNegativeTestJSON-1183571930-project] 10.222.0.66 "GET /v2.0/ports?device_id=9a766e06-b19b-4fd9-9f31-7ef4af533654 HTTP/1.1" status: 200 len: 946 time: 0.1058602
Jul 25 16:25:59.505049 dv-cinder-836973-15-iscsi neutron-server[104068]: DEBUG neutron.api.rpc.handlers.resources_rpc [None req-b067ae00-53aa-4217-bd3f-c27fc5f2a642 service neutron] Pushing event updated for resources: {'Port': ['ID=84fcc185-716f-4766-9f03-7fdf34e835c0,revision_number=2']} {{(pid=104068) push /opt/stack/neutron/neutron/api/rpc/handlers/resources_rpc.py:237}}
Jul 25 16:25:59.565847 dv-cinder-836973-15-iscsi neutron-server[104068]: DEBUG dbcounter [-] [104068] Writing DB stats neutron:SELECT=89,neutron:UPDATE=5,neutron:INSERT=1,neutron:DELETE=5 {{(pid=104068) stat_writer /usr/local/lib/python3.8/dist-packages/dbcounter.py:114}}
Jul 25 16:25:59.568608 dv-cinder-836973-15-iscsi neutron-server[104069]: INFO neutron.wsgi [req-05fe1ea6-7ade-4eab-8be9-42428f14c1a3 req-8f3b9f35-18a6-4ec7-8cad-87a6e5ea5e63 tempest-ServerRescueNegativeTestJSON-1183571930 tempest-ServerRescueNegativeTestJSON-1183571930-project] 10.222.0.66 "GET /v2.0/security-groups?id=1ad8620e-d8ee-49c1-9df2-95b8daea0aea&fields=id&fields=name HTTP/1.1" status: 200 len: 286 time: 0.1396370
Jul 25 16:25:59.643788 dv-cinder-836973-15-iscsi neutron-server[104068]: DEBUG dbcounter [-] [104068] Writing DB stats neutron:SELECT=97,neutron:UPDATE=1,neutron:DELETE=2 {{(pid=104068) stat_writer /usr/local/lib/python3.8/dist-packages/dbcounter.py:114}}
Jul 25 16:25:59.665514 dv-cinder-836973-15-iscsi neutron-server[104068]: DEBUG neutron.plugins.ml2.managers [req-d2b40a13-0094-4e4d-bdd8-3eda963c0548 req-b067ae00-53aa-4217-bd3f-c27fc5f2a642 service neutron] Attempting to bind port 84fcc185-716f-4766-9f03-7fdf34e835c0 on host hv-cinder-83697 for vnic_type normal with profile {{(pid=104068) bind_port /opt/stack/neutron/neutron/plugins/ml2/managers.py:810}}
Jul 25 16:25:59.666158 dv-cinder-836973-15-iscsi neutron-server[104068]: DEBUG neutron.plugins.ml2.managers [req-d2b40a13-0094-4e4d-bdd8-3eda963c0548 req-b067ae00-53aa-4217-bd3f-c27fc5f2a642 service neutron] Attempting to bind port 84fcc185-716f-4766-9f03-7fdf34e835c0 by drivers openvswitch,hyperv on host hv-cinder-83697 at level 0 using segments [{'id': '81432d07-b33f-496f-b281-d831eed172a9', 'network_type': 'vlan', 'physical_network': 'physnet1', 'segmentation_id': 348, 'network_id': '0410d071-03f1-4e3a-a75f-6200cc3088da'}] {{(pid=104068) _bind_port_level /opt/stack/neutron/neutron/plugins/ml2/managers.py:835}}
Jul 25 16:25:59.666735 dv-cinder-836973-15-iscsi neutron-server[104068]: DEBUG neutron.plugins.ml2.drivers.mech_agent [req-d2b40a13-0094-4e4d-bdd8-3eda963c0548 req-b067ae00-53aa-4217-bd3f-c27fc5f2a642 service neutron] Attempting to bind port 84fcc185-716f-4766-9f03-7fdf34e835c0 on network 0410d071-03f1-4e3a-a75f-6200cc3088da {{(pid=104068) bind_port /opt/stack/neutron/neutron/plugins/ml2/drivers/mech_agent.py:91}}
Jul 25 16:25:59.679617 dv-cinder-836973-15-iscsi neutron-server[104068]: DEBUG neutron.plugins.ml2.drivers.mech_agent [req-d2b40a13-0094-4e4d-bdd8-3eda963c0548 req-b067ae00-53aa-4217-bd3f-c27fc5f2a642 service neutron] Port 84fcc185-716f-4766-9f03-7fdf34e835c0 on network 0410d071-03f1-4e3a-a75f-6200cc3088da not bound, no agent of type Open vSwitch agent registered on host hv-cinder-83697 {{(pid=104068) bind_port /opt/stack/neutron/neutron/plugins/ml2/drivers/mech_agent.py:103}}
Jul 25 16:25:59.679905 dv-cinder-836973-15-iscsi neutron-server[104068]: DEBUG neutron.plugins.ml2.drivers.mech_agent [req-d2b40a13-0094-4e4d-bdd8-3eda963c0548 req-b067ae00-53aa-4217-bd3f-c27fc5f2a642 service neutron] Attempting to bind port 84fcc185-716f-4766-9f03-7fdf34e835c0 on network 0410d071-03f1-4e3a-a75f-6200cc3088da {{(pid=104068) bind_port /opt/stack/neutron/neutron/plugins/ml2/drivers/mech_agent.py:91}}
Jul 25 16:25:59.696324 dv-cinder-836973-15-iscsi neutron-server[104068]: DEBUG neutron.plugins.ml2.drivers.mech_agent [req-d2b40a13-0094-4e4d-bdd8-3eda963c0548 req-b067ae00-53aa-4217-bd3f-c27fc5f2a642 service neutron] Checking agent: {'id': 'f7966b7e-be3b-458f-9152-058b15c62c22', 'agent_type': 'HyperV agent', 'binary': 'neutron-hyperv-agent', 'topic': 'N/A', 'host': 'hv-cinder-83697', 'admin_state_up': True, 'created_at': datetime.datetime(2022, 7, 25, 16, 22, 15), 'started_at': datetime.datetime(2022, 7, 25, 16, 22, 15), 'heartbeat_timestamp': datetime.datetime(2022, 7, 25, 16, 25, 45), 'description': None, 'resources_synced': None, 'availability_zone': None, 'alive': True, 'configurations': {'vswitch_mappings': {'physnet1$': 'br-data'}}, 'resource_versions': {}} {{(pid=104068) bind_port /opt/stack/neutron/neutron/plugins/ml2/drivers/mech_agent.py:110}}
Jul 25 16:25:59.696812 dv-cinder-836973-15-iscsi neutron-server[104068]: DEBUG neutron.plugins.ml2.drivers.mech_agent [req-d2b40a13-0094-4e4d-bdd8-3eda963c0548 req-b067ae00-53aa-4217-bd3f-c27fc5f2a642 service neutron] Checking segment: {'id': '81432d07-b33f-496f-b281-d831eed172a9', 'network_type': 'vlan', 'physical_network': 'physnet1', 'segmentation_id': 348, 'network_id': '0410d071-03f1-4e3a-a75f-6200cc3088da'} for mappings: {'physnet1$': 'br-data'} with network types: ['local', 'flat', 'vlan'] {{(pid=104068) check_segment_for_agent /opt/stack/neutron/neutron/plugins/ml2/drivers/mech_agent.py:373}}
Jul 25 16:25:59.697209 dv-cinder-836973-15-iscsi neutron-server[104068]: DEBUG neutron.plugins.ml2.drivers.mech_agent [req-d2b40a13-0094-4e4d-bdd8-3eda963c0548 req-b067ae00-53aa-4217-bd3f-c27fc5f2a642 service neutron] Bound using segment: {'id': '81432d07-b33f-496f-b281-d831eed172a9', 'network_type': 'vlan', 'physical_network': 'physnet1', 'segmentation_id': 348, 'network_id': '0410d071-03f1-4e3a-a75f-6200cc3088da'} {{(pid=104068) bind_port /opt/stack/neutron/neutron/plugins/ml2/drivers/mech_agent.py:120}}
Jul 25 16:25:59.697733 dv-cinder-836973-15-iscsi neutron-server[104068]: DEBUG neutron.plugins.ml2.managers [req-d2b40a13-0094-4e4d-bdd8-3eda963c0548 req-b067ae00-53aa-4217-bd3f-c27fc5f2a642 service neutron] Bound port: 84fcc185-716f-4766-9f03-7fdf34e835c0, host: hv-cinder-83697, vif_type: hyperv, vif_details: {"connectivity": "legacy", "port_filter": false}, binding_levels: [{'bound_driver': 'hyperv', 'bound_segment': {'id': '81432d07-b33f-496f-b281-d831eed172a9', 'network_type': 'vlan', 'physical_network': 'physnet1', 'segmentation_id': 348, 'network_id': '0410d071-03f1-4e3a-a75f-6200cc3088da'}}] {{(pid=104068) _bind_port_level /opt/stack/neutron/neutron/plugins/ml2/managers.py:947}}
Jul 25 16:25:59.698421 dv-cinder-836973-15-iscsi neutron-server[104068]: DEBUG neutron_lib.callbacks.manager [req-d2b40a13-0094-4e4d-bdd8-3eda963c0548 req-b067ae00-53aa-4217-bd3f-c27fc5f2a642 service neutron] Publish callbacks ['neutron.plugins.ml2.plugin.SecurityGroupDbMixin._ensure_default_security_group_handler-605887'] for port (84fcc185-716f-4766-9f03-7fdf34e835c0), before_update {{(pid=104068) _notify_loop /usr/local/lib/python3.8/dist-packages/neutron_lib/callbacks/manager.py:176}}
Jul 25 16:25:59.716398 dv-cinder-836973-15-iscsi neutron-server[104068]: DEBUG neutron_lib.callbacks.manager [None req-a4e6e9e9-ae14-4f5c-8ef1-f9c532da5e28 admin admin] Publish callbacks ['neutron.plugins.ml2.plugin.SecurityGroupServerNotifierRpcMixin._notify_sg_on_port_change-605936', 'neutron.plugins.ml2.ovo_rpc._ObjectChangeHandler.handle_event-487079', 'neutron.api.rpc.agentnotifiers.dhcp_rpc_agent_api.DhcpAgentNotifyAPI._native_event_send_dhcp_notification-1576387', 'neutron.db.l3_db.L3RpcNotifierMixin._notify_routers_callback-8734079665165', 'neutron.db.l3_dvrscheduler_db._notify_port_delete-8734079121183'] for port (74829555-947b-4aff-89fe-a6fe060fc041), after_delete {{(pid=104068) _notify_loop /usr/local/lib/python3.8/dist-packages/neutron_lib/callbacks/manager.py:176}}
Jul 25 16:25:59.768072 dv-cinder-836973-15-iscsi neutron-server[104068]: DEBUG neutron.api.rpc.handlers.resources_rpc [None req-a4e6e9e9-ae14-4f5c-8ef1-f9c532da5e28 admin admin] Pushing event deleted for resources: {'Port': ['ID=74829555-947b-4aff-89fe-a6fe060fc041,revision_number=None']} {{(pid=104068) push /opt/stack/neutron/neutron/api/rpc/handlers/resources_rpc.py:237}}
Jul 25 16:25:59.820353 dv-cinder-836973-15-iscsi neutron-server[104068]: DEBUG neutron.wsgi [-] (104068) accepted ('10.222.0.66', 33434) {{(pid=104068) server /usr/local/lib/python3.8/dist-packages/eventlet/wsgi.py:1004}}
Jul 25 16:25:59.842890 dv-cinder-836973-15-iscsi neutron-server[104069]: DEBUG neutron.pecan_wsgi.hooks.policy_enforcement [req-193f0cc1-35fa-4c3a-afa6-8d4faf62d2b2 req-b350938a-ac05-42d5-8987-9b7a6b8ca63d tempest-VolumesActionsTest-2115364438 tempest-VolumesActionsTest-2115364438-project] Attributes excluded by policy engine: ['standard_attr_id', 'binding:profile', 'binding:host_id', 'binding:vif_type', 'binding:vif_details'] {{(pid=104069) _exclude_attributes_by_policy /opt/stack/neutron/neutron/pecan_wsgi/hooks/policy_enforcement.py:259}}
Jul 25 16:25:59.847666 dv-cinder-836973-15-iscsi neutron-server[104069]: INFO neutron.wsgi [req-193f0cc1-35fa-4c3a-afa6-8d4faf62d2b2 req-b350938a-ac05-42d5-8987-9b7a6b8ca63d tempest-VolumesActionsTest-2115364438 tempest-VolumesActionsTest-2115364438-project] 10.222.0.66 "GET /v2.0/ports?device_id=93412ce8-1fdb-44e3-b22b-37a7128e8beb HTTP/1.1" status: 200 len: 944 time: 0.1152346
Jul 25 16:25:59.952503 dv-cinder-836973-15-iscsi neutron-server[104068]: DEBUG neutron_lib.callbacks.manager [None req-ff235fa6-a8c9-4af2-9e1f-ee50ff864b53 admin admin] Publish callbacks [] for security_group (None), before_create {{(pid=104068) _notify_loop /usr/local/lib/python3.8/dist-packages/neutron_lib/callbacks/manager.py:176}}
Jul 25 16:25:59.988954 dv-cinder-836973-15-iscsi neutron-server[104069]: INFO neutron.wsgi [req-193f0cc1-35fa-4c3a-afa6-8d4faf62d2b2 req-315b5ab5-a1f5-40b1-b9e0-9f21c9d6c58a tempest-VolumesActionsTest-2115364438 tempest-VolumesActionsTest-2115364438-project] 10.222.0.66 "GET /v2.0/security-groups?id=0b1ecaa0-e877-45ec-80ea-5221be311078&fields=id&fields=name HTTP/1.1" status: 200 len: 286 time: 0.1312177
Jul 25 16:26:00.064132 dv-cinder-836973-15-iscsi neutron-server[104068]: DEBUG neutron_lib.callbacks.manager [None req-a4e6e9e9-ae14-4f5c-8ef1-f9c532da5e28 admin admin] Publish callbacks ['neutron.api.rpc.agentnotifiers.dhcp_rpc_agent_api.DhcpAgentNotifyAPI._after_router_interface_deleted-1576394', 'neutron.services.l3_router.l3_router_plugin.DVRResourceOperationHandler._cleanup_after_interface_removal-1712808'] for router_interface (4f4b18b8-e058-4305-9d46-02f5f332aaca), after_delete {{(pid=104068) _notify_loop /usr/local/lib/python3.8/dist-packages/neutron_lib/callbacks/manager.py:176}}
Jul 25 16:26:00.112141 dv-cinder-836973-15-iscsi neutron-server[104068]: DEBUG neutron.plugins.ml2.db [req-d2b40a13-0094-4e4d-bdd8-3eda963c0548 req-b067ae00-53aa-4217-bd3f-c27fc5f2a642 service neutron] For port 84fcc185-716f-4766-9f03-7fdf34e835c0, host hv-cinder-83697, cleared binding levels {{(pid=104068) clear_binding_levels /opt/stack/neutron/neutron/plugins/ml2/db.py:87}}
Jul 25 16:26:00.182838 dv-cinder-836973-15-iscsi neutron-server[104068]: DEBUG neutron.plugins.ml2.db [req-d2b40a13-0094-4e4d-bdd8-3eda963c0548 req-b067ae00-53aa-4217-bd3f-c27fc5f2a642 service neutron] For port 84fcc185-716f-4766-9f03-7fdf34e835c0, host hv-cinder-83697, set binding levels [PortBindingLevel(driver='hyperv',host='hv-cinder-83697',level=0,port_id=84fcc185-716f-4766-9f03-7fdf34e835c0,segment=NetworkSegment(81432d07-b33f-496f-b281-d831eed172a9),segment_id=81432d07-b33f-496f-b281-d831eed172a9)] {{(pid=104068) set_binding_levels /opt/stack/neutron/neutron/plugins/ml2/db.py:59}}
Jul 25 16:26:00.205502 dv-cinder-836973-15-iscsi neutron-server[104068]: DEBUG neutron_lib.callbacks.manager [req-d2b40a13-0094-4e4d-bdd8-3eda963c0548 req-b067ae00-53aa-4217-bd3f-c27fc5f2a642 service neutron] Publish callbacks ['neutron.plugins.ml2.plugin.SecurityGroupServerNotifierRpcMixin._notify_sg_on_port_change-605936', 'neutron.plugins.ml2.ovo_rpc._ObjectChangeHandler.handle_event-487079', 'neutron.api.rpc.agentnotifiers.dhcp_rpc_agent_api.DhcpAgentNotifyAPI._native_event_send_dhcp_notification-1576387', 'neutron.db.l3_db.L3RpcNotifierMixin._notify_gateway_port_ip_changed-8734079664222', 'neutron.db.l3_dvrscheduler_db._notify_l3_agent_port_update-8734079121192', 'neutron.db.l3_hascheduler_db._notify_l3_agent_ha_port_update-8734079121210'] for port (84fcc185-716f-4766-9f03-7fdf34e835c0), after_update {{(pid=104068) _notify_loop /usr/local/lib/python3.8/dist-packages/neutron_lib/callbacks/manager.py:176}}
Jul 25 16:26:00.604354 dv-cinder-836973-15-iscsi neutron-server[104068]: DEBUG neutron.pecan_wsgi.hooks.policy_enforcement [req-d2b40a13-0094-4e4d-bdd8-3eda963c0548 req-b067ae00-53aa-4217-bd3f-c27fc5f2a642 service neutron] Attributes excluded by policy engine: ['standard_attr_id'] {{(pid=104068) _exclude_attributes_by_policy /opt/stack/neutron/neutron/pecan_wsgi/hooks/policy_enforcement.py:259}}
Jul 25 16:26:00.605407 dv-cinder-836973-15-iscsi neutron-server[104068]: DEBUG neutron_lib.callbacks.manager [req-d2b40a13-0094-4e4d-bdd8-3eda963c0548 req-b067ae00-53aa-4217-bd3f-c27fc5f2a642 service neutron] Publish callbacks ['neutron.notifiers.nova.Notifier._send_nova_notification-24934'] for port (None), before_response {{(pid=104068) _notify_loop /usr/local/lib/python3.8/dist-packages/neutron_lib/callbacks/manager.py:176}}
Jul 25 16:26:00.607002 dv-cinder-836973-15-iscsi neutron-server[104068]: INFO neutron.wsgi [req-d2b40a13-0094-4e4d-bdd8-3eda963c0548 req-b067ae00-53aa-4217-bd3f-c27fc5f2a642 service neutron] 10.222.0.102 "PUT /v2.0/ports/84fcc185-716f-4766-9f03-7fdf34e835c0 HTTP/1.1" status: 200 len: 1094 time: 3.1321313
Jul 25 16:26:00.609899 dv-cinder-836973-15-iscsi neutron-server[104068]: DEBUG neutron.notifiers.nova [-] Sending events: [{'name': 'network-changed', 'server_uuid': '93412ce8-1fdb-44e3-b22b-37a7128e8beb', 'tag': '84fcc185-716f-4766-9f03-7fdf34e835c0'}] {{(pid=104068) send_events /opt/stack/neutron/neutron/notifiers/nova.py:271}}
Jul 25 16:26:00.614462 dv-cinder-836973-15-iscsi neutron-server[104068]: DEBUG novaclient.v2.client [-] REQ: curl -g -i --cacert "/opt/stack/data/ca-bundle.pem" -X POST http://10.222.0.66/compute/v2.1/os-server-external-events -H "Accept: application/json" -H "Content-Type: application/json" -H "User-Agent: python-novaclient" -H "X-Auth-Token: {SHA256}ed444cdf5c7781b56ac51b5bd97a47f4d804b118ce027d666f76c4e9dfd853e0" -H "X-OpenStack-Nova-API-Version: 2.1" -H "X-OpenStack-Request-ID: req-cf9f8b4a-10cc-40ba-8cd0-059238230dc7" -d '{"events": [{"name": "network-changed", "server_uuid": "93412ce8-1fdb-44e3-b22b-37a7128e8beb", "tag": "84fcc185-716f-4766-9f03-7fdf34e835c0"}]}' {{(pid=104068) _http_log_request /usr/local/lib/python3.8/dist-packages/keystoneauth1/session.py:519}}
Jul 25 16:26:00.661742 dv-cinder-836973-15-iscsi neutron-server[104068]: DEBUG neutron.api.rpc.handlers.resources_rpc [None req-b067ae00-53aa-4217-bd3f-c27fc5f2a642 service neutron] Pushing event updated for resources: {'Port': ['ID=84fcc185-716f-4766-9f03-7fdf34e835c0,revision_number=3']} {{(pid=104068) push /opt/stack/neutron/neutron/api/rpc/handlers/resources_rpc.py:237}}
Jul 25 16:26:00.703365 dv-cinder-836973-15-iscsi neutron-server[104068]: DEBUG neutron_lib.callbacks.manager [None req-ff235fa6-a8c9-4af2-9e1f-ee50ff864b53 admin admin] Publish callbacks [] for security_group (d82fb9a4-5ae6-460b-8557-561c6056a93b), precommit_create {{(pid=104068) _notify_loop /usr/local/lib/python3.8/dist-packages/neutron_lib/callbacks/manager.py:176}}
Jul 25 16:26:00.726481 dv-cinder-836973-15-iscsi neutron-server[104068]: DEBUG neutron_lib.callbacks.manager [None req-ff235fa6-a8c9-4af2-9e1f-ee50ff864b53 admin admin] Publish callbacks ['neutron.plugins.ml2.ovo_rpc._ObjectChangeHandler.handle_event-1820656'] for security_group (d82fb9a4-5ae6-460b-8557-561c6056a93b), after_create {{(pid=104068) _notify_loop /usr/local/lib/python3.8/dist-packages/neutron_lib/callbacks/manager.py:176}}
Jul 25 16:26:00.766263 dv-cinder-836973-15-iscsi neutron-server[104068]: DEBUG novaclient.v2.client [-] RESP: [200] Connection: close Content-Length: 179 Content-Type: application/json Date: Mon, 25 Jul 2022 16:26:00 GMT OpenStack-API-Version: compute 2.1 Server: Apache/2.4.41 (Ubuntu) Vary: OpenStack-API-Version,X-OpenStack-Nova-API-Version X-OpenStack-Nova-API-Version: 2.1 x-compute-request-id: req-d4203bfd-ad25-43c9-85cf-f561c52151f2 x-openstack-request-id: req-d4203bfd-ad25-43c9-85cf-f561c52151f2 {{(pid=104068) _http_log_response /usr/local/lib/python3.8/dist-packages/keystoneauth1/session.py:550}}
Jul 25 16:26:00.766562 dv-cinder-836973-15-iscsi neutron-server[104068]: DEBUG novaclient.v2.client [-] RESP BODY: {"events": [{"name": "network-changed", "server_uuid": "93412ce8-1fdb-44e3-b22b-37a7128e8beb", "tag": "84fcc185-716f-4766-9f03-7fdf34e835c0", "status": "completed", "code": 200}]} {{(pid=104068) _http_log_response /usr/local/lib/python3.8/dist-packages/keystoneauth1/session.py:582}}
Jul 25 16:26:00.766902 dv-cinder-836973-15-iscsi neutron-server[104068]: DEBUG novaclient.v2.client [-] POST call to compute for http://10.222.0.66/compute/v2.1/os-server-external-events used request id req-d4203bfd-ad25-43c9-85cf-f561c52151f2 {{(pid=104068) request /usr/local/lib/python3.8/dist-packages/keystoneauth1/session.py:954}}
Jul 25 16:26:00.767386 dv-cinder-836973-15-iscsi neutron-server[104068]: INFO neutron.notifiers.nova [-] Nova event matching ['req-d4203bfd-ad25-43c9-85cf-f561c52151f2'] response: {'name': 'network-changed', 'server_uuid': '93412ce8-1fdb-44e3-b22b-37a7128e8beb', 'tag': '84fcc185-716f-4766-9f03-7fdf34e835c0', 'status': 'completed', 'code': 200}
Jul 25 16:26:00.872506 dv-cinder-836973-15-iscsi neutron-server[104069]: DEBUG neutron.pecan_wsgi.hooks.policy_enforcement [req-eecc7dea-9be9-46ae-8acc-a90774c37241 req-014ca75b-73fb-49c7-b7de-89596f6e08ed tempest-ServerRescueNegativeTestJSON-1183571930 tempest-ServerRescueNegativeTestJSON-1183571930-project] Attributes excluded by policy engine: ['standard_attr_id', 'binding:profile', 'binding:host_id', 'binding:vif_type', 'binding:vif_details'] {{(pid=104069) _exclude_attributes_by_policy /opt/stack/neutron/neutron/pecan_wsgi/hooks/policy_enforcement.py:259}}
Jul 25 16:26:00.873201 dv-cinder-836973-15-iscsi neutron-server[104068]: DEBUG neutron.pecan_wsgi.hooks.policy_enforcement [req-d2b40a13-0094-4e4d-bdd8-3eda963c0548 req-b5744fbe-5739-4d1f-878a-d2b04eadfd80 service neutron] Attributes excluded by policy engine: ['standard_attr_id'] {{(pid=104068) _exclude_attributes_by_policy /opt/stack/neutron/neutron/pecan_wsgi/hooks/policy_enforcement.py:259}}
Jul 25 16:26:00.875654 dv-cinder-836973-15-iscsi neutron-server[104068]: INFO neutron.wsgi [req-d2b40a13-0094-4e4d-bdd8-3eda963c0548 req-b5744fbe-5739-4d1f-878a-d2b04eadfd80 service neutron] 10.222.0.102 "GET /v2.0/ports?tenant_id=1b1fba96612b4ed0ae53b43cdd4e3528&device_id=93412ce8-1fdb-44e3-b22b-37a7128e8beb HTTP/1.1" status: 200 len: 1128 time: 0.1677735
Jul 25 16:26:00.884767 dv-cinder-836973-15-iscsi neutron-server[104069]: INFO neutron.wsgi [req-eecc7dea-9be9-46ae-8acc-a90774c37241 req-014ca75b-73fb-49c7-b7de-89596f6e08ed tempest-ServerRescueNegativeTestJSON-1183571930 tempest-ServerRescueNegativeTestJSON-1183571930-project] 10.222.0.66 "GET /v2.0/ports?device_id=9a766e06-b19b-4fd9-9f31-7ef4af533654 HTTP/1.1" status: 200 len: 946 time: 0.0875528
Jul 25 16:26:00.899060 dv-cinder-836973-15-iscsi neutron-server[104069]: DEBUG neutron.wsgi [-] (104069) accepted ('10.222.0.66', 33474) {{(pid=104069) server /usr/local/lib/python3.8/dist-packages/eventlet/wsgi.py:1004}}
Jul 25 16:26:00.899369 dv-cinder-836973-15-iscsi neutron-server[104068]: INFO neutron.wsgi [None req-ff235fa6-a8c9-4af2-9e1f-ee50ff864b53 admin admin] 10.222.0.66 "GET /v2.0/security-groups?tenant_id=c54f18fc25434fad8c644fabd7d98aee&name=default HTTP/1.1" status: 200 len: 2996 time: 1.0789559
Jul 25 16:26:00.930935 dv-cinder-836973-15-iscsi neutron-server[104068]: DEBUG neutron.api.rpc.handlers.resources_rpc [None req-ff235fa6-a8c9-4af2-9e1f-ee50ff864b53 admin admin] Pushing event updated for resources: {'SecurityGroup': ['ID=d82fb9a4-5ae6-460b-8557-561c6056a93b,revision_number=1']} {{(pid=104068) push /opt/stack/neutron/neutron/api/rpc/handlers/resources_rpc.py:237}}
Jul 25 16:26:00.964126 dv-cinder-836973-15-iscsi neutron-server[104068]: DEBUG dbcounter [-] [104068] Writing DB stats neutron:SELECT=93,neutron:UPDATE=2,neutron:INSERT=5 {{(pid=104068) stat_writer /usr/local/lib/python3.8/dist-packages/dbcounter.py:114}}
Jul 25 16:26:00.974810 dv-cinder-836973-15-iscsi neutron-server[104068]: INFO neutron.wsgi [req-d2b40a13-0094-4e4d-bdd8-3eda963c0548 req-a1968a84-206a-4d19-8da9-5d152055de5b service neutron] 10.222.0.102 "GET /v2.0/floatingips?fixed_ip_address=172.20.0.14&port_id=84fcc185-716f-4766-9f03-7fdf34e835c0 HTTP/1.1" status: 200 len: 217 time: 0.0914843
Jul 25 16:26:01.023344 dv-cinder-836973-15-iscsi neutron-server[104069]: INFO neutron.wsgi [req-eecc7dea-9be9-46ae-8acc-a90774c37241 req-301d1d38-cc51-4db4-bd24-b67ba2bfe410 tempest-ServerRescueNegativeTestJSON-1183571930 tempest-ServerRescueNegativeTestJSON-1183571930-project] 10.222.0.66 "GET /v2.0/security-groups?id=1ad8620e-d8ee-49c1-9df2-95b8daea0aea&fields=id&fields=name HTTP/1.1" status: 200 len: 286 time: 0.1358554
Jul 25 16:26:01.030905 dv-cinder-836973-15-iscsi neutron-server[104069]: DEBUG neutron_lib.callbacks.manager [None req-3ac5bbd2-40db-4b53-85e2-b4e7c747c210 admin admin] Publish callbacks [] for security_group (d82fb9a4-5ae6-460b-8557-561c6056a93b), before_delete {{(pid=104069) _notify_loop /usr/local/lib/python3.8/dist-packages/neutron_lib/callbacks/manager.py:176}}
Jul 25 16:26:01.054728 dv-cinder-836973-15-iscsi neutron-server[104068]: DEBUG neutron.scheduler.l3_agent_scheduler [None req-a4e6e9e9-ae14-4f5c-8ef1-f9c532da5e28 admin admin] Router 4f4b18b8-e058-4305-9d46-02f5f332aaca has already been hosted by L3 agent 67be82e4-3d9d-4057-b93d-13bc38f3bc4e {{(pid=104068) _get_candidates /opt/stack/neutron/neutron/scheduler/l3_agent_scheduler.py:126}}
Jul 25 16:26:01.065770 dv-cinder-836973-15-iscsi neutron-server[104068]: DEBUG neutron.pecan_wsgi.hooks.policy_enforcement [req-d2b40a13-0094-4e4d-bdd8-3eda963c0548 req-b30c6d35-a188-4058-a133-cf398ba1236f service neutron] Attributes excluded by policy engine: ['standard_attr_id', 'shared'] {{(pid=104068) _exclude_attributes_by_policy /opt/stack/neutron/neutron/pecan_wsgi/hooks/policy_enforcement.py:259}}
Jul 25 16:26:01.067293 dv-cinder-836973-15-iscsi neutron-server[104068]: INFO neutron.wsgi [req-d2b40a13-0094-4e4d-bdd8-3eda963c0548 req-b30c6d35-a188-4058-a133-cf398ba1236f service neutron] 10.222.0.102 "GET /v2.0/subnets?id=005f9106-527a-4abd-80d0-6da992f38348 HTTP/1.1" status: 200 len: 848 time: 0.0857341
Jul 25 16:26:01.096489 dv-cinder-836973-15-iscsi neutron-server[104069]: DEBUG neutron_lib.callbacks.manager [None req-3ac5bbd2-40db-4b53-85e2-b4e7c747c210 admin admin] Publish callbacks [] for security_group (d82fb9a4-5ae6-460b-8557-561c6056a93b), precommit_delete {{(pid=104069) _notify_loop /usr/local/lib/python3.8/dist-packages/neutron_lib/callbacks/manager.py:176}}
Jul 25 16:26:01.147954 dv-cinder-836973-15-iscsi neutron-server[104068]: INFO neutron.wsgi [req-d2b40a13-0094-4e4d-bdd8-3eda963c0548 req-04285722-a36a-4f5b-bfd7-d37af4d90b3c service neutron] 10.222.0.102 "GET /v2.0/ports?network_id=0410d071-03f1-4e3a-a75f-6200cc3088da&device_owner=network%3Adhcp HTTP/1.1" status: 200 len: 210 time: 0.0719602
Jul 25 16:26:01.271629 dv-cinder-836973-15-iscsi neutron-server[104068]: DEBUG dbcounter [-] [104068] Writing DB stats neutron:SELECT=91,neutron:DELETE=1,neutron:INSERT=7,neutron:UPDATE=1 {{(pid=104068) stat_writer /usr/local/lib/python3.8/dist-packages/dbcounter.py:114}}
Jul 25 16:26:01.328551 dv-cinder-836973-15-iscsi neutron-server[104069]: DEBUG neutron.pecan_wsgi.hooks.policy_enforcement [req-286870d4-0663-450a-a2ab-791dcbaf9f26 req-d2d11258-83a5-4799-804f-bc4d45225d5b tempest-VolumesActionsTest-2115364438 tempest-VolumesActionsTest-2115364438-project] Attributes excluded by policy engine: ['standard_attr_id', 'binding:profile', 'binding:host_id', 'binding:vif_type', 'binding:vif_details'] {{(pid=104069) _exclude_attributes_by_policy /opt/stack/neutron/neutron/pecan_wsgi/hooks/policy_enforcement.py:259}}
Jul 25 16:26:01.331294 dv-cinder-836973-15-iscsi neutron-server[104069]: INFO neutron.wsgi [req-286870d4-0663-450a-a2ab-791dcbaf9f26 req-d2d11258-83a5-4799-804f-bc4d45225d5b tempest-VolumesActionsTest-2115364438 tempest-VolumesActionsTest-2115364438-project] 10.222.0.66 "GET /v2.0/ports?device_id=93412ce8-1fdb-44e3-b22b-37a7128e8beb HTTP/1.1" status: 200 len: 944 time: 0.1411858
Jul 25 16:26:01.334450 dv-cinder-836973-15-iscsi neutron-server[104068]: DEBUG neutron.api.rpc.agentnotifiers.l3_rpc_agent_api [None req-a4e6e9e9-ae14-4f5c-8ef1-f9c532da5e28 admin admin] Notify agent at l3_agent.dv-cinder-836973-15-iscsi the message routers_updated {{(pid=104068) _agent_notification /opt/stack/neutron/neutron/api/rpc/agentnotifiers/l3_rpc_agent_api.py:65}}
Jul 25 16:26:01.341112 dv-cinder-836973-15-iscsi neutron-server[104068]: INFO neutron.wsgi [req-d2b40a13-0094-4e4d-bdd8-3eda963c0548 req-116e0c76-d4a3-4a64-8122-488a81a7b130 service neutron] 10.222.0.102 "GET /v2.0/networks/0410d071-03f1-4e3a-a75f-6200cc3088da?fields=segments HTTP/1.1" status: 200 len: 212 time: 0.1850798
Jul 25 16:26:01.348767 dv-cinder-836973-15-iscsi neutron-server[104069]: DEBUG neutron.wsgi [-] (104069) accepted ('10.222.0.66', 33484) {{(pid=104069) server /usr/local/lib/python3.8/dist-packages/eventlet/wsgi.py:1004}}
Jul 25 16:26:01.348987 dv-cinder-836973-15-iscsi neutron-server[104068]: INFO neutron.wsgi [None req-a4e6e9e9-ae14-4f5c-8ef1-f9c532da5e28 admin admin] 10.222.0.66 "PUT /v2.0/routers/4f4b18b8-e058-4305-9d46-02f5f332aaca/remove_router_interface HTTP/1.1" status: 200 len: 503 time: 7.3349228
Jul 25 16:26:01.355215 dv-cinder-836973-15-iscsi neutron-server[104071]: DEBUG neutron.api.rpc.handlers.l3_rpc [None req-0d79943c-0882-46a1-a3dc-2bbf88bf8be4 None None] Sync routers for ids ['4f4b18b8-e058-4305-9d46-02f5f332aaca'] in dv-cinder-836973-15-iscsi {{(pid=104071) sync_routers /opt/stack/neutron/neutron/api/rpc/handlers/l3_rpc.py:125}}
