Jul 25 16:24:18.070851 dv-cinder-836973-15-iscsi neutron-server[104068]: DEBUG neutron.scheduler.dhcp_agent_scheduler [None req-0d6dff90-ee98-46ec-b4c1-8cfae17e02fa admin admin] Network 54e60efa-4def-4721-894e-aa1775d3a3a6 is scheduled to be hosted by DHCP agent 7e3431bc-9e01-4bdc-9adc-d893c40b3f27 with binding_index 1 {{(pid=104068) bind /opt/stack/neutron/neutron/scheduler/dhcp_agent_scheduler.py:227}}
Jul 25 16:24:18.093369 dv-cinder-836973-15-iscsi neutron-server[104068]: DEBUG neutron.scheduler.base_scheduler [None req-0d6dff90-ee98-46ec-b4c1-8cfae17e02fa admin admin] Resources bound (agent type, host, resource id): (DHCP agent, dv-cinder-836973-15-iscsi, 54e60efa-4def-4721-894e-aa1775d3a3a6) {{(pid=104068) schedule /opt/stack/neutron/neutron/scheduler/base_scheduler.py:57}}
Jul 25 16:24:18.101425 dv-cinder-836973-15-iscsi neutron-server[104068]: DEBUG neutron.pecan_wsgi.hooks.policy_enforcement [None req-0d6dff90-ee98-46ec-b4c1-8cfae17e02fa admin admin] Attributes excluded by policy engine: ['standard_attr_id', 'shared', 'network'] {{(pid=104068) _exclude_attributes_by_policy /opt/stack/neutron/neutron/pecan_wsgi/hooks/policy_enforcement.py:259}}
Jul 25 16:24:18.102512 dv-cinder-836973-15-iscsi neutron-server[104068]: DEBUG neutron_lib.callbacks.manager [None req-0d6dff90-ee98-46ec-b4c1-8cfae17e02fa admin admin] Publish callbacks ['neutron.api.rpc.agentnotifiers.dhcp_rpc_agent_api.DhcpAgentNotifyAPI._send_dhcp_notification-1576429'] for subnet (None), before_response {{(pid=104068) _notify_loop /usr/local/lib/python3.8/dist-packages/neutron_lib/callbacks/manager.py:176}}
Jul 25 16:24:18.109213 dv-cinder-836973-15-iscsi neutron-server[104070]: DEBUG neutron.api.rpc.handlers.dhcp_rpc [None req-54c5d474-43b1-47c2-9e9c-601f404f4b87 None None] Network 54e60efa-4def-4721-894e-aa1775d3a3a6 requested from dv-cinder-836973-15-iscsi {{(pid=104070) get_network_info /opt/stack/neutron/neutron/api/rpc/handlers/dhcp_rpc.py:191}}
Jul 25 16:24:18.142297 dv-cinder-836973-15-iscsi neutron-server[104068]: INFO neutron.wsgi [None req-0d6dff90-ee98-46ec-b4c1-8cfae17e02fa admin admin] 10.222.0.66 "POST /v2.0/subnets HTTP/1.1" status: 201 len: 848 time: 0.7500155
Jul 25 16:24:18.145143 dv-cinder-836973-15-iscsi neutron-server[104068]: DEBUG neutron.wsgi [-] (104068) accepted ('10.222.0.66', 58536) {{(pid=104068) server /usr/local/lib/python3.8/dist-packages/eventlet/wsgi.py:1004}}
Jul 25 16:24:18.155294 dv-cinder-836973-15-iscsi neutron-server[104068]: DEBUG neutron.api.v2.base [None req-90acecfc-e83c-42a2-bbd8-8ecf7e85a8d1 admin admin] Request body: {'router': {'name': 'tempest-DeleteServersTestJSON-1064159704-router', 'tenant_id': '287b6d7980174314b20fe6b172725bf4', 'external_gateway_info': {'network_id': 'f19ce595-f1e5-43f5-b606-8286331f814b'}}} {{(pid=104068) prepare_request_body /opt/stack/neutron/neutron/api/v2/base.py:730}}
Jul 25 16:24:18.202719 dv-cinder-836973-15-iscsi neutron-server[104068]: DEBUG neutron_lib.callbacks.manager [None req-90acecfc-e83c-42a2-bbd8-8ecf7e85a8d1 admin admin] Publish callbacks ['neutron.services.l3_router.l3_router_plugin.L3_HA_NAT_db_mixin._before_router_create_handler-1717815', 'neutron.services.l3_router.service_providers.driver_controller.DriverController._check_router_request-3579'] for router (4f4b18b8-e058-4305-9d46-02f5f332aaca), before_create {{(pid=104068) _notify_loop /usr/local/lib/python3.8/dist-packages/neutron_lib/callbacks/manager.py:176}}
Jul 25 16:24:18.203990 dv-cinder-836973-15-iscsi neutron-server[104068]: DEBUG neutron_lib.callbacks.manager [None req-90acecfc-e83c-42a2-bbd8-8ecf7e85a8d1 admin admin] Publish callbacks ['neutron.services.l3_router.l3_router_plugin.L3_HA_NAT_db_mixin._precommit_router_create-1718965', 'neutron.services.l3_router.l3_router_plugin.DVRResourceOperationHandler._set_distributed_flag-1675360', 'neutron.services.l3_router.l3_router_plugin.RouterAvailabilityZoneMixin._process_az_request-1813466', 'neutron.services.l3_router.service_providers.driver_controller.DriverController._set_router_provider-3572'] for router (4f4b18b8-e058-4305-9d46-02f5f332aaca), precommit_create {{(pid=104068) _notify_loop /usr/local/lib/python3.8/dist-packages/neutron_lib/callbacks/manager.py:176}}
Jul 25 16:24:18.341830 dv-cinder-836973-15-iscsi neutron-server[104070]: DEBUG neutron.api.rpc.handlers.dhcp_rpc [None req-a6a9e073-e027-4864-b44a-b6e350f1084e None None] Create dhcp port {'port': {'name': '', 'admin_state_up': True, 'device_id': 'dhcpcdab82a5-e8d5-5bd9-9607-ac7bd5929cd8-54e60efa-4def-4721-894e-aa1775d3a3a6', 'network_id': '54e60efa-4def-4721-894e-aa1775d3a3a6', 'project_id': '287b6d7980174314b20fe6b172725bf4', 'fixed_ips': [{'subnet_id': '7d51f891-1842-4914-b4fa-63a248cc4680'}]}} from dv-cinder-836973-15-iscsi. {{(pid=104070) create_dhcp_port /opt/stack/neutron/neutron/api/rpc/handlers/dhcp_rpc.py:268}}
Jul 25 16:24:18.343408 dv-cinder-836973-15-iscsi neutron-server[104070]: DEBUG neutron_lib.callbacks.manager [None req-a6a9e073-e027-4864-b44a-b6e350f1084e None None] Publish callbacks ['neutron.plugins.ml2.plugin.SecurityGroupDbMixin._ensure_default_security_group_handler-605887'] for port (None), before_create {{(pid=104070) _notify_loop /usr/local/lib/python3.8/dist-packages/neutron_lib/callbacks/manager.py:176}}
Jul 25 16:24:18.460549 dv-cinder-836973-15-iscsi neutron-server[104068]: DEBUG neutron_lib.callbacks.manager [None req-90acecfc-e83c-42a2-bbd8-8ecf7e85a8d1 admin admin] Publish callbacks [] for router_controller (4f4b18b8-e058-4305-9d46-02f5f332aaca), precommit_add_association {{(pid=104068) _notify_loop /usr/local/lib/python3.8/dist-packages/neutron_lib/callbacks/manager.py:176}}
Jul 25 16:24:18.728804 dv-cinder-836973-15-iscsi neutron-server[104070]: DEBUG neutron.db.db_base_plugin_common [None req-a6a9e073-e027-4864-b44a-b6e350f1084e None None] Allocated IP 172.20.0.2 (54e60efa-4def-4721-894e-aa1775d3a3a6/7d51f891-1842-4914-b4fa-63a248cc4680/c198cd42-dc0c-4b9d-92da-83cc0e865906) {{(pid=104070) _store_ip_allocation /opt/stack/neutron/neutron/db/db_base_plugin_common.py:131}}
Jul 25 16:24:18.790542 dv-cinder-836973-15-iscsi neutron-server[104068]: DEBUG neutron_lib.callbacks.manager [None req-90acecfc-e83c-42a2-bbd8-8ecf7e85a8d1 admin admin] Publish callbacks [] for router_gateway (4f4b18b8-e058-4305-9d46-02f5f332aaca), precommit_update {{(pid=104068) _notify_loop /usr/local/lib/python3.8/dist-packages/neutron_lib/callbacks/manager.py:176}}
Jul 25 16:24:18.991446 dv-cinder-836973-15-iscsi neutron-server[104070]: DEBUG neutron_lib.callbacks.manager [None req-a6a9e073-e027-4864-b44a-b6e350f1084e None None] Publish callbacks [] for port (c198cd42-dc0c-4b9d-92da-83cc0e865906), precommit_create {{(pid=104070) _notify_loop /usr/local/lib/python3.8/dist-packages/neutron_lib/callbacks/manager.py:176}}
Jul 25 16:24:19.001971 dv-cinder-836973-15-iscsi neutron-server[104070]: DEBUG neutron_lib.callbacks.manager [None req-a6a9e073-e027-4864-b44a-b6e350f1084e None None] Publish callbacks ['neutron.plugins.ml2.plugin.SecurityGroupServerNotifierRpcMixin._notify_sg_on_port_change-605936', 'neutron.plugins.ml2.ovo_rpc._ObjectChangeHandler.handle_event-487079', 'neutron.api.rpc.agentnotifiers.dhcp_rpc_agent_api.DhcpAgentNotifyAPI._native_event_send_dhcp_notification-1576387', 'neutron.db.l3_dvrscheduler_db._notify_l3_agent_new_port-8734079121174'] for port (c198cd42-dc0c-4b9d-92da-83cc0e865906), after_create {{(pid=104070) _notify_loop /usr/local/lib/python3.8/dist-packages/neutron_lib/callbacks/manager.py:176}}
Jul 25 16:24:19.008485 dv-cinder-836973-15-iscsi neutron-server[104068]: DEBUG dbcounter [-] [104068] Writing DB stats neutron:SELECT=83,neutron:INSERT=13,neutron:UPDATE=4 {{(pid=104068) stat_writer /usr/local/lib/python3.8/dist-packages/dbcounter.py:114}}
Jul 25 16:24:19.042124 dv-cinder-836973-15-iscsi neutron-server[104070]: DEBUG neutron.scheduler.dhcp_agent_scheduler [None req-a6a9e073-e027-4864-b44a-b6e350f1084e None None] Network 54e60efa-4def-4721-894e-aa1775d3a3a6 is already hosted by enough agents. {{(pid=104070) _get_dhcp_agents_hosting_network /opt/stack/neutron/neutron/scheduler/dhcp_agent_scheduler.py:275}}
Jul 25 16:24:19.083571 dv-cinder-836973-15-iscsi neutron-server[104070]: DEBUG neutron.scheduler.base_scheduler [None req-a6a9e073-e027-4864-b44a-b6e350f1084e None None] Resources bound (agent type, host, resource id): {{(pid=104070) schedule /opt/stack/neutron/neutron/scheduler/base_scheduler.py:57}}
Jul 25 16:24:19.092136 dv-cinder-836973-15-iscsi neutron-server[104070]: DEBUG neutron.db.l3_dvrscheduler_db [None req-a6a9e073-e027-4864-b44a-b6e350f1084e None None] Received port after_create {{(pid=104070) _notify_l3_agent_new_port /opt/stack/neutron/neutron/db/l3_dvrscheduler_db.py:542}}
Jul 25 16:24:19.205785 dv-cinder-836973-15-iscsi neutron-server[104070]: DEBUG neutron.plugins.ml2.managers [None req-a6a9e073-e027-4864-b44a-b6e350f1084e None None] Attempting to bind port c198cd42-dc0c-4b9d-92da-83cc0e865906 on host dv-cinder-836973-15-iscsi for vnic_type normal with profile {{(pid=104070) bind_port /opt/stack/neutron/neutron/plugins/ml2/managers.py:810}}
Jul 25 16:24:19.206658 dv-cinder-836973-15-iscsi neutron-server[104070]: DEBUG neutron.plugins.ml2.managers [None req-a6a9e073-e027-4864-b44a-b6e350f1084e None None] Attempting to bind port c198cd42-dc0c-4b9d-92da-83cc0e865906 by drivers openvswitch,hyperv on host dv-cinder-836973-15-iscsi at level 0 using segments [{'id': '5212ff52-82d9-4266-bf89-ad50464092d7', 'network_type': 'vlan', 'physical_network': 'physnet1', 'segmentation_id': 337, 'network_id': '54e60efa-4def-4721-894e-aa1775d3a3a6'}] {{(pid=104070) _bind_port_level /opt/stack/neutron/neutron/plugins/ml2/managers.py:835}}
Jul 25 16:24:19.207182 dv-cinder-836973-15-iscsi neutron-server[104070]: DEBUG neutron.plugins.ml2.drivers.mech_agent [None req-a6a9e073-e027-4864-b44a-b6e350f1084e None None] Attempting to bind port c198cd42-dc0c-4b9d-92da-83cc0e865906 on network 54e60efa-4def-4721-894e-aa1775d3a3a6 {{(pid=104070) bind_port /opt/stack/neutron/neutron/plugins/ml2/drivers/mech_agent.py:91}}
Jul 25 16:24:19.219229 dv-cinder-836973-15-iscsi neutron-server[104070]: DEBUG neutron.api.rpc.handlers.resources_rpc [None req-a6a9e073-e027-4864-b44a-b6e350f1084e None None] Pushing event updated for resources: {'Port': ['ID=c198cd42-dc0c-4b9d-92da-83cc0e865906,revision_number=1']} {{(pid=104070) push /opt/stack/neutron/neutron/api/rpc/handlers/resources_rpc.py:237}}
Jul 25 16:24:19.229658 dv-cinder-836973-15-iscsi neutron-server[104070]: DEBUG neutron.api.rpc.callbacks.version_manager [None req-a6a9e073-e027-4864-b44a-b6e350f1084e None None] Version for resource type AddressGroup changed None to 1.2 on consumer Open vSwitch agent@dv-cinder-836973-15-iscsi {{(pid=104070) _set_version /opt/stack/neutron/neutron/api/rpc/callbacks/version_manager.py:113}}
Jul 25 16:24:19.230620 dv-cinder-836973-15-iscsi neutron-server[104070]: DEBUG neutron.api.rpc.callbacks.version_manager [None req-a6a9e073-e027-4864-b44a-b6e350f1084e None None] Version for resource type Agent changed None to 1.1 on consumer Open vSwitch agent@dv-cinder-836973-15-iscsi {{(pid=104070) _set_version /opt/stack/neutron/neutron/api/rpc/callbacks/version_manager.py:113}}
Jul 25 16:24:19.231266 dv-cinder-836973-15-iscsi neutron-server[104070]: DEBUG neutron.api.rpc.callbacks.version_manager [None req-a6a9e073-e027-4864-b44a-b6e350f1084e None None] Version for resource type ConntrackHelper changed None to 1.0 on consumer Open vSwitch agent@dv-cinder-836973-15-iscsi {{(pid=104070) _set_version /opt/stack/neutron/neutron/api/rpc/callbacks/version_manager.py:113}}
Jul 25 16:24:19.232130 dv-cinder-836973-15-iscsi neutron-server[104070]: DEBUG neutron.api.rpc.callbacks.version_manager [None req-a6a9e073-e027-4864-b44a-b6e350f1084e None None] Version for resource type LocalIPAssociation changed None to 1.0 on consumer Open vSwitch agent@dv-cinder-836973-15-iscsi {{(pid=104070) _set_version /opt/stack/neutron/neutron/api/rpc/callbacks/version_manager.py:113}}
Jul 25 16:24:19.232741 dv-cinder-836973-15-iscsi neutron-server[104070]: DEBUG neutron.api.rpc.callbacks.version_manager [None req-a6a9e073-e027-4864-b44a-b6e350f1084e None None] Version for resource type Log changed None to 1.0 on consumer Open vSwitch agent@dv-cinder-836973-15-iscsi {{(pid=104070) _set_version /opt/stack/neutron/neutron/api/rpc/callbacks/version_manager.py:113}}
Jul 25 16:24:19.233267 dv-cinder-836973-15-iscsi neutron-server[104070]: DEBUG neutron.api.rpc.callbacks.version_manager [None req-a6a9e073-e027-4864-b44a-b6e350f1084e None None] Version for resource type NDPProxy changed None to 1.0 on consumer Open vSwitch agent@dv-cinder-836973-15-iscsi {{(pid=104070) _set_version /opt/stack/neutron/neutron/api/rpc/callbacks/version_manager.py:113}}
Jul 25 16:24:19.233783 dv-cinder-836973-15-iscsi neutron-server[104070]: DEBUG neutron.api.rpc.callbacks.version_manager [None req-a6a9e073-e027-4864-b44a-b6e350f1084e None None] Version for resource type Network changed None to 1.1 on consumer Open vSwitch agent@dv-cinder-836973-15-iscsi {{(pid=104070) _set_version /opt/stack/neutron/neutron/api/rpc/callbacks/version_manager.py:113}}
Jul 25 16:24:19.234279 dv-cinder-836973-15-iscsi neutron-server[104070]: DEBUG neutron.api.rpc.callbacks.version_manager [None req-a6a9e073-e027-4864-b44a-b6e350f1084e None None] Version for resource type Port changed None to 1.7 on consumer Open vSwitch agent@dv-cinder-836973-15-iscsi {{(pid=104070) _set_version /opt/stack/neutron/neutron/api/rpc/callbacks/version_manager.py:113}}
Jul 25 16:24:19.234884 dv-cinder-836973-15-iscsi neutron-server[104070]: DEBUG neutron.api.rpc.callbacks.version_manager [None req-a6a9e073-e027-4864-b44a-b6e350f1084e None None] Version for resource type PortForwarding changed None to 1.3 on consumer Open vSwitch agent@dv-cinder-836973-15-iscsi {{(pid=104070) _set_version /opt/stack/neutron/neutron/api/rpc/callbacks/version_manager.py:113}}
Jul 25 16:24:19.235178 dv-cinder-836973-15-iscsi neutron-server[104070]: DEBUG neutron.api.rpc.callbacks.version_manager [None req-a6a9e073-e027-4864-b44a-b6e350f1084e None None] Version for resource type QosPolicy changed None to 1.10 on consumer Open vSwitch agent@dv-cinder-836973-15-iscsi {{(pid=104070) _set_version /opt/stack/neutron/neutron/api/rpc/callbacks/version_manager.py:113}}
Jul 25 16:24:19.236154 dv-cinder-836973-15-iscsi neutron-server[104070]: DEBUG neutron.api.rpc.callbacks.version_manager [None req-a6a9e073-e027-4864-b44a-b6e350f1084e None None] Version for resource type SecurityGroup changed None to 1.5 on consumer Open vSwitch agent@dv-cinder-836973-15-iscsi {{(pid=104070) _set_version /opt/stack/neutron/neutron/api/rpc/callbacks/version_manager.py:113}}
Jul 25 16:24:19.236154 dv-cinder-836973-15-iscsi neutron-server[104070]: DEBUG neutron.api.rpc.callbacks.version_manager [None req-a6a9e073-e027-4864-b44a-b6e350f1084e None None] Version for resource type SecurityGroupRule changed None to 1.2 on consumer Open vSwitch agent@dv-cinder-836973-15-iscsi {{(pid=104070) _set_version /opt/stack/neutron/neutron/api/rpc/callbacks/version_manager.py:113}}
Jul 25 16:24:19.236485 dv-cinder-836973-15-iscsi neutron-server[104070]: DEBUG neutron.api.rpc.callbacks.version_manager [None req-a6a9e073-e027-4864-b44a-b6e350f1084e None None] Version for resource type SubPort changed None to 1.0 on consumer Open vSwitch agent@dv-cinder-836973-15-iscsi {{(pid=104070) _set_version /opt/stack/neutron/neutron/api/rpc/callbacks/version_manager.py:113}}
Jul 25 16:24:19.237099 dv-cinder-836973-15-iscsi neutron-server[104070]: DEBUG neutron.api.rpc.callbacks.version_manager [None req-a6a9e073-e027-4864-b44a-b6e350f1084e None None] Version for resource type Subnet changed None to 1.1 on consumer Open vSwitch agent@dv-cinder-836973-15-iscsi {{(pid=104070) _set_version /opt/stack/neutron/neutron/api/rpc/callbacks/version_manager.py:113}}
Jul 25 16:24:19.237811 dv-cinder-836973-15-iscsi neutron-server[104070]: DEBUG neutron.api.rpc.callbacks.version_manager [None req-a6a9e073-e027-4864-b44a-b6e350f1084e None None] Version for resource type Trunk changed None to 1.1 on consumer Open vSwitch agent@dv-cinder-836973-15-iscsi {{(pid=104070) _set_version /opt/stack/neutron/neutron/api/rpc/callbacks/version_manager.py:113}}
Jul 25 16:24:19.239538 dv-cinder-836973-15-iscsi neutron-server[104070]: DEBUG neutron.api.rpc.callbacks.version_manager [None req-a6a9e073-e027-4864-b44a-b6e350f1084e None None] Tracked resource versions report:
Jul 25 16:24:19.239538 dv-cinder-836973-15-iscsi neutron-server[104070]: pushed versions:
Jul 25 16:24:19.239538 dv-cinder-836973-15-iscsi neutron-server[104070]: { 'AddressGroup': {'1.2'},
Jul 25 16:24:19.239538 dv-cinder-836973-15-iscsi neutron-server[104070]: 'Agent': {'1.1'},
Jul 25 16:24:19.239538 dv-cinder-836973-15-iscsi neutron-server[104070]: 'ConntrackHelper': {'1.0'},
Jul 25 16:24:19.239538 dv-cinder-836973-15-iscsi neutron-server[104070]: 'LocalIPAssociation': {'1.0'},
Jul 25 16:24:19.239538 dv-cinder-836973-15-iscsi neutron-server[104070]: 'Log': {'1.0'},
Jul 25 16:24:19.239538 dv-cinder-836973-15-iscsi neutron-server[104070]: 'NDPProxy': {'1.0'},
Jul 25 16:24:19.239538 dv-cinder-836973-15-iscsi neutron-server[104070]: 'Network': {'1.1'},
Jul 25 16:24:19.239538 dv-cinder-836973-15-iscsi neutron-server[104070]: 'Port': {'1.7'},
Jul 25 16:24:19.239538 dv-cinder-836973-15-iscsi neutron-server[104070]: 'PortForwarding': {'1.3'},
Jul 25 16:24:19.239538 dv-cinder-836973-15-iscsi neutron-server[104070]: 'QosPolicy': {'1.10'},
Jul 25 16:24:19.239538 dv-cinder-836973-15-iscsi neutron-server[104070]: 'SecurityGroup': {'1.5'},
Jul 25 16:24:19.239538 dv-cinder-836973-15-iscsi neutron-server[104070]: 'SecurityGroupRule': {'1.2'},
Jul 25 16:24:19.239538 dv-cinder-836973-15-iscsi neutron-server[104070]: 'SubPort': {'1.0'},
Jul 25 16:24:19.239538 dv-cinder-836973-15-iscsi neutron-server[104070]: 'Subnet': {'1.1'},
Jul 25 16:24:19.239538 dv-cinder-836973-15-iscsi neutron-server[104070]: 'Trunk': {'1.1'}}
Jul 25 16:24:19.239538 dv-cinder-836973-15-iscsi neutron-server[104070]: consumer versions:
Jul 25 16:24:19.239538 dv-cinder-836973-15-iscsi neutron-server[104070]: { DHCP agent@dv-cinder-836973-15-iscsi: {},
Jul 25 16:24:19.239538 dv-cinder-836973-15-iscsi neutron-server[104070]: HyperV agent@hv-cinder-83697: {},
Jul 25 16:24:19.239538 dv-cinder-836973-15-iscsi neutron-server[104070]: L3 agent@dv-cinder-836973-15-iscsi: {},
Jul 25 16:24:19.239538 dv-cinder-836973-15-iscsi neutron-server[104070]: Metadata agent@dv-cinder-836973-15-iscsi: {},
Jul 25 16:24:19.239538 dv-cinder-836973-15-iscsi neutron-server[104070]: Metering agent@dv-cinder-836973-15-iscsi: {},
Jul 25 16:24:19.239538 dv-cinder-836973-15-iscsi neutron-server[104070]: Open vSwitch agent@dv-cinder-836973-15-iscsi: { 'AddressGroup': '1.2',
Jul 25 16:24:19.239538 dv-cinder-836973-15-iscsi neutron-server[104070]: 'Agent': '1.1',
Jul 25 16:24:19.239538 dv-cinder-836973-15-iscsi neutron-server[104070]: 'ConntrackHelper': '1.0',
Jul 25 16:24:19.239538 dv-cinder-836973-15-iscsi neutron-server[104070]: 'LocalIPAssociation': '1.0',
Jul 25 16:24:19.239538 dv-cinder-836973-15-iscsi neutron-server[104070]: 'Log': '1.0',
Jul 25 16:24:19.239538 dv-cinder-836973-15-iscsi neutron-server[104070]: 'NDPProxy': '1.0',
Jul 25 16:24:19.239538 dv-cinder-836973-15-iscsi neutron-server[104070]: 'Network': '1.1',
Jul 25 16:24:19.239538 dv-cinder-836973-15-iscsi neutron-server[104070]: 'Port': '1.7',
Jul 25 16:24:19.239538 dv-cinder-836973-15-iscsi neutron-server[104070]: 'PortForwarding': '1.3',
Jul 25 16:24:19.239538 dv-cinder-836973-15-iscsi neutron-server[104070]: 'QosPolicy': '1.10',
Jul 25 16:24:19.239538 dv-cinder-836973-15-iscsi neutron-server[104070]: 'SecurityGroup': '1.5',
Jul 25 16:24:19.239538 dv-cinder-836973-15-iscsi neutron-server[104070]: 'SecurityGroupRule': '1.2',
Jul 25 16:24:19.239538 dv-cinder-836973-15-iscsi neutron-server[104070]: 'SubPort': '1.0',
Jul 25 16:24:19.239538 dv-cinder-836973-15-iscsi neutron-server[104070]: 'Subnet': '1.1',
Jul 25 16:24:19.239538 dv-cinder-836973-15-iscsi neutron-server[104070]: 'Trunk': '1.1'}}
Jul 25 16:24:19.239538 dv-cinder-836973-15-iscsi neutron-server[104070]: {{(pid=104070) report /opt/stack/neutron/neutron/api/rpc/callbacks/version_manager.py:175}}
Jul 25 16:24:19.246427 dv-cinder-836973-15-iscsi neutron-server[104070]: DEBUG neutron.plugins.ml2.drivers.mech_agent [None req-a6a9e073-e027-4864-b44a-b6e350f1084e None None] Checking agent: {'id': '50b6ae3a-4c9a-4064-bb2e-8a967160a66f', 'agent_type': 'Open vSwitch agent', 'binary': 'neutron-openvswitch-agent', 'topic': 'N/A', 'host': 'dv-cinder-836973-15-iscsi', 'admin_state_up': True, 'created_at': datetime.datetime(2022, 7, 25, 16, 14, 22), 'started_at': datetime.datetime(2022, 7, 25, 16, 14, 52), 'heartbeat_timestamp': datetime.datetime(2022, 7, 25, 16, 23, 52), 'description': None, 'resources_synced': None, 'availability_zone': None, 'alive': True, 'configurations': {'arp_responder_enabled': False, 'baremetal_smartnic': False, 'bridge_mappings': {'physnet1': 'br-data'}, 'datapath_type': 'system', 'devices': 0, 'enable_distributed_routing': False, 'extensions': [], 'in_distributed_mode': False, 'integration_bridge': 'br-int', 'l2_population': False, 'log_agent_heartbeats': False, 'ovs_capabilities': {'datapath_types': ['netdev', 'system'], 'iface_types': ['erspan', 'geneve', 'gre', 'internal', 'ip6erspan', 'ip6gre', 'lisp', 'patch', 'stt', 'system', 'tap', 'vxlan']}, 'ovs_hybrid_plug': False, 'resource_provider_bandwidths': {}, 'resource_provider_hypervisors': {'br-data': 'dv-cinder-836973-15-iscsi'}, 'resource_provider_inventory_defaults': {'allocation_ratio': 1.0, 'min_unit': 1, 'step_size': 1, 'reserved': 0}, 'resource_provider_packet_processing_inventory_defaults': {'allocation_ratio': 1.0, 'min_unit': 1, 'step_size': 1, 'reserved': 0}, 'resource_provider_packet_processing_with_direction': {}, 'resource_provider_packet_processing_without_direction': {}, 'tunnel_types': [], 'tunneling_ip': None, 'vhostuser_socket_dir': '/var/run/openvswitch'}, 'resource_versions': {'AddressGroup': '1.2', 'Agent': '1.1', 'ConntrackHelper': '1.0', 'LocalIPAssociation': '1.0', 'Log': '1.0', 'NDPProxy': '1.0', 'Network': '1.1', 'Port': '1.7', 'PortForwarding': '1.3', 'QosPolicy': '1.10', 'SecurityGroup': '1.5', 'SecurityGroupRule': '1.2', 'SubPort': '1.0', 'Subnet': '1.1', 'Trunk': '1.1'}} {{(pid=104070) bind_port /opt/stack/neutron/neutron/plugins/ml2/drivers/mech_agent.py:110}}
Jul 25 16:24:19.246979 dv-cinder-836973-15-iscsi neutron-server[104070]: DEBUG neutron.plugins.ml2.drivers.mech_agent [None req-a6a9e073-e027-4864-b44a-b6e350f1084e None None] Checking segment: {'id': '5212ff52-82d9-4266-bf89-ad50464092d7', 'network_type': 'vlan', 'physical_network': 'physnet1', 'segmentation_id': 337, 'network_id': '54e60efa-4def-4721-894e-aa1775d3a3a6'} for mappings: {'physnet1': 'br-data'} with network types: ['local', 'flat', 'vlan'] {{(pid=104070) check_segment_for_agent /opt/stack/neutron/neutron/plugins/ml2/drivers/mech_agent.py:373}}
Jul 25 16:24:19.247500 dv-cinder-836973-15-iscsi neutron-server[104070]: DEBUG neutron_lib.callbacks.manager [None req-a6a9e073-e027-4864-b44a-b6e350f1084e None None] Publish callbacks [] for ovs_bridge_name (None), before_read {{(pid=104070) _notify_loop /usr/local/lib/python3.8/dist-packages/neutron_lib/callbacks/manager.py:176}}
Jul 25 16:24:19.249399 dv-cinder-836973-15-iscsi neutron-server[104070]: DEBUG neutron.plugins.ml2.drivers.mech_agent [None req-a6a9e073-e027-4864-b44a-b6e350f1084e None None] Bound using segment: {'id': '5212ff52-82d9-4266-bf89-ad50464092d7', 'network_type': 'vlan', 'physical_network': 'physnet1', 'segmentation_id': 337, 'network_id': '54e60efa-4def-4721-894e-aa1775d3a3a6'} {{(pid=104070) bind_port /opt/stack/neutron/neutron/plugins/ml2/drivers/mech_agent.py:120}}
Jul 25 16:24:19.249399 dv-cinder-836973-15-iscsi neutron-server[104070]: DEBUG neutron.plugins.ml2.managers [None req-a6a9e073-e027-4864-b44a-b6e350f1084e None None] Bound port: c198cd42-dc0c-4b9d-92da-83cc0e865906, host: dv-cinder-836973-15-iscsi, vif_type: ovs, vif_details: {"connectivity": "l2", "port_filter": true, "ovs_hybrid_plug": false, "datapath_type": "system", "bridge_name": "br-int"}, binding_levels: [{'bound_driver': 'openvswitch', 'bound_segment': {'id': '5212ff52-82d9-4266-bf89-ad50464092d7', 'network_type': 'vlan', 'physical_network': 'physnet1', 'segmentation_id': 337, 'network_id': '54e60efa-4def-4721-894e-aa1775d3a3a6'}}] {{(pid=104070) _bind_port_level /opt/stack/neutron/neutron/plugins/ml2/managers.py:947}}
Jul 25 16:24:19.249399 dv-cinder-836973-15-iscsi neutron-server[104070]: DEBUG neutron_lib.callbacks.manager [None req-a6a9e073-e027-4864-b44a-b6e350f1084e None None] Publish callbacks ['neutron.plugins.ml2.plugin.SecurityGroupDbMixin._ensure_default_security_group_handler-605887'] for port (c198cd42-dc0c-4b9d-92da-83cc0e865906), before_update {{(pid=104070) _notify_loop /usr/local/lib/python3.8/dist-packages/neutron_lib/callbacks/manager.py:176}}
Jul 25 16:24:19.347750 dv-cinder-836973-15-iscsi neutron-server[104070]: DEBUG neutron.plugins.ml2.db [None req-a6a9e073-e027-4864-b44a-b6e350f1084e None None] For port c198cd42-dc0c-4b9d-92da-83cc0e865906, host dv-cinder-836973-15-iscsi, cleared binding levels {{(pid=104070) clear_binding_levels /opt/stack/neutron/neutron/plugins/ml2/db.py:87}}
Jul 25 16:24:19.352388 dv-cinder-836973-15-iscsi neutron-server[104070]: DEBUG neutron.plugins.ml2.db [None req-a6a9e073-e027-4864-b44a-b6e350f1084e None None] For port c198cd42-dc0c-4b9d-92da-83cc0e865906, host dv-cinder-836973-15-iscsi, set binding levels [PortBindingLevel(driver='openvswitch',host='dv-cinder-836973-15-iscsi',level=0,port_id=c198cd42-dc0c-4b9d-92da-83cc0e865906,segment=NetworkSegment(5212ff52-82d9-4266-bf89-ad50464092d7),segment_id=5212ff52-82d9-4266-bf89-ad50464092d7)] {{(pid=104070) set_binding_levels /opt/stack/neutron/neutron/plugins/ml2/db.py:59}}
Jul 25 16:24:19.362555 dv-cinder-836973-15-iscsi neutron-server[104070]: DEBUG neutron_lib.callbacks.manager [None req-a6a9e073-e027-4864-b44a-b6e350f1084e None None] Publish callbacks ['neutron.plugins.ml2.plugin.SecurityGroupServerNotifierRpcMixin._notify_sg_on_port_change-605936', 'neutron.plugins.ml2.ovo_rpc._ObjectChangeHandler.handle_event-487079', 'neutron.api.rpc.agentnotifiers.dhcp_rpc_agent_api.DhcpAgentNotifyAPI._native_event_send_dhcp_notification-1576387', 'neutron.db.l3_db.L3RpcNotifierMixin._notify_gateway_port_ip_changed-8734079664222', 'neutron.db.l3_dvrscheduler_db._notify_l3_agent_port_update-8734079121192', 'neutron.db.l3_hascheduler_db._notify_l3_agent_ha_port_update-8734079121210'] for port (c198cd42-dc0c-4b9d-92da-83cc0e865906), after_update {{(pid=104070) _notify_loop /usr/local/lib/python3.8/dist-packages/neutron_lib/callbacks/manager.py:176}}
Jul 25 16:24:19.511168 dv-cinder-836973-15-iscsi neutron-server[104070]: DEBUG neutron.api.rpc.handlers.resources_rpc [None req-a6a9e073-e027-4864-b44a-b6e350f1084e None None] Pushing event updated for resources: {'Port': ['ID=c198cd42-dc0c-4b9d-92da-83cc0e865906,revision_number=2']} {{(pid=104070) push /opt/stack/neutron/neutron/api/rpc/handlers/resources_rpc.py:237}}
Jul 25 16:24:19.515800 dv-cinder-836973-15-iscsi neutron-server[104068]: DEBUG neutron_lib.callbacks.manager [None req-90acecfc-e83c-42a2-bbd8-8ecf7e85a8d1 admin admin] Publish callbacks [] for router_gateway (4f4b18b8-e058-4305-9d46-02f5f332aaca), before_create {{(pid=104068) _notify_loop /usr/local/lib/python3.8/dist-packages/neutron_lib/callbacks/manager.py:176}}
Jul 25 16:24:19.559102 dv-cinder-836973-15-iscsi neutron-server[104068]: DEBUG neutron_lib.callbacks.manager [None req-90acecfc-e83c-42a2-bbd8-8ecf7e85a8d1 admin admin] Publish callbacks ['neutron.plugins.ml2.plugin.SecurityGroupDbMixin._ensure_default_security_group_handler-605887'] for port (None), before_create {{(pid=104068) _notify_loop /usr/local/lib/python3.8/dist-packages/neutron_lib/callbacks/manager.py:176}}
Jul 25 16:24:19.896254 dv-cinder-836973-15-iscsi neutron-server[104068]: DEBUG neutron.db.db_base_plugin_common [None req-90acecfc-e83c-42a2-bbd8-8ecf7e85a8d1 admin admin] Allocated IP 172.27.2.213 (f19ce595-f1e5-43f5-b606-8286331f814b/eefb3825-81b9-4a4b-a5df-4f259b58bbaf/4ceaf233-ed2b-420d-bde8-b494618bdc1d) {{(pid=104068) _store_ip_allocation /opt/stack/neutron/neutron/db/db_base_plugin_common.py:131}}
Jul 25 16:24:20.022463 dv-cinder-836973-15-iscsi neutron-server[104070]: DEBUG neutron_lib.callbacks.manager [None req-7847f24a-0044-49eb-9876-0c807c393b07 None None] Publish callbacks ['neutron.services.segments.db._update_segment_host_mapping_for_agent-8734079638137', 'neutron.plugins.ml2.plugin.Ml2Plugin._retry_binding_revived_agents-774568'] for agent (67be82e4-3d9d-4057-b93d-13bc38f3bc4e), after_update {{(pid=104070) _notify_loop /usr/local/lib/python3.8/dist-packages/neutron_lib/callbacks/manager.py:176}}
Jul 25 16:24:20.072278 dv-cinder-836973-15-iscsi neutron-server[104068]: DEBUG neutron_lib.callbacks.manager [None req-90acecfc-e83c-42a2-bbd8-8ecf7e85a8d1 admin admin] Publish callbacks [] for port (4ceaf233-ed2b-420d-bde8-b494618bdc1d), precommit_create {{(pid=104068) _notify_loop /usr/local/lib/python3.8/dist-packages/neutron_lib/callbacks/manager.py:176}}
Jul 25 16:24:20.093744 dv-cinder-836973-15-iscsi neutron-server[104068]: DEBUG dbcounter [-] [104068] Writing DB stats neutron:SELECT=90,neutron:INSERT=6,neutron:DELETE=2,neutron:UPDATE=2 {{(pid=104068) stat_writer /usr/local/lib/python3.8/dist-packages/dbcounter.py:114}}
Jul 25 16:24:20.165764 dv-cinder-836973-15-iscsi neutron-server[104068]: DEBUG neutron_lib.callbacks.manager [None req-90acecfc-e83c-42a2-bbd8-8ecf7e85a8d1 admin admin] Publish callbacks ['neutron.plugins.ml2.plugin.SecurityGroupServerNotifierRpcMixin._notify_sg_on_port_change-605936', 'neutron.plugins.ml2.ovo_rpc._ObjectChangeHandler.handle_event-487079', 'neutron.api.rpc.agentnotifiers.dhcp_rpc_agent_api.DhcpAgentNotifyAPI._native_event_send_dhcp_notification-1576387', 'neutron.db.l3_dvrscheduler_db._notify_l3_agent_new_port-8734079121174'] for port (4ceaf233-ed2b-420d-bde8-b494618bdc1d), after_create {{(pid=104068) _notify_loop /usr/local/lib/python3.8/dist-packages/neutron_lib/callbacks/manager.py:176}}
Jul 25 16:24:20.275471 dv-cinder-836973-15-iscsi neutron-server[104068]: DEBUG neutron.scheduler.dhcp_agent_scheduler [None req-90acecfc-e83c-42a2-bbd8-8ecf7e85a8d1 admin admin] Network f19ce595-f1e5-43f5-b606-8286331f814b is already hosted by enough agents. {{(pid=104068) _get_dhcp_agents_hosting_network /opt/stack/neutron/neutron/scheduler/dhcp_agent_scheduler.py:275}}
Jul 25 16:24:20.282122 dv-cinder-836973-15-iscsi neutron-server[104068]: DEBUG neutron.scheduler.base_scheduler [None req-90acecfc-e83c-42a2-bbd8-8ecf7e85a8d1 admin admin] Resources bound (agent type, host, resource id): {{(pid=104068) schedule /opt/stack/neutron/neutron/scheduler/base_scheduler.py:57}}
Jul 25 16:24:20.290108 dv-cinder-836973-15-iscsi neutron-server[104068]: DEBUG neutron.db.l3_dvrscheduler_db [None req-90acecfc-e83c-42a2-bbd8-8ecf7e85a8d1 admin admin] Received port after_create {{(pid=104068) _notify_l3_agent_new_port /opt/stack/neutron/neutron/db/l3_dvrscheduler_db.py:542}}
Jul 25 16:24:20.460828 dv-cinder-836973-15-iscsi neutron-server[104068]: DEBUG neutron.api.rpc.handlers.resources_rpc [None req-90acecfc-e83c-42a2-bbd8-8ecf7e85a8d1 admin admin] Pushing event updated for resources: {'Port': ['ID=4ceaf233-ed2b-420d-bde8-b494618bdc1d,revision_number=1']} {{(pid=104068) push /opt/stack/neutron/neutron/api/rpc/handlers/resources_rpc.py:237}}
Jul 25 16:24:20.556225 dv-cinder-836973-15-iscsi neutron-server[104070]: DEBUG neutron.plugins.ml2.rpc [None req-fdde94a6-1ea5-4776-81eb-4f5b125651d6 None None] Device c198cd42-dc0c-4b9d-92da-83cc0e865906 up at agent ovs-agent-dv-cinder-836973-15-iscsi {{(pid=104070) update_device_up /opt/stack/neutron/neutron/plugins/ml2/rpc.py:296}}
Jul 25 16:24:20.684574 dv-cinder-836973-15-iscsi neutron-server[104070]: DEBUG neutron.db.provisioning_blocks [None req-fdde94a6-1ea5-4776-81eb-4f5b125651d6 None None] Provisioning complete for port c198cd42-dc0c-4b9d-92da-83cc0e865906 triggered by entity L2. {{(pid=104070) provisioning_complete /opt/stack/neutron/neutron/db/provisioning_blocks.py:145}}
Jul 25 16:24:20.685050 dv-cinder-836973-15-iscsi neutron-server[104070]: DEBUG neutron_lib.callbacks.manager [None req-fdde94a6-1ea5-4776-81eb-4f5b125651d6 None None] Publish callbacks ['neutron.plugins.ml2.plugin.Ml2Plugin._port_provisioned-774482'] for port (c198cd42-dc0c-4b9d-92da-83cc0e865906), provisioning_complete {{(pid=104070) _notify_loop /usr/local/lib/python3.8/dist-packages/neutron_lib/callbacks/manager.py:176}}
Jul 25 16:24:20.856438 dv-cinder-836973-15-iscsi neutron-server[104070]: DEBUG neutron.plugins.ml2.plugin [None req-fdde94a6-1ea5-4776-81eb-4f5b125651d6 None None] Current status of the port c198cd42-dc0c-4b9d-92da-83cc0e865906 is: DOWN; New status is: ACTIVE {{(pid=104070) _update_individual_port_db_status /opt/stack/neutron/neutron/plugins/ml2/plugin.py:2292}}
Jul 25 16:24:20.857921 dv-cinder-836973-15-iscsi neutron-server[104070]: DEBUG neutron_lib.callbacks.manager [None req-fdde94a6-1ea5-4776-81eb-4f5b125651d6 None None] Publish callbacks ['neutron.plugins.ml2.plugin.SecurityGroupDbMixin._ensure_default_security_group_handler-605887'] for port (c198cd42-dc0c-4b9d-92da-83cc0e865906), before_update {{(pid=104070) _notify_loop /usr/local/lib/python3.8/dist-packages/neutron_lib/callbacks/manager.py:176}}
Jul 25 16:24:20.923807 dv-cinder-836973-15-iscsi neutron-server[104070]: DEBUG neutron.plugins.ml2.db [None req-fdde94a6-1ea5-4776-81eb-4f5b125651d6 None None] For port c198cd42-dc0c-4b9d-92da-83cc0e865906, host dv-cinder-836973-15-iscsi, got binding levels [PortBindingLevel(driver='openvswitch',host='dv-cinder-836973-15-iscsi',level=0,port_id=c198cd42-dc0c-4b9d-92da-83cc0e865906,segment=NetworkSegment(5212ff52-82d9-4266-bf89-ad50464092d7),segment_id=5212ff52-82d9-4266-bf89-ad50464092d7)] {{(pid=104070) get_binding_level_objs /opt/stack/neutron/neutron/plugins/ml2/db.py:74}}
Jul 25 16:24:20.931087 dv-cinder-836973-15-iscsi neutron-server[104070]: DEBUG neutron_lib.callbacks.manager [None req-fdde94a6-1ea5-4776-81eb-4f5b125651d6 None None] Publish callbacks ['neutron.plugins.ml2.plugin.SecurityGroupServerNotifierRpcMixin._notify_sg_on_port_change-605936', 'neutron.plugins.ml2.ovo_rpc._ObjectChangeHandler.handle_event-487079', 'neutron.api.rpc.agentnotifiers.dhcp_rpc_agent_api.DhcpAgentNotifyAPI._native_event_send_dhcp_notification-1576387', 'neutron.db.l3_db.L3RpcNotifierMixin._notify_gateway_port_ip_changed-8734079664222', 'neutron.db.l3_dvrscheduler_db._notify_l3_agent_port_update-8734079121192', 'neutron.db.l3_hascheduler_db._notify_l3_agent_ha_port_update-8734079121210'] for port (c198cd42-dc0c-4b9d-92da-83cc0e865906), after_update {{(pid=104070) _notify_loop /usr/local/lib/python3.8/dist-packages/neutron_lib/callbacks/manager.py:176}}
Jul 25 16:24:20.968531 dv-cinder-836973-15-iscsi neutron-server[104068]: DEBUG neutron_lib.callbacks.manager [None req-90acecfc-e83c-42a2-bbd8-8ecf7e85a8d1 admin admin] Publish callbacks [] for router_gateway (4f4b18b8-e058-4305-9d46-02f5f332aaca), after_create {{(pid=104068) _notify_loop /usr/local/lib/python3.8/dist-packages/neutron_lib/callbacks/manager.py:176}}
Jul 25 16:24:21.023519 dv-cinder-836973-15-iscsi neutron-server[104070]: DEBUG neutron.api.rpc.handlers.resources_rpc [None req-fdde94a6-1ea5-4776-81eb-4f5b125651d6 None None] Pushing event updated for resources: {'Port': ['ID=c198cd42-dc0c-4b9d-92da-83cc0e865906,revision_number=3']} {{(pid=104070) push /opt/stack/neutron/neutron/api/rpc/handlers/resources_rpc.py:237}}
Jul 25 16:24:21.094134 dv-cinder-836973-15-iscsi neutron-server[104070]: DEBUG neutron_lib.callbacks.manager [None req-bd8d54d3-ff7c-47c6-b4ce-26c72fdd92df None None] Publish callbacks ['neutron.services.segments.db._update_segment_host_mapping_for_agent-8734079638137', 'neutron.plugins.ml2.plugin.Ml2Plugin._retry_binding_revived_agents-774568'] for agent (3e809775-8f39-4bcf-80e1-18892c07fed5), after_update {{(pid=104070) _notify_loop /usr/local/lib/python3.8/dist-packages/neutron_lib/callbacks/manager.py:176}}
Jul 25 16:24:21.274257 dv-cinder-836973-15-iscsi neutron-server[104070]: DEBUG neutron.api.rpc.handlers.dhcp_rpc [None req-9203bf27-3a67-499f-9eb1-beb870bb85b7 None None] Network 54e60efa-4def-4721-894e-aa1775d3a3a6 requested from dv-cinder-836973-15-iscsi {{(pid=104070) get_network_info /opt/stack/neutron/neutron/api/rpc/handlers/dhcp_rpc.py:191}}
Jul 25 16:24:21.434014 dv-cinder-836973-15-iscsi neutron-server[104068]: DEBUG neutron_lib.callbacks.manager [None req-90acecfc-e83c-42a2-bbd8-8ecf7e85a8d1 admin admin] Publish callbacks ['neutron.services.l3_router.l3_router_plugin.L3_HA_NAT_db_mixin._after_router_create-1717303', 'neutron.services.l3_router.l3_router_plugin.DVRResourceOperationHandler._create_snat_interfaces_after_change-1675269'] for router (4f4b18b8-e058-4305-9d46-02f5f332aaca), after_create {{(pid=104068) _notify_loop /usr/local/lib/python3.8/dist-packages/neutron_lib/callbacks/manager.py:176}}
Jul 25 16:24:21.443954 dv-cinder-836973-15-iscsi neutron-server[104070]: DEBUG neutron.db.provisioning_blocks [None req-8d8ee8a7-4305-48f6-a671-949fbe53cf69 None None] Provisioning complete for port c198cd42-dc0c-4b9d-92da-83cc0e865906 triggered by entity DHCP. {{(pid=104070) provisioning_complete /opt/stack/neutron/neutron/db/provisioning_blocks.py:145}}
Jul 25 16:24:21.444369 dv-cinder-836973-15-iscsi neutron-server[104070]: DEBUG neutron_lib.callbacks.manager [None req-8d8ee8a7-4305-48f6-a671-949fbe53cf69 None None] Publish callbacks ['neutron.plugins.ml2.plugin.Ml2Plugin._port_provisioned-774482'] for port (c198cd42-dc0c-4b9d-92da-83cc0e865906), provisioning_complete {{(pid=104070) _notify_loop /usr/local/lib/python3.8/dist-packages/neutron_lib/callbacks/manager.py:176}}
Jul 25 16:24:21.570093 dv-cinder-836973-15-iscsi neutron-server[104070]: DEBUG dbcounter [-] [104070] Writing DB stats neutron:SELECT=94,neutron:INSERT=2,neutron:UPDATE=4 {{(pid=104070) stat_writer /usr/local/lib/python3.8/dist-packages/dbcounter.py:114}}
Jul 25 16:24:21.632088 dv-cinder-836973-15-iscsi neutron-server[104070]: DEBUG neutron.plugins.ml2.plugin [None req-8d8ee8a7-4305-48f6-a671-949fbe53cf69 None None] Current status of the port c198cd42-dc0c-4b9d-92da-83cc0e865906 is: ACTIVE; New status is: ACTIVE {{(pid=104070) _update_individual_port_db_status /opt/stack/neutron/neutron/plugins/ml2/plugin.py:2292}}
Jul 25 16:24:21.729218 dv-cinder-836973-15-iscsi neutron-server[104068]: DEBUG neutron.scheduler.l3_agent_scheduler [None req-90acecfc-e83c-42a2-bbd8-8ecf7e85a8d1 admin admin] Router 4f4b18b8-e058-4305-9d46-02f5f332aaca is scheduled to L3 agent 67be82e4-3d9d-4057-b93d-13bc38f3bc4e with binding_index 1 {{(pid=104068) bind_router /opt/stack/neutron/neutron/scheduler/l3_agent_scheduler.py:209}}
Jul 25 16:24:21.738014 dv-cinder-836973-15-iscsi neutron-server[104068]: DEBUG dbcounter [-] [104068] Writing DB stats neutron:SELECT=94,neutron:INSERT=3,neutron:UPDATE=3 {{(pid=104068) stat_writer /usr/local/lib/python3.8/dist-packages/dbcounter.py:114}}
Jul 25 16:24:21.869238 dv-cinder-836973-15-iscsi neutron-server[104069]: DEBUG neutron.wsgi [-] (104069) accepted ('10.222.0.66', 58666) {{(pid=104069) server /usr/local/lib/python3.8/dist-packages/eventlet/wsgi.py:1004}}
Jul 25 16:24:21.869966 dv-cinder-836973-15-iscsi neutron-server[104070]: DEBUG neutron_lib.callbacks.manager [None req-fdde94a6-1ea5-4776-81eb-4f5b125651d6 None None] Publish callbacks ['neutron.services.segments.db._update_segment_host_mapping_for_agent-8734079638137', 'neutron.plugins.ml2.plugin.Ml2Plugin._retry_binding_revived_agents-774568'] for agent (50b6ae3a-4c9a-4064-bb2e-8a967160a66f), after_update {{(pid=104070) _notify_loop /usr/local/lib/python3.8/dist-packages/neutron_lib/callbacks/manager.py:176}}
Jul 25 16:24:21.934843 dv-cinder-836973-15-iscsi neutron-server[104069]: DEBUG neutron.wsgi [-] (104069) accepted ('10.222.0.66', 58670) {{(pid=104069) server /usr/local/lib/python3.8/dist-packages/eventlet/wsgi.py:1004}}
Jul 25 16:24:21.958673 dv-cinder-836973-15-iscsi neutron-server[104068]: DEBUG neutron.api.rpc.agentnotifiers.l3_rpc_agent_api [None req-90acecfc-e83c-42a2-bbd8-8ecf7e85a8d1 admin admin] Notify agent at l3_agent.dv-cinder-836973-15-iscsi the message routers_updated {{(pid=104068) _agent_notification /opt/stack/neutron/neutron/api/rpc/agentnotifiers/l3_rpc_agent_api.py:65}}
Jul 25 16:24:21.979664 dv-cinder-836973-15-iscsi neutron-server[104071]: DEBUG neutron.api.rpc.handlers.l3_rpc [None req-45c045ef-f919-418a-ad2e-42299780da56 None None] Sync routers for ids ['4f4b18b8-e058-4305-9d46-02f5f332aaca'] in dv-cinder-836973-15-iscsi {{(pid=104071) sync_routers /opt/stack/neutron/neutron/api/rpc/handlers/l3_rpc.py:125}}
Jul 25 16:24:22.005832 dv-cinder-836973-15-iscsi neutron-server[104068]: DEBUG neutron_lib.callbacks.manager [None req-90acecfc-e83c-42a2-bbd8-8ecf7e85a8d1 admin admin] Publish callbacks [] for router (None), before_response {{(pid=104068) _notify_loop /usr/local/lib/python3.8/dist-packages/neutron_lib/callbacks/manager.py:176}}
Jul 25 16:24:22.008211 dv-cinder-836973-15-iscsi neutron-server[104068]: INFO neutron.wsgi [None req-90acecfc-e83c-42a2-bbd8-8ecf7e85a8d1 admin admin] 10.222.0.66 "POST /v2.0/routers HTTP/1.1" status: 201 len: 924 time: 3.8607733
Jul 25 16:24:22.013672 dv-cinder-836973-15-iscsi neutron-server[104069]: DEBUG neutron.wsgi [-] (104069) accepted ('10.222.0.66', 58678) {{(pid=104069) server /usr/local/lib/python3.8/dist-packages/eventlet/wsgi.py:1004}}
Jul 25 16:24:22.013996 dv-cinder-836973-15-iscsi neutron-server[104071]: DEBUG neutron.db.l3_dvrscheduler_db [None req-45c045ef-f919-418a-ad2e-42299780da56 None None] Routers {'4f4b18b8-e058-4305-9d46-02f5f332aaca'} bound to L3 agent in host dv-cinder-836973-15-iscsi {{(pid=104071) _get_router_ids_for_agent /opt/stack/neutron/neutron/db/l3_dvrscheduler_db.py:426}}
Jul 25 16:24:22.014671 dv-cinder-836973-15-iscsi neutron-server[104071]: DEBUG neutron.db.l3_hamode_db [None req-45c045ef-f919-418a-ad2e-42299780da56 None None] neutron.services.l3_router.l3_router_plugin.L3RouterPlugin method get_ha_sync_data_for_host called with arguments (, 'dv-cinder-836973-15-iscsi', Agent(admin_state_up=True,agent_type='L3 agent',availability_zone='nova',binary='neutron-l3-agent',configurations={"agent_mode": "legacy", "ex_gw_ports": 1, "extensions": [], "floating_ips": 0, "handle_internal_only_routers": true, "interface_driver": "openvswitch", "interfaces": 1, "log_agent_heartbeats": false, "routers": 1},created_at=2022-07-25T16:14:20Z,description=,heartbeat_timestamp=2022-07-25T16:24:20Z,host='dv-cinder-836973-15-iscsi',id=67be82e4-3d9d-4057-b93d-13bc38f3bc4e,load=0,resource_versions=,resources_synced=,started_at=2022-07-25T16:14:20Z,topic='l3_agent')) {'router_ids': ['4f4b18b8-e058-4305-9d46-02f5f332aaca'], 'active': True} {{(pid=104071) wrapper /usr/local/lib/python3.8/dist-packages/oslo_log/helpers.py:65}}
Jul 25 16:24:22.072222 dv-cinder-836973-15-iscsi neutron-server[104070]: DEBUG neutron.db.provisioning_blocks [None req-f95d21ce-e82d-4c4b-b793-658305f219c9 None None] Provisioning complete for port c198cd42-dc0c-4b9d-92da-83cc0e865906 triggered by entity DHCP. {{(pid=104070) provisioning_complete /opt/stack/neutron/neutron/db/provisioning_blocks.py:145}}
Jul 25 16:24:22.074875 dv-cinder-836973-15-iscsi neutron-server[104070]: DEBUG neutron_lib.callbacks.manager [None req-f95d21ce-e82d-4c4b-b793-658305f219c9 None None] Publish callbacks ['neutron.plugins.ml2.plugin.Ml2Plugin._port_provisioned-774482'] for port (c198cd42-dc0c-4b9d-92da-83cc0e865906), provisioning_complete {{(pid=104070) _notify_loop /usr/local/lib/python3.8/dist-packages/neutron_lib/callbacks/manager.py:176}}
Jul 25 16:24:22.083908 dv-cinder-836973-15-iscsi neutron-server[104070]: DEBUG dbcounter [-] [104070] Writing DB stats neutron:SELECT=96,neutron:UPDATE=3,neutron:INSERT=1 {{(pid=104070) stat_writer /usr/local/lib/python3.8/dist-packages/dbcounter.py:114}}
Jul 25 16:24:22.120381 dv-cinder-836973-15-iscsi neutron-server[104070]: DEBUG dbcounter [-] [104070] Writing DB stats neutron:SELECT=89,neutron:INSERT=4,neutron:UPDATE=7 {{(pid=104070) stat_writer /usr/local/lib/python3.8/dist-packages/dbcounter.py:114}}
Jul 25 16:24:22.218061 dv-cinder-836973-15-iscsi neutron-server[104070]: DEBUG neutron.plugins.ml2.plugin [None req-f95d21ce-e82d-4c4b-b793-658305f219c9 None None] Current status of the port c198cd42-dc0c-4b9d-92da-83cc0e865906 is: ACTIVE; New status is: ACTIVE {{(pid=104070) _update_individual_port_db_status /opt/stack/neutron/neutron/plugins/ml2/plugin.py:2292}}
Jul 25 16:24:22.222557 dv-cinder-836973-15-iscsi neutron-server[104071]: DEBUG neutron.db.l3_dvr_db [None req-45c045ef-f919-418a-ad2e-42299780da56 None None] Set router 4f4b18b8-e058-4305-9d46-02f5f332aaca gateway port host: dv-cinder-836973-15-iscsi {{(pid=104071) _build_routers_list /opt/stack/neutron/neutron/db/l3_dvr_db.py:907}}
Jul 25 16:24:22.479979 dv-cinder-836973-15-iscsi neutron-server[104069]: DEBUG neutron.api.v2.base [None req-1a9deb7b-556d-427e-943e-7c89a2d91f9c admin admin] Request body: {'network': {'name': 'tempest-ServerRescueNegativeTestJSON-1486664541-network', 'tenant_id': '18b6e0eaf4eb48868a683c7769d3df7a'}} {{(pid=104069) prepare_request_body /opt/stack/neutron/neutron/api/v2/base.py:730}}
Jul 25 16:24:22.482114 dv-cinder-836973-15-iscsi neutron-server[104070]: DEBUG neutron_lib.callbacks.manager [None req-1eb46e80-ce4e-495e-bf38-b5aaed074415 None None] Publish callbacks ['neutron.services.segments.db._update_segment_host_mapping_for_agent-8734079638137', 'neutron.plugins.ml2.plugin.Ml2Plugin._retry_binding_revived_agents-774568'] for agent (eb3b172b-4ee7-42ce-a57f-66ef337aee47), after_update {{(pid=104070) _notify_loop /usr/local/lib/python3.8/dist-packages/neutron_lib/callbacks/manager.py:176}}
Jul 25 16:24:22.515978 dv-cinder-836973-15-iscsi neutron-server[104070]: DEBUG neutron.plugins.ml2.rpc [None req-fdde94a6-1ea5-4776-81eb-4f5b125651d6 None None] Device c198cd42-dc0c-4b9d-92da-83cc0e865906 up at agent ovs-agent-dv-cinder-836973-15-iscsi {{(pid=104070) update_device_up /opt/stack/neutron/neutron/plugins/ml2/rpc.py:296}}
Jul 25 16:24:22.625056 dv-cinder-836973-15-iscsi neutron-server[104071]: DEBUG neutron.db.l3_hamode_db [None req-45c045ef-f919-418a-ad2e-42299780da56 None None] neutron.services.l3_router.l3_router_plugin.L3RouterPlugin method _process_sync_ha_data called with arguments (, [{'id': '4f4b18b8-e058-4305-9d46-02f5f332aaca', 'name': 'tempest-DeleteServersTestJSON-1064159704-router', 'tenant_id': '287b6d7980174314b20fe6b172725bf4', 'admin_state_up': True, 'status': 'ACTIVE', 'external_gateway_info': {'network_id': 'f19ce595-f1e5-43f5-b606-8286331f814b', 'external_fixed_ips': [{'subnet_id': 'eefb3825-81b9-4a4b-a5df-4f259b58bbaf', 'ip_address': '172.27.2.213'}], 'enable_snat': True}, 'gw_port_id': '4ceaf233-ed2b-420d-bde8-b494618bdc1d', 'description': '', 'availability_zones': ['nova'], 'distributed': False, 'ha': False, 'ha_vr_id': 0, 'availability_zone_hints': [], 'routes': [], 'flavor_id': None, 'tags': [], 'created_at': '2022-07-25T16:24:18Z', 'updated_at': '2022-07-25T16:24:20Z', 'revision_number': 3, 'project_id': '287b6d7980174314b20fe6b172725bf4', 'gw_port': {'id': '4ceaf233-ed2b-420d-bde8-b494618bdc1d', 'name': '', 'network_id': 'f19ce595-f1e5-43f5-b606-8286331f814b', 'tenant_id': '', 'mac_address': 'fa:16:3e:67:6b:82', 'admin_state_up': True, 'status': 'DOWN', 'device_id': '4f4b18b8-e058-4305-9d46-02f5f332aaca', 'device_owner': 'network:router_gateway', 'standard_attr_id': 41, 'fixed_ips': [{'subnet_id': 'eefb3825-81b9-4a4b-a5df-4f259b58bbaf', 'ip_address': '172.27.2.213', 'prefixlen': 24}], 'allowed_address_pairs': [], 'extra_dhcp_opts': [], 'security_groups': [], 'description': '', 'binding:vnic_type': 'normal', 'binding:profile': {}, 'binding:host_id': '', 'binding:vif_type': 'unbound', 'binding:vif_details': {}, 'port_security_enabled': False, 'tags': [], 'created_at': '2022-07-25T16:24:19Z', 'updated_at': '2022-07-25T16:24:19Z', 'revision_number': 1, 'project_id': '', 'subnets': [{'id': 'eefb3825-81b9-4a4b-a5df-4f259b58bbaf', 'cidr': '172.27.2.0/24', 'gateway_ip': '172.27.2.1', 'dns_nameservers': [], 'ipv6_ra_mode': None, 'subnetpool_id': None}], 'extra_subnets': [], 'address_scopes': {4: None, 6: None}, 'mtu': 1500}, 'enable_snat': True, 'gw_port_host': 'dv-cinder-836973-15-iscsi'}], 'dv-cinder-836973-15-iscsi', False) {} {{(pid=104071) wrapper /usr/local/lib/python3.8/dist-packages/oslo_log/helpers.py:65}}
Jul 25 16:24:22.628395 dv-cinder-836973-15-iscsi neutron-server[104070]: DEBUG neutron.db.provisioning_blocks [None req-fdde94a6-1ea5-4776-81eb-4f5b125651d6 None None] Provisioning complete for port c198cd42-dc0c-4b9d-92da-83cc0e865906 triggered by entity L2. {{(pid=104070) provisioning_complete /opt/stack/neutron/neutron/db/provisioning_blocks.py:145}}
Jul 25 16:24:22.629197 dv-cinder-836973-15-iscsi neutron-server[104070]: DEBUG neutron_lib.callbacks.manager [None req-fdde94a6-1ea5-4776-81eb-4f5b125651d6 None None] Publish callbacks ['neutron.plugins.ml2.plugin.Ml2Plugin._port_provisioned-774482'] for port (c198cd42-dc0c-4b9d-92da-83cc0e865906), provisioning_complete {{(pid=104070) _notify_loop /usr/local/lib/python3.8/dist-packages/neutron_lib/callbacks/manager.py:176}}
Jul 25 16:24:22.648167 dv-cinder-836973-15-iscsi neutron-server[104069]: DEBUG neutron.api.v2.base [None req-7f70afa2-655d-4975-8233-117ef8ca9b27 admin admin] Request body: {'network': {'name': 'tempest-AttachVolumeTestJSON-73784076-network', 'tenant_id': '5c4be8083168475198c66cca890b18a9'}} {{(pid=104069) prepare_request_body /opt/stack/neutron/neutron/api/v2/base.py:730}}
