Jul 15 17:48:05.348800 dv-cinder-836973-11-iscsi devstack@c-api.service[117834]: /usr/local/lib/python3.8/dist-packages/oslo_context/context.py:100: DeprecationWarning: Policy enforcement is depending on the value of is_admin. This key is deprecated. Please update your policy file to use the standard policy values.
Jul 15 17:48:05.348800 dv-cinder-836973-11-iscsi devstack@c-api.service[117834]: warnings.warn('Policy enforcement is depending on the value of '
Jul 15 17:48:05.357051 dv-cinder-836973-11-iscsi devstack@c-api.service[117834]: INFO cinder.volume.api [None req-f2ffe09f-ea12-4ca3-80f9-f84334454dfd tempest-VolumesListAdminTestJSON-1629429933 tempest-VolumesListAdminTestJSON-1629429933-project] Volume info retrieved successfully.
Jul 15 17:48:05.362027 dv-cinder-836973-11-iscsi devstack@c-api.service[117835]: /usr/local/lib/python3.8/dist-packages/oslo_context/context.py:100: DeprecationWarning: Policy enforcement is depending on the value of is_admin. This key is deprecated. Please update your policy file to use the standard policy values.
Jul 15 17:48:05.362027 dv-cinder-836973-11-iscsi devstack@c-api.service[117835]: warnings.warn('Policy enforcement is depending on the value of '
Jul 15 17:48:05.363358 dv-cinder-836973-11-iscsi devstack@c-api.service[117835]: DEBUG cinder.api.contrib.admin_actions [None req-d459342e-3478-4df9-bff3-20207e5ba86f tempest-VolumesActionsTest-398567142 tempest-VolumesActionsTest-398567142-project-admin] Updating volume 'b25575a6-57f1-454f-a94d-0043a39df1cb' with '{'status': 'creating'}' {{(pid=117835) _reset_status /opt/stack/cinder/cinder/api/contrib/admin_actions.py:200}}
Jul 15 17:48:05.368380 dv-cinder-836973-11-iscsi devstack@c-api.service[117834]: INFO cinder.api.openstack.wsgi [None req-f2ffe09f-ea12-4ca3-80f9-f84334454dfd tempest-VolumesListAdminTestJSON-1629429933 tempest-VolumesListAdminTestJSON-1629429933-project] http://10.222.0.57/volume/v3/6e4ff96e85c44ddd91a98773750a48b0/volumes/4a24ed35-eb9e-4716-bd69-1ec378f898bc returned with HTTP 200
Jul 15 17:48:05.369434 dv-cinder-836973-11-iscsi devstack@c-api.service[117834]: [pid: 117834|app: 0|req: 97/200] 10.222.0.57 () {58 vars in 1324 bytes} [Fri Jul 15 17:48:05 2022] GET /volume/v3/6e4ff96e85c44ddd91a98773750a48b0/volumes/4a24ed35-eb9e-4716-bd69-1ec378f898bc => generated 916 bytes in 46 msecs (HTTP/1.1 200) 7 headers in 285 bytes (1 switches on core 0)
Jul 15 17:48:05.370827 dv-cinder-836973-11-iscsi devstack@c-api.service[117834]: DEBUG cinder.api.middleware.request_id [None req-19631408-abf4-492a-869d-156d1b070987 None None] RequestId filter calling following filter/app {{(pid=117834) _context_setter /opt/stack/cinder/cinder/api/middleware/request_id.py:62}}
Jul 15 17:48:05.376231 dv-cinder-836973-11-iscsi devstack@c-api.service[117834]: INFO cinder.api.openstack.wsgi [None req-19631408-abf4-492a-869d-156d1b070987 tempest-GroupSnapshotsTest-1146057608 tempest-GroupSnapshotsTest-1146057608-project] PUT http://10.222.0.57/volume/v3/234bd5a5ea18455eb476d5f01165b18f/groups/3b4a88e1-dca7-487c-a204-592cee64d93b
Jul 15 17:48:05.377691 dv-cinder-836973-11-iscsi devstack@c-api.service[117834]: DEBUG cinder.api.openstack.wsgi [None req-19631408-abf4-492a-869d-156d1b070987 tempest-GroupSnapshotsTest-1146057608 tempest-GroupSnapshotsTest-1146057608-project] Action: 'update', calling method: version_select, body: {"group": {"add_volumes": "e98d15e2-058f-46c6-98b8-7406757ea361"}} {{(pid=117834) _process_stack /opt/stack/cinder/cinder/api/openstack/wsgi.py:866}}
Jul 15 17:48:05.378802 dv-cinder-836973-11-iscsi devstack@c-api.service[117834]: DEBUG cinder.api.v3.groups [None req-19631408-abf4-492a-869d-156d1b070987 tempest-GroupSnapshotsTest-1146057608 tempest-GroupSnapshotsTest-1146057608-project] Update called for group 3b4a88e1-dca7-487c-a204-592cee64d93b. {{(pid=117834) update /opt/stack/cinder/cinder/api/v3/groups.py:302}}
Jul 15 17:48:05.379312 dv-cinder-836973-11-iscsi devstack@c-api.service[117834]: INFO cinder.api.v3.groups [None req-19631408-abf4-492a-869d-156d1b070987 tempest-GroupSnapshotsTest-1146057608 tempest-GroupSnapshotsTest-1146057608-project] Updating group 3b4a88e1-dca7-487c-a204-592cee64d93b with name None description: None add_volumes: e98d15e2-058f-46c6-98b8-7406757ea361 remove_volumes: None.
Jul 15 17:48:05.387883 dv-cinder-836973-11-iscsi devstack@c-api.service[117834]: /usr/local/lib/python3.8/dist-packages/oslo_context/context.py:100: DeprecationWarning: Policy enforcement is depending on the value of is_admin. This key is deprecated. Please update your policy file to use the standard policy values.
Jul 15 17:48:05.387883 dv-cinder-836973-11-iscsi devstack@c-api.service[117834]: warnings.warn('Policy enforcement is depending on the value of '
Jul 15 17:48:05.550289 dv-cinder-836973-11-iscsi devstack@c-api.service[117835]: INFO cinder.api.openstack.wsgi [None req-d459342e-3478-4df9-bff3-20207e5ba86f tempest-VolumesActionsTest-398567142 tempest-VolumesActionsTest-398567142-project-admin] http://10.222.0.57/volume/v3/5bac4a8fd2a1431892c25a6467d00ffd/volumes/b25575a6-57f1-454f-a94d-0043a39df1cb/action returned with HTTP 202
Jul 15 17:48:05.551239 dv-cinder-836973-11-iscsi devstack@c-api.service[117835]: [pid: 117835|app: 0|req: 104/201] 10.222.0.57 () {60 vars in 1366 bytes} [Fri Jul 15 17:48:05 2022] POST /volume/v3/5bac4a8fd2a1431892c25a6467d00ffd/volumes/b25575a6-57f1-454f-a94d-0043a39df1cb/action => generated 0 bytes in 222 msecs (HTTP/1.1 202) 7 headers in 289 bytes (1 switches on core 0)
Jul 15 17:48:05.554051 dv-cinder-836973-11-iscsi devstack@c-api.service[117835]: DEBUG cinder.api.middleware.request_id [None req-8883e10f-3b56-4370-b87c-e9cf62fd7322 None None] RequestId filter calling following filter/app {{(pid=117835) _context_setter /opt/stack/cinder/cinder/api/middleware/request_id.py:62}}
Jul 15 17:48:05.558998 dv-cinder-836973-11-iscsi devstack@c-api.service[117835]: INFO cinder.api.openstack.wsgi [None req-8883e10f-3b56-4370-b87c-e9cf62fd7322 tempest-VolumesListAdminTestJSON-1629429933 tempest-VolumesListAdminTestJSON-1629429933-project] GET http://10.222.0.57/volume/v3/6e4ff96e85c44ddd91a98773750a48b0/volumes/4a24ed35-eb9e-4716-bd69-1ec378f898bc
Jul 15 17:48:05.559511 dv-cinder-836973-11-iscsi devstack@c-api.service[117835]: DEBUG cinder.api.openstack.wsgi [None req-8883e10f-3b56-4370-b87c-e9cf62fd7322 tempest-VolumesListAdminTestJSON-1629429933 tempest-VolumesListAdminTestJSON-1629429933-project] Empty body provided in request {{(pid=117835) get_body /opt/stack/cinder/cinder/api/openstack/wsgi.py:715}}
Jul 15 17:48:05.560528 dv-cinder-836973-11-iscsi devstack@c-api.service[117835]: DEBUG cinder.api.openstack.wsgi [None req-8883e10f-3b56-4370-b87c-e9cf62fd7322 tempest-VolumesListAdminTestJSON-1629429933 tempest-VolumesListAdminTestJSON-1629429933-project] Calling method 'show' {{(pid=117835) _process_stack /opt/stack/cinder/cinder/api/openstack/wsgi.py:868}}
Jul 15 17:48:05.562053 dv-cinder-836973-11-iscsi devstack@c-api.service[117834]: INFO cinder.api.openstack.wsgi [None req-19631408-abf4-492a-869d-156d1b070987 tempest-GroupSnapshotsTest-1146057608 tempest-GroupSnapshotsTest-1146057608-project] http://10.222.0.57/volume/v3/234bd5a5ea18455eb476d5f01165b18f/groups/3b4a88e1-dca7-487c-a204-592cee64d93b returned with HTTP 202
Jul 15 17:48:05.563247 dv-cinder-836973-11-iscsi devstack@c-api.service[117834]: [pid: 117834|app: 0|req: 98/202] 10.222.0.57 () {62 vars in 1382 bytes} [Fri Jul 15 17:48:05 2022] PUT /volume/v3/234bd5a5ea18455eb476d5f01165b18f/groups/3b4a88e1-dca7-487c-a204-592cee64d93b => generated 0 bytes in 193 msecs (HTTP/1.1 202) 6 headers in 234 bytes (1 switches on core 0)
Jul 15 17:48:05.564533 dv-cinder-836973-11-iscsi devstack@c-api.service[117834]: DEBUG cinder.api.middleware.request_id [None req-7951ba1a-3f28-4e92-908c-0555b2ee6f6c None None] RequestId filter calling following filter/app {{(pid=117834) _context_setter /opt/stack/cinder/cinder/api/middleware/request_id.py:62}}
Jul 15 17:48:05.568246 dv-cinder-836973-11-iscsi devstack@c-api.service[117834]: INFO cinder.api.openstack.wsgi [None req-7951ba1a-3f28-4e92-908c-0555b2ee6f6c tempest-VolumesActionsTest-711349119 tempest-VolumesActionsTest-711349119-project] GET http://10.222.0.57/volume/v3/a8064e0a94be4b918b133154eb1aefa4/volumes/b25575a6-57f1-454f-a94d-0043a39df1cb
Jul 15 17:48:05.568726 dv-cinder-836973-11-iscsi devstack@c-api.service[117834]: DEBUG cinder.api.openstack.wsgi [None req-7951ba1a-3f28-4e92-908c-0555b2ee6f6c tempest-VolumesActionsTest-711349119 tempest-VolumesActionsTest-711349119-project] Empty body provided in request {{(pid=117834) get_body /opt/stack/cinder/cinder/api/openstack/wsgi.py:715}}
Jul 15 17:48:05.569278 dv-cinder-836973-11-iscsi devstack@c-api.service[117834]: DEBUG cinder.api.openstack.wsgi [None req-7951ba1a-3f28-4e92-908c-0555b2ee6f6c tempest-VolumesActionsTest-711349119 tempest-VolumesActionsTest-711349119-project] Calling method 'show' {{(pid=117834) _process_stack /opt/stack/cinder/cinder/api/openstack/wsgi.py:868}}
Jul 15 17:48:05.579150 dv-cinder-836973-11-iscsi devstack@c-api.service[117835]: /usr/local/lib/python3.8/dist-packages/oslo_context/context.py:100: DeprecationWarning: Policy enforcement is depending on the value of is_admin. This key is deprecated. Please update your policy file to use the standard policy values.
Jul 15 17:48:05.579150 dv-cinder-836973-11-iscsi devstack@c-api.service[117835]: warnings.warn('Policy enforcement is depending on the value of '
Jul 15 17:48:05.585184 dv-cinder-836973-11-iscsi devstack@c-api.service[117834]: /usr/local/lib/python3.8/dist-packages/oslo_context/context.py:100: DeprecationWarning: Policy enforcement is depending on the value of is_admin. This key is deprecated. Please update your policy file to use the standard policy values.
Jul 15 17:48:05.585184 dv-cinder-836973-11-iscsi devstack@c-api.service[117834]: warnings.warn('Policy enforcement is depending on the value of '
Jul 15 17:48:05.586565 dv-cinder-836973-11-iscsi devstack@c-api.service[117835]: INFO cinder.volume.api [None req-8883e10f-3b56-4370-b87c-e9cf62fd7322 tempest-VolumesListAdminTestJSON-1629429933 tempest-VolumesListAdminTestJSON-1629429933-project] Volume info retrieved successfully.
Jul 15 17:48:05.592327 dv-cinder-836973-11-iscsi devstack@c-api.service[117834]: INFO cinder.volume.api [None req-7951ba1a-3f28-4e92-908c-0555b2ee6f6c tempest-VolumesActionsTest-711349119 tempest-VolumesActionsTest-711349119-project] Volume info retrieved successfully.
Jul 15 17:48:05.596222 dv-cinder-836973-11-iscsi devstack@c-api.service[117835]: INFO cinder.api.openstack.wsgi [None req-8883e10f-3b56-4370-b87c-e9cf62fd7322 tempest-VolumesListAdminTestJSON-1629429933 tempest-VolumesListAdminTestJSON-1629429933-project] http://10.222.0.57/volume/v3/6e4ff96e85c44ddd91a98773750a48b0/volumes/4a24ed35-eb9e-4716-bd69-1ec378f898bc returned with HTTP 200
Jul 15 17:48:05.597130 dv-cinder-836973-11-iscsi devstack@c-api.service[117835]: [pid: 117835|app: 0|req: 105/203] 10.222.0.57 () {58 vars in 1324 bytes} [Fri Jul 15 17:48:05 2022] GET /volume/v3/6e4ff96e85c44ddd91a98773750a48b0/volumes/4a24ed35-eb9e-4716-bd69-1ec378f898bc => generated 916 bytes in 44 msecs (HTTP/1.1 200) 7 headers in 285 bytes (1 switches on core 0)
Jul 15 17:48:05.603175 dv-cinder-836973-11-iscsi devstack@c-api.service[117835]: DEBUG cinder.api.middleware.request_id [None req-da66fa2f-65b7-43a9-91c3-4fd25a45c62b None None] RequestId filter calling following filter/app {{(pid=117835) _context_setter /opt/stack/cinder/cinder/api/middleware/request_id.py:62}}
Jul 15 17:48:05.610830 dv-cinder-836973-11-iscsi devstack@c-api.service[117835]: INFO cinder.api.openstack.wsgi [None req-da66fa2f-65b7-43a9-91c3-4fd25a45c62b tempest-GroupSnapshotsTest-1146057608 tempest-GroupSnapshotsTest-1146057608-project] GET http://10.222.0.57/volume/v3/234bd5a5ea18455eb476d5f01165b18f/groups/3b4a88e1-dca7-487c-a204-592cee64d93b
Jul 15 17:48:05.611596 dv-cinder-836973-11-iscsi devstack@c-api.service[117835]: DEBUG cinder.api.openstack.wsgi [None req-da66fa2f-65b7-43a9-91c3-4fd25a45c62b tempest-GroupSnapshotsTest-1146057608 tempest-GroupSnapshotsTest-1146057608-project] Empty body provided in request {{(pid=117835) get_body /opt/stack/cinder/cinder/api/openstack/wsgi.py:715}}
Jul 15 17:48:05.611776 dv-cinder-836973-11-iscsi devstack@c-api.service[117835]: DEBUG cinder.api.openstack.wsgi [None req-da66fa2f-65b7-43a9-91c3-4fd25a45c62b tempest-GroupSnapshotsTest-1146057608 tempest-GroupSnapshotsTest-1146057608-project] Calling method 'version_select' {{(pid=117835) _process_stack /opt/stack/cinder/cinder/api/openstack/wsgi.py:868}}
Jul 15 17:48:05.612366 dv-cinder-836973-11-iscsi devstack@c-api.service[117835]: DEBUG cinder.api.v3.groups [None req-da66fa2f-65b7-43a9-91c3-4fd25a45c62b tempest-GroupSnapshotsTest-1146057608 tempest-GroupSnapshotsTest-1146057608-project] show called for member 3b4a88e1-dca7-487c-a204-592cee64d93b {{(pid=117835) show /opt/stack/cinder/cinder/api/v3/groups.py:58}}
Jul 15 17:48:05.612962 dv-cinder-836973-11-iscsi devstack@c-api.service[117834]: INFO cinder.api.openstack.wsgi [None req-7951ba1a-3f28-4e92-908c-0555b2ee6f6c tempest-VolumesActionsTest-711349119 tempest-VolumesActionsTest-711349119-project] http://10.222.0.57/volume/v3/a8064e0a94be4b918b133154eb1aefa4/volumes/b25575a6-57f1-454f-a94d-0043a39df1cb returned with HTTP 200
Jul 15 17:48:05.613871 dv-cinder-836973-11-iscsi devstack@c-api.service[117834]: [pid: 117834|app: 0|req: 99/204] 10.222.0.57 () {58 vars in 1324 bytes} [Fri Jul 15 17:48:05 2022] GET /volume/v3/a8064e0a94be4b918b133154eb1aefa4/volumes/b25575a6-57f1-454f-a94d-0043a39df1cb => generated 909 bytes in 50 msecs (HTTP/1.1 200) 7 headers in 285 bytes (1 switches on core 0)
Jul 15 17:48:05.623455 dv-cinder-836973-11-iscsi devstack@c-api.service[117834]: DEBUG cinder.api.middleware.request_id [None req-89868dcd-70f1-44e0-844e-bb2445bc846d None None] RequestId filter calling following filter/app {{(pid=117834) _context_setter /opt/stack/cinder/cinder/api/middleware/request_id.py:62}}
Jul 15 17:48:05.625889 dv-cinder-836973-11-iscsi devstack@c-api.service[117835]: /usr/local/lib/python3.8/dist-packages/oslo_context/context.py:100: DeprecationWarning: Policy enforcement is depending on the value of is_admin. This key is deprecated. Please update your policy file to use the standard policy values.
Jul 15 17:48:05.625889 dv-cinder-836973-11-iscsi devstack@c-api.service[117835]: warnings.warn('Policy enforcement is depending on the value of '
Jul 15 17:48:05.627149 dv-cinder-836973-11-iscsi devstack@c-api.service[117834]: INFO cinder.api.openstack.wsgi [None req-89868dcd-70f1-44e0-844e-bb2445bc846d tempest-VolumesListAdminTestJSON-1629429933 tempest-VolumesListAdminTestJSON-1629429933-project] POST http://10.222.0.57/volume/v3/6e4ff96e85c44ddd91a98773750a48b0/volumes
Jul 15 17:48:05.627869 dv-cinder-836973-11-iscsi devstack@c-api.service[117834]: DEBUG cinder.api.openstack.wsgi [None req-89868dcd-70f1-44e0-844e-bb2445bc846d tempest-VolumesListAdminTestJSON-1629429933 tempest-VolumesListAdminTestJSON-1629429933-project] Action: 'create', calling method: create, body: {"volume": {"size": 1, "name": "tempest-VolumesListAdminTestJSON-Volume-1085568065"}} {{(pid=117834) _process_stack /opt/stack/cinder/cinder/api/openstack/wsgi.py:866}}
Jul 15 17:48:05.628840 dv-cinder-836973-11-iscsi devstack@c-api.service[117834]: DEBUG cinder.api.v3.volumes [None req-89868dcd-70f1-44e0-844e-bb2445bc846d tempest-VolumesListAdminTestJSON-1629429933 tempest-VolumesListAdminTestJSON-1629429933-project] Create volume request body: {'volume': {'size': 1, 'name': 'tempest-VolumesListAdminTestJSON-Volume-1085568065'}} {{(pid=117834) create /opt/stack/cinder/cinder/api/v3/volumes.py:298}}
Jul 15 17:48:05.629148 dv-cinder-836973-11-iscsi devstack@c-api.service[117834]: INFO cinder.api.v3.volumes [None req-89868dcd-70f1-44e0-844e-bb2445bc846d tempest-VolumesListAdminTestJSON-1629429933 tempest-VolumesListAdminTestJSON-1629429933-project] Create volume of 1 GB
Jul 15 17:48:05.637581 dv-cinder-836973-11-iscsi devstack@c-api.service[117834]: INFO cinder.volume.api [None req-89868dcd-70f1-44e0-844e-bb2445bc846d tempest-VolumesListAdminTestJSON-1629429933 tempest-VolumesListAdminTestJSON-1629429933-project] Availability Zones retrieved successfully.
Jul 15 17:48:05.642609 dv-cinder-836973-11-iscsi devstack@c-api.service[117835]: INFO cinder.api.openstack.wsgi [None req-da66fa2f-65b7-43a9-91c3-4fd25a45c62b tempest-GroupSnapshotsTest-1146057608 tempest-GroupSnapshotsTest-1146057608-project] http://10.222.0.57/volume/v3/234bd5a5ea18455eb476d5f01165b18f/groups/3b4a88e1-dca7-487c-a204-592cee64d93b returned with HTTP 200
Jul 15 17:48:05.643646 dv-cinder-836973-11-iscsi devstack@c-api.service[117835]: [pid: 117835|app: 0|req: 106/205] 10.222.0.57 () {60 vars in 1362 bytes} [Fri Jul 15 17:48:05 2022] GET /volume/v3/234bd5a5ea18455eb476d5f01165b18f/groups/3b4a88e1-dca7-487c-a204-592cee64d93b => generated 392 bytes in 46 msecs (HTTP/1.1 200) 7 headers in 286 bytes (1 switches on core 0)
Jul 15 17:48:05.644943 dv-cinder-836973-11-iscsi devstack@c-api.service[117835]: DEBUG cinder.api.middleware.request_id [None req-b22f118c-a92c-4943-8c35-db3c75de1501 None None] RequestId filter calling following filter/app {{(pid=117835) _context_setter /opt/stack/cinder/cinder/api/middleware/request_id.py:62}}
Jul 15 17:48:05.648809 dv-cinder-836973-11-iscsi devstack@c-api.service[117835]: INFO cinder.api.openstack.wsgi [None req-b22f118c-a92c-4943-8c35-db3c75de1501 tempest-VolumesActionsTest-398567142 tempest-VolumesActionsTest-398567142-project-admin] POST http://10.222.0.57/volume/v3/5bac4a8fd2a1431892c25a6467d00ffd/volumes/b25575a6-57f1-454f-a94d-0043a39df1cb/action
Jul 15 17:48:05.649309 dv-cinder-836973-11-iscsi devstack@c-api.service[117835]: DEBUG cinder.api.openstack.wsgi [None req-b22f118c-a92c-4943-8c35-db3c75de1501 tempest-VolumesActionsTest-398567142 tempest-VolumesActionsTest-398567142-project-admin] Action body: b'{"os-force_delete": {}}' {{(pid=117835) get_method /opt/stack/cinder/cinder/api/openstack/wsgi.py:983}}
Jul 15 17:48:05.649647 dv-cinder-836973-11-iscsi devstack@c-api.service[117835]: DEBUG cinder.api.openstack.wsgi [None req-b22f118c-a92c-4943-8c35-db3c75de1501 tempest-VolumesActionsTest-398567142 tempest-VolumesActionsTest-398567142-project-admin] Action: 'action', calling method: _force_delete, body: {"os-force_delete": {}} {{(pid=117835) _process_stack /opt/stack/cinder/cinder/api/openstack/wsgi.py:866}}
Jul 15 17:48:05.660748 dv-cinder-836973-11-iscsi devstack@c-api.service[117834]: DEBUG cinder.volume.api [None req-89868dcd-70f1-44e0-844e-bb2445bc846d tempest-VolumesListAdminTestJSON-1629429933 tempest-VolumesListAdminTestJSON-1629429933-project] Flow 'volume_create_api' (a2fddac5-e0ee-437c-9c51-e338a3804d92) transitioned into state 'RUNNING' from state 'PENDING' {{(pid=117834) _flow_receiver /usr/local/lib/python3.8/dist-packages/taskflow/listeners/logging.py:141}}
Jul 15 17:48:05.664285 dv-cinder-836973-11-iscsi devstack@c-api.service[117834]: DEBUG cinder.volume.api [None req-89868dcd-70f1-44e0-844e-bb2445bc846d tempest-VolumesListAdminTestJSON-1629429933 tempest-VolumesListAdminTestJSON-1629429933-project] Task 'cinder.volume.flows.api.create_volume.ExtractVolumeRequestTask;volume:create' (7aa58421-1f5c-48d5-b4d3-7c0d19fdc8f4) transitioned into state 'RUNNING' from state 'PENDING' {{(pid=117834) _task_receiver /usr/local/lib/python3.8/dist-packages/taskflow/listeners/logging.py:190}}
Jul 15 17:48:05.668302 dv-cinder-836973-11-iscsi devstack@c-api.service[117835]: /usr/local/lib/python3.8/dist-packages/oslo_context/context.py:100: DeprecationWarning: Policy enforcement is depending on the value of is_admin. This key is deprecated. Please update your policy file to use the standard policy values.
Jul 15 17:48:05.668302 dv-cinder-836973-11-iscsi devstack@c-api.service[117835]: warnings.warn('Policy enforcement is depending on the value of '
Jul 15 17:48:05.668302 dv-cinder-836973-11-iscsi devstack@c-api.service[117835]: INFO cinder.volume.api [None req-b22f118c-a92c-4943-8c35-db3c75de1501 tempest-VolumesActionsTest-398567142 tempest-VolumesActionsTest-398567142-project-admin] Volume info retrieved successfully.
Jul 15 17:48:05.668543 dv-cinder-836973-11-iscsi devstack@c-api.service[117834]: DEBUG cinder.volume.flows.api.create_volume [None req-89868dcd-70f1-44e0-844e-bb2445bc846d tempest-VolumesListAdminTestJSON-1629429933 tempest-VolumesListAdminTestJSON-1629429933-project] Validating volume size '1' using validate_int {{(pid=117834) _extract_size /opt/stack/cinder/cinder/volume/flows/api/create_volume.py:228}}
Jul 15 17:48:05.706177 dv-cinder-836973-11-iscsi devstack@c-api.service[117834]: DEBUG cinder.volume.api [None req-89868dcd-70f1-44e0-844e-bb2445bc846d tempest-VolumesListAdminTestJSON-1629429933 tempest-VolumesListAdminTestJSON-1629429933-project] Task 'cinder.volume.flows.api.create_volume.ExtractVolumeRequestTask;volume:create' (7aa58421-1f5c-48d5-b4d3-7c0d19fdc8f4) transitioned into state 'SUCCESS' from state 'RUNNING' with result '{'size': 1, 'snapshot_id': None, 'source_volid': None, 'volume_type': VolumeType(created_at=2022-07-15T17:32:09Z,deleted=False,deleted_at=None,description='Default Volume Type',extra_specs={},id=05f7f04d-fc72-4bec-bcc5-3ee47293222c,is_public=True,name='__DEFAULT__',projects=[],qos_specs=,qos_specs_id=None,updated_at=2022-07-15T17:32:09Z), 'volume_type_id': '05f7f04d-fc72-4bec-bcc5-3ee47293222c', 'encryption_key_id': None, 'qos_specs': None, 'consistencygroup_id': None, 'cgsnapshot_id': None, 'group_id': None, 'replication_status': 'disabled', 'refresh_az': False, 'backup_id': None, 'multiattach': False, 'availability_zones': ['nova']}' {{(pid=117834) _task_receiver /usr/local/lib/python3.8/dist-packages/taskflow/listeners/logging.py:178}}
Jul 15 17:48:05.708562 dv-cinder-836973-11-iscsi devstack@c-api.service[117834]: DEBUG cinder.volume.api [None req-89868dcd-70f1-44e0-844e-bb2445bc846d tempest-VolumesListAdminTestJSON-1629429933 tempest-VolumesListAdminTestJSON-1629429933-project] Task 'cinder.volume.flows.api.create_volume.QuotaReserveTask;volume:create' (120d6838-05aa-44aa-84f9-00c6a729e995) transitioned into state 'RUNNING' from state 'PENDING' {{(pid=117834) _task_receiver /usr/local/lib/python3.8/dist-packages/taskflow/listeners/logging.py:190}}
Jul 15 17:48:05.918385 dv-cinder-836973-11-iscsi devstack@c-api.service[117834]: DEBUG cinder.quota [None req-89868dcd-70f1-44e0-844e-bb2445bc846d tempest-VolumesListAdminTestJSON-1629429933 tempest-VolumesListAdminTestJSON-1629429933-project] Created reservations ['ea45071e-7abc-4827-b2bf-327fb200d5ce', '40453776-74fc-4aae-956e-cdd6edcfe96f', '431bc446-8352-434e-9672-44b06ac0ce63', 'b4040068-ccae-42b8-862d-5dd9b31b93bd'] {{(pid=117834) reserve /opt/stack/cinder/cinder/quota.py:755}}
Jul 15 17:48:05.920176 dv-cinder-836973-11-iscsi devstack@c-api.service[117834]: DEBUG cinder.volume.api [None req-89868dcd-70f1-44e0-844e-bb2445bc846d tempest-VolumesListAdminTestJSON-1629429933 tempest-VolumesListAdminTestJSON-1629429933-project] Task 'cinder.volume.flows.api.create_volume.QuotaReserveTask;volume:create' (120d6838-05aa-44aa-84f9-00c6a729e995) transitioned into state 'SUCCESS' from state 'RUNNING' with result '{'reservations': ['ea45071e-7abc-4827-b2bf-327fb200d5ce', '40453776-74fc-4aae-956e-cdd6edcfe96f', '431bc446-8352-434e-9672-44b06ac0ce63', 'b4040068-ccae-42b8-862d-5dd9b31b93bd']}' {{(pid=117834) _task_receiver /usr/local/lib/python3.8/dist-packages/taskflow/listeners/logging.py:178}}
Jul 15 17:48:05.922111 dv-cinder-836973-11-iscsi devstack@c-api.service[117834]: DEBUG cinder.volume.api [None req-89868dcd-70f1-44e0-844e-bb2445bc846d tempest-VolumesListAdminTestJSON-1629429933 tempest-VolumesListAdminTestJSON-1629429933-project] Task 'cinder.volume.flows.api.create_volume.EntryCreateTask;volume:create' (82b7b9ae-e97b-4fb6-8a67-f7b9e7ba5bd8) transitioned into state 'RUNNING' from state 'PENDING' {{(pid=117834) _task_receiver /usr/local/lib/python3.8/dist-packages/taskflow/listeners/logging.py:190}}
Jul 15 17:48:06.046643 dv-cinder-836973-11-iscsi devstack@c-api.service[117835]: INFO cinder.volume.api [None req-b22f118c-a92c-4943-8c35-db3c75de1501 tempest-VolumesActionsTest-398567142 tempest-VolumesActionsTest-398567142-project-admin] Delete volume request issued successfully.
Jul 15 17:48:06.046913 dv-cinder-836973-11-iscsi devstack@c-api.service[117834]: DEBUG cinder.volume.api [None req-89868dcd-70f1-44e0-844e-bb2445bc846d tempest-VolumesListAdminTestJSON-1629429933 tempest-VolumesListAdminTestJSON-1629429933-project] Task 'cinder.volume.flows.api.create_volume.EntryCreateTask;volume:create' (82b7b9ae-e97b-4fb6-8a67-f7b9e7ba5bd8) transitioned into state 'SUCCESS' from state 'RUNNING' with result '{'volume_id': '7b86b186-dde6-431d-87b4-03520c9daa3e', 'volume_properties': VolumeProperties(attach_status='detached',availability_zone='nova',cgsnapshot_id=None,consistencygroup_id=None,display_description=None,display_name='tempest-VolumesListAdminTestJSON-Volume-1085568065',encryption_key_id=None,group_id=None,group_type_id=,metadata={},multiattach=False,project_id='6e4ff96e85c44ddd91a98773750a48b0',qos_specs=None,replication_status=,reservations=['ea45071e-7abc-4827-b2bf-327fb200d5ce','40453776-74fc-4aae-956e-cdd6edcfe96f','431bc446-8352-434e-9672-44b06ac0ce63','b4040068-ccae-42b8-862d-5dd9b31b93bd'],size=1,snapshot_id=None,source_replicaid=,source_volid=None,status='creating',user_id='5ad0cf28ff7047969a47cd07f23fb081',volume_type_id=05f7f04d-fc72-4bec-bcc5-3ee47293222c), 'volume': Volume(_name_id=None,admin_metadata=,attach_status='detached',availability_zone='nova',bootable=False,cluster=,cluster_name=None,consistencygroup=,consistencygroup_id=None,created_at=2022-07-15T17:48:05Z,deleted=False,deleted_at=None,display_description=None,display_name='tempest-VolumesListAdminTestJSON-Volume-1085568065',ec2_id=None,encryption_key_id=None,glance_metadata=,group=,group_id=None,host=None,id=7b86b186-dde6-431d-87b4-03520c9daa3e,launched_at=None,metadata={},migration_status=None,multiattach=False,previous_status=None,project_id='6e4ff96e85c44ddd91a98773750a48b0',provider_auth=None,provider_geometry=None,provider_id=None,provider_location=None,replication_driver_data=None,replication_extended_status=None,replication_status=None,scheduled_at=None,service_uuid=None,shared_targets=True,size=1,snapshot_id=None,snapshots=,source_volid=None,status='creating',terminated_at=None,updated_at=None,use_quota=True,user_id='5ad0cf28ff7047969a47cd07f23fb081',volume_attachment=VolumeAttachmentList,volume_type=VolumeType(05f7f04d-fc72-4bec-bcc5-3ee47293222c),volume_type_id=05f7f04d-fc72-4bec-bcc5-3ee47293222c)}' {{(pid=117834) _task_receiver /usr/local/lib/python3.8/dist-packages/taskflow/listeners/logging.py:178}}
Jul 15 17:48:06.047153 dv-cinder-836973-11-iscsi devstack@c-api.service[117835]: INFO cinder.api.openstack.wsgi [None req-b22f118c-a92c-4943-8c35-db3c75de1501 tempest-VolumesActionsTest-398567142 tempest-VolumesActionsTest-398567142-project-admin] http://10.222.0.57/volume/v3/5bac4a8fd2a1431892c25a6467d00ffd/volumes/b25575a6-57f1-454f-a94d-0043a39df1cb/action returned with HTTP 202
Jul 15 17:48:06.051489 dv-cinder-836973-11-iscsi devstack@c-api.service[117835]: [pid: 117835|app: 0|req: 107/206] 10.222.0.57 () {60 vars in 1366 bytes} [Fri Jul 15 17:48:05 2022] POST /volume/v3/5bac4a8fd2a1431892c25a6467d00ffd/volumes/b25575a6-57f1-454f-a94d-0043a39df1cb/action => generated 0 bytes in 404 msecs (HTTP/1.1 202) 7 headers in 289 bytes (1 switches on core 0)
Jul 15 17:48:06.051775 dv-cinder-836973-11-iscsi devstack@c-api.service[117834]: DEBUG cinder.volume.api [None req-89868dcd-70f1-44e0-844e-bb2445bc846d tempest-VolumesListAdminTestJSON-1629429933 tempest-VolumesListAdminTestJSON-1629429933-project] Task 'cinder.volume.flows.api.create_volume.QuotaCommitTask;volume:create' (41354882-4863-47ee-94b1-61972654a2ca) transitioned into state 'RUNNING' from state 'PENDING' {{(pid=117834) _task_receiver /usr/local/lib/python3.8/dist-packages/taskflow/listeners/logging.py:190}}
Jul 15 17:48:06.053180 dv-cinder-836973-11-iscsi devstack@c-api.service[117835]: DEBUG cinder.api.middleware.request_id [None req-84fac9a4-f896-4e1d-9f8e-83f8a154c476 None None] RequestId filter calling following filter/app {{(pid=117835) _context_setter /opt/stack/cinder/cinder/api/middleware/request_id.py:62}}
Jul 15 17:48:06.057593 dv-cinder-836973-11-iscsi devstack@c-api.service[117835]: INFO cinder.api.openstack.wsgi [None req-84fac9a4-f896-4e1d-9f8e-83f8a154c476 tempest-VolumesActionsTest-711349119 tempest-VolumesActionsTest-711349119-project] GET http://10.222.0.57/volume/v3/a8064e0a94be4b918b133154eb1aefa4/volumes/b25575a6-57f1-454f-a94d-0043a39df1cb
Jul 15 17:48:06.058035 dv-cinder-836973-11-iscsi devstack@c-api.service[117835]: DEBUG cinder.api.openstack.wsgi [None req-84fac9a4-f896-4e1d-9f8e-83f8a154c476 tempest-VolumesActionsTest-711349119 tempest-VolumesActionsTest-711349119-project] Empty body provided in request {{(pid=117835) get_body /opt/stack/cinder/cinder/api/openstack/wsgi.py:715}}
Jul 15 17:48:06.064809 dv-cinder-836973-11-iscsi devstack@c-api.service[117835]: DEBUG cinder.api.openstack.wsgi [None req-84fac9a4-f896-4e1d-9f8e-83f8a154c476 tempest-VolumesActionsTest-711349119 tempest-VolumesActionsTest-711349119-project] Calling method 'show' {{(pid=117835) _process_stack /opt/stack/cinder/cinder/api/openstack/wsgi.py:868}}
Jul 15 17:48:06.075917 dv-cinder-836973-11-iscsi devstack@c-api.service[117835]: /usr/local/lib/python3.8/dist-packages/oslo_context/context.py:100: DeprecationWarning: Policy enforcement is depending on the value of is_admin. This key is deprecated. Please update your policy file to use the standard policy values.
Jul 15 17:48:06.075917 dv-cinder-836973-11-iscsi devstack@c-api.service[117835]: warnings.warn('Policy enforcement is depending on the value of '
Jul 15 17:48:06.082716 dv-cinder-836973-11-iscsi devstack@c-api.service[117835]: INFO cinder.volume.api [None req-84fac9a4-f896-4e1d-9f8e-83f8a154c476 tempest-VolumesActionsTest-711349119 tempest-VolumesActionsTest-711349119-project] Volume info retrieved successfully.
Jul 15 17:48:06.093488 dv-cinder-836973-11-iscsi devstack@c-api.service[117835]: INFO cinder.api.openstack.wsgi [None req-84fac9a4-f896-4e1d-9f8e-83f8a154c476 tempest-VolumesActionsTest-711349119 tempest-VolumesActionsTest-711349119-project] http://10.222.0.57/volume/v3/a8064e0a94be4b918b133154eb1aefa4/volumes/b25575a6-57f1-454f-a94d-0043a39df1cb returned with HTTP 200
Jul 15 17:48:06.094678 dv-cinder-836973-11-iscsi devstack@c-api.service[117835]: [pid: 117835|app: 0|req: 108/207] 10.222.0.57 () {58 vars in 1324 bytes} [Fri Jul 15 17:48:06 2022] GET /volume/v3/a8064e0a94be4b918b133154eb1aefa4/volumes/b25575a6-57f1-454f-a94d-0043a39df1cb => generated 909 bytes in 42 msecs (HTTP/1.1 200) 7 headers in 285 bytes (1 switches on core 0)
Jul 15 17:48:06.194199 dv-cinder-836973-11-iscsi devstack@c-api.service[117834]: DEBUG cinder.volume.api [None req-89868dcd-70f1-44e0-844e-bb2445bc846d tempest-VolumesListAdminTestJSON-1629429933 tempest-VolumesListAdminTestJSON-1629429933-project] Task 'cinder.volume.flows.api.create_volume.QuotaCommitTask;volume:create' (41354882-4863-47ee-94b1-61972654a2ca) transitioned into state 'SUCCESS' from state 'RUNNING' with result '{'volume_properties': VolumeProperties(attach_status='detached',availability_zone='nova',cgsnapshot_id=None,consistencygroup_id=None,display_description=None,display_name='tempest-VolumesListAdminTestJSON-Volume-1085568065',encryption_key_id=None,group_id=None,group_type_id=,metadata={},multiattach=False,project_id='6e4ff96e85c44ddd91a98773750a48b0',qos_specs=None,replication_status=,reservations=['ea45071e-7abc-4827-b2bf-327fb200d5ce','40453776-74fc-4aae-956e-cdd6edcfe96f','431bc446-8352-434e-9672-44b06ac0ce63','b4040068-ccae-42b8-862d-5dd9b31b93bd'],size=1,snapshot_id=None,source_replicaid=,source_volid=None,status='creating',user_id='5ad0cf28ff7047969a47cd07f23fb081',volume_type_id=05f7f04d-fc72-4bec-bcc5-3ee47293222c)}' {{(pid=117834) _task_receiver /usr/local/lib/python3.8/dist-packages/taskflow/listeners/logging.py:178}}
Jul 15 17:48:06.196076 dv-cinder-836973-11-iscsi devstack@c-api.service[117834]: DEBUG cinder.volume.api [None req-89868dcd-70f1-44e0-844e-bb2445bc846d tempest-VolumesListAdminTestJSON-1629429933 tempest-VolumesListAdminTestJSON-1629429933-project] Task 'cinder.volume.flows.api.create_volume.VolumeCastTask;volume:create' (04798667-63a0-44da-9138-855be1ed9057) transitioned into state 'RUNNING' from state 'PENDING' {{(pid=117834) _task_receiver /usr/local/lib/python3.8/dist-packages/taskflow/listeners/logging.py:190}}
Jul 15 17:48:06.317826 dv-cinder-836973-11-iscsi devstack@c-api.service[117834]: DEBUG cinder.volume.api [None req-89868dcd-70f1-44e0-844e-bb2445bc846d tempest-VolumesListAdminTestJSON-1629429933 tempest-VolumesListAdminTestJSON-1629429933-project] Task 'cinder.volume.flows.api.create_volume.VolumeCastTask;volume:create' (04798667-63a0-44da-9138-855be1ed9057) transitioned into state 'SUCCESS' from state 'RUNNING' with result 'None' {{(pid=117834) _task_receiver /usr/local/lib/python3.8/dist-packages/taskflow/listeners/logging.py:178}}
Jul 15 17:48:06.320186 dv-cinder-836973-11-iscsi devstack@c-api.service[117834]: DEBUG cinder.volume.api [None req-89868dcd-70f1-44e0-844e-bb2445bc846d tempest-VolumesListAdminTestJSON-1629429933 tempest-VolumesListAdminTestJSON-1629429933-project] Flow 'volume_create_api' (a2fddac5-e0ee-437c-9c51-e338a3804d92) transitioned into state 'SUCCESS' from state 'RUNNING' {{(pid=117834) _flow_receiver /usr/local/lib/python3.8/dist-packages/taskflow/listeners/logging.py:141}}
Jul 15 17:48:06.320880 dv-cinder-836973-11-iscsi devstack@c-api.service[117834]: INFO cinder.volume.api [None req-89868dcd-70f1-44e0-844e-bb2445bc846d tempest-VolumesListAdminTestJSON-1629429933 tempest-VolumesListAdminTestJSON-1629429933-project] Create volume request issued successfully.
Jul 15 17:48:06.322165 dv-cinder-836973-11-iscsi devstack@c-api.service[117834]: INFO cinder.api.openstack.wsgi [None req-89868dcd-70f1-44e0-844e-bb2445bc846d tempest-VolumesListAdminTestJSON-1629429933 tempest-VolumesListAdminTestJSON-1629429933-project] http://10.222.0.57/volume/v3/6e4ff96e85c44ddd91a98773750a48b0/volumes returned with HTTP 202
Jul 15 17:48:06.324674 dv-cinder-836973-11-iscsi devstack@c-api.service[117834]: [pid: 117834|app: 0|req: 100/208] 10.222.0.57 () {60 vars in 1234 bytes} [Fri Jul 15 17:48:05 2022] POST /volume/v3/6e4ff96e85c44ddd91a98773750a48b0/volumes => generated 824 bytes in 709 msecs (HTTP/1.1 202) 7 headers in 291 bytes (1 switches on core 0)
Jul 15 17:48:06.334033 dv-cinder-836973-11-iscsi devstack@c-api.service[117835]: DEBUG cinder.api.middleware.request_id [None req-626df0b4-30a9-4af3-91f7-160c12127b80 None None] RequestId filter calling following filter/app {{(pid=117835) _context_setter /opt/stack/cinder/cinder/api/middleware/request_id.py:62}}
Jul 15 17:48:06.339533 dv-cinder-836973-11-iscsi devstack@c-api.service[117835]: INFO cinder.api.openstack.wsgi [None req-626df0b4-30a9-4af3-91f7-160c12127b80 tempest-VolumesListAdminTestJSON-1629429933 tempest-VolumesListAdminTestJSON-1629429933-project] GET http://10.222.0.57/volume/v3/6e4ff96e85c44ddd91a98773750a48b0/volumes/7b86b186-dde6-431d-87b4-03520c9daa3e
Jul 15 17:48:06.340379 dv-cinder-836973-11-iscsi devstack@c-api.service[117835]: DEBUG cinder.api.openstack.wsgi [None req-626df0b4-30a9-4af3-91f7-160c12127b80 tempest-VolumesListAdminTestJSON-1629429933 tempest-VolumesListAdminTestJSON-1629429933-project] Empty body provided in request {{(pid=117835) get_body /opt/stack/cinder/cinder/api/openstack/wsgi.py:715}}
Jul 15 17:48:06.341082 dv-cinder-836973-11-iscsi devstack@c-api.service[117835]: DEBUG cinder.api.openstack.wsgi [None req-626df0b4-30a9-4af3-91f7-160c12127b80 tempest-VolumesListAdminTestJSON-1629429933 tempest-VolumesListAdminTestJSON-1629429933-project] Calling method 'show' {{(pid=117835) _process_stack /opt/stack/cinder/cinder/api/openstack/wsgi.py:868}}
Jul 15 17:48:06.356797 dv-cinder-836973-11-iscsi devstack@c-api.service[117835]: /usr/local/lib/python3.8/dist-packages/oslo_context/context.py:100: DeprecationWarning: Policy enforcement is depending on the value of is_admin. This key is deprecated. Please update your policy file to use the standard policy values.
Jul 15 17:48:06.356797 dv-cinder-836973-11-iscsi devstack@c-api.service[117835]: warnings.warn('Policy enforcement is depending on the value of '
Jul 15 17:48:06.364922 dv-cinder-836973-11-iscsi devstack@c-api.service[117835]: INFO cinder.volume.api [None req-626df0b4-30a9-4af3-91f7-160c12127b80 tempest-VolumesListAdminTestJSON-1629429933 tempest-VolumesListAdminTestJSON-1629429933-project] Volume info retrieved successfully.
Jul 15 17:48:06.374573 dv-cinder-836973-11-iscsi devstack@c-api.service[117835]: INFO cinder.api.openstack.wsgi [None req-626df0b4-30a9-4af3-91f7-160c12127b80 tempest-VolumesListAdminTestJSON-1629429933 tempest-VolumesListAdminTestJSON-1629429933-project] http://10.222.0.57/volume/v3/6e4ff96e85c44ddd91a98773750a48b0/volumes/7b86b186-dde6-431d-87b4-03520c9daa3e returned with HTTP 200
Jul 15 17:48:06.375435 dv-cinder-836973-11-iscsi devstack@c-api.service[117835]: [pid: 117835|app: 0|req: 109/209] 10.222.0.57 () {58 vars in 1324 bytes} [Fri Jul 15 17:48:06 2022] GET /volume/v3/6e4ff96e85c44ddd91a98773750a48b0/volumes/7b86b186-dde6-431d-87b4-03520c9daa3e => generated 892 bytes in 42 msecs (HTTP/1.1 200) 7 headers in 285 bytes (1 switches on core 0)
Jul 15 17:48:06.655827 dv-cinder-836973-11-iscsi devstack@c-api.service[117834]: DEBUG cinder.api.middleware.request_id [None req-77228d13-390b-448e-93d9-72c627ab65df None None] RequestId filter calling following filter/app {{(pid=117834) _context_setter /opt/stack/cinder/cinder/api/middleware/request_id.py:62}}
Jul 15 17:48:06.660587 dv-cinder-836973-11-iscsi devstack@c-api.service[117834]: INFO cinder.api.openstack.wsgi [None req-77228d13-390b-448e-93d9-72c627ab65df tempest-GroupSnapshotsTest-1146057608 tempest-GroupSnapshotsTest-1146057608-project] GET http://10.222.0.57/volume/v3/234bd5a5ea18455eb476d5f01165b18f/groups/3b4a88e1-dca7-487c-a204-592cee64d93b
Jul 15 17:48:06.661395 dv-cinder-836973-11-iscsi devstack@c-api.service[117834]: DEBUG cinder.api.openstack.wsgi [None req-77228d13-390b-448e-93d9-72c627ab65df tempest-GroupSnapshotsTest-1146057608 tempest-GroupSnapshotsTest-1146057608-project] Empty body provided in request {{(pid=117834) get_body /opt/stack/cinder/cinder/api/openstack/wsgi.py:715}}
Jul 15 17:48:06.661924 dv-cinder-836973-11-iscsi devstack@c-api.service[117834]: DEBUG cinder.api.openstack.wsgi [None req-77228d13-390b-448e-93d9-72c627ab65df tempest-GroupSnapshotsTest-1146057608 tempest-GroupSnapshotsTest-1146057608-project] Calling method 'version_select' {{(pid=117834) _process_stack /opt/stack/cinder/cinder/api/openstack/wsgi.py:868}}
Jul 15 17:48:06.662343 dv-cinder-836973-11-iscsi devstack@c-api.service[117834]: DEBUG cinder.api.v3.groups [None req-77228d13-390b-448e-93d9-72c627ab65df tempest-GroupSnapshotsTest-1146057608 tempest-GroupSnapshotsTest-1146057608-project] show called for member 3b4a88e1-dca7-487c-a204-592cee64d93b {{(pid=117834) show /opt/stack/cinder/cinder/api/v3/groups.py:58}}
Jul 15 17:48:06.669005 dv-cinder-836973-11-iscsi devstack@c-api.service[117834]: /usr/local/lib/python3.8/dist-packages/oslo_context/context.py:100: DeprecationWarning: Policy enforcement is depending on the value of is_admin. This key is deprecated. Please update your policy file to use the standard policy values.
Jul 15 17:48:06.669005 dv-cinder-836973-11-iscsi devstack@c-api.service[117834]: warnings.warn('Policy enforcement is depending on the value of '
Jul 15 17:48:06.685237 dv-cinder-836973-11-iscsi devstack@c-api.service[117834]: INFO cinder.api.openstack.wsgi [None req-77228d13-390b-448e-93d9-72c627ab65df tempest-GroupSnapshotsTest-1146057608 tempest-GroupSnapshotsTest-1146057608-project] http://10.222.0.57/volume/v3/234bd5a5ea18455eb476d5f01165b18f/groups/3b4a88e1-dca7-487c-a204-592cee64d93b returned with HTTP 200
Jul 15 17:48:06.692527 dv-cinder-836973-11-iscsi devstack@c-api.service[117834]: [pid: 117834|app: 0|req: 101/210] 10.222.0.57 () {60 vars in 1362 bytes} [Fri Jul 15 17:48:06 2022] GET /volume/v3/234bd5a5ea18455eb476d5f01165b18f/groups/3b4a88e1-dca7-487c-a204-592cee64d93b => generated 393 bytes in 38 msecs (HTTP/1.1 200) 7 headers in 286 bytes (1 switches on core 0)
Jul 15 17:48:06.701868 dv-cinder-836973-11-iscsi devstack@c-api.service[117835]: DEBUG cinder.api.middleware.request_id [None req-d95e3937-e955-4b6e-8f38-5337315d9328 None None] RequestId filter calling following filter/app {{(pid=117835) _context_setter /opt/stack/cinder/cinder/api/middleware/request_id.py:62}}
Jul 15 17:48:06.705874 dv-cinder-836973-11-iscsi devstack@c-api.service[117835]: INFO cinder.api.openstack.wsgi [None req-d95e3937-e955-4b6e-8f38-5337315d9328 tempest-GroupSnapshotsTest-1146057608 tempest-GroupSnapshotsTest-1146057608-project] PUT http://10.222.0.57/volume/v3/234bd5a5ea18455eb476d5f01165b18f/groups/3b4a88e1-dca7-487c-a204-592cee64d93b
Jul 15 17:48:06.706861 dv-cinder-836973-11-iscsi devstack@c-api.service[117835]: DEBUG cinder.api.openstack.wsgi [None req-d95e3937-e955-4b6e-8f38-5337315d9328 tempest-GroupSnapshotsTest-1146057608 tempest-GroupSnapshotsTest-1146057608-project] Action: 'update', calling method: version_select, body: {"group": {"remove_volumes": "b36050c4-a594-4d14-a518-b726c5eef3fb"}} {{(pid=117835) _process_stack /opt/stack/cinder/cinder/api/openstack/wsgi.py:866}}
Jul 15 17:48:06.708001 dv-cinder-836973-11-iscsi devstack@c-api.service[117835]: DEBUG cinder.api.v3.groups [None req-d95e3937-e955-4b6e-8f38-5337315d9328 tempest-GroupSnapshotsTest-1146057608 tempest-GroupSnapshotsTest-1146057608-project] Update called for group 3b4a88e1-dca7-487c-a204-592cee64d93b. {{(pid=117835) update /opt/stack/cinder/cinder/api/v3/groups.py:302}}
Jul 15 17:48:06.708481 dv-cinder-836973-11-iscsi devstack@c-api.service[117835]: INFO cinder.api.v3.groups [None req-d95e3937-e955-4b6e-8f38-5337315d9328 tempest-GroupSnapshotsTest-1146057608 tempest-GroupSnapshotsTest-1146057608-project] Updating group 3b4a88e1-dca7-487c-a204-592cee64d93b with name None description: None add_volumes: None remove_volumes: b36050c4-a594-4d14-a518-b726c5eef3fb.
Jul 15 17:48:06.716069 dv-cinder-836973-11-iscsi devstack@c-api.service[117835]: /usr/local/lib/python3.8/dist-packages/oslo_context/context.py:100: DeprecationWarning: Policy enforcement is depending on the value of is_admin. This key is deprecated. Please update your policy file to use the standard policy values.
Jul 15 17:48:06.716069 dv-cinder-836973-11-iscsi devstack@c-api.service[117835]: warnings.warn('Policy enforcement is depending on the value of '
Jul 15 17:48:06.912551 dv-cinder-836973-11-iscsi devstack@c-api.service[117835]: INFO cinder.api.openstack.wsgi [None req-d95e3937-e955-4b6e-8f38-5337315d9328 tempest-GroupSnapshotsTest-1146057608 tempest-GroupSnapshotsTest-1146057608-project] http://10.222.0.57/volume/v3/234bd5a5ea18455eb476d5f01165b18f/groups/3b4a88e1-dca7-487c-a204-592cee64d93b returned with HTTP 202
Jul 15 17:48:06.913330 dv-cinder-836973-11-iscsi devstack@c-api.service[117835]: [pid: 117835|app: 0|req: 110/211] 10.222.0.57 () {62 vars in 1382 bytes} [Fri Jul 15 17:48:06 2022] PUT /volume/v3/234bd5a5ea18455eb476d5f01165b18f/groups/3b4a88e1-dca7-487c-a204-592cee64d93b => generated 0 bytes in 213 msecs (HTTP/1.1 202) 6 headers in 234 bytes (1 switches on core 0)
Jul 15 17:48:06.918034 dv-cinder-836973-11-iscsi devstack@c-api.service[117834]: DEBUG cinder.api.middleware.request_id [None req-934253cf-5e4e-486f-a023-9f350bfb885b None None] RequestId filter calling following filter/app {{(pid=117834) _context_setter /opt/stack/cinder/cinder/api/middleware/request_id.py:62}}
Jul 15 17:48:06.928883 dv-cinder-836973-11-iscsi devstack@c-api.service[117834]: INFO cinder.api.openstack.wsgi [None req-934253cf-5e4e-486f-a023-9f350bfb885b tempest-GroupSnapshotsTest-1146057608 tempest-GroupSnapshotsTest-1146057608-project] GET http://10.222.0.57/volume/v3/234bd5a5ea18455eb476d5f01165b18f/groups/3b4a88e1-dca7-487c-a204-592cee64d93b
Jul 15 17:48:06.929460 dv-cinder-836973-11-iscsi devstack@c-api.service[117834]: DEBUG cinder.api.openstack.wsgi [None req-934253cf-5e4e-486f-a023-9f350bfb885b tempest-GroupSnapshotsTest-1146057608 tempest-GroupSnapshotsTest-1146057608-project] Empty body provided in request {{(pid=117834) get_body /opt/stack/cinder/cinder/api/openstack/wsgi.py:715}}
Jul 15 17:48:06.929926 dv-cinder-836973-11-iscsi devstack@c-api.service[117834]: DEBUG cinder.api.openstack.wsgi [None req-934253cf-5e4e-486f-a023-9f350bfb885b tempest-GroupSnapshotsTest-1146057608 tempest-GroupSnapshotsTest-1146057608-project] Calling method 'version_select' {{(pid=117834) _process_stack /opt/stack/cinder/cinder/api/openstack/wsgi.py:868}}
Jul 15 17:48:06.930209 dv-cinder-836973-11-iscsi devstack@c-api.service[117834]: DEBUG cinder.api.v3.groups [None req-934253cf-5e4e-486f-a023-9f350bfb885b tempest-GroupSnapshotsTest-1146057608 tempest-GroupSnapshotsTest-1146057608-project] show called for member 3b4a88e1-dca7-487c-a204-592cee64d93b {{(pid=117834) show /opt/stack/cinder/cinder/api/v3/groups.py:58}}
Jul 15 17:48:06.936417 dv-cinder-836973-11-iscsi devstack@c-api.service[117834]: /usr/local/lib/python3.8/dist-packages/oslo_context/context.py:100: DeprecationWarning: Policy enforcement is depending on the value of is_admin. This key is deprecated. Please update your policy file to use the standard policy values.
Jul 15 17:48:06.936417 dv-cinder-836973-11-iscsi devstack@c-api.service[117834]: warnings.warn('Policy enforcement is depending on the value of '
Jul 15 17:48:06.955320 dv-cinder-836973-11-iscsi devstack@c-api.service[117834]: INFO cinder.api.openstack.wsgi [None req-934253cf-5e4e-486f-a023-9f350bfb885b tempest-GroupSnapshotsTest-1146057608 tempest-GroupSnapshotsTest-1146057608-project] http://10.222.0.57/volume/v3/234bd5a5ea18455eb476d5f01165b18f/groups/3b4a88e1-dca7-487c-a204-592cee64d93b returned with HTTP 200
Jul 15 17:48:06.960562 dv-cinder-836973-11-iscsi devstack@c-api.service[117834]: [pid: 117834|app: 0|req: 102/212] 10.222.0.57 () {60 vars in 1362 bytes} [Fri Jul 15 17:48:06 2022] GET /volume/v3/234bd5a5ea18455eb476d5f01165b18f/groups/3b4a88e1-dca7-487c-a204-592cee64d93b => generated 392 bytes in 43 msecs (HTTP/1.1 200) 7 headers in 286 bytes (1 switches on core 0)
Jul 15 17:48:07.106650 dv-cinder-836973-11-iscsi devstack@c-api.service[117835]: DEBUG cinder.api.middleware.request_id [None req-b009b2d3-3fa7-4247-b3e7-00a242afc448 None None] RequestId filter calling following filter/app {{(pid=117835) _context_setter /opt/stack/cinder/cinder/api/middleware/request_id.py:62}}
Jul 15 17:48:07.110289 dv-cinder-836973-11-iscsi devstack@c-api.service[117835]: INFO cinder.api.openstack.wsgi [None req-b009b2d3-3fa7-4247-b3e7-00a242afc448 tempest-VolumesActionsTest-711349119 tempest-VolumesActionsTest-711349119-project] GET http://10.222.0.57/volume/v3/a8064e0a94be4b918b133154eb1aefa4/volumes/b25575a6-57f1-454f-a94d-0043a39df1cb
Jul 15 17:48:07.110682 dv-cinder-836973-11-iscsi devstack@c-api.service[117835]: DEBUG cinder.api.openstack.wsgi [None req-b009b2d3-3fa7-4247-b3e7-00a242afc448 tempest-VolumesActionsTest-711349119 tempest-VolumesActionsTest-711349119-project] Empty body provided in request {{(pid=117835) get_body /opt/stack/cinder/cinder/api/openstack/wsgi.py:715}}
Jul 15 17:48:07.111327 dv-cinder-836973-11-iscsi devstack@c-api.service[117835]: DEBUG cinder.api.openstack.wsgi [None req-b009b2d3-3fa7-4247-b3e7-00a242afc448 tempest-VolumesActionsTest-711349119 tempest-VolumesActionsTest-711349119-project] Calling method 'show' {{(pid=117835) _process_stack /opt/stack/cinder/cinder/api/openstack/wsgi.py:868}}
Jul 15 17:48:07.122701 dv-cinder-836973-11-iscsi devstack@c-api.service[117835]: INFO cinder.api.openstack.wsgi [None req-b009b2d3-3fa7-4247-b3e7-00a242afc448 tempest-VolumesActionsTest-711349119 tempest-VolumesActionsTest-711349119-project] http://10.222.0.57/volume/v3/a8064e0a94be4b918b133154eb1aefa4/volumes/b25575a6-57f1-454f-a94d-0043a39df1cb returned with HTTP 404
Jul 15 17:48:07.123487 dv-cinder-836973-11-iscsi devstack@c-api.service[117835]: [pid: 117835|app: 0|req: 111/213] 10.222.0.57 () {58 vars in 1324 bytes} [Fri Jul 15 17:48:07 2022] GET /volume/v3/a8064e0a94be4b918b133154eb1aefa4/volumes/b25575a6-57f1-454f-a94d-0043a39df1cb => generated 109 bytes in 18 msecs (HTTP/1.1 404) 7 headers in 292 bytes (1 switches on core 0)
Jul 15 17:48:07.129350 dv-cinder-836973-11-iscsi devstack@c-api.service[117834]: DEBUG cinder.api.middleware.request_id [None req-67833092-dc0f-4e94-8640-b039fb7a3cfb None None] RequestId filter calling following filter/app {{(pid=117834) _context_setter /opt/stack/cinder/cinder/api/middleware/request_id.py:62}}
Jul 15 17:48:07.133082 dv-cinder-836973-11-iscsi devstack@c-api.service[117834]: INFO cinder.api.openstack.wsgi [None req-67833092-dc0f-4e94-8640-b039fb7a3cfb tempest-VolumesActionsTest-711349119 tempest-VolumesActionsTest-711349119-project] POST http://10.222.0.57/volume/v3/a8064e0a94be4b918b133154eb1aefa4/volumes
Jul 15 17:48:07.134056 dv-cinder-836973-11-iscsi devstack@c-api.service[117834]: DEBUG cinder.api.openstack.wsgi [None req-67833092-dc0f-4e94-8640-b039fb7a3cfb tempest-VolumesActionsTest-711349119 tempest-VolumesActionsTest-711349119-project] Action: 'create', calling method: create, body: {"volume": {"size": 1, "name": "tempest-VolumesActionsTest-Volume-12721673"}} {{(pid=117834) _process_stack /opt/stack/cinder/cinder/api/openstack/wsgi.py:866}}
