Apr 07 12:56:40.465015 dv-cinder-836944-2-smb devstack@c-api.service[109951]: DEBUG cinder.api.openstack.wsgi [None req-60ceed8c-7116-4b8c-9e20-1b86dd9dba84 tempest-VolumeSnapshotQuotasNegativeTestJSON-350316278 tempest-VolumeSnapshotQuotasNegativeTestJSON-350316278-project-admin] Calling method 'show' {{(pid=109951) _process_stack /opt/stack/cinder/cinder/api/openstack/wsgi.py:868}}
Apr 07 12:56:40.480335 dv-cinder-836944-2-smb devstack@c-api.service[109951]: WARNING cinder.quota [None req-60ceed8c-7116-4b8c-9e20-1b86dd9dba84 tempest-VolumeSnapshotQuotasNegativeTestJSON-350316278 tempest-VolumeSnapshotQuotasNegativeTestJSON-350316278-project-admin] Deprecated: Default quota for resource: backups is set by the default quota flag: quota_backups, it is now deprecated. Please use the default quota class for default quota.
Apr 07 12:56:40.481260 dv-cinder-836944-2-smb devstack@c-api.service[109951]: WARNING cinder.quota [None req-60ceed8c-7116-4b8c-9e20-1b86dd9dba84 tempest-VolumeSnapshotQuotasNegativeTestJSON-350316278 tempest-VolumeSnapshotQuotasNegativeTestJSON-350316278-project-admin] Deprecated: Default quota for resource: backup_gigabytes is set by the default quota flag: quota_backup_gigabytes, it is now deprecated. Please use the default quota class for default quota.
Apr 07 12:56:40.481949 dv-cinder-836944-2-smb devstack@c-api.service[109951]: WARNING cinder.quota [None req-60ceed8c-7116-4b8c-9e20-1b86dd9dba84 tempest-VolumeSnapshotQuotasNegativeTestJSON-350316278 tempest-VolumeSnapshotQuotasNegativeTestJSON-350316278-project-admin] Deprecated: Default quota for resource: volumes_tempest-GroupSnapshotsTest-volume-type-2118623827 is set by the default quota flag: quota_volumes_tempest-GroupSnapshotsTest-volume-type-2118623827, it is now deprecated. Please use the default quota class for default quota.
Apr 07 12:56:40.483873 dv-cinder-836944-2-smb devstack@c-api.service[109951]: WARNING cinder.quota [None req-60ceed8c-7116-4b8c-9e20-1b86dd9dba84 tempest-VolumeSnapshotQuotasNegativeTestJSON-350316278 tempest-VolumeSnapshotQuotasNegativeTestJSON-350316278-project-admin] Deprecated: Default quota for resource: volumes_tempest-GroupSnapshotsTest-volume-type-842312446 is set by the default quota flag: quota_volumes_tempest-GroupSnapshotsTest-volume-type-842312446, it is now deprecated. Please use the default quota class for default quota.
Apr 07 12:56:40.485266 dv-cinder-836944-2-smb devstack@c-api.service[109951]: WARNING cinder.quota [None req-60ceed8c-7116-4b8c-9e20-1b86dd9dba84 tempest-VolumeSnapshotQuotasNegativeTestJSON-350316278 tempest-VolumeSnapshotQuotasNegativeTestJSON-350316278-project-admin] Deprecated: Default quota for resource: volumes_lvmdriver-1 is set by the default quota flag: quota_volumes_lvmdriver-1, it is now deprecated. Please use the default quota class for default quota.
Apr 07 12:56:40.487057 dv-cinder-836944-2-smb devstack@c-api.service[109951]: WARNING cinder.quota [None req-60ceed8c-7116-4b8c-9e20-1b86dd9dba84 tempest-VolumeSnapshotQuotasNegativeTestJSON-350316278 tempest-VolumeSnapshotQuotasNegativeTestJSON-350316278-project-admin] Deprecated: Default quota for resource: gigabytes_lvmdriver-1 is set by the default quota flag: quota_gigabytes_lvmdriver-1, it is now deprecated. Please use the default quota class for default quota.
Apr 07 12:56:40.487803 dv-cinder-836944-2-smb devstack@c-api.service[109951]: WARNING cinder.quota [None req-60ceed8c-7116-4b8c-9e20-1b86dd9dba84 tempest-VolumeSnapshotQuotasNegativeTestJSON-350316278 tempest-VolumeSnapshotQuotasNegativeTestJSON-350316278-project-admin] Deprecated: Default quota for resource: snapshots_lvmdriver-1 is set by the default quota flag: quota_snapshots_lvmdriver-1, it is now deprecated. Please use the default quota class for default quota.
Apr 07 12:56:40.489541 dv-cinder-836944-2-smb devstack@c-api.service[109950]: INFO cinder.api.openstack.wsgi [None req-80dfaf76-28b6-4071-9aac-93c545320db1 tempest-GroupSnapshotsTest-491138477 tempest-GroupSnapshotsTest-491138477-project] http://10.222.0.45/volume/v3/1c99da7277d04971848590c6844f2610/volumes/c5df4d13-ea79-481e-b9ca-a9a1c47038ab returned with HTTP 404
Apr 07 12:56:40.490521 dv-cinder-836944-2-smb devstack@c-api.service[109950]: [pid: 109950|app: 0|req: 182/382] 10.222.0.45 () {60 vars in 1368 bytes} [Thu Apr 7 12:56:40 2022] DELETE /volume/v3/1c99da7277d04971848590c6844f2610/volumes/c5df4d13-ea79-481e-b9ca-a9a1c47038ab => generated 109 bytes in 43 msecs (HTTP/1.1 404) 7 headers in 293 bytes (2 switches on core 0)
Apr 07 12:56:40.495507 dv-cinder-836944-2-smb devstack@c-api.service[109950]: DEBUG cinder.api.middleware.request_id [None req-57545d6d-63a2-41a9-83e6-14ab12cd9114 None None] RequestId filter calling following filter/app {{(pid=109950) _context_setter /opt/stack/cinder/cinder/api/middleware/request_id.py:62}}
Apr 07 12:56:40.499048 dv-cinder-836944-2-smb devstack@c-api.service[109950]: INFO cinder.api.openstack.wsgi [None req-57545d6d-63a2-41a9-83e6-14ab12cd9114 tempest-GroupSnapshotsTest-491138477 tempest-GroupSnapshotsTest-491138477-project] DELETE http://10.222.0.45/volume/v3/1c99da7277d04971848590c6844f2610/volumes/9313691a-dee2-430c-83a8-5ed08b7164ed
Apr 07 12:56:40.499548 dv-cinder-836944-2-smb devstack@c-api.service[109950]: DEBUG cinder.api.openstack.wsgi [None req-57545d6d-63a2-41a9-83e6-14ab12cd9114 tempest-GroupSnapshotsTest-491138477 tempest-GroupSnapshotsTest-491138477-project] Empty body provided in request {{(pid=109950) get_body /opt/stack/cinder/cinder/api/openstack/wsgi.py:715}}
Apr 07 12:56:40.499982 dv-cinder-836944-2-smb devstack@c-api.service[109950]: DEBUG cinder.api.openstack.wsgi [None req-57545d6d-63a2-41a9-83e6-14ab12cd9114 tempest-GroupSnapshotsTest-491138477 tempest-GroupSnapshotsTest-491138477-project] Calling method 'delete' {{(pid=109950) _process_stack /opt/stack/cinder/cinder/api/openstack/wsgi.py:868}}
Apr 07 12:56:40.500365 dv-cinder-836944-2-smb devstack@c-api.service[109950]: INFO cinder.api.v3.volumes [None req-57545d6d-63a2-41a9-83e6-14ab12cd9114 tempest-GroupSnapshotsTest-491138477 tempest-GroupSnapshotsTest-491138477-project] Delete volume with id: 9313691a-dee2-430c-83a8-5ed08b7164ed
Apr 07 12:56:40.501678 dv-cinder-836944-2-smb devstack@c-api.service[109951]: INFO cinder.api.openstack.wsgi [None req-60ceed8c-7116-4b8c-9e20-1b86dd9dba84 tempest-VolumeSnapshotQuotasNegativeTestJSON-350316278 tempest-VolumeSnapshotQuotasNegativeTestJSON-350316278-project-admin] http://10.222.0.45/volume/v3/20d830468a764f7083f5956348dee0e0/os-quota-sets/1f71b6fc7ceb4dd6b9c75967fb2fc5c9 returned with HTTP 200
Apr 07 12:56:40.502774 dv-cinder-836944-2-smb devstack@c-api.service[109951]: [pid: 109951|app: 0|req: 201/383] 10.222.0.45 () {58 vars in 1330 bytes} [Thu Apr 7 12:56:40 2022] GET /volume/v3/20d830468a764f7083f5956348dee0e0/os-quota-sets/1f71b6fc7ceb4dd6b9c75967fb2fc5c9 => generated 756 bytes in 190 msecs (HTTP/1.1 200) 7 headers in 285 bytes (2 switches on core 0)
Apr 07 12:56:40.504297 dv-cinder-836944-2-smb devstack@c-api.service[109951]: DEBUG cinder.api.middleware.request_id [None req-ed11e126-b61f-424d-9ca4-183a41c64e9a None None] RequestId filter calling following filter/app {{(pid=109951) _context_setter /opt/stack/cinder/cinder/api/middleware/request_id.py:62}}
Apr 07 12:56:40.509721 dv-cinder-836944-2-smb devstack@c-api.service[109951]: INFO cinder.api.openstack.wsgi [None req-ed11e126-b61f-424d-9ca4-183a41c64e9a tempest-VolumesDeleteCascade-1879382841 tempest-VolumesDeleteCascade-1879382841-project] GET http://10.222.0.45/volume/v3/6cb5c1e9c19d41bb83542a2a7823eec2/snapshots/23688f10-94d7-45c2-a798-95bb193e4b1c
Apr 07 12:56:40.510173 dv-cinder-836944-2-smb devstack@c-api.service[109951]: DEBUG cinder.api.openstack.wsgi [None req-ed11e126-b61f-424d-9ca4-183a41c64e9a tempest-VolumesDeleteCascade-1879382841 tempest-VolumesDeleteCascade-1879382841-project] Empty body provided in request {{(pid=109951) get_body /opt/stack/cinder/cinder/api/openstack/wsgi.py:715}}
Apr 07 12:56:40.510666 dv-cinder-836944-2-smb devstack@c-api.service[109951]: DEBUG cinder.api.openstack.wsgi [None req-ed11e126-b61f-424d-9ca4-183a41c64e9a tempest-VolumesDeleteCascade-1879382841 tempest-VolumesDeleteCascade-1879382841-project] Calling method 'show' {{(pid=109951) _process_stack /opt/stack/cinder/cinder/api/openstack/wsgi.py:868}}
Apr 07 12:56:40.520916 dv-cinder-836944-2-smb devstack@c-api.service[109951]: /usr/local/lib/python3.8/dist-packages/oslo_context/context.py:100: DeprecationWarning: Policy enforcement is depending on the value of is_admin. This key is deprecated. Please update your policy file to use the standard policy values.
Apr 07 12:56:40.520916 dv-cinder-836944-2-smb devstack@c-api.service[109951]: warnings.warn('Policy enforcement is depending on the value of '
Apr 07 12:56:40.521113 dv-cinder-836944-2-smb devstack@c-api.service[109950]: INFO cinder.api.openstack.wsgi [None req-57545d6d-63a2-41a9-83e6-14ab12cd9114 tempest-GroupSnapshotsTest-491138477 tempest-GroupSnapshotsTest-491138477-project] http://10.222.0.45/volume/v3/1c99da7277d04971848590c6844f2610/volumes/9313691a-dee2-430c-83a8-5ed08b7164ed returned with HTTP 404
Apr 07 12:56:40.525197 dv-cinder-836944-2-smb devstack@c-api.service[109950]: [pid: 109950|app: 0|req: 183/384] 10.222.0.45 () {60 vars in 1368 bytes} [Thu Apr 7 12:56:40 2022] DELETE /volume/v3/1c99da7277d04971848590c6844f2610/volumes/9313691a-dee2-430c-83a8-5ed08b7164ed => generated 109 bytes in 27 msecs (HTTP/1.1 404) 7 headers in 293 bytes (2 switches on core 0)
Apr 07 12:56:40.525197 dv-cinder-836944-2-smb devstack@c-api.service[109950]: DEBUG cinder.api.middleware.request_id [None req-327cc541-7e12-4298-9548-7b38457a6d4e None None] RequestId filter calling following filter/app {{(pid=109950) _context_setter /opt/stack/cinder/cinder/api/middleware/request_id.py:62}}
Apr 07 12:56:40.525846 dv-cinder-836944-2-smb devstack@c-api.service[109951]: INFO cinder.volume.api [None req-ed11e126-b61f-424d-9ca4-183a41c64e9a tempest-VolumesDeleteCascade-1879382841 tempest-VolumesDeleteCascade-1879382841-project] Snapshot retrieved successfully.
Apr 07 12:56:40.528018 dv-cinder-836944-2-smb devstack@c-api.service[109951]: INFO cinder.api.openstack.wsgi [None req-ed11e126-b61f-424d-9ca4-183a41c64e9a tempest-VolumesDeleteCascade-1879382841 tempest-VolumesDeleteCascade-1879382841-project] http://10.222.0.45/volume/v3/6cb5c1e9c19d41bb83542a2a7823eec2/snapshots/23688f10-94d7-45c2-a798-95bb193e4b1c returned with HTTP 200
Apr 07 12:56:40.529428 dv-cinder-836944-2-smb devstack@c-api.service[109951]: [pid: 109951|app: 0|req: 202/385] 10.222.0.45 () {58 vars in 1330 bytes} [Thu Apr 7 12:56:40 2022] GET /volume/v3/6cb5c1e9c19d41bb83542a2a7823eec2/snapshots/23688f10-94d7-45c2-a798-95bb193e4b1c => generated 532 bytes in 26 msecs (HTTP/1.1 200) 7 headers in 285 bytes (1 switches on core 0)
Apr 07 12:56:40.529879 dv-cinder-836944-2-smb devstack@c-api.service[109950]: INFO cinder.api.openstack.wsgi [None req-327cc541-7e12-4298-9548-7b38457a6d4e tempest-VolumeSnapshotQuotasNegativeTestJSON-350316278 tempest-VolumeSnapshotQuotasNegativeTestJSON-350316278-project-admin] PUT http://10.222.0.45/volume/v3/20d830468a764f7083f5956348dee0e0/os-quota-sets/1f71b6fc7ceb4dd6b9c75967fb2fc5c9
Apr 07 12:56:40.530633 dv-cinder-836944-2-smb devstack@c-api.service[109950]: DEBUG cinder.api.openstack.wsgi [None req-327cc541-7e12-4298-9548-7b38457a6d4e tempest-VolumeSnapshotQuotasNegativeTestJSON-350316278 tempest-VolumeSnapshotQuotasNegativeTestJSON-350316278-project-admin] Action: 'update', calling method: update, body: {"quota_set": {"gigabytes": 3, "volumes": 1, "snapshots": 1}} {{(pid=109950) _process_stack /opt/stack/cinder/cinder/api/openstack/wsgi.py:866}}
Apr 07 12:56:40.531128 dv-cinder-836944-2-smb devstack@c-api.service[109951]: DEBUG cinder.api.middleware.request_id [None req-a1c9fba0-21cb-4544-bdef-b82ca79d552f None None] RequestId filter calling following filter/app {{(pid=109951) _context_setter /opt/stack/cinder/cinder/api/middleware/request_id.py:62}}
Apr 07 12:56:40.534873 dv-cinder-836944-2-smb devstack@c-api.service[109951]: INFO cinder.api.openstack.wsgi [None req-a1c9fba0-21cb-4544-bdef-b82ca79d552f tempest-GroupSnapshotsTest-817185980 tempest-GroupSnapshotsTest-817185980-project-admin] DELETE http://10.222.0.45/volume/v3/82acd9ddb963491fa5f87fb84e78b2c5/types/8c12897d-be2b-4305-b7e8-6046b586ca7a
Apr 07 12:56:40.535503 dv-cinder-836944-2-smb devstack@c-api.service[109951]: DEBUG cinder.api.openstack.wsgi [None req-a1c9fba0-21cb-4544-bdef-b82ca79d552f tempest-GroupSnapshotsTest-817185980 tempest-GroupSnapshotsTest-817185980-project-admin] Empty body provided in request {{(pid=109951) get_body /opt/stack/cinder/cinder/api/openstack/wsgi.py:715}}
Apr 07 12:56:40.535968 dv-cinder-836944-2-smb devstack@c-api.service[109951]: DEBUG cinder.api.openstack.wsgi [None req-a1c9fba0-21cb-4544-bdef-b82ca79d552f tempest-GroupSnapshotsTest-817185980 tempest-GroupSnapshotsTest-817185980-project-admin] Calling method '_delete' {{(pid=109951) _process_stack /opt/stack/cinder/cinder/api/openstack/wsgi.py:868}}
Apr 07 12:56:40.587398 dv-cinder-836944-2-smb devstack@c-api.service[109951]: INFO cinder.api.openstack.wsgi [None req-a1c9fba0-21cb-4544-bdef-b82ca79d552f tempest-GroupSnapshotsTest-817185980 tempest-GroupSnapshotsTest-817185980-project-admin] http://10.222.0.45/volume/v3/82acd9ddb963491fa5f87fb84e78b2c5/types/8c12897d-be2b-4305-b7e8-6046b586ca7a returned with HTTP 202
Apr 07 12:56:40.592233 dv-cinder-836944-2-smb devstack@c-api.service[109951]: [pid: 109951|app: 0|req: 203/386] 10.222.0.45 () {58 vars in 1321 bytes} [Thu Apr 7 12:56:40 2022] DELETE /volume/v3/82acd9ddb963491fa5f87fb84e78b2c5/types/8c12897d-be2b-4305-b7e8-6046b586ca7a => generated 0 bytes in 62 msecs (HTTP/1.1 202) 6 headers in 233 bytes (1 switches on core 0)
Apr 07 12:56:40.594710 dv-cinder-836944-2-smb devstack@c-api.service[109951]: DEBUG cinder.api.middleware.request_id [None req-f4b5dabc-82c5-4df5-9527-ddb9aa506fbd None None] RequestId filter calling following filter/app {{(pid=109951) _context_setter /opt/stack/cinder/cinder/api/middleware/request_id.py:62}}
Apr 07 12:56:40.599839 dv-cinder-836944-2-smb devstack@c-api.service[109951]: INFO cinder.api.openstack.wsgi [None req-f4b5dabc-82c5-4df5-9527-ddb9aa506fbd tempest-VolumesDeleteCascade-1879382841 tempest-VolumesDeleteCascade-1879382841-project] POST http://10.222.0.45/volume/v3/6cb5c1e9c19d41bb83542a2a7823eec2/volumes
Apr 07 12:56:40.600565 dv-cinder-836944-2-smb devstack@c-api.service[109951]: DEBUG cinder.api.openstack.wsgi [None req-f4b5dabc-82c5-4df5-9527-ddb9aa506fbd tempest-VolumesDeleteCascade-1879382841 tempest-VolumesDeleteCascade-1879382841-project] Action: 'create', calling method: create, body: {"volume": {"snapshot_id": "23688f10-94d7-45c2-a798-95bb193e4b1c", "size": 1, "name": "tempest-VolumesDeleteCascade-Volume-581355215"}} {{(pid=109951) _process_stack /opt/stack/cinder/cinder/api/openstack/wsgi.py:866}}
Apr 07 12:56:40.602394 dv-cinder-836944-2-smb devstack@c-api.service[109951]: DEBUG cinder.api.v3.volumes [None req-f4b5dabc-82c5-4df5-9527-ddb9aa506fbd tempest-VolumesDeleteCascade-1879382841 tempest-VolumesDeleteCascade-1879382841-project] Create volume request body: {'volume': {'snapshot_id': '23688f10-94d7-45c2-a798-95bb193e4b1c', 'size': 1, 'name': 'tempest-VolumesDeleteCascade-Volume-581355215'}} {{(pid=109951) create /opt/stack/cinder/cinder/api/v3/volumes.py:298}}
Apr 07 12:56:40.614585 dv-cinder-836944-2-smb devstack@c-api.service[109951]: /usr/local/lib/python3.8/dist-packages/oslo_context/context.py:100: DeprecationWarning: Policy enforcement is depending on the value of is_admin. This key is deprecated. Please update your policy file to use the standard policy values.
Apr 07 12:56:40.614585 dv-cinder-836944-2-smb devstack@c-api.service[109951]: warnings.warn('Policy enforcement is depending on the value of '
Apr 07 12:56:40.616270 dv-cinder-836944-2-smb devstack@c-api.service[109951]: INFO cinder.volume.api [None req-f4b5dabc-82c5-4df5-9527-ddb9aa506fbd tempest-VolumesDeleteCascade-1879382841 tempest-VolumesDeleteCascade-1879382841-project] Snapshot retrieved successfully.
Apr 07 12:56:40.616572 dv-cinder-836944-2-smb devstack@c-api.service[109951]: INFO cinder.api.v3.volumes [None req-f4b5dabc-82c5-4df5-9527-ddb9aa506fbd tempest-VolumesDeleteCascade-1879382841 tempest-VolumesDeleteCascade-1879382841-project] Create volume of 1 GB
Apr 07 12:56:40.623530 dv-cinder-836944-2-smb devstack@c-api.service[109951]: INFO cinder.volume.api [None req-f4b5dabc-82c5-4df5-9527-ddb9aa506fbd tempest-VolumesDeleteCascade-1879382841 tempest-VolumesDeleteCascade-1879382841-project] Availability Zones retrieved successfully.
Apr 07 12:56:40.640584 dv-cinder-836944-2-smb devstack@c-api.service[109951]: DEBUG cinder.volume.api [None req-f4b5dabc-82c5-4df5-9527-ddb9aa506fbd tempest-VolumesDeleteCascade-1879382841 tempest-VolumesDeleteCascade-1879382841-project] Flow 'volume_create_api' (e2978e8d-5083-4f51-bec0-3c5a5e099fd9) transitioned into state 'RUNNING' from state 'PENDING' {{(pid=109951) _flow_receiver /usr/local/lib/python3.8/dist-packages/taskflow/listeners/logging.py:141}}
Apr 07 12:56:40.643304 dv-cinder-836944-2-smb devstack@c-api.service[109951]: DEBUG cinder.volume.api [None req-f4b5dabc-82c5-4df5-9527-ddb9aa506fbd tempest-VolumesDeleteCascade-1879382841 tempest-VolumesDeleteCascade-1879382841-project] Task 'cinder.volume.flows.api.create_volume.ExtractVolumeRequestTask;volume:create' (537b75b4-b6b8-48ad-b75e-4310170552ae) transitioned into state 'RUNNING' from state 'PENDING' {{(pid=109951) _task_receiver /usr/local/lib/python3.8/dist-packages/taskflow/listeners/logging.py:190}}
Apr 07 12:56:40.646194 dv-cinder-836944-2-smb devstack@c-api.service[109951]: DEBUG cinder.volume.flows.api.create_volume [None req-f4b5dabc-82c5-4df5-9527-ddb9aa506fbd tempest-VolumesDeleteCascade-1879382841 tempest-VolumesDeleteCascade-1879382841-project] Validating volume size '1' using validate_int, validate_snap_size {{(pid=109951) _extract_size /opt/stack/cinder/cinder/volume/flows/api/create_volume.py:225}}
Apr 07 12:56:40.688676 dv-cinder-836944-2-smb devstack@c-api.service[109950]: WARNING cinder.quota [None req-327cc541-7e12-4298-9548-7b38457a6d4e tempest-VolumeSnapshotQuotasNegativeTestJSON-350316278 tempest-VolumeSnapshotQuotasNegativeTestJSON-350316278-project-admin] Deprecated: Default quota for resource: backups is set by the default quota flag: quota_backups, it is now deprecated. Please use the default quota class for default quota.
Apr 07 12:56:40.689729 dv-cinder-836944-2-smb devstack@c-api.service[109950]: WARNING cinder.quota [None req-327cc541-7e12-4298-9548-7b38457a6d4e tempest-VolumeSnapshotQuotasNegativeTestJSON-350316278 tempest-VolumeSnapshotQuotasNegativeTestJSON-350316278-project-admin] Deprecated: Default quota for resource: backup_gigabytes is set by the default quota flag: quota_backup_gigabytes, it is now deprecated. Please use the default quota class for default quota.
Apr 07 12:56:40.692141 dv-cinder-836944-2-smb devstack@c-api.service[109950]: WARNING cinder.quota [None req-327cc541-7e12-4298-9548-7b38457a6d4e tempest-VolumeSnapshotQuotasNegativeTestJSON-350316278 tempest-VolumeSnapshotQuotasNegativeTestJSON-350316278-project-admin] Deprecated: Default quota for resource: snapshots_tempest-GroupSnapshotsTest-volume-type-842312446 is set by the default quota flag: quota_snapshots_tempest-GroupSnapshotsTest-volume-type-842312446, it is now deprecated. Please use the default quota class for default quota.
Apr 07 12:56:40.692972 dv-cinder-836944-2-smb devstack@c-api.service[109950]: WARNING cinder.quota [None req-327cc541-7e12-4298-9548-7b38457a6d4e tempest-VolumeSnapshotQuotasNegativeTestJSON-350316278 tempest-VolumeSnapshotQuotasNegativeTestJSON-350316278-project-admin] Deprecated: Default quota for resource: volumes_lvmdriver-1 is set by the default quota flag: quota_volumes_lvmdriver-1, it is now deprecated. Please use the default quota class for default quota.
Apr 07 12:56:40.694542 dv-cinder-836944-2-smb devstack@c-api.service[109951]: DEBUG cinder.volume.api [None req-f4b5dabc-82c5-4df5-9527-ddb9aa506fbd tempest-VolumesDeleteCascade-1879382841 tempest-VolumesDeleteCascade-1879382841-project] Task 'cinder.volume.flows.api.create_volume.ExtractVolumeRequestTask;volume:create' (537b75b4-b6b8-48ad-b75e-4310170552ae) transitioned into state 'SUCCESS' from state 'RUNNING' with result '{'size': 1, 'snapshot_id': '23688f10-94d7-45c2-a798-95bb193e4b1c', 'source_volid': None, 'volume_type': VolumeType(created_at=2022-04-07T12:45:21Z,deleted=False,deleted_at=None,description='Default Volume Type',extra_specs={},id=63cdd844-1ffd-4c7f-a8e3-0e9823b8e454,is_public=True,name='__DEFAULT__',projects=[],qos_specs=,qos_specs_id=None,updated_at=2022-04-07T12:45:21Z), 'volume_type_id': '63cdd844-1ffd-4c7f-a8e3-0e9823b8e454', 'encryption_key_id': None, 'qos_specs': None, 'consistencygroup_id': None, 'cgsnapshot_id': None, 'group_id': None, 'replication_status': 'disabled', 'refresh_az': False, 'backup_id': None, 'multiattach': False, 'availability_zones': ['nova']}' {{(pid=109951) _task_receiver /usr/local/lib/python3.8/dist-packages/taskflow/listeners/logging.py:178}}
Apr 07 12:56:40.697482 dv-cinder-836944-2-smb devstack@c-api.service[109951]: DEBUG cinder.volume.api [None req-f4b5dabc-82c5-4df5-9527-ddb9aa506fbd tempest-VolumesDeleteCascade-1879382841 tempest-VolumesDeleteCascade-1879382841-project] Task 'cinder.volume.flows.api.create_volume.QuotaReserveTask;volume:create' (f5edc872-916e-44f0-afdd-6d8597b375d6) transitioned into state 'RUNNING' from state 'PENDING' {{(pid=109951) _task_receiver /usr/local/lib/python3.8/dist-packages/taskflow/listeners/logging.py:190}}
Apr 07 12:56:40.707208 dv-cinder-836944-2-smb devstack@c-api.service[109950]: WARNING cinder.quota [None req-327cc541-7e12-4298-9548-7b38457a6d4e tempest-VolumeSnapshotQuotasNegativeTestJSON-350316278 tempest-VolumeSnapshotQuotasNegativeTestJSON-350316278-project-admin] Deprecated: Default quota for resource: gigabytes_lvmdriver-1 is set by the default quota flag: quota_gigabytes_lvmdriver-1, it is now deprecated. Please use the default quota class for default quota.
Apr 07 12:56:40.708072 dv-cinder-836944-2-smb devstack@c-api.service[109950]: WARNING cinder.quota [None req-327cc541-7e12-4298-9548-7b38457a6d4e tempest-VolumeSnapshotQuotasNegativeTestJSON-350316278 tempest-VolumeSnapshotQuotasNegativeTestJSON-350316278-project-admin] Deprecated: Default quota for resource: snapshots_lvmdriver-1 is set by the default quota flag: quota_snapshots_lvmdriver-1, it is now deprecated. Please use the default quota class for default quota.
Apr 07 12:56:40.728316 dv-cinder-836944-2-smb devstack@c-api.service[109950]: INFO cinder.api.openstack.wsgi [None req-327cc541-7e12-4298-9548-7b38457a6d4e tempest-VolumeSnapshotQuotasNegativeTestJSON-350316278 tempest-VolumeSnapshotQuotasNegativeTestJSON-350316278-project-admin] http://10.222.0.45/volume/v3/20d830468a764f7083f5956348dee0e0/os-quota-sets/1f71b6fc7ceb4dd6b9c75967fb2fc5c9 returned with HTTP 200
Apr 07 12:56:40.737539 dv-cinder-836944-2-smb devstack@c-api.service[109950]: [pid: 109950|app: 0|req: 184/387] 10.222.0.45 () {60 vars in 1350 bytes} [Thu Apr 7 12:56:40 2022] PUT /volume/v3/20d830468a764f7083f5956348dee0e0/os-quota-sets/1f71b6fc7ceb4dd6b9c75967fb2fc5c9 => generated 510 bytes in 214 msecs (HTTP/1.1 200) 7 headers in 285 bytes (1 switches on core 0)
Apr 07 12:56:40.739555 dv-cinder-836944-2-smb devstack@c-api.service[109950]: DEBUG cinder.api.middleware.request_id [None req-8e7484ec-b955-47bd-b23b-2fb0a52ff21c None None] RequestId filter calling following filter/app {{(pid=109950) _context_setter /opt/stack/cinder/cinder/api/middleware/request_id.py:62}}
Apr 07 12:56:40.755476 dv-cinder-836944-2-smb devstack@c-api.service[109950]: INFO cinder.api.openstack.wsgi [None req-8e7484ec-b955-47bd-b23b-2fb0a52ff21c tempest-GroupSnapshotsTest-817185980 tempest-GroupSnapshotsTest-817185980-project-admin] GET http://10.222.0.45/volume/v3/82acd9ddb963491fa5f87fb84e78b2c5/types/8c12897d-be2b-4305-b7e8-6046b586ca7a
Apr 07 12:56:40.755956 dv-cinder-836944-2-smb devstack@c-api.service[109950]: DEBUG cinder.api.openstack.wsgi [None req-8e7484ec-b955-47bd-b23b-2fb0a52ff21c tempest-GroupSnapshotsTest-817185980 tempest-GroupSnapshotsTest-817185980-project-admin] Empty body provided in request {{(pid=109950) get_body /opt/stack/cinder/cinder/api/openstack/wsgi.py:715}}
Apr 07 12:56:40.757722 dv-cinder-836944-2-smb devstack@c-api.service[109950]: DEBUG cinder.api.openstack.wsgi [None req-8e7484ec-b955-47bd-b23b-2fb0a52ff21c tempest-GroupSnapshotsTest-817185980 tempest-GroupSnapshotsTest-817185980-project-admin] Calling method 'show' {{(pid=109950) _process_stack /opt/stack/cinder/cinder/api/openstack/wsgi.py:868}}
Apr 07 12:56:40.765157 dv-cinder-836944-2-smb devstack@c-api.service[109951]: DEBUG cinder.quota [None req-f4b5dabc-82c5-4df5-9527-ddb9aa506fbd tempest-VolumesDeleteCascade-1879382841 tempest-VolumesDeleteCascade-1879382841-project] Created reservations ['1d60ff55-aade-4722-b2e9-d1a926e5bc28', '15e77121-d1f1-451a-a088-66793ea9b507', 'c10a6356-0397-475d-9097-3583a36d0927', '4f9bb76c-1fa2-4c01-adcd-54b0ab853f26'] {{(pid=109951) reserve /opt/stack/cinder/cinder/quota.py:755}}
Apr 07 12:56:40.767608 dv-cinder-836944-2-smb devstack@c-api.service[109951]: DEBUG cinder.volume.api [None req-f4b5dabc-82c5-4df5-9527-ddb9aa506fbd tempest-VolumesDeleteCascade-1879382841 tempest-VolumesDeleteCascade-1879382841-project] Task 'cinder.volume.flows.api.create_volume.QuotaReserveTask;volume:create' (f5edc872-916e-44f0-afdd-6d8597b375d6) transitioned into state 'SUCCESS' from state 'RUNNING' with result '{'reservations': ['1d60ff55-aade-4722-b2e9-d1a926e5bc28', '15e77121-d1f1-451a-a088-66793ea9b507', 'c10a6356-0397-475d-9097-3583a36d0927', '4f9bb76c-1fa2-4c01-adcd-54b0ab853f26']}' {{(pid=109951) _task_receiver /usr/local/lib/python3.8/dist-packages/taskflow/listeners/logging.py:178}}
Apr 07 12:56:40.770064 dv-cinder-836944-2-smb devstack@c-api.service[109950]: INFO cinder.api.openstack.wsgi [None req-8e7484ec-b955-47bd-b23b-2fb0a52ff21c tempest-GroupSnapshotsTest-817185980 tempest-GroupSnapshotsTest-817185980-project-admin] http://10.222.0.45/volume/v3/82acd9ddb963491fa5f87fb84e78b2c5/types/8c12897d-be2b-4305-b7e8-6046b586ca7a returned with HTTP 404
Apr 07 12:56:40.770641 dv-cinder-836944-2-smb devstack@c-api.service[109951]: DEBUG cinder.volume.api [None req-f4b5dabc-82c5-4df5-9527-ddb9aa506fbd tempest-VolumesDeleteCascade-1879382841 tempest-VolumesDeleteCascade-1879382841-project] Task 'cinder.volume.flows.api.create_volume.EntryCreateTask;volume:create' (af49c675-33f8-4c15-be75-d2598c73c531) transitioned into state 'RUNNING' from state 'PENDING' {{(pid=109951) _task_receiver /usr/local/lib/python3.8/dist-packages/taskflow/listeners/logging.py:190}}
Apr 07 12:56:40.771116 dv-cinder-836944-2-smb devstack@c-api.service[109950]: [pid: 109950|app: 0|req: 185/388] 10.222.0.45 () {58 vars in 1318 bytes} [Thu Apr 7 12:56:40 2022] GET /volume/v3/82acd9ddb963491fa5f87fb84e78b2c5/types/8c12897d-be2b-4305-b7e8-6046b586ca7a => generated 114 bytes in 33 msecs (HTTP/1.1 404) 7 headers in 292 bytes (1 switches on core 0)
Apr 07 12:56:40.776904 dv-cinder-836944-2-smb devstack@c-api.service[109950]: DEBUG cinder.api.middleware.request_id [None req-e71cbabe-8053-4893-9fbd-0009201686b4 None None] RequestId filter calling following filter/app {{(pid=109950) _context_setter /opt/stack/cinder/cinder/api/middleware/request_id.py:62}}
Apr 07 12:56:40.864943 dv-cinder-836944-2-smb devstack@c-api.service[109951]: DEBUG cinder.volume.api [None req-f4b5dabc-82c5-4df5-9527-ddb9aa506fbd tempest-VolumesDeleteCascade-1879382841 tempest-VolumesDeleteCascade-1879382841-project] Task 'cinder.volume.flows.api.create_volume.EntryCreateTask;volume:create' (af49c675-33f8-4c15-be75-d2598c73c531) transitioned into state 'SUCCESS' from state 'RUNNING' with result '{'volume_id': '418d4a52-8766-4316-a3af-707684feef2b', 'volume_properties': VolumeProperties(attach_status='detached',availability_zone='nova',cgsnapshot_id=None,consistencygroup_id=None,display_description=None,display_name='tempest-VolumesDeleteCascade-Volume-581355215',encryption_key_id=None,group_id=None,group_type_id=,metadata={},multiattach=False,project_id='6cb5c1e9c19d41bb83542a2a7823eec2',qos_specs=None,replication_status=,reservations=['1d60ff55-aade-4722-b2e9-d1a926e5bc28','15e77121-d1f1-451a-a088-66793ea9b507','c10a6356-0397-475d-9097-3583a36d0927','4f9bb76c-1fa2-4c01-adcd-54b0ab853f26'],size=1,snapshot_id=23688f10-94d7-45c2-a798-95bb193e4b1c,source_replicaid=,source_volid=None,status='creating',user_id='f314a8a15a2d42e98f3da136de8932fc',volume_type_id=63cdd844-1ffd-4c7f-a8e3-0e9823b8e454), 'volume': Volume(_name_id=None,admin_metadata=,attach_status='detached',availability_zone='nova',bootable=False,cluster=,cluster_name=None,consistencygroup=,consistencygroup_id=None,created_at=2022-04-07T12:56:40Z,deleted=False,deleted_at=None,display_description=None,display_name='tempest-VolumesDeleteCascade-Volume-581355215',ec2_id=None,encryption_key_id=None,glance_metadata=,group=,group_id=None,host=None,id=418d4a52-8766-4316-a3af-707684feef2b,launched_at=None,metadata={},migration_status=None,multiattach=False,previous_status=None,project_id='6cb5c1e9c19d41bb83542a2a7823eec2',provider_auth=None,provider_geometry=None,provider_id=None,provider_location=None,replication_driver_data=None,replication_extended_status=None,replication_status=None,scheduled_at=None,service_uuid=None,shared_targets=True,size=1,snapshot_id=23688f10-94d7-45c2-a798-95bb193e4b1c,snapshots=,source_volid=None,status='creating',terminated_at=None,updated_at=None,use_quota=True,user_id='f314a8a15a2d42e98f3da136de8932fc',volume_attachment=VolumeAttachmentList,volume_type=VolumeType(63cdd844-1ffd-4c7f-a8e3-0e9823b8e454),volume_type_id=63cdd844-1ffd-4c7f-a8e3-0e9823b8e454)}' {{(pid=109951) _task_receiver /usr/local/lib/python3.8/dist-packages/taskflow/listeners/logging.py:178}}
Apr 07 12:56:40.867010 dv-cinder-836944-2-smb devstack@c-api.service[109951]: DEBUG cinder.volume.api [None req-f4b5dabc-82c5-4df5-9527-ddb9aa506fbd tempest-VolumesDeleteCascade-1879382841 tempest-VolumesDeleteCascade-1879382841-project] Task 'cinder.volume.flows.api.create_volume.QuotaCommitTask;volume:create' (617a615a-08b2-43e0-845c-e8d7215f6b38) transitioned into state 'RUNNING' from state 'PENDING' {{(pid=109951) _task_receiver /usr/local/lib/python3.8/dist-packages/taskflow/listeners/logging.py:190}}
Apr 07 12:56:40.902975 dv-cinder-836944-2-smb devstack@c-api.service[109951]: DEBUG cinder.volume.api [None req-f4b5dabc-82c5-4df5-9527-ddb9aa506fbd tempest-VolumesDeleteCascade-1879382841 tempest-VolumesDeleteCascade-1879382841-project] Task 'cinder.volume.flows.api.create_volume.QuotaCommitTask;volume:create' (617a615a-08b2-43e0-845c-e8d7215f6b38) transitioned into state 'SUCCESS' from state 'RUNNING' with result '{'volume_properties': VolumeProperties(attach_status='detached',availability_zone='nova',cgsnapshot_id=None,consistencygroup_id=None,display_description=None,display_name='tempest-VolumesDeleteCascade-Volume-581355215',encryption_key_id=None,group_id=None,group_type_id=,metadata={},multiattach=False,project_id='6cb5c1e9c19d41bb83542a2a7823eec2',qos_specs=None,replication_status=,reservations=['1d60ff55-aade-4722-b2e9-d1a926e5bc28','15e77121-d1f1-451a-a088-66793ea9b507','c10a6356-0397-475d-9097-3583a36d0927','4f9bb76c-1fa2-4c01-adcd-54b0ab853f26'],size=1,snapshot_id=23688f10-94d7-45c2-a798-95bb193e4b1c,source_replicaid=,source_volid=None,status='creating',user_id='f314a8a15a2d42e98f3da136de8932fc',volume_type_id=63cdd844-1ffd-4c7f-a8e3-0e9823b8e454)}' {{(pid=109951) _task_receiver /usr/local/lib/python3.8/dist-packages/taskflow/listeners/logging.py:178}}
Apr 07 12:56:40.905182 dv-cinder-836944-2-smb devstack@c-api.service[109951]: DEBUG cinder.volume.api [None req-f4b5dabc-82c5-4df5-9527-ddb9aa506fbd tempest-VolumesDeleteCascade-1879382841 tempest-VolumesDeleteCascade-1879382841-project] Task 'cinder.volume.flows.api.create_volume.VolumeCastTask;volume:create' (f0f3be9d-8a87-45a2-9c91-81278f35285a) transitioned into state 'RUNNING' from state 'PENDING' {{(pid=109951) _task_receiver /usr/local/lib/python3.8/dist-packages/taskflow/listeners/logging.py:190}}
Apr 07 12:56:40.986275 dv-cinder-836944-2-smb devstack@c-api.service[109950]: INFO cinder.api.openstack.wsgi [None req-e71cbabe-8053-4893-9fbd-0009201686b4 tempest-VolumeSnapshotQuotasNegativeTestJSON-309937738 tempest-VolumeSnapshotQuotasNegativeTestJSON-309937738-project] POST http://10.222.0.45/volume/v3/1f71b6fc7ceb4dd6b9c75967fb2fc5c9/volumes
Apr 07 12:56:40.986787 dv-cinder-836944-2-smb devstack@c-api.service[109950]: DEBUG cinder.api.openstack.wsgi [None req-e71cbabe-8053-4893-9fbd-0009201686b4 tempest-VolumeSnapshotQuotasNegativeTestJSON-309937738 tempest-VolumeSnapshotQuotasNegativeTestJSON-309937738-project] Action: 'create', calling method: create, body: {"volume": {"size": 1, "name": "tempest-VolumeSnapshotQuotasNegativeTestJSON-Volume-74744966"}} {{(pid=109950) _process_stack /opt/stack/cinder/cinder/api/openstack/wsgi.py:866}}
Apr 07 12:56:40.988899 dv-cinder-836944-2-smb devstack@c-api.service[109950]: DEBUG cinder.api.v3.volumes [None req-e71cbabe-8053-4893-9fbd-0009201686b4 tempest-VolumeSnapshotQuotasNegativeTestJSON-309937738 tempest-VolumeSnapshotQuotasNegativeTestJSON-309937738-project] Create volume request body: {'volume': {'size': 1, 'name': 'tempest-VolumeSnapshotQuotasNegativeTestJSON-Volume-74744966'}} {{(pid=109950) create /opt/stack/cinder/cinder/api/v3/volumes.py:298}}
Apr 07 12:56:40.988899 dv-cinder-836944-2-smb devstack@c-api.service[109950]: INFO cinder.api.v3.volumes [None req-e71cbabe-8053-4893-9fbd-0009201686b4 tempest-VolumeSnapshotQuotasNegativeTestJSON-309937738 tempest-VolumeSnapshotQuotasNegativeTestJSON-309937738-project] Create volume of 1 GB
Apr 07 12:56:40.997561 dv-cinder-836944-2-smb devstack@c-api.service[109951]: DEBUG cinder.volume.api [None req-f4b5dabc-82c5-4df5-9527-ddb9aa506fbd tempest-VolumesDeleteCascade-1879382841 tempest-VolumesDeleteCascade-1879382841-project] Task 'cinder.volume.flows.api.create_volume.VolumeCastTask;volume:create' (f0f3be9d-8a87-45a2-9c91-81278f35285a) transitioned into state 'SUCCESS' from state 'RUNNING' with result 'None' {{(pid=109951) _task_receiver /usr/local/lib/python3.8/dist-packages/taskflow/listeners/logging.py:178}}
Apr 07 12:56:40.999413 dv-cinder-836944-2-smb devstack@c-api.service[109950]: INFO cinder.volume.api [None req-e71cbabe-8053-4893-9fbd-0009201686b4 tempest-VolumeSnapshotQuotasNegativeTestJSON-309937738 tempest-VolumeSnapshotQuotasNegativeTestJSON-309937738-project] Availability Zones retrieved successfully.
Apr 07 12:56:41.016534 dv-cinder-836944-2-smb devstack@c-api.service[109951]: DEBUG cinder.volume.api [None req-f4b5dabc-82c5-4df5-9527-ddb9aa506fbd tempest-VolumesDeleteCascade-1879382841 tempest-VolumesDeleteCascade-1879382841-project] Flow 'volume_create_api' (e2978e8d-5083-4f51-bec0-3c5a5e099fd9) transitioned into state 'SUCCESS' from state 'RUNNING' {{(pid=109951) _flow_receiver /usr/local/lib/python3.8/dist-packages/taskflow/listeners/logging.py:141}}
Apr 07 12:56:41.017433 dv-cinder-836944-2-smb devstack@c-api.service[109951]: INFO cinder.volume.api [None req-f4b5dabc-82c5-4df5-9527-ddb9aa506fbd tempest-VolumesDeleteCascade-1879382841 tempest-VolumesDeleteCascade-1879382841-project] Create volume request issued successfully.
Apr 07 12:56:41.018734 dv-cinder-836944-2-smb devstack@c-api.service[109951]: INFO cinder.api.openstack.wsgi [None req-f4b5dabc-82c5-4df5-9527-ddb9aa506fbd tempest-VolumesDeleteCascade-1879382841 tempest-VolumesDeleteCascade-1879382841-project] http://10.222.0.45/volume/v3/6cb5c1e9c19d41bb83542a2a7823eec2/volumes returned with HTTP 202
Apr 07 12:56:41.019673 dv-cinder-836944-2-smb devstack@c-api.service[109951]: [pid: 109951|app: 0|req: 204/389] 10.222.0.45 () {60 vars in 1235 bytes} [Thu Apr 7 12:56:40 2022] POST /volume/v3/6cb5c1e9c19d41bb83542a2a7823eec2/volumes => generated 853 bytes in 427 msecs (HTTP/1.1 202) 7 headers in 291 bytes (1 switches on core 0)
Apr 07 12:56:41.020958 dv-cinder-836944-2-smb devstack@c-api.service[109951]: DEBUG cinder.api.middleware.request_id [None req-0c44fd2c-1044-439b-8b11-540c129663cd None None] RequestId filter calling following filter/app {{(pid=109951) _context_setter /opt/stack/cinder/cinder/api/middleware/request_id.py:62}}
Apr 07 12:56:41.028664 dv-cinder-836944-2-smb devstack@c-api.service[109950]: DEBUG cinder.volume.api [None req-e71cbabe-8053-4893-9fbd-0009201686b4 tempest-VolumeSnapshotQuotasNegativeTestJSON-309937738 tempest-VolumeSnapshotQuotasNegativeTestJSON-309937738-project] Flow 'volume_create_api' (31ccbe89-0c1e-4dee-9feb-f4637b412406) transitioned into state 'RUNNING' from state 'PENDING' {{(pid=109950) _flow_receiver /usr/local/lib/python3.8/dist-packages/taskflow/listeners/logging.py:141}}
Apr 07 12:56:41.029824 dv-cinder-836944-2-smb devstack@c-api.service[109951]: INFO cinder.api.openstack.wsgi [None req-0c44fd2c-1044-439b-8b11-540c129663cd tempest-GroupSnapshotsTest-491138477 tempest-GroupSnapshotsTest-491138477-project] DELETE http://10.222.0.45/volume/v3/1c99da7277d04971848590c6844f2610/volumes/e06df6af-b9f9-4ea8-b3ef-e49bdef2a036
Apr 07 12:56:41.030608 dv-cinder-836944-2-smb devstack@c-api.service[109951]: DEBUG cinder.api.openstack.wsgi [None req-0c44fd2c-1044-439b-8b11-540c129663cd tempest-GroupSnapshotsTest-491138477 tempest-GroupSnapshotsTest-491138477-project] Empty body provided in request {{(pid=109951) get_body /opt/stack/cinder/cinder/api/openstack/wsgi.py:715}}
Apr 07 12:56:41.031077 dv-cinder-836944-2-smb devstack@c-api.service[109951]: DEBUG cinder.api.openstack.wsgi [None req-0c44fd2c-1044-439b-8b11-540c129663cd tempest-GroupSnapshotsTest-491138477 tempest-GroupSnapshotsTest-491138477-project] Calling method 'delete' {{(pid=109951) _process_stack /opt/stack/cinder/cinder/api/openstack/wsgi.py:868}}
Apr 07 12:56:41.031728 dv-cinder-836944-2-smb devstack@c-api.service[109951]: INFO cinder.api.v3.volumes [None req-0c44fd2c-1044-439b-8b11-540c129663cd tempest-GroupSnapshotsTest-491138477 tempest-GroupSnapshotsTest-491138477-project] Delete volume with id: e06df6af-b9f9-4ea8-b3ef-e49bdef2a036
Apr 07 12:56:41.041965 dv-cinder-836944-2-smb devstack@c-api.service[109950]: DEBUG cinder.volume.api [None req-e71cbabe-8053-4893-9fbd-0009201686b4 tempest-VolumeSnapshotQuotasNegativeTestJSON-309937738 tempest-VolumeSnapshotQuotasNegativeTestJSON-309937738-project] Task 'cinder.volume.flows.api.create_volume.ExtractVolumeRequestTask;volume:create' (9f702bf2-7809-4f30-8707-61088322fece) transitioned into state 'RUNNING' from state 'PENDING' {{(pid=109950) _task_receiver /usr/local/lib/python3.8/dist-packages/taskflow/listeners/logging.py:190}}
Apr 07 12:56:41.045733 dv-cinder-836944-2-smb devstack@c-api.service[109950]: DEBUG cinder.volume.flows.api.create_volume [None req-e71cbabe-8053-4893-9fbd-0009201686b4 tempest-VolumeSnapshotQuotasNegativeTestJSON-309937738 tempest-VolumeSnapshotQuotasNegativeTestJSON-309937738-project] Validating volume size '1' using validate_int {{(pid=109950) _extract_size /opt/stack/cinder/cinder/volume/flows/api/create_volume.py:225}}
Apr 07 12:56:41.071678 dv-cinder-836944-2-smb devstack@c-api.service[109951]: INFO cinder.api.openstack.wsgi [None req-0c44fd2c-1044-439b-8b11-540c129663cd tempest-GroupSnapshotsTest-491138477 tempest-GroupSnapshotsTest-491138477-project] http://10.222.0.45/volume/v3/1c99da7277d04971848590c6844f2610/volumes/e06df6af-b9f9-4ea8-b3ef-e49bdef2a036 returned with HTTP 404
Apr 07 12:56:41.076459 dv-cinder-836944-2-smb devstack@c-api.service[109951]: [pid: 109951|app: 0|req: 205/390] 10.222.0.45 () {60 vars in 1368 bytes} [Thu Apr 7 12:56:41 2022] DELETE /volume/v3/1c99da7277d04971848590c6844f2610/volumes/e06df6af-b9f9-4ea8-b3ef-e49bdef2a036 => generated 109 bytes in 56 msecs (HTTP/1.1 404) 7 headers in 293 bytes (1 switches on core 0)
Apr 07 12:56:41.077825 dv-cinder-836944-2-smb devstack@c-api.service[109951]: DEBUG cinder.api.middleware.request_id [None req-119b1793-7151-4bc8-a964-fcc5383b2138 None None] RequestId filter calling following filter/app {{(pid=109951) _context_setter /opt/stack/cinder/cinder/api/middleware/request_id.py:62}}
Apr 07 12:56:41.086638 dv-cinder-836944-2-smb devstack@c-api.service[109951]: INFO cinder.api.openstack.wsgi [None req-119b1793-7151-4bc8-a964-fcc5383b2138 tempest-VolumesListAdminTestJSON-54138095 tempest-VolumesListAdminTestJSON-54138095-project-admin] GET http://10.222.0.45/volume/v3/304dbd06503d42d89050009d5e528f49/volumes/0432e9c5-50c0-4305-9d84-4b346d135f70
Apr 07 12:56:41.087278 dv-cinder-836944-2-smb devstack@c-api.service[109951]: DEBUG cinder.api.openstack.wsgi [None req-119b1793-7151-4bc8-a964-fcc5383b2138 tempest-VolumesListAdminTestJSON-54138095 tempest-VolumesListAdminTestJSON-54138095-project-admin] Empty body provided in request {{(pid=109951) get_body /opt/stack/cinder/cinder/api/openstack/wsgi.py:715}}
Apr 07 12:56:41.087736 dv-cinder-836944-2-smb devstack@c-api.service[109951]: DEBUG cinder.api.openstack.wsgi [None req-119b1793-7151-4bc8-a964-fcc5383b2138 tempest-VolumesListAdminTestJSON-54138095 tempest-VolumesListAdminTestJSON-54138095-project-admin] Calling method 'show' {{(pid=109951) _process_stack /opt/stack/cinder/cinder/api/openstack/wsgi.py:868}}
Apr 07 12:56:41.099315 dv-cinder-836944-2-smb devstack@c-api.service[109950]: DEBUG cinder.volume.api [None req-e71cbabe-8053-4893-9fbd-0009201686b4 tempest-VolumeSnapshotQuotasNegativeTestJSON-309937738 tempest-VolumeSnapshotQuotasNegativeTestJSON-309937738-project] Task 'cinder.volume.flows.api.create_volume.ExtractVolumeRequestTask;volume:create' (9f702bf2-7809-4f30-8707-61088322fece) transitioned into state 'SUCCESS' from state 'RUNNING' with result '{'size': 1, 'snapshot_id': None, 'source_volid': None, 'volume_type': VolumeType(created_at=2022-04-07T12:45:21Z,deleted=False,deleted_at=None,description='Default Volume Type',extra_specs={},id=63cdd844-1ffd-4c7f-a8e3-0e9823b8e454,is_public=True,name='__DEFAULT__',projects=[],qos_specs=,qos_specs_id=None,updated_at=2022-04-07T12:45:21Z), 'volume_type_id': '63cdd844-1ffd-4c7f-a8e3-0e9823b8e454', 'encryption_key_id': None, 'qos_specs': None, 'consistencygroup_id': None, 'cgsnapshot_id': None, 'group_id': None, 'replication_status': 'disabled', 'refresh_az': False, 'backup_id': None, 'multiattach': False, 'availability_zones': ['nova']}' {{(pid=109950) _task_receiver /usr/local/lib/python3.8/dist-packages/taskflow/listeners/logging.py:178}}
Apr 07 12:56:41.101356 dv-cinder-836944-2-smb devstack@c-api.service[109950]: DEBUG cinder.volume.api [None req-e71cbabe-8053-4893-9fbd-0009201686b4 tempest-VolumeSnapshotQuotasNegativeTestJSON-309937738 tempest-VolumeSnapshotQuotasNegativeTestJSON-309937738-project] Task 'cinder.volume.flows.api.create_volume.QuotaReserveTask;volume:create' (d7dbd9da-bb84-44cb-830d-593bb5683af7) transitioned into state 'RUNNING' from state 'PENDING' {{(pid=109950) _task_receiver /usr/local/lib/python3.8/dist-packages/taskflow/listeners/logging.py:190}}
Apr 07 12:56:41.146129 dv-cinder-836944-2-smb devstack@c-api.service[109951]: /usr/local/lib/python3.8/dist-packages/oslo_context/context.py:100: DeprecationWarning: Policy enforcement is depending on the value of is_admin. This key is deprecated. Please update your policy file to use the standard policy values.
Apr 07 12:56:41.146129 dv-cinder-836944-2-smb devstack@c-api.service[109951]: warnings.warn('Policy enforcement is depending on the value of '
Apr 07 12:56:41.194458 dv-cinder-836944-2-smb devstack@c-api.service[109951]: INFO cinder.volume.api [None req-119b1793-7151-4bc8-a964-fcc5383b2138 tempest-VolumesListAdminTestJSON-54138095 tempest-VolumesListAdminTestJSON-54138095-project-admin] Volume info retrieved successfully.
Apr 07 12:56:41.227171 dv-cinder-836944-2-smb devstack@c-api.service[109950]: DEBUG cinder.quota [None req-e71cbabe-8053-4893-9fbd-0009201686b4 tempest-VolumeSnapshotQuotasNegativeTestJSON-309937738 tempest-VolumeSnapshotQuotasNegativeTestJSON-309937738-project] Created reservations ['3164269c-6ec0-4fa7-b27d-b943eecd6d7c', '717b3c8e-5677-49e2-b6e2-0c67c6f8db92', '9c300b70-2cca-4685-8ec8-8a98a58ecf03', '6e7ea6ad-97cd-4799-87ca-7fe2507d5eaa'] {{(pid=109950) reserve /opt/stack/cinder/cinder/quota.py:755}}
Apr 07 12:56:41.229375 dv-cinder-836944-2-smb devstack@c-api.service[109950]: DEBUG cinder.volume.api [None req-e71cbabe-8053-4893-9fbd-0009201686b4 tempest-VolumeSnapshotQuotasNegativeTestJSON-309937738 tempest-VolumeSnapshotQuotasNegativeTestJSON-309937738-project] Task 'cinder.volume.flows.api.create_volume.QuotaReserveTask;volume:create' (d7dbd9da-bb84-44cb-830d-593bb5683af7) transitioned into state 'SUCCESS' from state 'RUNNING' with result '{'reservations': ['3164269c-6ec0-4fa7-b27d-b943eecd6d7c', '717b3c8e-5677-49e2-b6e2-0c67c6f8db92', '9c300b70-2cca-4685-8ec8-8a98a58ecf03', '6e7ea6ad-97cd-4799-87ca-7fe2507d5eaa']}' {{(pid=109950) _task_receiver /usr/local/lib/python3.8/dist-packages/taskflow/listeners/logging.py:178}}
Apr 07 12:56:41.229513 dv-cinder-836944-2-smb devstack@c-api.service[109951]: INFO cinder.api.openstack.wsgi [None req-119b1793-7151-4bc8-a964-fcc5383b2138 tempest-VolumesListAdminTestJSON-54138095 tempest-VolumesListAdminTestJSON-54138095-project-admin] http://10.222.0.45/volume/v3/304dbd06503d42d89050009d5e528f49/volumes/0432e9c5-50c0-4305-9d84-4b346d135f70 returned with HTTP 200
Apr 07 12:56:41.237687 dv-cinder-836944-2-smb devstack@c-api.service[109951]: [pid: 109951|app: 0|req: 206/391] 10.222.0.45 () {58 vars in 1324 bytes} [Thu Apr 7 12:56:41 2022] GET /volume/v3/304dbd06503d42d89050009d5e528f49/volumes/0432e9c5-50c0-4305-9d84-4b346d135f70 => generated 1035 bytes in 161 msecs (HTTP/1.1 200) 7 headers in 286 bytes (1 switches on core 0)
Apr 07 12:56:41.239226 dv-cinder-836944-2-smb devstack@c-api.service[109951]: DEBUG cinder.api.middleware.request_id [None req-62e9767f-e0f0-4b7e-b1d7-c4d829a766b8 None None] RequestId filter calling following filter/app {{(pid=109951) _context_setter /opt/stack/cinder/cinder/api/middleware/request_id.py:62}}
Apr 07 12:56:41.245348 dv-cinder-836944-2-smb devstack@c-api.service[109950]: DEBUG cinder.volume.api [None req-e71cbabe-8053-4893-9fbd-0009201686b4 tempest-VolumeSnapshotQuotasNegativeTestJSON-309937738 tempest-VolumeSnapshotQuotasNegativeTestJSON-309937738-project] Task 'cinder.volume.flows.api.create_volume.EntryCreateTask;volume:create' (12b9f818-808a-4467-a9a0-62390b27fb28) transitioned into state 'RUNNING' from state 'PENDING' {{(pid=109950) _task_receiver /usr/local/lib/python3.8/dist-packages/taskflow/listeners/logging.py:190}}
Apr 07 12:56:41.247925 dv-cinder-836944-2-smb devstack@c-api.service[109951]: INFO cinder.api.openstack.wsgi [None req-62e9767f-e0f0-4b7e-b1d7-c4d829a766b8 tempest-VolumesDeleteCascade-1879382841 tempest-VolumesDeleteCascade-1879382841-project] GET http://10.222.0.45/volume/v3/6cb5c1e9c19d41bb83542a2a7823eec2/volumes/418d4a52-8766-4316-a3af-707684feef2b
Apr 07 12:56:41.248375 dv-cinder-836944-2-smb devstack@c-api.service[109951]: DEBUG cinder.api.openstack.wsgi [None req-62e9767f-e0f0-4b7e-b1d7-c4d829a766b8 tempest-VolumesDeleteCascade-1879382841 tempest-VolumesDeleteCascade-1879382841-project] Empty body provided in request {{(pid=109951) get_body /opt/stack/cinder/cinder/api/openstack/wsgi.py:715}}
Apr 07 12:56:41.248915 dv-cinder-836944-2-smb devstack@c-api.service[109951]: DEBUG cinder.api.openstack.wsgi [None req-62e9767f-e0f0-4b7e-b1d7-c4d829a766b8 tempest-VolumesDeleteCascade-1879382841 tempest-VolumesDeleteCascade-1879382841-project] Calling method 'show' {{(pid=109951) _process_stack /opt/stack/cinder/cinder/api/openstack/wsgi.py:868}}
