Apr 06 16:58:17.066821 dv-cinder-836850-1-iscsi devstack@c-api.service[110616]: /usr/local/lib/python3.8/dist-packages/oslo_policy/policy.py:809: UserWarning: Policy "volume_extension:default_set_or_update":"rule:system_or_domain_or_project_admin" was deprecated in X in favor of "volume_extension:default_set_or_update":"rule:admin_api". Reason: Default policies now support the three Keystone default roles, namely 'admin', 'member', and 'reader' to implement three Cinder "personas". See "Policy Personas and Permissions" in the "Cinder Service Configuration" documentation (Xena release) for details.. Either ensure your deployment is ready for the new default or copy/paste the deprecated policy into your policy file and maintain it manually.
Apr 06 16:58:17.066821 dv-cinder-836850-1-iscsi devstack@c-api.service[110616]: warnings.warn(deprecated_msg)
Apr 06 16:58:17.066821 dv-cinder-836850-1-iscsi devstack@c-api.service[110616]: /usr/local/lib/python3.8/dist-packages/oslo_policy/policy.py:809: UserWarning: Policy "volume_extension:default_get":"rule:system_or_domain_or_project_admin" was deprecated in X in favor of "volume_extension:default_get":"rule:admin_api". Reason: Default policies now support the three Keystone default roles, namely 'admin', 'member', and 'reader' to implement three Cinder "personas". See "Policy Personas and Permissions" in the "Cinder Service Configuration" documentation (Xena release) for details.. Either ensure your deployment is ready for the new default or copy/paste the deprecated policy into your policy file and maintain it manually.
Apr 06 16:58:17.066821 dv-cinder-836850-1-iscsi devstack@c-api.service[110616]: warnings.warn(deprecated_msg)
Apr 06 16:58:17.066821 dv-cinder-836850-1-iscsi devstack@c-api.service[110616]: /usr/local/lib/python3.8/dist-packages/oslo_policy/policy.py:809: UserWarning: Policy "volume_extension:default_get_all":"role:admin and system_scope:all" was deprecated in X in favor of "volume_extension:default_get_all":"rule:admin_api". Reason: Default policies now support the three Keystone default roles, namely 'admin', 'member', and 'reader' to implement three Cinder "personas". See "Policy Personas and Permissions" in the "Cinder Service Configuration" documentation (Xena release) for details.. Either ensure your deployment is ready for the new default or copy/paste the deprecated policy into your policy file and maintain it manually.
Apr 06 16:58:17.067535 dv-cinder-836850-1-iscsi devstack@c-api.service[110616]: warnings.warn(deprecated_msg)
Apr 06 16:58:17.067535 dv-cinder-836850-1-iscsi devstack@c-api.service[110616]: /usr/local/lib/python3.8/dist-packages/oslo_policy/policy.py:809: UserWarning: Policy "volume_extension:default_unset":"rule:system_or_domain_or_project_admin" was deprecated in X in favor of "volume_extension:default_unset":"rule:admin_api". Reason: Default policies now support the three Keystone default roles, namely 'admin', 'member', and 'reader' to implement three Cinder "personas". See "Policy Personas and Permissions" in the "Cinder Service Configuration" documentation (Xena release) for details.. Either ensure your deployment is ready for the new default or copy/paste the deprecated policy into your policy file and maintain it manually.
Apr 06 16:58:17.067535 dv-cinder-836850-1-iscsi devstack@c-api.service[110616]: warnings.warn(deprecated_msg)
Apr 06 16:58:17.067535 dv-cinder-836850-1-iscsi devstack@c-api.service[110616]: DEBUG cinder.api.middleware.request_id [None req-e9c77c8b-8ef8-4e7f-bfba-666cbfec1959 None None] RequestId filter calling following filter/app {{(pid=110616) _context_setter /opt/stack/cinder/cinder/api/middleware/request_id.py:62}}
Apr 06 16:58:17.990944 dv-cinder-836850-1-iscsi devstack@c-api.service[110616]: INFO cinder.api.openstack.wsgi [None req-e9c77c8b-8ef8-4e7f-bfba-666cbfec1959 admin admin] POST http://10.222.0.66/volume/v3/bbb13251a62f45b5b5774b096825b6f0/types
Apr 06 16:58:17.992307 dv-cinder-836850-1-iscsi devstack@c-api.service[110616]: DEBUG cinder.api.openstack.wsgi [None req-e9c77c8b-8ef8-4e7f-bfba-666cbfec1959 admin admin] Action: 'create', calling method: _create, body: {"volume_type": {"name": "lvmdriver-1", "description": null, "os-volume-type-access:is_public": true}} {{(pid=110616) _process_stack /opt/stack/cinder/cinder/api/openstack/wsgi.py:866}}
Apr 06 16:58:17.994794 dv-cinder-836850-1-iscsi devstack@c-api.service[110616]: /usr/local/lib/python3.8/dist-packages/oslo_context/context.py:100: DeprecationWarning: Policy enforcement is depending on the value of is_admin. This key is deprecated. Please update your policy file to use the standard policy values.
Apr 06 16:58:17.994794 dv-cinder-836850-1-iscsi devstack@c-api.service[110616]: warnings.warn('Policy enforcement is depending on the value of '
Apr 06 16:58:18.003640 dv-cinder-836850-1-iscsi devstack@c-api.service[110616]: DEBUG oslo_db.sqlalchemy.engines [None req-e9c77c8b-8ef8-4e7f-bfba-666cbfec1959 admin admin] MySQL server mode set to STRICT_TRANS_TABLES,STRICT_ALL_TABLES,NO_ZERO_IN_DATE,NO_ZERO_DATE,ERROR_FOR_DIVISION_BY_ZERO,TRADITIONAL,NO_ENGINE_SUBSTITUTION {{(pid=110616) _check_effective_sql_mode /usr/local/lib/python3.8/dist-packages/oslo_db/sqlalchemy/engines.py:314}}
Apr 06 16:58:18.115209 dv-cinder-836850-1-iscsi devstack@c-api.service[110616]: INFO cinder.api.openstack.wsgi [None req-e9c77c8b-8ef8-4e7f-bfba-666cbfec1959 admin admin] http://10.222.0.66/volume/v3/bbb13251a62f45b5b5774b096825b6f0/types returned with HTTP 200
Apr 06 16:58:18.115209 dv-cinder-836850-1-iscsi devstack@c-api.service[110616]: [pid: 110616|app: 0|req: 1/2] 10.222.0.66 () {60 vars in 1237 bytes} [Wed Apr 6 16:58:17 2022] POST /volume/v3/bbb13251a62f45b5b5774b096825b6f0/types => generated 186 bytes in 1088 msecs (HTTP/1.1 200) 7 headers in 285 bytes (1 switches on core 0)
Apr 06 16:58:18.122167 dv-cinder-836850-1-iscsi devstack@c-api.service[110617]: DEBUG cinder.api.middleware.request_id [req-e9c77c8b-8ef8-4e7f-bfba-666cbfec1959 req-e7732a14-6d92-461d-bce2-94c912a8d7c8 None None] RequestId filter calling following filter/app {{(pid=110617) _context_setter /opt/stack/cinder/cinder/api/middleware/request_id.py:62}}
Apr 06 16:58:18.844256 dv-cinder-836850-1-iscsi devstack@c-api.service[110617]: INFO cinder.api.openstack.wsgi [req-e9c77c8b-8ef8-4e7f-bfba-666cbfec1959 req-e7732a14-6d92-461d-bce2-94c912a8d7c8 admin admin] POST http://10.222.0.66/volume/v3/bbb13251a62f45b5b5774b096825b6f0/types/cbc44351-341f-4727-bcb8-fddaf8abebf8/extra_specs
Apr 06 16:58:18.845419 dv-cinder-836850-1-iscsi devstack@c-api.service[110617]: DEBUG cinder.api.openstack.wsgi [req-e9c77c8b-8ef8-4e7f-bfba-666cbfec1959 req-e7732a14-6d92-461d-bce2-94c912a8d7c8 admin admin] Action: 'create', calling method: create, body: {"extra_specs": {"volume_backend_name": "lvmdriver-1"}} {{(pid=110617) _process_stack /opt/stack/cinder/cinder/api/openstack/wsgi.py:866}}
Apr 06 16:58:18.847495 dv-cinder-836850-1-iscsi devstack@c-api.service[110617]: /usr/local/lib/python3.8/dist-packages/oslo_context/context.py:100: DeprecationWarning: Policy enforcement is depending on the value of is_admin. This key is deprecated. Please update your policy file to use the standard policy values.
Apr 06 16:58:18.847495 dv-cinder-836850-1-iscsi devstack@c-api.service[110617]: warnings.warn('Policy enforcement is depending on the value of '
Apr 06 16:58:18.855078 dv-cinder-836850-1-iscsi devstack@c-api.service[110617]: DEBUG oslo_db.sqlalchemy.engines [req-e9c77c8b-8ef8-4e7f-bfba-666cbfec1959 req-e7732a14-6d92-461d-bce2-94c912a8d7c8 admin admin] MySQL server mode set to STRICT_TRANS_TABLES,STRICT_ALL_TABLES,NO_ZERO_IN_DATE,NO_ZERO_DATE,ERROR_FOR_DIVISION_BY_ZERO,TRADITIONAL,NO_ENGINE_SUBSTITUTION {{(pid=110617) _check_effective_sql_mode /usr/local/lib/python3.8/dist-packages/oslo_db/sqlalchemy/engines.py:314}}
Apr 06 16:58:19.025145 dv-cinder-836850-1-iscsi devstack@c-api.service[110617]: INFO cinder.api.openstack.wsgi [req-e9c77c8b-8ef8-4e7f-bfba-666cbfec1959 req-e7732a14-6d92-461d-bce2-94c912a8d7c8 admin admin] http://10.222.0.66/volume/v3/bbb13251a62f45b5b5774b096825b6f0/types/cbc44351-341f-4727-bcb8-fddaf8abebf8/extra_specs returned with HTTP 200
Apr 06 16:58:19.026182 dv-cinder-836850-1-iscsi devstack@c-api.service[110617]: [pid: 110617|app: 0|req: 2/3] 10.222.0.66 () {62 vars in 1454 bytes} [Wed Apr 6 16:58:18 2022] POST /volume/v3/bbb13251a62f45b5b5774b096825b6f0/types/cbc44351-341f-4727-bcb8-fddaf8abebf8/extra_specs => generated 55 bytes in 905 msecs (HTTP/1.1 200) 7 headers in 284 bytes (1 switches on core 0)
Apr 06 16:59:00.447360 dv-cinder-836850-1-iscsi devstack@c-api.service[110616]: DEBUG cinder.api.middleware.request_id [None req-1fb13843-9bf5-464c-b22f-752b4db87e02 None None] RequestId filter calling following filter/app {{(pid=110616) _context_setter /opt/stack/cinder/cinder/api/middleware/request_id.py:62}}
Apr 06 16:59:00.448603 dv-cinder-836850-1-iscsi devstack@c-api.service[110616]: INFO cinder.api.openstack.wsgi [None req-1fb13843-9bf5-464c-b22f-752b4db87e02 None None] GET http://10.222.0.66/volume//
Apr 06 16:59:00.449003 dv-cinder-836850-1-iscsi devstack@c-api.service[110616]: DEBUG cinder.api.openstack.wsgi [None req-1fb13843-9bf5-464c-b22f-752b4db87e02 None None] Empty body provided in request {{(pid=110616) get_body /opt/stack/cinder/cinder/api/openstack/wsgi.py:715}}
Apr 06 16:59:00.449461 dv-cinder-836850-1-iscsi devstack@c-api.service[110616]: DEBUG cinder.api.openstack.wsgi [None req-1fb13843-9bf5-464c-b22f-752b4db87e02 None None] Calling method 'all' {{(pid=110616) _process_stack /opt/stack/cinder/cinder/api/openstack/wsgi.py:868}}
Apr 06 16:59:00.450509 dv-cinder-836850-1-iscsi devstack@c-api.service[110616]: INFO cinder.api.openstack.wsgi [None req-1fb13843-9bf5-464c-b22f-752b4db87e02 None None] http://10.222.0.66/volume// returned with HTTP 300
Apr 06 16:59:00.451225 dv-cinder-836850-1-iscsi devstack@c-api.service[110616]: [pid: 110616|app: 0|req: 2/4] 10.222.0.66 () {56 vars in 1098 bytes} [Wed Apr 6 16:59:00 2022] GET /volume/ => generated 386 bytes in 5 msecs (HTTP/1.1 300) 7 headers in 299 bytes (1 switches on core 0)
Apr 06 17:02:08.496276 dv-cinder-836850-1-iscsi devstack@c-api.service[110617]: DEBUG cinder.api.middleware.request_id [None req-29673c58-717d-4d03-94f7-f8a3283cb4a1 None None] RequestId filter calling following filter/app {{(pid=110617) _context_setter /opt/stack/cinder/cinder/api/middleware/request_id.py:62}}
Apr 06 17:02:08.502538 dv-cinder-836850-1-iscsi devstack@c-api.service[110617]: INFO cinder.api.openstack.wsgi [None req-29673c58-717d-4d03-94f7-f8a3283cb4a1 tempest-verify_tempest_config-1935876543 tempest-verify_tempest_config-1935876543-project] GET http://10.222.0.66/volume/v3/91bbaf5b62c64a36b81bb77e22ad4e72/extensions
Apr 06 17:02:08.502971 dv-cinder-836850-1-iscsi devstack@c-api.service[110617]: DEBUG cinder.api.openstack.wsgi [None req-29673c58-717d-4d03-94f7-f8a3283cb4a1 tempest-verify_tempest_config-1935876543 tempest-verify_tempest_config-1935876543-project] Empty body provided in request {{(pid=110617) get_body /opt/stack/cinder/cinder/api/openstack/wsgi.py:715}}
Apr 06 17:02:08.503465 dv-cinder-836850-1-iscsi devstack@c-api.service[110617]: DEBUG cinder.api.openstack.wsgi [None req-29673c58-717d-4d03-94f7-f8a3283cb4a1 tempest-verify_tempest_config-1935876543 tempest-verify_tempest_config-1935876543-project] Calling method 'index' {{(pid=110617) _process_stack /opt/stack/cinder/cinder/api/openstack/wsgi.py:868}}
Apr 06 17:02:08.504175 dv-cinder-836850-1-iscsi devstack@c-api.service[110617]: INFO cinder.api.openstack.wsgi [None req-29673c58-717d-4d03-94f7-f8a3283cb4a1 tempest-verify_tempest_config-1935876543 tempest-verify_tempest_config-1935876543-project] http://10.222.0.66/volume/v3/91bbaf5b62c64a36b81bb77e22ad4e72/extensions returned with HTTP 200
Apr 06 17:02:08.504836 dv-cinder-836850-1-iscsi devstack@c-api.service[110617]: [pid: 110617|app: 0|req: 3/5] 10.222.0.66 () {58 vars in 1222 bytes} [Wed Apr 6 17:02:08 2022] GET /volume/v3/91bbaf5b62c64a36b81bb77e22ad4e72/extensions => generated 5245 bytes in 10 msecs (HTTP/1.1 200) 7 headers in 286 bytes (1 switches on core 0)
Apr 06 17:04:22.757751 dv-cinder-836850-1-iscsi devstack@c-api.service[110616]: DEBUG cinder.api.middleware.request_id [None req-0cdfc4bf-c719-400d-8fdf-bcf7ec9dd201 None None] RequestId filter calling following filter/app {{(pid=110616) _context_setter /opt/stack/cinder/cinder/api/middleware/request_id.py:62}}
Apr 06 17:04:22.852332 dv-cinder-836850-1-iscsi devstack@c-api.service[110616]: INFO cinder.api.openstack.wsgi [None req-0cdfc4bf-c719-400d-8fdf-bcf7ec9dd201 admin admin] GET http://10.222.0.66/volume/v3/bbb13251a62f45b5b5774b096825b6f0/os-services
Apr 06 17:04:22.852787 dv-cinder-836850-1-iscsi devstack@c-api.service[110616]: DEBUG cinder.api.openstack.wsgi [None req-0cdfc4bf-c719-400d-8fdf-bcf7ec9dd201 admin admin] Empty body provided in request {{(pid=110616) get_body /opt/stack/cinder/cinder/api/openstack/wsgi.py:715}}
Apr 06 17:04:22.853239 dv-cinder-836850-1-iscsi devstack@c-api.service[110616]: DEBUG cinder.api.openstack.wsgi [None req-0cdfc4bf-c719-400d-8fdf-bcf7ec9dd201 admin admin] Calling method 'index' {{(pid=110616) _process_stack /opt/stack/cinder/cinder/api/openstack/wsgi.py:868}}
Apr 06 17:04:22.861757 dv-cinder-836850-1-iscsi devstack@c-api.service[110616]: INFO cinder.api.openstack.wsgi [None req-0cdfc4bf-c719-400d-8fdf-bcf7ec9dd201 admin admin] http://10.222.0.66/volume/v3/bbb13251a62f45b5b5774b096825b6f0/os-services returned with HTTP 200
Apr 06 17:04:22.862442 dv-cinder-836850-1-iscsi devstack@c-api.service[110616]: [pid: 110616|app: 0|req: 3/6] 10.222.0.66 () {56 vars in 1201 bytes} [Wed Apr 6 17:04:22 2022] GET /volume/v3/bbb13251a62f45b5b5774b096825b6f0/os-services => generated 642 bytes in 106 msecs (HTTP/1.1 200) 7 headers in 285 bytes (1 switches on core 0)
Apr 06 17:04:25.444482 dv-cinder-836850-1-iscsi devstack@c-api.service[110617]: DEBUG cinder.api.middleware.request_id [None req-c7026a52-a15f-469f-924e-5c1c6b486e28 None None] RequestId filter calling following filter/app {{(pid=110617) _context_setter /opt/stack/cinder/cinder/api/middleware/request_id.py:62}}
Apr 06 17:04:25.530915 dv-cinder-836850-1-iscsi devstack@c-api.service[110617]: INFO cinder.api.openstack.wsgi [None req-c7026a52-a15f-469f-924e-5c1c6b486e28 admin admin] GET http://10.222.0.66/volume/v3/bbb13251a62f45b5b5774b096825b6f0/os-services
Apr 06 17:04:25.531442 dv-cinder-836850-1-iscsi devstack@c-api.service[110617]: DEBUG cinder.api.openstack.wsgi [None req-c7026a52-a15f-469f-924e-5c1c6b486e28 admin admin] Empty body provided in request {{(pid=110617) get_body /opt/stack/cinder/cinder/api/openstack/wsgi.py:715}}
Apr 06 17:04:25.531903 dv-cinder-836850-1-iscsi devstack@c-api.service[110617]: DEBUG cinder.api.openstack.wsgi [None req-c7026a52-a15f-469f-924e-5c1c6b486e28 admin admin] Calling method 'index' {{(pid=110617) _process_stack /opt/stack/cinder/cinder/api/openstack/wsgi.py:868}}
Apr 06 17:04:25.540905 dv-cinder-836850-1-iscsi devstack@c-api.service[110617]: INFO cinder.api.openstack.wsgi [None req-c7026a52-a15f-469f-924e-5c1c6b486e28 admin admin] http://10.222.0.66/volume/v3/bbb13251a62f45b5b5774b096825b6f0/os-services returned with HTTP 200
Apr 06 17:04:25.541608 dv-cinder-836850-1-iscsi devstack@c-api.service[110617]: [pid: 110617|app: 0|req: 4/7] 10.222.0.66 () {56 vars in 1201 bytes} [Wed Apr 6 17:04:25 2022] GET /volume/v3/bbb13251a62f45b5b5774b096825b6f0/os-services => generated 642 bytes in 98 msecs (HTTP/1.1 200) 7 headers in 285 bytes (1 switches on core 0)
Apr 06 17:06:03.504248 dv-cinder-836850-1-iscsi devstack@c-api.service[110616]: DEBUG cinder.api.middleware.request_id [None req-6b5b4e9a-eb85-46be-bccd-15d9ff536a60 None None] RequestId filter calling following filter/app {{(pid=110616) _context_setter /opt/stack/cinder/cinder/api/middleware/request_id.py:62}}
Apr 06 17:06:03.870394 dv-cinder-836850-1-iscsi devstack@c-api.service[110616]: INFO cinder.api.openstack.wsgi [None req-6b5b4e9a-eb85-46be-bccd-15d9ff536a60 tempest-GroupsV314Test-1940169441 tempest-GroupsV314Test-1940169441-project-admin] POST http://10.222.0.66/volume/v3/0cea8ca2a91648aab2416fce454244ae/types
Apr 06 17:06:03.871499 dv-cinder-836850-1-iscsi devstack@c-api.service[110616]: DEBUG cinder.api.openstack.wsgi [None req-6b5b4e9a-eb85-46be-bccd-15d9ff536a60 tempest-GroupsV314Test-1940169441 tempest-GroupsV314Test-1940169441-project-admin] Action: 'create', calling method: _create, body: {"volume_type": {"name": "tempest-GroupsV314Test-volume-type-144154919"}} {{(pid=110616) _process_stack /opt/stack/cinder/cinder/api/openstack/wsgi.py:866}}
Apr 06 17:06:03.964952 dv-cinder-836850-1-iscsi devstack@c-api.service[110616]: INFO cinder.api.openstack.wsgi [None req-6b5b4e9a-eb85-46be-bccd-15d9ff536a60 tempest-GroupsV314Test-1940169441 tempest-GroupsV314Test-1940169441-project-admin] http://10.222.0.66/volume/v3/0cea8ca2a91648aab2416fce454244ae/types returned with HTTP 200
Apr 06 17:06:03.965791 dv-cinder-836850-1-iscsi devstack@c-api.service[110616]: [pid: 110616|app: 0|req: 4/8] 10.222.0.66 () {60 vars in 1228 bytes} [Wed Apr 6 17:06:03 2022] POST /volume/v3/0cea8ca2a91648aab2416fce454244ae/types => generated 219 bytes in 463 msecs (HTTP/1.1 200) 7 headers in 285 bytes (1 switches on core 0)
Apr 06 17:06:03.973407 dv-cinder-836850-1-iscsi devstack@c-api.service[110617]: DEBUG cinder.api.middleware.request_id [None req-d0009af8-caae-401c-b35f-1cfd83722b5b None None] RequestId filter calling following filter/app {{(pid=110617) _context_setter /opt/stack/cinder/cinder/api/middleware/request_id.py:62}}
Apr 06 17:06:03.978267 dv-cinder-836850-1-iscsi devstack@c-api.service[110617]: INFO cinder.api.openstack.wsgi [None req-d0009af8-caae-401c-b35f-1cfd83722b5b tempest-GroupsV314Test-1940169441 tempest-GroupsV314Test-1940169441-project-admin] POST http://10.222.0.66/volume/v3/0cea8ca2a91648aab2416fce454244ae/group_types
Apr 06 17:06:03.979148 dv-cinder-836850-1-iscsi devstack@c-api.service[110617]: DEBUG cinder.api.openstack.wsgi [None req-d0009af8-caae-401c-b35f-1cfd83722b5b tempest-GroupsV314Test-1940169441 tempest-GroupsV314Test-1940169441-project-admin] Action: 'create', calling method: version_select, body: {"group_type": {"name": "tempest-GroupsV314Test-group-type-1354021150"}} {{(pid=110617) _process_stack /opt/stack/cinder/cinder/api/openstack/wsgi.py:866}}
Apr 06 17:06:04.010390 dv-cinder-836850-1-iscsi devstack@c-api.service[110616]: DEBUG cinder.api.middleware.request_id [req-9a5a4e7e-fd46-4bbc-9dde-dcc76bb9ea80 req-1f566d52-48ed-435e-a790-b3847c135e12 None None] RequestId filter calling following filter/app {{(pid=110616) _context_setter /opt/stack/cinder/cinder/api/middleware/request_id.py:62}}
Apr 06 17:06:04.111872 dv-cinder-836850-1-iscsi devstack@c-api.service[110617]: INFO cinder.api.openstack.wsgi [None req-d0009af8-caae-401c-b35f-1cfd83722b5b tempest-GroupsV314Test-1940169441 tempest-GroupsV314Test-1940169441-project-admin] http://10.222.0.66/volume/v3/0cea8ca2a91648aab2416fce454244ae/group_types returned with HTTP 202
Apr 06 17:06:04.114045 dv-cinder-836850-1-iscsi devstack@c-api.service[110617]: [pid: 110617|app: 0|req: 5/9] 10.222.0.66 () {62 vars in 1287 bytes} [Wed Apr 6 17:06:03 2022] POST /volume/v3/0cea8ca2a91648aab2416fce454244ae/group_types => generated 177 bytes in 141 msecs (HTTP/1.1 202) 7 headers in 292 bytes (1 switches on core 0)
Apr 06 17:06:04.120599 dv-cinder-836850-1-iscsi devstack@c-api.service[110617]: DEBUG cinder.api.middleware.request_id [None req-9bb542ff-92e5-438b-aebf-92749dd42269 None None] RequestId filter calling following filter/app {{(pid=110617) _context_setter /opt/stack/cinder/cinder/api/middleware/request_id.py:62}}
Apr 06 17:06:04.206394 dv-cinder-836850-1-iscsi devstack@c-api.service[110616]: WARNING keystonemiddleware.auth_token [req-9a5a4e7e-fd46-4bbc-9dde-dcc76bb9ea80 req-1f566d52-48ed-435e-a790-b3847c135e12 None None] A valid token was submitted as a service token, but it was not a valid service token. This is incorrect but backwards compatible behaviour. This will be removed in future releases.
Apr 06 17:06:04.209569 dv-cinder-836850-1-iscsi devstack@c-api.service[110616]: INFO cinder.api.openstack.wsgi [req-9a5a4e7e-fd46-4bbc-9dde-dcc76bb9ea80 req-1f566d52-48ed-435e-a790-b3847c135e12 tempest-VolumesGetTestJSON-1891013863 tempest-VolumesGetTestJSON-1891013863-project] POST http://10.222.0.66/volume/v3/6057489a23c8415181fa2539ac416425/volumes
Apr 06 17:06:04.210320 dv-cinder-836850-1-iscsi devstack@c-api.service[110616]: DEBUG cinder.api.openstack.wsgi [req-9a5a4e7e-fd46-4bbc-9dde-dcc76bb9ea80 req-1f566d52-48ed-435e-a790-b3847c135e12 tempest-VolumesGetTestJSON-1891013863 tempest-VolumesGetTestJSON-1891013863-project] Action: 'create', calling method: create, body: {"volume": {"size": 1, "consistencygroup_id": null, "snapshot_id": null, "name": "tempest-VolumesGetTestJSON-Volume-1183970018", "description": null, "volume_type": null, "availability_zone": null, "metadata": {"Type": "work"}, "imageRef": null, "source_volid": null, "backup_id": null}} {{(pid=110616) _process_stack /opt/stack/cinder/cinder/api/openstack/wsgi.py:866}}
Apr 06 17:06:04.212865 dv-cinder-836850-1-iscsi devstack@c-api.service[110616]: DEBUG cinder.api.v3.volumes [req-9a5a4e7e-fd46-4bbc-9dde-dcc76bb9ea80 req-1f566d52-48ed-435e-a790-b3847c135e12 tempest-VolumesGetTestJSON-1891013863 tempest-VolumesGetTestJSON-1891013863-project] Create volume request body: {'volume': {'size': 1, 'consistencygroup_id': None, 'snapshot_id': None, 'name': 'tempest-VolumesGetTestJSON-Volume-1183970018', 'description': None, 'volume_type': None, 'availability_zone': None, 'metadata': {'Type': 'work'}, 'imageRef': None, 'source_volid': None, 'backup_id': None}} {{(pid=110616) create /opt/stack/cinder/cinder/api/v3/volumes.py:298}}
Apr 06 17:06:04.218758 dv-cinder-836850-1-iscsi devstack@c-api.service[110616]: INFO cinder.api.v3.volumes [req-9a5a4e7e-fd46-4bbc-9dde-dcc76bb9ea80 req-1f566d52-48ed-435e-a790-b3847c135e12 tempest-VolumesGetTestJSON-1891013863 tempest-VolumesGetTestJSON-1891013863-project] Create volume of 1 GB
Apr 06 17:06:04.246273 dv-cinder-836850-1-iscsi devstack@c-api.service[110616]: DEBUG cinder.volume.api [req-9a5a4e7e-fd46-4bbc-9dde-dcc76bb9ea80 req-1f566d52-48ed-435e-a790-b3847c135e12 tempest-VolumesGetTestJSON-1891013863 tempest-VolumesGetTestJSON-1891013863-project] Availability zone cache updated, next update will occur around 2022-04-06 18:06:04.244536. {{(pid=110616) list_availability_zones /opt/stack/cinder/cinder/volume/api.py:152}}
Apr 06 17:06:04.247984 dv-cinder-836850-1-iscsi devstack@c-api.service[110616]: INFO cinder.volume.api [req-9a5a4e7e-fd46-4bbc-9dde-dcc76bb9ea80 req-1f566d52-48ed-435e-a790-b3847c135e12 tempest-VolumesGetTestJSON-1891013863 tempest-VolumesGetTestJSON-1891013863-project] Availability Zones retrieved successfully.
Apr 06 17:06:04.328526 dv-cinder-836850-1-iscsi devstack@c-api.service[110616]: DEBUG cinder.volume.api [req-9a5a4e7e-fd46-4bbc-9dde-dcc76bb9ea80 req-1f566d52-48ed-435e-a790-b3847c135e12 tempest-VolumesGetTestJSON-1891013863 tempest-VolumesGetTestJSON-1891013863-project] Flow 'volume_create_api' (56a17796-4d24-4ab2-b72a-0b9f1fd024ad) transitioned into state 'RUNNING' from state 'PENDING' {{(pid=110616) _flow_receiver /usr/local/lib/python3.8/dist-packages/taskflow/listeners/logging.py:141}}
Apr 06 17:06:04.331510 dv-cinder-836850-1-iscsi devstack@c-api.service[110616]: DEBUG cinder.volume.api [req-9a5a4e7e-fd46-4bbc-9dde-dcc76bb9ea80 req-1f566d52-48ed-435e-a790-b3847c135e12 tempest-VolumesGetTestJSON-1891013863 tempest-VolumesGetTestJSON-1891013863-project] Task 'cinder.volume.flows.api.create_volume.ExtractVolumeRequestTask;volume:create' (94e8b86f-bd6c-4ba5-8e04-652203fc263f) transitioned into state 'RUNNING' from state 'PENDING' {{(pid=110616) _task_receiver /usr/local/lib/python3.8/dist-packages/taskflow/listeners/logging.py:190}}
Apr 06 17:06:04.333782 dv-cinder-836850-1-iscsi devstack@c-api.service[110616]: DEBUG cinder.volume.flows.api.create_volume [req-9a5a4e7e-fd46-4bbc-9dde-dcc76bb9ea80 req-1f566d52-48ed-435e-a790-b3847c135e12 tempest-VolumesGetTestJSON-1891013863 tempest-VolumesGetTestJSON-1891013863-project] Validating volume size '1' using validate_int {{(pid=110616) _extract_size /opt/stack/cinder/cinder/volume/flows/api/create_volume.py:225}}
Apr 06 17:06:04.377280 dv-cinder-836850-1-iscsi devstack@c-api.service[110617]: INFO cinder.api.openstack.wsgi [None req-9bb542ff-92e5-438b-aebf-92749dd42269 tempest-GroupsV314Test-259133681 tempest-GroupsV314Test-259133681-project] POST http://10.222.0.66/volume/v3/f48a0581433b4abdbd386662a72bc37b/groups
Apr 06 17:06:04.378422 dv-cinder-836850-1-iscsi devstack@c-api.service[110617]: DEBUG cinder.api.openstack.wsgi [None req-9bb542ff-92e5-438b-aebf-92749dd42269 tempest-GroupsV314Test-259133681 tempest-GroupsV314Test-259133681-project] Action: 'create', calling method: version_select, body: {"group": {"group_type": "f8692ce9-4d46-4588-afbb-939cfb2849f0", "volume_types": ["8c074787-4df2-41e8-bade-9038ee4b0ef6"], "name": "tempest-GroupsV314Test-Group-867343868"}} {{(pid=110617) _process_stack /opt/stack/cinder/cinder/api/openstack/wsgi.py:866}}
Apr 06 17:06:04.380511 dv-cinder-836850-1-iscsi devstack@c-api.service[110617]: DEBUG cinder.api.v3.groups [None req-9bb542ff-92e5-438b-aebf-92749dd42269 tempest-GroupsV314Test-259133681 tempest-GroupsV314Test-259133681-project] Creating new group {'group': {'group_type': 'f8692ce9-4d46-4588-afbb-939cfb2849f0', 'volume_types': ['8c074787-4df2-41e8-bade-9038ee4b0ef6'], 'name': 'tempest-GroupsV314Test-Group-867343868'}} {{(pid=110617) create /opt/stack/cinder/cinder/api/v3/groups.py:190}}
Apr 06 17:06:04.386444 dv-cinder-836850-1-iscsi devstack@c-api.service[110617]: INFO cinder.api.v3.groups [None req-9bb542ff-92e5-438b-aebf-92749dd42269 tempest-GroupsV314Test-259133681 tempest-GroupsV314Test-259133681-project] Creating group tempest-GroupsV314Test-Group-867343868.
Apr 06 17:06:04.442566 dv-cinder-836850-1-iscsi devstack@c-api.service[110617]: DEBUG cinder.volume.api [None req-9bb542ff-92e5-438b-aebf-92749dd42269 tempest-GroupsV314Test-259133681 tempest-GroupsV314Test-259133681-project] Availability zone cache updated, next update will occur around 2022-04-06 18:06:04.441601. {{(pid=110617) list_availability_zones /opt/stack/cinder/cinder/volume/api.py:152}}
Apr 06 17:06:04.443318 dv-cinder-836850-1-iscsi devstack@c-api.service[110617]: INFO cinder.volume.api [None req-9bb542ff-92e5-438b-aebf-92749dd42269 tempest-GroupsV314Test-259133681 tempest-GroupsV314Test-259133681-project] Availability Zones retrieved successfully.
Apr 06 17:06:04.452814 dv-cinder-836850-1-iscsi devstack@c-api.service[110616]: DEBUG cinder.volume.api [req-9a5a4e7e-fd46-4bbc-9dde-dcc76bb9ea80 req-1f566d52-48ed-435e-a790-b3847c135e12 tempest-VolumesGetTestJSON-1891013863 tempest-VolumesGetTestJSON-1891013863-project] Task 'cinder.volume.flows.api.create_volume.ExtractVolumeRequestTask;volume:create' (94e8b86f-bd6c-4ba5-8e04-652203fc263f) transitioned into state 'SUCCESS' from state 'RUNNING' with result '{'size': 1, 'snapshot_id': None, 'source_volid': None, 'volume_type': VolumeType(created_at=2022-04-06T16:50:34Z,deleted=False,deleted_at=None,description='Default Volume Type',extra_specs={},id=f3c32212-79c3-4f44-8dd7-67c2e3bc2d09,is_public=True,name='__DEFAULT__',projects=[],qos_specs=,qos_specs_id=None,updated_at=2022-04-06T16:50:34Z), 'volume_type_id': 'f3c32212-79c3-4f44-8dd7-67c2e3bc2d09', 'encryption_key_id': None, 'qos_specs': None, 'consistencygroup_id': None, 'cgsnapshot_id': None, 'group_id': None, 'replication_status': 'disabled', 'refresh_az': False, 'backup_id': None, 'multiattach': False, 'availability_zones': ['nova']}' {{(pid=110616) _task_receiver /usr/local/lib/python3.8/dist-packages/taskflow/listeners/logging.py:178}}
Apr 06 17:06:04.457247 dv-cinder-836850-1-iscsi devstack@c-api.service[110616]: DEBUG cinder.volume.api [req-9a5a4e7e-fd46-4bbc-9dde-dcc76bb9ea80 req-1f566d52-48ed-435e-a790-b3847c135e12 tempest-VolumesGetTestJSON-1891013863 tempest-VolumesGetTestJSON-1891013863-project] Task 'cinder.volume.flows.api.create_volume.QuotaReserveTask;volume:create' (8a9c8c36-a495-4b88-95b7-c7559e4f8b9d) transitioned into state 'RUNNING' from state 'PENDING' {{(pid=110616) _task_receiver /usr/local/lib/python3.8/dist-packages/taskflow/listeners/logging.py:190}}
Apr 06 17:06:04.514071 dv-cinder-836850-1-iscsi devstack@c-api.service[110616]: WARNING cinder.quota [req-9a5a4e7e-fd46-4bbc-9dde-dcc76bb9ea80 req-1f566d52-48ed-435e-a790-b3847c135e12 tempest-VolumesGetTestJSON-1891013863 tempest-VolumesGetTestJSON-1891013863-project] Deprecated: Default quota for resource: volumes___DEFAULT__ is set by the default quota flag: quota_volumes___DEFAULT__, it is now deprecated. Please use the default quota class for default quota.
Apr 06 17:06:04.515411 dv-cinder-836850-1-iscsi devstack@c-api.service[110616]: WARNING cinder.quota [req-9a5a4e7e-fd46-4bbc-9dde-dcc76bb9ea80 req-1f566d52-48ed-435e-a790-b3847c135e12 tempest-VolumesGetTestJSON-1891013863 tempest-VolumesGetTestJSON-1891013863-project] Deprecated: Default quota for resource: gigabytes___DEFAULT__ is set by the default quota flag: quota_gigabytes___DEFAULT__, it is now deprecated. Please use the default quota class for default quota.
Apr 06 17:06:04.875854 dv-cinder-836850-1-iscsi devstack@c-api.service[110617]: DEBUG cinder.quota [None req-9bb542ff-92e5-438b-aebf-92749dd42269 tempest-GroupsV314Test-259133681 tempest-GroupsV314Test-259133681-project] Created reservations ['60b28c82-d4f7-4358-a8ce-1b4034bd8257'] {{(pid=110617) reserve /opt/stack/cinder/cinder/quota.py:755}}
Apr 06 17:06:05.169371 dv-cinder-836850-1-iscsi devstack@c-api.service[110617]: INFO cinder.api.openstack.wsgi [None req-9bb542ff-92e5-438b-aebf-92749dd42269 tempest-GroupsV314Test-259133681 tempest-GroupsV314Test-259133681-project] http://10.222.0.66/volume/v3/f48a0581433b4abdbd386662a72bc37b/groups returned with HTTP 202
Apr 06 17:06:05.170547 dv-cinder-836850-1-iscsi devstack@c-api.service[110617]: [pid: 110617|app: 0|req: 6/10] 10.222.0.66 () {62 vars in 1273 bytes} [Wed Apr 6 17:06:04 2022] POST /volume/v3/f48a0581433b4abdbd386662a72bc37b/groups => generated 107 bytes in 1052 msecs (HTTP/1.1 202) 7 headers in 292 bytes (1 switches on core 0)
Apr 06 17:06:05.173287 dv-cinder-836850-1-iscsi devstack@c-api.service[110617]: DEBUG cinder.api.middleware.request_id [req-45706402-226f-4f8d-ba66-31641ed5fd4c req-7cc74f11-bf15-4888-9274-2c61f922b5e9 None None] RequestId filter calling following filter/app {{(pid=110617) _context_setter /opt/stack/cinder/cinder/api/middleware/request_id.py:62}}
Apr 06 17:06:05.201820 dv-cinder-836850-1-iscsi devstack@c-api.service[110616]: DEBUG cinder.quota [req-9a5a4e7e-fd46-4bbc-9dde-dcc76bb9ea80 req-1f566d52-48ed-435e-a790-b3847c135e12 tempest-VolumesGetTestJSON-1891013863 tempest-VolumesGetTestJSON-1891013863-project] Created reservations ['8ac12330-4c0c-4d0e-94fe-5966288aedbb', '940b1005-5932-48ee-b372-35fd1794dcc1', '97f2b44e-ea8f-4558-a9f1-a4ca5e201a23', '773c5dc6-7f2f-46bd-9f01-f5720eba7f0e'] {{(pid=110616) reserve /opt/stack/cinder/cinder/quota.py:755}}
Apr 06 17:06:05.210331 dv-cinder-836850-1-iscsi devstack@c-api.service[110616]: DEBUG cinder.volume.api [req-9a5a4e7e-fd46-4bbc-9dde-dcc76bb9ea80 req-1f566d52-48ed-435e-a790-b3847c135e12 tempest-VolumesGetTestJSON-1891013863 tempest-VolumesGetTestJSON-1891013863-project] Task 'cinder.volume.flows.api.create_volume.QuotaReserveTask;volume:create' (8a9c8c36-a495-4b88-95b7-c7559e4f8b9d) transitioned into state 'SUCCESS' from state 'RUNNING' with result '{'reservations': ['8ac12330-4c0c-4d0e-94fe-5966288aedbb', '940b1005-5932-48ee-b372-35fd1794dcc1', '97f2b44e-ea8f-4558-a9f1-a4ca5e201a23', '773c5dc6-7f2f-46bd-9f01-f5720eba7f0e']}' {{(pid=110616) _task_receiver /usr/local/lib/python3.8/dist-packages/taskflow/listeners/logging.py:178}}
Apr 06 17:06:05.214771 dv-cinder-836850-1-iscsi devstack@c-api.service[110616]: DEBUG cinder.volume.api [req-9a5a4e7e-fd46-4bbc-9dde-dcc76bb9ea80 req-1f566d52-48ed-435e-a790-b3847c135e12 tempest-VolumesGetTestJSON-1891013863 tempest-VolumesGetTestJSON-1891013863-project] Task 'cinder.volume.flows.api.create_volume.EntryCreateTask;volume:create' (50d5102b-e3d5-4d09-afa0-96daeb741325) transitioned into state 'RUNNING' from state 'PENDING' {{(pid=110616) _task_receiver /usr/local/lib/python3.8/dist-packages/taskflow/listeners/logging.py:190}}
Apr 06 17:06:05.301511 dv-cinder-836850-1-iscsi devstack@c-api.service[110617]: WARNING keystonemiddleware.auth_token [req-45706402-226f-4f8d-ba66-31641ed5fd4c req-7cc74f11-bf15-4888-9274-2c61f922b5e9 None None] A valid token was submitted as a service token, but it was not a valid service token. This is incorrect but backwards compatible behaviour. This will be removed in future releases.
Apr 06 17:06:05.310282 dv-cinder-836850-1-iscsi devstack@c-api.service[110617]: INFO cinder.api.openstack.wsgi [req-45706402-226f-4f8d-ba66-31641ed5fd4c req-7cc74f11-bf15-4888-9274-2c61f922b5e9 tempest-VolumesSnapshotsTestJSON-1265246473 tempest-VolumesSnapshotsTestJSON-1265246473-project] POST http://10.222.0.66/volume/v3/d335b636273f4009860ba25cba804a09/volumes
Apr 06 17:06:05.312356 dv-cinder-836850-1-iscsi devstack@c-api.service[110617]: DEBUG cinder.api.openstack.wsgi [req-45706402-226f-4f8d-ba66-31641ed5fd4c req-7cc74f11-bf15-4888-9274-2c61f922b5e9 tempest-VolumesSnapshotsTestJSON-1265246473 tempest-VolumesSnapshotsTestJSON-1265246473-project] Action: 'create', calling method: create, body: {"volume": {"size": 1, "consistencygroup_id": null, "snapshot_id": null, "name": "tempest-VolumesSnapshotsTestJSON-volume-684193742", "description": null, "volume_type": null, "availability_zone": null, "metadata": {}, "imageRef": null, "source_volid": null, "backup_id": null}} {{(pid=110617) _process_stack /opt/stack/cinder/cinder/api/openstack/wsgi.py:866}}
Apr 06 17:06:05.314702 dv-cinder-836850-1-iscsi devstack@c-api.service[110617]: DEBUG cinder.api.v3.volumes [req-45706402-226f-4f8d-ba66-31641ed5fd4c req-7cc74f11-bf15-4888-9274-2c61f922b5e9 tempest-VolumesSnapshotsTestJSON-1265246473 tempest-VolumesSnapshotsTestJSON-1265246473-project] Create volume request body: {'volume': {'size': 1, 'consistencygroup_id': None, 'snapshot_id': None, 'name': 'tempest-VolumesSnapshotsTestJSON-volume-684193742', 'description': None, 'volume_type': None, 'availability_zone': None, 'metadata': {}, 'imageRef': None, 'source_volid': None, 'backup_id': None}} {{(pid=110617) create /opt/stack/cinder/cinder/api/v3/volumes.py:298}}
Apr 06 17:06:05.319425 dv-cinder-836850-1-iscsi devstack@c-api.service[110617]: INFO cinder.api.v3.volumes [req-45706402-226f-4f8d-ba66-31641ed5fd4c req-7cc74f11-bf15-4888-9274-2c61f922b5e9 tempest-VolumesSnapshotsTestJSON-1265246473 tempest-VolumesSnapshotsTestJSON-1265246473-project] Create volume of 1 GB
Apr 06 17:06:05.320365 dv-cinder-836850-1-iscsi devstack@c-api.service[110617]: /usr/local/lib/python3.8/dist-packages/oslo_context/context.py:100: DeprecationWarning: Policy enforcement is depending on the value of is_admin. This key is deprecated. Please update your policy file to use the standard policy values.
Apr 06 17:06:05.320365 dv-cinder-836850-1-iscsi devstack@c-api.service[110617]: warnings.warn('Policy enforcement is depending on the value of '
Apr 06 17:06:05.354600 dv-cinder-836850-1-iscsi devstack@c-api.service[110617]: DEBUG cinder.volume.api [req-45706402-226f-4f8d-ba66-31641ed5fd4c req-7cc74f11-bf15-4888-9274-2c61f922b5e9 tempest-VolumesSnapshotsTestJSON-1265246473 tempest-VolumesSnapshotsTestJSON-1265246473-project] Availability zone cache updated, next update will occur around 2022-04-06 18:06:05.353974. {{(pid=110617) list_availability_zones /opt/stack/cinder/cinder/volume/api.py:152}}
Apr 06 17:06:05.355119 dv-cinder-836850-1-iscsi devstack@c-api.service[110617]: INFO cinder.volume.api [req-45706402-226f-4f8d-ba66-31641ed5fd4c req-7cc74f11-bf15-4888-9274-2c61f922b5e9 tempest-VolumesSnapshotsTestJSON-1265246473 tempest-VolumesSnapshotsTestJSON-1265246473-project] Availability Zones retrieved successfully.
Apr 06 17:06:05.410029 dv-cinder-836850-1-iscsi devstack@c-api.service[110617]: DEBUG cinder.volume.api [req-45706402-226f-4f8d-ba66-31641ed5fd4c req-7cc74f11-bf15-4888-9274-2c61f922b5e9 tempest-VolumesSnapshotsTestJSON-1265246473 tempest-VolumesSnapshotsTestJSON-1265246473-project] Flow 'volume_create_api' (28deaa9b-06a0-41a1-b21c-4c8de19665c2) transitioned into state 'RUNNING' from state 'PENDING' {{(pid=110617) _flow_receiver /usr/local/lib/python3.8/dist-packages/taskflow/listeners/logging.py:141}}
Apr 06 17:06:05.413607 dv-cinder-836850-1-iscsi devstack@c-api.service[110617]: DEBUG cinder.volume.api [req-45706402-226f-4f8d-ba66-31641ed5fd4c req-7cc74f11-bf15-4888-9274-2c61f922b5e9 tempest-VolumesSnapshotsTestJSON-1265246473 tempest-VolumesSnapshotsTestJSON-1265246473-project] Task 'cinder.volume.flows.api.create_volume.ExtractVolumeRequestTask;volume:create' (ef6d8f54-4073-48e4-a636-921179984e0e) transitioned into state 'RUNNING' from state 'PENDING' {{(pid=110617) _task_receiver /usr/local/lib/python3.8/dist-packages/taskflow/listeners/logging.py:190}}
Apr 06 17:06:05.417173 dv-cinder-836850-1-iscsi devstack@c-api.service[110617]: DEBUG cinder.volume.flows.api.create_volume [req-45706402-226f-4f8d-ba66-31641ed5fd4c req-7cc74f11-bf15-4888-9274-2c61f922b5e9 tempest-VolumesSnapshotsTestJSON-1265246473 tempest-VolumesSnapshotsTestJSON-1265246473-project] Validating volume size '1' using validate_int {{(pid=110617) _extract_size /opt/stack/cinder/cinder/volume/flows/api/create_volume.py:225}}
Apr 06 17:06:05.425021 dv-cinder-836850-1-iscsi devstack@c-api.service[110616]: DEBUG cinder.volume.api [req-9a5a4e7e-fd46-4bbc-9dde-dcc76bb9ea80 req-1f566d52-48ed-435e-a790-b3847c135e12 tempest-VolumesGetTestJSON-1891013863 tempest-VolumesGetTestJSON-1891013863-project] Task 'cinder.volume.flows.api.create_volume.EntryCreateTask;volume:create' (50d5102b-e3d5-4d09-afa0-96daeb741325) transitioned into state 'SUCCESS' from state 'RUNNING' with result '{'volume_id': 'a4879af4-5aa3-4c3d-a6d1-59b9b13ef544', 'volume_properties': VolumeProperties(attach_status='detached',availability_zone='nova',cgsnapshot_id=None,consistencygroup_id=None,display_description=None,display_name='tempest-VolumesGetTestJSON-Volume-1183970018',encryption_key_id=None,group_id=None,group_type_id=,metadata={Type='work'},multiattach=False,project_id='6057489a23c8415181fa2539ac416425',qos_specs=None,replication_status=,reservations=['8ac12330-4c0c-4d0e-94fe-5966288aedbb','940b1005-5932-48ee-b372-35fd1794dcc1','97f2b44e-ea8f-4558-a9f1-a4ca5e201a23','773c5dc6-7f2f-46bd-9f01-f5720eba7f0e'],size=1,snapshot_id=None,source_replicaid=,source_volid=None,status='creating',user_id='3fe95dfaf51d42559d2378534eacf3a9',volume_type_id=f3c32212-79c3-4f44-8dd7-67c2e3bc2d09), 'volume': Volume(_name_id=None,admin_metadata=,attach_status='detached',availability_zone='nova',bootable=False,cluster=,cluster_name=None,consistencygroup=,consistencygroup_id=None,created_at=2022-04-06T17:06:05Z,deleted=False,deleted_at=None,display_description=None,display_name='tempest-VolumesGetTestJSON-Volume-1183970018',ec2_id=None,encryption_key_id=None,glance_metadata=,group=,group_id=None,host=None,id=a4879af4-5aa3-4c3d-a6d1-59b9b13ef544,launched_at=None,metadata={Type='work'},migration_status=None,multiattach=False,previous_status=None,project_id='6057489a23c8415181fa2539ac416425',provider_auth=None,provider_geometry=None,provider_id=None,provider_location=None,replication_driver_data=None,replication_extended_status=None,replication_status=None,scheduled_at=None,service_uuid=None,shared_targets=True,size=1,snapshot_id=None,snapshots=,source_volid=None,status='creating',terminated_at=None,updated_at=None,use_quota=True,user_id='3fe95dfaf51d42559d2378534eacf3a9',volume_attachment=VolumeAttachmentList,volume_type=VolumeType(f3c32212-79c3-4f44-8dd7-67c2e3bc2d09),volume_type_id=f3c32212-79c3-4f44-8dd7-67c2e3bc2d09)}' {{(pid=110616) _task_receiver /usr/local/lib/python3.8/dist-packages/taskflow/listeners/logging.py:178}}
Apr 06 17:06:05.427135 dv-cinder-836850-1-iscsi devstack@c-api.service[110616]: DEBUG cinder.volume.api [req-9a5a4e7e-fd46-4bbc-9dde-dcc76bb9ea80 req-1f566d52-48ed-435e-a790-b3847c135e12 tempest-VolumesGetTestJSON-1891013863 tempest-VolumesGetTestJSON-1891013863-project] Task 'cinder.volume.flows.api.create_volume.QuotaCommitTask;volume:create' (e4b0deea-ac02-468a-9379-7b561a5705ce) transitioned into state 'RUNNING' from state 'PENDING' {{(pid=110616) _task_receiver /usr/local/lib/python3.8/dist-packages/taskflow/listeners/logging.py:190}}
Apr 06 17:06:05.495941 dv-cinder-836850-1-iscsi devstack@c-api.service[110617]: DEBUG cinder.volume.api [req-45706402-226f-4f8d-ba66-31641ed5fd4c req-7cc74f11-bf15-4888-9274-2c61f922b5e9 tempest-VolumesSnapshotsTestJSON-1265246473 tempest-VolumesSnapshotsTestJSON-1265246473-project] Task 'cinder.volume.flows.api.create_volume.ExtractVolumeRequestTask;volume:create' (ef6d8f54-4073-48e4-a636-921179984e0e) transitioned into state 'SUCCESS' from state 'RUNNING' with result '{'size': 1, 'snapshot_id': None, 'source_volid': None, 'volume_type': VolumeType(created_at=2022-04-06T16:50:34Z,deleted=False,deleted_at=None,description='Default Volume Type',extra_specs={},id=f3c32212-79c3-4f44-8dd7-67c2e3bc2d09,is_public=True,name='__DEFAULT__',projects=[],qos_specs=,qos_specs_id=None,updated_at=2022-04-06T16:50:34Z), 'volume_type_id': 'f3c32212-79c3-4f44-8dd7-67c2e3bc2d09', 'encryption_key_id': None, 'qos_specs': None, 'consistencygroup_id': None, 'cgsnapshot_id': None, 'group_id': None, 'replication_status': 'disabled', 'refresh_az': False, 'backup_id': None, 'multiattach': False, 'availability_zones': ['nova']}' {{(pid=110617) _task_receiver /usr/local/lib/python3.8/dist-packages/taskflow/listeners/logging.py:178}}
Apr 06 17:06:05.498408 dv-cinder-836850-1-iscsi devstack@c-api.service[110617]: DEBUG cinder.volume.api [req-45706402-226f-4f8d-ba66-31641ed5fd4c req-7cc74f11-bf15-4888-9274-2c61f922b5e9 tempest-VolumesSnapshotsTestJSON-1265246473 tempest-VolumesSnapshotsTestJSON-1265246473-project] Task 'cinder.volume.flows.api.create_volume.QuotaReserveTask;volume:create' (5b6e48d7-c5e0-4c3a-a091-15e01c212e27) transitioned into state 'RUNNING' from state 'PENDING' {{(pid=110617) _task_receiver /usr/local/lib/python3.8/dist-packages/taskflow/listeners/logging.py:190}}
Apr 06 17:06:05.537933 dv-cinder-836850-1-iscsi devstack@c-api.service[110616]: DEBUG cinder.volume.api [req-9a5a4e7e-fd46-4bbc-9dde-dcc76bb9ea80 req-1f566d52-48ed-435e-a790-b3847c135e12 tempest-VolumesGetTestJSON-1891013863 tempest-VolumesGetTestJSON-1891013863-project] Task 'cinder.volume.flows.api.create_volume.QuotaCommitTask;volume:create' (e4b0deea-ac02-468a-9379-7b561a5705ce) transitioned into state 'SUCCESS' from state 'RUNNING' with result '{'volume_properties': VolumeProperties(attach_status='detached',availability_zone='nova',cgsnapshot_id=None,consistencygroup_id=None,display_description=None,display_name='tempest-VolumesGetTestJSON-Volume-1183970018',encryption_key_id=None,group_id=None,group_type_id=,metadata={Type='work'},multiattach=False,project_id='6057489a23c8415181fa2539ac416425',qos_specs=None,replication_status=,reservations=['8ac12330-4c0c-4d0e-94fe-5966288aedbb','940b1005-5932-48ee-b372-35fd1794dcc1','97f2b44e-ea8f-4558-a9f1-a4ca5e201a23','773c5dc6-7f2f-46bd-9f01-f5720eba7f0e'],size=1,snapshot_id=None,source_replicaid=,source_volid=None,status='creating',user_id='3fe95dfaf51d42559d2378534eacf3a9',volume_type_id=f3c32212-79c3-4f44-8dd7-67c2e3bc2d09)}' {{(pid=110616) _task_receiver /usr/local/lib/python3.8/dist-packages/taskflow/listeners/logging.py:178}}
Apr 06 17:06:05.543572 dv-cinder-836850-1-iscsi devstack@c-api.service[110616]: DEBUG cinder.volume.api [req-9a5a4e7e-fd46-4bbc-9dde-dcc76bb9ea80 req-1f566d52-48ed-435e-a790-b3847c135e12 tempest-VolumesGetTestJSON-1891013863 tempest-VolumesGetTestJSON-1891013863-project] Task 'cinder.volume.flows.api.create_volume.VolumeCastTask;volume:create' (787b586a-72d3-414c-9e25-72a7309cfc33) transitioned into state 'RUNNING' from state 'PENDING' {{(pid=110616) _task_receiver /usr/local/lib/python3.8/dist-packages/taskflow/listeners/logging.py:190}}
Apr 06 17:06:05.556063 dv-cinder-836850-1-iscsi devstack@c-api.service[110617]: WARNING cinder.quota [req-45706402-226f-4f8d-ba66-31641ed5fd4c req-7cc74f11-bf15-4888-9274-2c61f922b5e9 tempest-VolumesSnapshotsTestJSON-1265246473 tempest-VolumesSnapshotsTestJSON-1265246473-project] Deprecated: Default quota for resource: volumes___DEFAULT__ is set by the default quota flag: quota_volumes___DEFAULT__, it is now deprecated. Please use the default quota class for default quota.
Apr 06 17:06:05.557168 dv-cinder-836850-1-iscsi devstack@c-api.service[110617]: WARNING cinder.quota [req-45706402-226f-4f8d-ba66-31641ed5fd4c req-7cc74f11-bf15-4888-9274-2c61f922b5e9 tempest-VolumesSnapshotsTestJSON-1265246473 tempest-VolumesSnapshotsTestJSON-1265246473-project] Deprecated: Default quota for resource: gigabytes___DEFAULT__ is set by the default quota flag: quota_gigabytes___DEFAULT__, it is now deprecated. Please use the default quota class for default quota.
Apr 06 17:06:05.708556 dv-cinder-836850-1-iscsi devstack@c-api.service[110616]: DEBUG cinder.volume.api [req-9a5a4e7e-fd46-4bbc-9dde-dcc76bb9ea80 req-1f566d52-48ed-435e-a790-b3847c135e12 tempest-VolumesGetTestJSON-1891013863 tempest-VolumesGetTestJSON-1891013863-project] Task 'cinder.volume.flows.api.create_volume.VolumeCastTask;volume:create' (787b586a-72d3-414c-9e25-72a7309cfc33) transitioned into state 'SUCCESS' from state 'RUNNING' with result 'None' {{(pid=110616) _task_receiver /usr/local/lib/python3.8/dist-packages/taskflow/listeners/logging.py:178}}
Apr 06 17:06:05.711052 dv-cinder-836850-1-iscsi devstack@c-api.service[110616]: DEBUG cinder.volume.api [req-9a5a4e7e-fd46-4bbc-9dde-dcc76bb9ea80 req-1f566d52-48ed-435e-a790-b3847c135e12 tempest-VolumesGetTestJSON-1891013863 tempest-VolumesGetTestJSON-1891013863-project] Flow 'volume_create_api' (56a17796-4d24-4ab2-b72a-0b9f1fd024ad) transitioned into state 'SUCCESS' from state 'RUNNING' {{(pid=110616) _flow_receiver /usr/local/lib/python3.8/dist-packages/taskflow/listeners/logging.py:141}}
Apr 06 17:06:05.712421 dv-cinder-836850-1-iscsi devstack@c-api.service[110616]: INFO cinder.volume.api [req-9a5a4e7e-fd46-4bbc-9dde-dcc76bb9ea80 req-1f566d52-48ed-435e-a790-b3847c135e12 tempest-VolumesGetTestJSON-1891013863 tempest-VolumesGetTestJSON-1891013863-project] Create volume request issued successfully.
Apr 06 17:06:05.714613 dv-cinder-836850-1-iscsi devstack@c-api.service[110616]: INFO cinder.api.openstack.wsgi [req-9a5a4e7e-fd46-4bbc-9dde-dcc76bb9ea80 req-1f566d52-48ed-435e-a790-b3847c135e12 tempest-VolumesGetTestJSON-1891013863 tempest-VolumesGetTestJSON-1891013863-project] http://10.222.0.66/volume/v3/6057489a23c8415181fa2539ac416425/volumes returned with HTTP 202
Apr 06 17:06:05.724818 dv-cinder-836850-1-iscsi devstack@c-api.service[110616]: [pid: 110616|app: 0|req: 5/11] 10.222.0.66 () {64 vars in 1521 bytes} [Wed Apr 6 17:06:04 2022] POST /volume/v3/6057489a23c8415181fa2539ac416425/volumes => generated 832 bytes in 1716 msecs (HTTP/1.1 202) 7 headers in 291 bytes (2 switches on core 0)
Apr 06 17:06:05.727176 dv-cinder-836850-1-iscsi devstack@c-api.service[110616]: DEBUG cinder.api.middleware.request_id [None req-53ba6862-9c8f-405a-bee2-dc78fd603613 None None] RequestId filter calling following filter/app {{(pid=110616) _context_setter /opt/stack/cinder/cinder/api/middleware/request_id.py:62}}
Apr 06 17:06:05.798244 dv-cinder-836850-1-iscsi devstack@c-api.service[110616]: INFO cinder.api.openstack.wsgi [None req-53ba6862-9c8f-405a-bee2-dc78fd603613 tempest-GroupsTest-1412111890 tempest-GroupsTest-1412111890-project-admin] POST http://10.222.0.66/volume/v3/9e1b8be1c1864c6e9f3368f833b30a6d/types
Apr 06 17:06:05.798981 dv-cinder-836850-1-iscsi devstack@c-api.service[110616]: DEBUG cinder.api.openstack.wsgi [None req-53ba6862-9c8f-405a-bee2-dc78fd603613 tempest-GroupsTest-1412111890 tempest-GroupsTest-1412111890-project-admin] Action: 'create', calling method: _create, body: {"volume_type": {"name": "tempest-GroupsTest-volume-type-1324873619"}} {{(pid=110616) _process_stack /opt/stack/cinder/cinder/api/openstack/wsgi.py:866}}
Apr 06 17:06:05.800237 dv-cinder-836850-1-iscsi devstack@c-api.service[110616]: /usr/local/lib/python3.8/dist-packages/oslo_context/context.py:100: DeprecationWarning: Policy enforcement is depending on the value of is_admin. This key is deprecated. Please update your policy file to use the standard policy values.
Apr 06 17:06:05.800237 dv-cinder-836850-1-iscsi devstack@c-api.service[110616]: warnings.warn('Policy enforcement is depending on the value of '
Apr 06 17:06:05.841471 dv-cinder-836850-1-iscsi devstack@c-api.service[110617]: DEBUG cinder.quota [req-45706402-226f-4f8d-ba66-31641ed5fd4c req-7cc74f11-bf15-4888-9274-2c61f922b5e9 tempest-VolumesSnapshotsTestJSON-1265246473 tempest-VolumesSnapshotsTestJSON-1265246473-project] Created reservations ['5053bc2b-41d5-4ae2-9bb4-b1b0cc9b3528', 'ccc45f1f-671e-46e4-bdbf-d3fe6c049dcf', '8ac0d9bc-ddd6-4862-ad94-ea1ada590368', 'c7cbbdbb-6c17-4639-a00a-6fce7d2b790c'] {{(pid=110617) reserve /opt/stack/cinder/cinder/quota.py:755}}
