Apr 06 16:30:54.451770 dv-cinder-836848-1-iscsi devstack@n-api.service[102883]: DEBUG nova.api.openstack.wsgi [None req-7c293f9c-15a4-4fe9-88bd-575a8b92ae4e admin admin] Action: 'create', calling method: >, body: {"flavor": {"swap": 0, "id": "2", "disk": 20, "vcpus": 1, "name": "m1.small", "ram": 2048, "rxtx_factor": 1.0, "os-flavor-access:is_public": true, "OS-FLV-EXT-DATA:ephemeral": 0}} {{(pid=102883) _process_stack /opt/stack/nova/nova/api/openstack/wsgi.py:511}}
Apr 06 16:30:54.480960 dv-cinder-836848-1-iscsi devstack@n-api.service[102883]: INFO nova.api.openstack.requestlog [None req-7c293f9c-15a4-4fe9-88bd-575a8b92ae4e admin admin] 10.222.0.64 "POST /compute/v2.1/flavors" status: 200 len: 405 microversion: 2.61 time: 0.088196
Apr 06 16:30:54.481699 dv-cinder-836848-1-iscsi devstack@n-api.service[102883]: [pid: 102883|app: 0|req: 12/25] 10.222.0.64 () {64 vars in 1282 bytes} [Wed Apr 6 16:30:54 2022] POST /compute/v2.1/flavors => generated 405 bytes in 90 msecs (HTTP/1.1 200) 9 headers in 359 bytes (1 switches on core 0)
Apr 06 16:30:54.500613 dv-cinder-836848-1-iscsi devstack@n-api.service[102884]: DEBUG nova.api.openstack.wsgi [None req-25f21fc2-dd53-4d68-a385-e9ba46bc6696 admin admin] Action: 'create', calling method: >, body: {"extra_specs": {"hw_rng:allowed": "True"}} {{(pid=102884) _process_stack /opt/stack/nova/nova/api/openstack/wsgi.py:511}}
Apr 06 16:30:54.527462 dv-cinder-836848-1-iscsi devstack@n-api.service[102884]: INFO nova.api.openstack.requestlog [None req-25f21fc2-dd53-4d68-a385-e9ba46bc6696 admin admin] 10.222.0.64 "POST /compute/v2.1/flavors/2/os-extra_specs" status: 200 len: 43 microversion: 2.61 time: 0.032754
Apr 06 16:30:54.528128 dv-cinder-836848-1-iscsi devstack@n-api.service[102884]: [pid: 102884|app: 0|req: 14/26] 10.222.0.64 () {64 vars in 1332 bytes} [Wed Apr 6 16:30:54 2022] POST /compute/v2.1/flavors/2/os-extra_specs => generated 43 bytes in 35 msecs (HTTP/1.1 200) 9 headers in 358 bytes (1 switches on core 0)
Apr 06 16:30:56.895520 dv-cinder-836848-1-iscsi devstack@n-api.service[102883]: DEBUG nova.api.openstack.wsgi [None req-7c293f9c-15a4-4fe9-88bd-575a8b92ae4e admin admin] Calling method '>' {{(pid=102883) _process_stack /opt/stack/nova/nova/api/openstack/wsgi.py:513}}
Apr 06 16:30:56.896530 dv-cinder-836848-1-iscsi devstack@n-api.service[102883]: INFO nova.api.openstack.requestlog [None req-7c293f9c-15a4-4fe9-88bd-575a8b92ae4e admin admin] 10.222.0.64 "GET /compute/v2.1" status: 200 len: 388 microversion: 2.1 time: 0.001509
Apr 06 16:30:56.897002 dv-cinder-836848-1-iscsi devstack@n-api.service[102883]: [pid: 102883|app: 0|req: 13/27] 10.222.0.64 () {54 vars in 930 bytes} [Wed Apr 6 16:30:56 2022] GET /compute/v2.1 => generated 388 bytes in 2 msecs (HTTP/1.1 200) 9 headers in 357 bytes (1 switches on core 0)
Apr 06 16:30:56.963315 dv-cinder-836848-1-iscsi devstack@n-api.service[102884]: DEBUG nova.api.openstack.wsgi [None req-5bd364ea-ec10-457c-b4f5-a8adf39517ae admin admin] Action: 'create', calling method: >, body: {"flavor": {"os-flavor-access:is_public": true, "name": "m1.medium", "id": "3", "vcpus": 2, "ram": 4096, "swap": 0, "rxtx_factor": 1.0, "OS-FLV-EXT-DATA:ephemeral": 0, "disk": 40}} {{(pid=102884) _process_stack /opt/stack/nova/nova/api/openstack/wsgi.py:511}}
Apr 06 16:30:56.983307 dv-cinder-836848-1-iscsi devstack@n-api.service[102884]: INFO nova.api.openstack.requestlog [None req-5bd364ea-ec10-457c-b4f5-a8adf39517ae admin admin] 10.222.0.64 "POST /compute/v2.1/flavors" status: 200 len: 406 microversion: 2.61 time: 0.079968
Apr 06 16:30:56.983956 dv-cinder-836848-1-iscsi devstack@n-api.service[102884]: [pid: 102884|app: 0|req: 15/28] 10.222.0.64 () {64 vars in 1282 bytes} [Wed Apr 6 16:30:56 2022] POST /compute/v2.1/flavors => generated 406 bytes in 81 msecs (HTTP/1.1 200) 9 headers in 359 bytes (1 switches on core 0)
Apr 06 16:30:56.997034 dv-cinder-836848-1-iscsi devstack@n-api.service[102883]: DEBUG nova.api.openstack.wsgi [None req-20c11faf-3368-4bf7-9ec7-1e49e9870f9e admin admin] Action: 'create', calling method: >, body: {"extra_specs": {"hw_rng:allowed": "True"}} {{(pid=102883) _process_stack /opt/stack/nova/nova/api/openstack/wsgi.py:511}}
Apr 06 16:30:57.025007 dv-cinder-836848-1-iscsi devstack@n-api.service[102883]: INFO nova.api.openstack.requestlog [None req-20c11faf-3368-4bf7-9ec7-1e49e9870f9e admin admin] 10.222.0.64 "POST /compute/v2.1/flavors/3/os-extra_specs" status: 200 len: 43 microversion: 2.61 time: 0.031656
Apr 06 16:30:57.025883 dv-cinder-836848-1-iscsi devstack@n-api.service[102883]: [pid: 102883|app: 0|req: 14/29] 10.222.0.64 () {64 vars in 1332 bytes} [Wed Apr 6 16:30:56 2022] POST /compute/v2.1/flavors/3/os-extra_specs => generated 43 bytes in 33 msecs (HTTP/1.1 200) 9 headers in 358 bytes (1 switches on core 0)
Apr 06 16:30:59.428327 dv-cinder-836848-1-iscsi devstack@n-api.service[102884]: DEBUG nova.api.openstack.wsgi [None req-5bd364ea-ec10-457c-b4f5-a8adf39517ae admin admin] Calling method '>' {{(pid=102884) _process_stack /opt/stack/nova/nova/api/openstack/wsgi.py:513}}
Apr 06 16:30:59.430403 dv-cinder-836848-1-iscsi devstack@n-api.service[102884]: INFO nova.api.openstack.requestlog [None req-5bd364ea-ec10-457c-b4f5-a8adf39517ae admin admin] 10.222.0.64 "GET /compute/v2.1" status: 200 len: 388 microversion: 2.1 time: 0.006189
Apr 06 16:30:59.430789 dv-cinder-836848-1-iscsi devstack@n-api.service[102884]: [pid: 102884|app: 0|req: 16/30] 10.222.0.64 () {54 vars in 930 bytes} [Wed Apr 6 16:30:59 2022] GET /compute/v2.1 => generated 388 bytes in 7 msecs (HTTP/1.1 200) 9 headers in 357 bytes (1 switches on core 0)
Apr 06 16:30:59.493160 dv-cinder-836848-1-iscsi devstack@n-api.service[102883]: DEBUG nova.api.openstack.wsgi [None req-641b61e3-b615-49df-b744-af43006edbdc admin admin] Action: 'create', calling method: >, body: {"flavor": {"disk": 80, "swap": 0, "rxtx_factor": 1.0, "os-flavor-access:is_public": true, "name": "m1.large", "vcpus": 4, "OS-FLV-EXT-DATA:ephemeral": 0, "ram": 8192, "id": "4"}} {{(pid=102883) _process_stack /opt/stack/nova/nova/api/openstack/wsgi.py:511}}
Apr 06 16:30:59.514367 dv-cinder-836848-1-iscsi devstack@n-api.service[102883]: INFO nova.api.openstack.requestlog [None req-641b61e3-b615-49df-b744-af43006edbdc admin admin] 10.222.0.64 "POST /compute/v2.1/flavors" status: 200 len: 405 microversion: 2.61 time: 0.074103
Apr 06 16:30:59.514936 dv-cinder-836848-1-iscsi devstack@n-api.service[102883]: [pid: 102883|app: 0|req: 15/31] 10.222.0.64 () {64 vars in 1282 bytes} [Wed Apr 6 16:30:59 2022] POST /compute/v2.1/flavors => generated 405 bytes in 75 msecs (HTTP/1.1 200) 9 headers in 359 bytes (1 switches on core 0)
Apr 06 16:30:59.527078 dv-cinder-836848-1-iscsi devstack@n-api.service[102884]: DEBUG nova.api.openstack.wsgi [None req-c3d2de2c-c054-4ead-a957-63f3d75bad8e admin admin] Action: 'create', calling method: >, body: {"extra_specs": {"hw_rng:allowed": "True"}} {{(pid=102884) _process_stack /opt/stack/nova/nova/api/openstack/wsgi.py:511}}
Apr 06 16:30:59.553668 dv-cinder-836848-1-iscsi devstack@n-api.service[102884]: INFO nova.api.openstack.requestlog [None req-c3d2de2c-c054-4ead-a957-63f3d75bad8e admin admin] 10.222.0.64 "POST /compute/v2.1/flavors/4/os-extra_specs" status: 200 len: 43 microversion: 2.61 time: 0.030223
Apr 06 16:30:59.554256 dv-cinder-836848-1-iscsi devstack@n-api.service[102884]: [pid: 102884|app: 0|req: 17/32] 10.222.0.64 () {64 vars in 1332 bytes} [Wed Apr 6 16:30:59 2022] POST /compute/v2.1/flavors/4/os-extra_specs => generated 43 bytes in 31 msecs (HTTP/1.1 200) 9 headers in 358 bytes (1 switches on core 0)
Apr 06 16:31:01.996454 dv-cinder-836848-1-iscsi devstack@n-api.service[102883]: DEBUG nova.api.openstack.wsgi [None req-641b61e3-b615-49df-b744-af43006edbdc admin admin] Calling method '>' {{(pid=102883) _process_stack /opt/stack/nova/nova/api/openstack/wsgi.py:513}}
Apr 06 16:31:01.997499 dv-cinder-836848-1-iscsi devstack@n-api.service[102883]: INFO nova.api.openstack.requestlog [None req-641b61e3-b615-49df-b744-af43006edbdc admin admin] 10.222.0.64 "GET /compute/v2.1" status: 200 len: 388 microversion: 2.1 time: 0.001503
Apr 06 16:31:01.998121 dv-cinder-836848-1-iscsi devstack@n-api.service[102883]: [pid: 102883|app: 0|req: 16/33] 10.222.0.64 () {54 vars in 930 bytes} [Wed Apr 6 16:31:01 2022] GET /compute/v2.1 => generated 388 bytes in 3 msecs (HTTP/1.1 200) 9 headers in 357 bytes (1 switches on core 0)
Apr 06 16:31:02.060018 dv-cinder-836848-1-iscsi devstack@n-api.service[102884]: DEBUG nova.api.openstack.wsgi [None req-17ce1438-0aa1-47df-b0de-2509f3a648fe admin admin] Action: 'create', calling method: >, body: {"flavor": {"vcpus": 8, "os-flavor-access:is_public": true, "ram": 16384, "name": "m1.xlarge", "id": "5", "rxtx_factor": 1.0, "OS-FLV-EXT-DATA:ephemeral": 0, "disk": 160, "swap": 0}} {{(pid=102884) _process_stack /opt/stack/nova/nova/api/openstack/wsgi.py:511}}
Apr 06 16:31:02.080713 dv-cinder-836848-1-iscsi devstack@n-api.service[102884]: INFO nova.api.openstack.requestlog [None req-17ce1438-0aa1-47df-b0de-2509f3a648fe admin admin] 10.222.0.64 "POST /compute/v2.1/flavors" status: 200 len: 408 microversion: 2.61 time: 0.076664
Apr 06 16:31:02.081615 dv-cinder-836848-1-iscsi devstack@n-api.service[102884]: [pid: 102884|app: 0|req: 18/34] 10.222.0.64 () {64 vars in 1282 bytes} [Wed Apr 6 16:31:02 2022] POST /compute/v2.1/flavors => generated 408 bytes in 78 msecs (HTTP/1.1 200) 9 headers in 359 bytes (1 switches on core 0)
Apr 06 16:31:02.096500 dv-cinder-836848-1-iscsi devstack@n-api.service[102883]: DEBUG nova.api.openstack.wsgi [None req-f9bc7d28-56d2-4720-99e1-e992872c2ca5 admin admin] Action: 'create', calling method: >, body: {"extra_specs": {"hw_rng:allowed": "True"}} {{(pid=102883) _process_stack /opt/stack/nova/nova/api/openstack/wsgi.py:511}}
Apr 06 16:31:02.121585 dv-cinder-836848-1-iscsi devstack@n-api.service[102883]: INFO nova.api.openstack.requestlog [None req-f9bc7d28-56d2-4720-99e1-e992872c2ca5 admin admin] 10.222.0.64 "POST /compute/v2.1/flavors/5/os-extra_specs" status: 200 len: 43 microversion: 2.61 time: 0.029156
Apr 06 16:31:02.122621 dv-cinder-836848-1-iscsi devstack@n-api.service[102883]: [pid: 102883|app: 0|req: 17/35] 10.222.0.64 () {64 vars in 1332 bytes} [Wed Apr 6 16:31:02 2022] POST /compute/v2.1/flavors/5/os-extra_specs => generated 43 bytes in 31 msecs (HTTP/1.1 200) 9 headers in 358 bytes (1 switches on core 0)
Apr 06 16:31:26.726356 dv-cinder-836848-1-iscsi devstack@n-api.service[102884]: DEBUG nova.api.openstack.wsgi [None req-17ce1438-0aa1-47df-b0de-2509f3a648fe admin admin] Calling method '>' {{(pid=102884) _process_stack /opt/stack/nova/nova/api/openstack/wsgi.py:513}}
Apr 06 16:31:26.727631 dv-cinder-836848-1-iscsi devstack@n-api.service[102884]: INFO nova.api.openstack.requestlog [None req-17ce1438-0aa1-47df-b0de-2509f3a648fe admin admin] 10.222.0.64 "GET /compute/v2.1" status: 200 len: 388 microversion: 2.1 time: 0.001923
Apr 06 16:31:26.728227 dv-cinder-836848-1-iscsi devstack@n-api.service[102884]: [pid: 102884|app: 0|req: 19/36] 10.222.0.64 () {54 vars in 930 bytes} [Wed Apr 6 16:31:26 2022] GET /compute/v2.1 => generated 388 bytes in 4 msecs (HTTP/1.1 200) 9 headers in 357 bytes (1 switches on core 0)
Apr 06 16:31:26.814958 dv-cinder-836848-1-iscsi devstack@n-api.service[102883]: DEBUG nova.api.openstack.wsgi [None req-6859206f-4bf1-4fe1-80e8-e471ee3de781 admin admin] Calling method '>' {{(pid=102883) _process_stack /opt/stack/nova/nova/api/openstack/wsgi.py:513}}
Apr 06 16:31:26.837464 dv-cinder-836848-1-iscsi devstack@n-api.service[102883]: INFO nova.api.openstack.requestlog [None req-6859206f-4bf1-4fe1-80e8-e471ee3de781 admin admin] 10.222.0.64 "GET /compute/v2.1/flavors/detail?is_public=True" status: 200 len: 4202 microversion: 2.61 time: 0.098814
Apr 06 16:31:26.838130 dv-cinder-836848-1-iscsi devstack@n-api.service[102883]: [pid: 102883|app: 0|req: 18/37] 10.222.0.64 () {60 vars in 1291 bytes} [Wed Apr 6 16:31:26 2022] GET /compute/v2.1/flavors/detail?is_public=True => generated 4202 bytes in 101 msecs (HTTP/1.1 200) 9 headers in 360 bytes (1 switches on core 0)
Apr 06 16:31:28.224714 dv-cinder-836848-1-iscsi devstack@n-api.service[102884]: DEBUG nova.api.openstack.wsgi [None req-17ce1438-0aa1-47df-b0de-2509f3a648fe admin admin] Calling method '>' {{(pid=102884) _process_stack /opt/stack/nova/nova/api/openstack/wsgi.py:513}}
Apr 06 16:31:28.225749 dv-cinder-836848-1-iscsi devstack@n-api.service[102884]: INFO nova.api.openstack.requestlog [None req-17ce1438-0aa1-47df-b0de-2509f3a648fe admin admin] 10.222.0.64 "GET /compute/v2.1" status: 200 len: 388 microversion: 2.1 time: 0.001451
Apr 06 16:31:28.226147 dv-cinder-836848-1-iscsi devstack@n-api.service[102884]: [pid: 102884|app: 0|req: 20/38] 10.222.0.64 () {56 vars in 1074 bytes} [Wed Apr 6 16:31:28 2022] GET /compute/v2.1 => generated 388 bytes in 2 msecs (HTTP/1.1 200) 9 headers in 357 bytes (1 switches on core 0)
Apr 06 16:31:28.452096 dv-cinder-836848-1-iscsi devstack@n-api.service[102883]: DEBUG nova.api.openstack.wsgi [None req-5983dc8c-dc51-4c8d-98c3-2532e7d56cca admin admin] Calling method '>' {{(pid=102883) _process_stack /opt/stack/nova/nova/api/openstack/wsgi.py:513}}
Apr 06 16:31:28.458078 dv-cinder-836848-1-iscsi devstack@n-api.service[102883]: INFO nova.api.openstack.wsgi [None req-5983dc8c-dc51-4c8d-98c3-2532e7d56cca admin admin] HTTP exception thrown: Flavor 42 could not be found.
Apr 06 16:31:28.458651 dv-cinder-836848-1-iscsi devstack@n-api.service[102883]: DEBUG nova.api.openstack.wsgi [None req-5983dc8c-dc51-4c8d-98c3-2532e7d56cca admin admin] Returning 404 to user: Flavor 42 could not be found. {{(pid=102883) __call__ /opt/stack/nova/nova/api/openstack/wsgi.py:936}}
Apr 06 16:31:28.459458 dv-cinder-836848-1-iscsi devstack@n-api.service[102883]: INFO nova.api.openstack.requestlog [None req-5983dc8c-dc51-4c8d-98c3-2532e7d56cca admin admin] 10.222.0.64 "GET /compute/v2.1/flavors/42" status: 404 len: 75 microversion: 2.90 time: 0.069541
Apr 06 16:31:28.459982 dv-cinder-836848-1-iscsi devstack@n-api.service[102883]: [pid: 102883|app: 0|req: 19/39] 10.222.0.64 () {60 vars in 1190 bytes} [Wed Apr 6 16:31:28 2022] GET /compute/v2.1/flavors/42 => generated 75 bytes in 71 msecs (HTTP/1.1 404) 9 headers in 380 bytes (1 switches on core 0)
Apr 06 16:31:28.469764 dv-cinder-836848-1-iscsi devstack@n-api.service[102884]: DEBUG nova.api.openstack.wsgi [None req-fdecf4ed-acb7-48db-9641-20159b36d2f2 admin admin] Calling method '>' {{(pid=102884) _process_stack /opt/stack/nova/nova/api/openstack/wsgi.py:513}}
Apr 06 16:31:28.491865 dv-cinder-836848-1-iscsi devstack@n-api.service[102884]: INFO nova.api.openstack.requestlog [None req-fdecf4ed-acb7-48db-9641-20159b36d2f2 admin admin] 10.222.0.64 "GET /compute/v2.1/flavors?is_public=None" status: 200 len: 2056 microversion: 2.90 time: 0.025611
Apr 06 16:31:28.492384 dv-cinder-836848-1-iscsi devstack@n-api.service[102884]: [pid: 102884|app: 0|req: 21/40] 10.222.0.64 () {60 vars in 1210 bytes} [Wed Apr 6 16:31:28 2022] GET /compute/v2.1/flavors?is_public=None => generated 2056 bytes in 27 msecs (HTTP/1.1 200) 9 headers in 360 bytes (1 switches on core 0)
Apr 06 16:31:28.502508 dv-cinder-836848-1-iscsi devstack@n-api.service[102883]: DEBUG nova.api.openstack.wsgi [None req-fd1384b8-8d58-45fc-8d06-812bfcc4e29a admin admin] Calling method '>' {{(pid=102883) _process_stack /opt/stack/nova/nova/api/openstack/wsgi.py:513}}
Apr 06 16:31:28.524711 dv-cinder-836848-1-iscsi devstack@n-api.service[102883]: INFO nova.api.openstack.requestlog [None req-fd1384b8-8d58-45fc-8d06-812bfcc4e29a admin admin] 10.222.0.64 "GET /compute/v2.1/flavors?is_public=None" status: 200 len: 2056 microversion: 2.90 time: 0.025752
Apr 06 16:31:28.525259 dv-cinder-836848-1-iscsi devstack@n-api.service[102883]: [pid: 102883|app: 0|req: 20/41] 10.222.0.64 () {60 vars in 1210 bytes} [Wed Apr 6 16:31:28 2022] GET /compute/v2.1/flavors?is_public=None => generated 2056 bytes in 27 msecs (HTTP/1.1 200) 9 headers in 360 bytes (1 switches on core 0)
Apr 06 16:31:28.540364 dv-cinder-836848-1-iscsi devstack@n-api.service[102884]: DEBUG nova.api.openstack.wsgi [None req-a5b1bdf1-5eee-406b-9f33-9470b843167b admin admin] Calling method '>' {{(pid=102884) _process_stack /opt/stack/nova/nova/api/openstack/wsgi.py:513}}
Apr 06 16:31:28.549793 dv-cinder-836848-1-iscsi devstack@n-api.service[102884]: INFO nova.api.openstack.wsgi [None req-a5b1bdf1-5eee-406b-9f33-9470b843167b admin admin] HTTP exception thrown: Flavor 42 could not be found.
Apr 06 16:31:28.550520 dv-cinder-836848-1-iscsi devstack@n-api.service[102884]: DEBUG nova.api.openstack.wsgi [None req-a5b1bdf1-5eee-406b-9f33-9470b843167b admin admin] Returning 404 to user: Flavor 42 could not be found. {{(pid=102884) __call__ /opt/stack/nova/nova/api/openstack/wsgi.py:936}}
Apr 06 16:31:28.551387 dv-cinder-836848-1-iscsi devstack@n-api.service[102884]: INFO nova.api.openstack.requestlog [None req-a5b1bdf1-5eee-406b-9f33-9470b843167b admin admin] 10.222.0.64 "GET /compute/v2.1/flavors/42" status: 404 len: 75 microversion: 2.90 time: 0.017142
Apr 06 16:31:28.551881 dv-cinder-836848-1-iscsi devstack@n-api.service[102884]: [pid: 102884|app: 0|req: 22/42] 10.222.0.64 () {60 vars in 1190 bytes} [Wed Apr 6 16:31:28 2022] GET /compute/v2.1/flavors/42 => generated 75 bytes in 18 msecs (HTTP/1.1 404) 9 headers in 380 bytes (1 switches on core 0)
Apr 06 16:31:29.833271 dv-cinder-836848-1-iscsi devstack@n-api.service[102883]: DEBUG nova.api.openstack.wsgi [None req-fd1384b8-8d58-45fc-8d06-812bfcc4e29a admin admin] Calling method '>' {{(pid=102883) _process_stack /opt/stack/nova/nova/api/openstack/wsgi.py:513}}
Apr 06 16:31:29.834336 dv-cinder-836848-1-iscsi devstack@n-api.service[102883]: INFO nova.api.openstack.requestlog [None req-fd1384b8-8d58-45fc-8d06-812bfcc4e29a admin admin] 10.222.0.64 "GET /compute/v2.1" status: 200 len: 388 microversion: 2.1 time: 0.001470
Apr 06 16:31:29.834682 dv-cinder-836848-1-iscsi devstack@n-api.service[102883]: [pid: 102883|app: 0|req: 21/43] 10.222.0.64 () {56 vars in 1074 bytes} [Wed Apr 6 16:31:29 2022] GET /compute/v2.1 => generated 388 bytes in 2 msecs (HTTP/1.1 200) 9 headers in 357 bytes (1 switches on core 0)
Apr 06 16:31:30.040612 dv-cinder-836848-1-iscsi devstack@n-api.service[102884]: DEBUG nova.api.openstack.wsgi [None req-02f4fe3e-819e-4ce4-babf-c6f75c5577a8 admin admin] Calling method '>' {{(pid=102884) _process_stack /opt/stack/nova/nova/api/openstack/wsgi.py:513}}
Apr 06 16:31:30.046274 dv-cinder-836848-1-iscsi devstack@n-api.service[102884]: INFO nova.api.openstack.wsgi [None req-02f4fe3e-819e-4ce4-babf-c6f75c5577a8 admin admin] HTTP exception thrown: Flavor 84 could not be found.
Apr 06 16:31:30.046833 dv-cinder-836848-1-iscsi devstack@n-api.service[102884]: DEBUG nova.api.openstack.wsgi [None req-02f4fe3e-819e-4ce4-babf-c6f75c5577a8 admin admin] Returning 404 to user: Flavor 84 could not be found. {{(pid=102884) __call__ /opt/stack/nova/nova/api/openstack/wsgi.py:936}}
Apr 06 16:31:30.047626 dv-cinder-836848-1-iscsi devstack@n-api.service[102884]: INFO nova.api.openstack.requestlog [None req-02f4fe3e-819e-4ce4-babf-c6f75c5577a8 admin admin] 10.222.0.64 "GET /compute/v2.1/flavors/84" status: 404 len: 75 microversion: 2.90 time: 0.071168
Apr 06 16:31:30.048138 dv-cinder-836848-1-iscsi devstack@n-api.service[102884]: [pid: 102884|app: 0|req: 23/44] 10.222.0.64 () {60 vars in 1190 bytes} [Wed Apr 6 16:31:29 2022] GET /compute/v2.1/flavors/84 => generated 75 bytes in 73 msecs (HTTP/1.1 404) 9 headers in 380 bytes (1 switches on core 0)
Apr 06 16:31:30.058129 dv-cinder-836848-1-iscsi devstack@n-api.service[102883]: DEBUG nova.api.openstack.wsgi [None req-e8121841-0e85-400a-93f7-20b1935055ec admin admin] Calling method '>' {{(pid=102883) _process_stack /opt/stack/nova/nova/api/openstack/wsgi.py:513}}
Apr 06 16:31:30.071923 dv-cinder-836848-1-iscsi devstack@n-api.service[102883]: INFO nova.api.openstack.requestlog [None req-e8121841-0e85-400a-93f7-20b1935055ec admin admin] 10.222.0.64 "GET /compute/v2.1/flavors?is_public=None" status: 200 len: 2056 microversion: 2.90 time: 0.017411
Apr 06 16:31:30.072452 dv-cinder-836848-1-iscsi devstack@n-api.service[102883]: [pid: 102883|app: 0|req: 22/45] 10.222.0.64 () {60 vars in 1210 bytes} [Wed Apr 6 16:31:30 2022] GET /compute/v2.1/flavors?is_public=None => generated 2056 bytes in 18 msecs (HTTP/1.1 200) 9 headers in 360 bytes (1 switches on core 0)
Apr 06 16:31:30.082444 dv-cinder-836848-1-iscsi devstack@n-api.service[102884]: DEBUG nova.api.openstack.wsgi [None req-bc2139bb-b337-414f-b02b-8926ebef5849 admin admin] Calling method '>' {{(pid=102884) _process_stack /opt/stack/nova/nova/api/openstack/wsgi.py:513}}
Apr 06 16:31:30.096343 dv-cinder-836848-1-iscsi devstack@n-api.service[102884]: INFO nova.api.openstack.requestlog [None req-bc2139bb-b337-414f-b02b-8926ebef5849 admin admin] 10.222.0.64 "GET /compute/v2.1/flavors?is_public=None" status: 200 len: 2056 microversion: 2.90 time: 0.017726
Apr 06 16:31:30.097119 dv-cinder-836848-1-iscsi devstack@n-api.service[102884]: [pid: 102884|app: 0|req: 24/46] 10.222.0.64 () {60 vars in 1210 bytes} [Wed Apr 6 16:31:30 2022] GET /compute/v2.1/flavors?is_public=None => generated 2056 bytes in 19 msecs (HTTP/1.1 200) 9 headers in 360 bytes (1 switches on core 0)
Apr 06 16:31:30.106093 dv-cinder-836848-1-iscsi devstack@n-api.service[102883]: DEBUG nova.api.openstack.wsgi [None req-bbf3bd9d-9166-49b0-8dc3-5969a3ab0f81 admin admin] Calling method '>' {{(pid=102883) _process_stack /opt/stack/nova/nova/api/openstack/wsgi.py:513}}
Apr 06 16:31:30.111546 dv-cinder-836848-1-iscsi devstack@n-api.service[102883]: INFO nova.api.openstack.wsgi [None req-bbf3bd9d-9166-49b0-8dc3-5969a3ab0f81 admin admin] HTTP exception thrown: Flavor 84 could not be found.
Apr 06 16:31:30.112101 dv-cinder-836848-1-iscsi devstack@n-api.service[102883]: DEBUG nova.api.openstack.wsgi [None req-bbf3bd9d-9166-49b0-8dc3-5969a3ab0f81 admin admin] Returning 404 to user: Flavor 84 could not be found. {{(pid=102883) __call__ /opt/stack/nova/nova/api/openstack/wsgi.py:936}}
Apr 06 16:31:30.113038 dv-cinder-836848-1-iscsi devstack@n-api.service[102883]: INFO nova.api.openstack.requestlog [None req-bbf3bd9d-9166-49b0-8dc3-5969a3ab0f81 admin admin] 10.222.0.64 "GET /compute/v2.1/flavors/84" status: 404 len: 75 microversion: 2.90 time: 0.010412
Apr 06 16:31:30.113530 dv-cinder-836848-1-iscsi devstack@n-api.service[102883]: [pid: 102883|app: 0|req: 23/47] 10.222.0.64 () {60 vars in 1190 bytes} [Wed Apr 6 16:31:30 2022] GET /compute/v2.1/flavors/84 => generated 75 bytes in 11 msecs (HTTP/1.1 404) 9 headers in 380 bytes (1 switches on core 0)
Apr 06 16:31:31.400534 dv-cinder-836848-1-iscsi devstack@n-api.service[102884]: DEBUG nova.api.openstack.wsgi [None req-bc2139bb-b337-414f-b02b-8926ebef5849 admin admin] Calling method '>' {{(pid=102884) _process_stack /opt/stack/nova/nova/api/openstack/wsgi.py:513}}
Apr 06 16:31:31.401924 dv-cinder-836848-1-iscsi devstack@n-api.service[102884]: INFO nova.api.openstack.requestlog [None req-bc2139bb-b337-414f-b02b-8926ebef5849 admin admin] 10.222.0.64 "GET /compute/v2.1" status: 200 len: 388 microversion: 2.1 time: 0.001930
Apr 06 16:31:31.402408 dv-cinder-836848-1-iscsi devstack@n-api.service[102884]: [pid: 102884|app: 0|req: 25/48] 10.222.0.64 () {56 vars in 1074 bytes} [Wed Apr 6 16:31:31 2022] GET /compute/v2.1 => generated 388 bytes in 3 msecs (HTTP/1.1 200) 9 headers in 357 bytes (1 switches on core 0)
Apr 06 16:31:31.612913 dv-cinder-836848-1-iscsi devstack@n-api.service[102883]: DEBUG nova.api.openstack.wsgi [None req-2f697a95-31b1-4c9e-9830-20b4668b8b29 admin admin] Calling method '>' {{(pid=102883) _process_stack /opt/stack/nova/nova/api/openstack/wsgi.py:513}}
Apr 06 16:31:31.618911 dv-cinder-836848-1-iscsi devstack@n-api.service[102883]: INFO nova.api.openstack.wsgi [None req-2f697a95-31b1-4c9e-9830-20b4668b8b29 admin admin] HTTP exception thrown: Flavor 451 could not be found.
Apr 06 16:31:31.619491 dv-cinder-836848-1-iscsi devstack@n-api.service[102883]: DEBUG nova.api.openstack.wsgi [None req-2f697a95-31b1-4c9e-9830-20b4668b8b29 admin admin] Returning 404 to user: Flavor 451 could not be found. {{(pid=102883) __call__ /opt/stack/nova/nova/api/openstack/wsgi.py:936}}
Apr 06 16:31:31.620262 dv-cinder-836848-1-iscsi devstack@n-api.service[102883]: INFO nova.api.openstack.requestlog [None req-2f697a95-31b1-4c9e-9830-20b4668b8b29 admin admin] 10.222.0.64 "GET /compute/v2.1/flavors/451" status: 404 len: 76 microversion: 2.90 time: 0.080545
Apr 06 16:31:31.620803 dv-cinder-836848-1-iscsi devstack@n-api.service[102883]: [pid: 102883|app: 0|req: 24/49] 10.222.0.64 () {60 vars in 1193 bytes} [Wed Apr 6 16:31:31 2022] GET /compute/v2.1/flavors/451 => generated 76 bytes in 82 msecs (HTTP/1.1 404) 9 headers in 380 bytes (1 switches on core 0)
Apr 06 16:31:31.630781 dv-cinder-836848-1-iscsi devstack@n-api.service[102884]: DEBUG nova.api.openstack.wsgi [None req-30a80e41-3f59-48e4-99da-9a34e5edeefa admin admin] Calling method '>' {{(pid=102884) _process_stack /opt/stack/nova/nova/api/openstack/wsgi.py:513}}
Apr 06 16:31:31.644594 dv-cinder-836848-1-iscsi devstack@n-api.service[102884]: INFO nova.api.openstack.requestlog [None req-30a80e41-3f59-48e4-99da-9a34e5edeefa admin admin] 10.222.0.64 "GET /compute/v2.1/flavors?is_public=None" status: 200 len: 2056 microversion: 2.90 time: 0.017398
Apr 06 16:31:31.645145 dv-cinder-836848-1-iscsi devstack@n-api.service[102884]: [pid: 102884|app: 0|req: 26/50] 10.222.0.64 () {60 vars in 1210 bytes} [Wed Apr 6 16:31:31 2022] GET /compute/v2.1/flavors?is_public=None => generated 2056 bytes in 19 msecs (HTTP/1.1 200) 9 headers in 360 bytes (1 switches on core 0)
Apr 06 16:31:31.660734 dv-cinder-836848-1-iscsi devstack@n-api.service[102883]: DEBUG nova.api.openstack.wsgi [None req-e5433e62-855d-47da-8240-bfb8b0788f58 admin admin] Calling method '>' {{(pid=102883) _process_stack /opt/stack/nova/nova/api/openstack/wsgi.py:513}}
Apr 06 16:31:31.679370 dv-cinder-836848-1-iscsi devstack@n-api.service[102883]: INFO nova.api.openstack.requestlog [None req-e5433e62-855d-47da-8240-bfb8b0788f58 admin admin] 10.222.0.64 "GET /compute/v2.1/flavors?is_public=None" status: 200 len: 2056 microversion: 2.90 time: 0.025285
Apr 06 16:31:31.679901 dv-cinder-836848-1-iscsi devstack@n-api.service[102883]: [pid: 102883|app: 0|req: 25/51] 10.222.0.64 () {60 vars in 1210 bytes} [Wed Apr 6 16:31:31 2022] GET /compute/v2.1/flavors?is_public=None => generated 2056 bytes in 27 msecs (HTTP/1.1 200) 9 headers in 360 bytes (1 switches on core 0)
Apr 06 16:31:31.689101 dv-cinder-836848-1-iscsi devstack@n-api.service[102884]: DEBUG nova.api.openstack.wsgi [None req-5985a9f1-8578-4180-94fb-c5e325de90b0 admin admin] Calling method '>' {{(pid=102884) _process_stack /opt/stack/nova/nova/api/openstack/wsgi.py:513}}
Apr 06 16:31:31.695333 dv-cinder-836848-1-iscsi devstack@n-api.service[102884]: INFO nova.api.openstack.wsgi [None req-5985a9f1-8578-4180-94fb-c5e325de90b0 admin admin] HTTP exception thrown: Flavor 451 could not be found.
Apr 06 16:31:31.695874 dv-cinder-836848-1-iscsi devstack@n-api.service[102884]: DEBUG nova.api.openstack.wsgi [None req-5985a9f1-8578-4180-94fb-c5e325de90b0 admin admin] Returning 404 to user: Flavor 451 could not be found. {{(pid=102884) __call__ /opt/stack/nova/nova/api/openstack/wsgi.py:936}}
Apr 06 16:31:31.696635 dv-cinder-836848-1-iscsi devstack@n-api.service[102884]: INFO nova.api.openstack.requestlog [None req-5985a9f1-8578-4180-94fb-c5e325de90b0 admin admin] 10.222.0.64 "GET /compute/v2.1/flavors/451" status: 404 len: 76 microversion: 2.90 time: 0.011082
Apr 06 16:31:31.697147 dv-cinder-836848-1-iscsi devstack@n-api.service[102884]: [pid: 102884|app: 0|req: 27/52] 10.222.0.64 () {60 vars in 1193 bytes} [Wed Apr 6 16:31:31 2022] GET /compute/v2.1/flavors/451 => generated 76 bytes in 12 msecs (HTTP/1.1 404) 9 headers in 380 bytes (1 switches on core 0)
Apr 06 16:31:32.985033 dv-cinder-836848-1-iscsi devstack@n-api.service[102883]: DEBUG nova.api.openstack.wsgi [None req-e5433e62-855d-47da-8240-bfb8b0788f58 admin admin] Calling method '>' {{(pid=102883) _process_stack /opt/stack/nova/nova/api/openstack/wsgi.py:513}}
Apr 06 16:31:32.986039 dv-cinder-836848-1-iscsi devstack@n-api.service[102883]: INFO nova.api.openstack.requestlog [None req-e5433e62-855d-47da-8240-bfb8b0788f58 admin admin] 10.222.0.64 "GET /compute/v2.1" status: 200 len: 388 microversion: 2.1 time: 0.001574
Apr 06 16:31:32.986433 dv-cinder-836848-1-iscsi devstack@n-api.service[102883]: [pid: 102883|app: 0|req: 26/53] 10.222.0.64 () {56 vars in 1074 bytes} [Wed Apr 6 16:31:32 2022] GET /compute/v2.1 => generated 388 bytes in 2 msecs (HTTP/1.1 200) 9 headers in 357 bytes (1 switches on core 0)
Apr 06 16:31:33.185020 dv-cinder-836848-1-iscsi devstack@n-api.service[102884]: DEBUG nova.api.openstack.wsgi [None req-70917f38-1572-46a6-ac8d-f745efb5e2b0 admin admin] Action: 'create', calling method: >, body: {"flavor": {"name": "m1.nano", "ram": 256, "vcpus": 1, "disk": 1, "id": "42", "swap": 0, "OS-FLV-EXT-DATA:ephemeral": 0, "rxtx_factor": 1.0, "os-flavor-access:is_public": true}} {{(pid=102884) _process_stack /opt/stack/nova/nova/api/openstack/wsgi.py:511}}
Apr 06 16:31:33.204141 dv-cinder-836848-1-iscsi devstack@n-api.service[102884]: INFO nova.api.openstack.requestlog [None req-70917f38-1572-46a6-ac8d-f745efb5e2b0 admin admin] 10.222.0.64 "POST /compute/v2.1/flavors" status: 200 len: 404 microversion: 2.90 time: 0.079584
Apr 06 16:31:33.204598 dv-cinder-836848-1-iscsi devstack@n-api.service[102884]: [pid: 102884|app: 0|req: 28/54] 10.222.0.64 () {64 vars in 1235 bytes} [Wed Apr 6 16:31:33 2022] POST /compute/v2.1/flavors => generated 404 bytes in 81 msecs (HTTP/1.1 200) 9 headers in 359 bytes (1 switches on core 0)
Apr 06 16:31:34.485169 dv-cinder-836848-1-iscsi devstack@n-api.service[102883]: DEBUG nova.api.openstack.wsgi [None req-e5433e62-855d-47da-8240-bfb8b0788f58 admin admin] Calling method '>' {{(pid=102883) _process_stack /opt/stack/nova/nova/api/openstack/wsgi.py:513}}
Apr 06 16:31:34.486205 dv-cinder-836848-1-iscsi devstack@n-api.service[102883]: INFO nova.api.openstack.requestlog [None req-e5433e62-855d-47da-8240-bfb8b0788f58 admin admin] 10.222.0.64 "GET /compute/v2.1" status: 200 len: 388 microversion: 2.1 time: 0.001461
Apr 06 16:31:34.486600 dv-cinder-836848-1-iscsi devstack@n-api.service[102883]: [pid: 102883|app: 0|req: 27/55] 10.222.0.64 () {56 vars in 1074 bytes} [Wed Apr 6 16:31:34 2022] GET /compute/v2.1 => generated 388 bytes in 2 msecs (HTTP/1.1 200) 9 headers in 357 bytes (1 switches on core 0)
Apr 06 16:31:34.689128 dv-cinder-836848-1-iscsi devstack@n-api.service[102884]: DEBUG nova.api.openstack.wsgi [None req-07ee96cb-8a43-46c3-b406-2e86ac625925 admin admin] Action: 'create', calling method: >, body: {"flavor": {"name": "m1.micro", "ram": 256, "vcpus": 1, "disk": 2, "id": "84", "swap": 0, "OS-FLV-EXT-DATA:ephemeral": 0, "rxtx_factor": 1.0, "os-flavor-access:is_public": true}} {{(pid=102884) _process_stack /opt/stack/nova/nova/api/openstack/wsgi.py:511}}
Apr 06 16:31:34.715975 dv-cinder-836848-1-iscsi devstack@n-api.service[102884]: INFO nova.api.openstack.requestlog [None req-07ee96cb-8a43-46c3-b406-2e86ac625925 admin admin] 10.222.0.64 "POST /compute/v2.1/flavors" status: 200 len: 405 microversion: 2.90 time: 0.089856
Apr 06 16:31:34.716733 dv-cinder-836848-1-iscsi devstack@n-api.service[102884]: [pid: 102884|app: 0|req: 29/56] 10.222.0.64 () {64 vars in 1235 bytes} [Wed Apr 6 16:31:34 2022] POST /compute/v2.1/flavors => generated 405 bytes in 92 msecs (HTTP/1.1 200) 9 headers in 359 bytes (1 switches on core 0)
Apr 06 16:31:36.003017 dv-cinder-836848-1-iscsi devstack@n-api.service[102883]: DEBUG nova.api.openstack.wsgi [None req-e5433e62-855d-47da-8240-bfb8b0788f58 admin admin] Calling method '>' {{(pid=102883) _process_stack /opt/stack/nova/nova/api/openstack/wsgi.py:513}}
Apr 06 16:31:36.004094 dv-cinder-836848-1-iscsi devstack@n-api.service[102883]: INFO nova.api.openstack.requestlog [None req-e5433e62-855d-47da-8240-bfb8b0788f58 admin admin] 10.222.0.64 "GET /compute/v2.1" status: 200 len: 388 microversion: 2.1 time: 0.001499
Apr 06 16:31:36.004551 dv-cinder-836848-1-iscsi devstack@n-api.service[102883]: [pid: 102883|app: 0|req: 28/57] 10.222.0.64 () {56 vars in 1074 bytes} [Wed Apr 6 16:31:36 2022] GET /compute/v2.1 => generated 388 bytes in 2 msecs (HTTP/1.1 200) 9 headers in 357 bytes (1 switches on core 0)
Apr 06 16:31:36.211488 dv-cinder-836848-1-iscsi devstack@n-api.service[102884]: DEBUG nova.api.openstack.wsgi [None req-271ac4fd-b808-413c-aca2-e212b2e72fb8 admin admin] Action: 'create', calling method: >, body: {"flavor": {"name": "m1.heat", "ram": 512, "vcpus": 1, "disk": 1, "id": "451", "swap": 0, "OS-FLV-EXT-DATA:ephemeral": 0, "rxtx_factor": 1.0, "os-flavor-access:is_public": true}} {{(pid=102884) _process_stack /opt/stack/nova/nova/api/openstack/wsgi.py:511}}
Apr 06 16:31:36.231402 dv-cinder-836848-1-iscsi devstack@n-api.service[102884]: INFO nova.api.openstack.requestlog [None req-271ac4fd-b808-413c-aca2-e212b2e72fb8 admin admin] 10.222.0.64 "POST /compute/v2.1/flavors" status: 200 len: 407 microversion: 2.90 time: 0.089064
Apr 06 16:31:36.232073 dv-cinder-836848-1-iscsi devstack@n-api.service[102884]: [pid: 102884|app: 0|req: 30/58] 10.222.0.64 () {64 vars in 1235 bytes} [Wed Apr 6 16:31:36 2022] POST /compute/v2.1/flavors => generated 407 bytes in 91 msecs (HTTP/1.1 200) 9 headers in 359 bytes (2 switches on core 0)
Apr 06 16:31:37.497001 dv-cinder-836848-1-iscsi devstack@n-api.service[102883]: DEBUG nova.api.openstack.wsgi [None req-e5433e62-855d-47da-8240-bfb8b0788f58 admin admin] Calling method '>' {{(pid=102883) _process_stack /opt/stack/nova/nova/api/openstack/wsgi.py:513}}
Apr 06 16:31:37.498023 dv-cinder-836848-1-iscsi devstack@n-api.service[102883]: INFO nova.api.openstack.requestlog [None req-e5433e62-855d-47da-8240-bfb8b0788f58 admin admin] 10.222.0.64 "GET /compute/v2.1" status: 200 len: 388 microversion: 2.1 time: 0.001484
Apr 06 16:31:37.498424 dv-cinder-836848-1-iscsi devstack@n-api.service[102883]: [pid: 102883|app: 0|req: 29/59] 10.222.0.64 () {56 vars in 1074 bytes} [Wed Apr 6 16:31:37 2022] GET /compute/v2.1 => generated 388 bytes in 2 msecs (HTTP/1.1 200) 9 headers in 357 bytes (1 switches on core 0)
Apr 06 16:31:37.688020 dv-cinder-836848-1-iscsi devstack@n-api.service[102884]: DEBUG nova.api.openstack.wsgi [None req-2ef1be9a-5dc1-4a8a-81e8-81f7f00e17ba admin admin] Action: 'create', calling method: >, body: {"flavor": {"name": "m1.heat2", "ram": 1024, "vcpus": 1, "disk": 1, "id": "452", "swap": 0, "OS-FLV-EXT-DATA:ephemeral": 0, "rxtx_factor": 1.0, "os-flavor-access:is_public": true}} {{(pid=102884) _process_stack /opt/stack/nova/nova/api/openstack/wsgi.py:511}}
Apr 06 16:31:37.708957 dv-cinder-836848-1-iscsi devstack@n-api.service[102884]: INFO nova.api.openstack.requestlog [None req-2ef1be9a-5dc1-4a8a-81e8-81f7f00e17ba admin admin] 10.222.0.64 "POST /compute/v2.1/flavors" status: 200 len: 409 microversion: 2.90 time: 0.074405
Apr 06 16:31:37.709509 dv-cinder-836848-1-iscsi devstack@n-api.service[102884]: [pid: 102884|app: 0|req: 31/60] 10.222.0.64 () {64 vars in 1235 bytes} [Wed Apr 6 16:31:37 2022] POST /compute/v2.1/flavors => generated 409 bytes in 76 msecs (HTTP/1.1 200) 9 headers in 359 bytes (1 switches on core 0)
Apr 06 16:31:38.982346 dv-cinder-836848-1-iscsi devstack@n-api.service[102883]: DEBUG nova.api.openstack.wsgi [None req-e5433e62-855d-47da-8240-bfb8b0788f58 admin admin] Calling method '>' {{(pid=102883) _process_stack /opt/stack/nova/nova/api/openstack/wsgi.py:513}}
Apr 06 16:31:38.983638 dv-cinder-836848-1-iscsi devstack@n-api.service[102883]: INFO nova.api.openstack.requestlog [None req-e5433e62-855d-47da-8240-bfb8b0788f58 admin admin] 10.222.0.64 "GET /compute/v2.1" status: 200 len: 388 microversion: 2.1 time: 0.002226
Apr 06 16:31:38.984262 dv-cinder-836848-1-iscsi devstack@n-api.service[102883]: [pid: 102883|app: 0|req: 30/61] 10.222.0.64 () {56 vars in 1074 bytes} [Wed Apr 6 16:31:38 2022] GET /compute/v2.1 => generated 388 bytes in 4 msecs (HTTP/1.1 200) 9 headers in 357 bytes (2 switches on core 0)
Apr 06 16:31:39.181719 dv-cinder-836848-1-iscsi devstack@n-api.service[102884]: DEBUG nova.api.openstack.wsgi [None req-27255e36-4a9a-44a6-85cd-3b9fe1b5b694 admin admin] Calling method '>' {{(pid=102884) _process_stack /opt/stack/nova/nova/api/openstack/wsgi.py:513}}
Apr 06 16:31:39.201802 dv-cinder-836848-1-iscsi devstack@n-api.service[102884]: INFO nova.api.openstack.requestlog [None req-27255e36-4a9a-44a6-85cd-3b9fe1b5b694 admin admin] 10.222.0.64 "GET /compute/v2.1/flavors/detail" status: 200 len: 5777 microversion: 2.90 time: 0.082623
Apr 06 16:31:39.202346 dv-cinder-836848-1-iscsi devstack@n-api.service[102884]: [pid: 102884|app: 0|req: 32/62] 10.222.0.64 () {60 vars in 1202 bytes} [Wed Apr 6 16:31:39 2022] GET /compute/v2.1/flavors/detail => generated 5777 bytes in 84 msecs (HTTP/1.1 200) 9 headers in 360 bytes (1 switches on core 0)
Apr 06 16:32:42.894861 dv-cinder-836848-1-iscsi devstack@n-api.service[102883]: DEBUG nova.api.openstack.wsgi [None req-e5433e62-855d-47da-8240-bfb8b0788f58 admin admin] Calling method '>' {{(pid=102883) _process_stack /opt/stack/nova/nova/api/openstack/wsgi.py:513}}
Apr 06 16:32:42.895867 dv-cinder-836848-1-iscsi devstack@n-api.service[102883]: INFO nova.api.openstack.requestlog [None req-e5433e62-855d-47da-8240-bfb8b0788f58 admin admin] 10.222.0.64 "GET /compute/v2.1" status: 200 len: 388 microversion: 2.1 time: 0.001434
Apr 06 16:32:42.896532 dv-cinder-836848-1-iscsi devstack@n-api.service[102883]: [pid: 102883|app: 0|req: 31/63] 10.222.0.64 () {54 vars in 930 bytes} [Wed Apr 6 16:32:42 2022] GET /compute/v2.1 => generated 388 bytes in 3 msecs (HTTP/1.1 200) 9 headers in 357 bytes (1 switches on core 0)
Apr 06 16:32:42.966064 dv-cinder-836848-1-iscsi devstack@n-api.service[102884]: DEBUG nova.api.openstack.wsgi [None req-2563ec75-5367-474e-b807-bc89a7db4037 admin admin] Calling method '>' {{(pid=102884) _process_stack /opt/stack/nova/nova/api/openstack/wsgi.py:513}}
Apr 06 16:32:42.985817 dv-cinder-836848-1-iscsi devstack@n-api.service[102884]: INFO nova.api.openstack.requestlog [None req-2563ec75-5367-474e-b807-bc89a7db4037 admin admin] 10.222.0.64 "GET /compute/v2.1/flavors/detail?is_public=True" status: 200 len: 5791 microversion: 2.61 time: 0.082885
Apr 06 16:32:42.986308 dv-cinder-836848-1-iscsi devstack@n-api.service[102884]: [pid: 102884|app: 0|req: 33/64] 10.222.0.64 () {60 vars in 1291 bytes} [Wed Apr 6 16:32:42 2022] GET /compute/v2.1/flavors/detail?is_public=True => generated 5791 bytes in 84 msecs (HTTP/1.1 200) 9 headers in 360 bytes (1 switches on core 0)
Apr 06 16:32:43.009425 dv-cinder-836848-1-iscsi devstack@n-api.service[102883]: DEBUG nova.api.openstack.wsgi [None req-59ef422a-0f5b-4cc7-b7e3-dc9dd1103b5a admin admin] Calling method '>' {{(pid=102883) _process_stack /opt/stack/nova/nova/api/openstack/wsgi.py:513}}
Apr 06 16:32:43.017906 dv-cinder-836848-1-iscsi devstack@n-api.service[102883]: INFO nova.api.openstack.requestlog [None req-59ef422a-0f5b-4cc7-b7e3-dc9dd1103b5a admin admin] 10.222.0.64 "GET /compute/v2.1/flavors/42/os-extra_specs" status: 200 len: 19 microversion: 2.61 time: 0.013115
Apr 06 16:32:43.018443 dv-cinder-836848-1-iscsi devstack@n-api.service[102883]: [pid: 102883|app: 0|req: 32/65] 10.222.0.64 () {60 vars in 1282 bytes} [Wed Apr 6 16:32:43 2022] GET /compute/v2.1/flavors/42/os-extra_specs => generated 19 bytes in 14 msecs (HTTP/1.1 200) 9 headers in 358 bytes (1 switches on core 0)
Apr 06 16:32:43.032746 dv-cinder-836848-1-iscsi devstack@n-api.service[102884]: DEBUG nova.api.openstack.wsgi [None req-e76307da-eecb-4795-af1d-df89fcb05c83 admin admin] Calling method '>' {{(pid=102884) _process_stack /opt/stack/nova/nova/api/openstack/wsgi.py:513}}
Apr 06 16:32:43.044931 dv-cinder-836848-1-iscsi devstack@n-api.service[102884]: INFO nova.api.openstack.requestlog [None req-e76307da-eecb-4795-af1d-df89fcb05c83 admin admin] 10.222.0.64 "GET /compute/v2.1/flavors/451/os-extra_specs" status: 200 len: 19 microversion: 2.61 time: 0.017557
Apr 06 16:32:43.045540 dv-cinder-836848-1-iscsi devstack@n-api.service[102884]: [pid: 102884|app: 0|req: 34/66] 10.222.0.64 () {60 vars in 1285 bytes} [Wed Apr 6 16:32:43 2022] GET /compute/v2.1/flavors/451/os-extra_specs => generated 19 bytes in 19 msecs (HTTP/1.1 200) 9 headers in 358 bytes (2 switches on core 0)
Apr 06 16:32:43.059772 dv-cinder-836848-1-iscsi devstack@n-api.service[102883]: DEBUG nova.api.openstack.wsgi [None req-e052cc3f-312c-4060-9947-018adef25c79 admin admin] Calling method '>' {{(pid=102883) _process_stack /opt/stack/nova/nova/api/openstack/wsgi.py:513}}
Apr 06 16:32:43.067606 dv-cinder-836848-1-iscsi devstack@n-api.service[102883]: INFO nova.api.openstack.requestlog [None req-e052cc3f-312c-4060-9947-018adef25c79 admin admin] 10.222.0.64 "GET /compute/v2.1/flavors/452/os-extra_specs" status: 200 len: 19 microversion: 2.61 time: 0.011409
Apr 06 16:32:43.068312 dv-cinder-836848-1-iscsi devstack@n-api.service[102883]: [pid: 102883|app: 0|req: 33/67] 10.222.0.64 () {60 vars in 1285 bytes} [Wed Apr 6 16:32:43 2022] GET /compute/v2.1/flavors/452/os-extra_specs => generated 19 bytes in 13 msecs (HTTP/1.1 200) 9 headers in 358 bytes (1 switches on core 0)
Apr 06 16:32:43.086158 dv-cinder-836848-1-iscsi devstack@n-api.service[102884]: DEBUG nova.api.openstack.wsgi [None req-8daddf37-5ef5-4db3-9657-582b4c7b886a admin admin] Calling method '>' {{(pid=102884) _process_stack /opt/stack/nova/nova/api/openstack/wsgi.py:513}}
Apr 06 16:32:43.097503 dv-cinder-836848-1-iscsi devstack@n-api.service[102884]: INFO nova.api.openstack.requestlog [None req-8daddf37-5ef5-4db3-9657-582b4c7b886a admin admin] 10.222.0.64 "GET /compute/v2.1/flavors/84/os-extra_specs" status: 200 len: 19 microversion: 2.61 time: 0.017187
Apr 06 16:32:43.098253 dv-cinder-836848-1-iscsi devstack@n-api.service[102884]: [pid: 102884|app: 0|req: 35/68] 10.222.0.64 () {60 vars in 1282 bytes} [Wed Apr 6 16:32:43 2022] GET /compute/v2.1/flavors/84/os-extra_specs => generated 19 bytes in 19 msecs (HTTP/1.1 200) 9 headers in 358 bytes (1 switches on core 0)
Apr 06 16:34:26.439900 dv-cinder-836848-1-iscsi devstack@n-api.service[102883]: DEBUG nova.api.openstack.wsgi [None req-1656a4f7-70f8-4cb6-ad4b-69fa2412eec6 tempest-verify_tempest_config-197527340 tempest-verify_tempest_config-197527340-project] Calling method '>' {{(pid=102883) _process_stack /opt/stack/nova/nova/api/openstack/wsgi.py:513}}
Apr 06 16:34:26.442327 dv-cinder-836848-1-iscsi devstack@n-api.service[102883]: INFO nova.api.openstack.requestlog [None req-1656a4f7-70f8-4cb6-ad4b-69fa2412eec6 tempest-verify_tempest_config-197527340 tempest-verify_tempest_config-197527340-project] 10.222.0.64 "GET /compute/v2.1/extensions" status: 200 len: 22700 microversion: 2.1 time: 0.116527
Apr 06 16:34:26.442857 dv-cinder-836848-1-iscsi devstack@n-api.service[102883]: [pid: 102883|app: 0|req: 34/69] 10.222.0.64 () {58 vars in 1133 bytes} [Wed Apr 6 16:34:26 2022] GET /compute/v2.1/extensions => generated 22700 bytes in 118 msecs (HTTP/1.1 200) 9 headers in 359 bytes (1 switches on core 0)
Apr 06 16:36:13.879881 dv-cinder-836848-1-iscsi devstack@n-api.service[102884]: DEBUG nova.api.openstack.wsgi [None req-8daddf37-5ef5-4db3-9657-582b4c7b886a admin admin] Calling method '>' {{(pid=102884) _process_stack /opt/stack/nova/nova/api/openstack/wsgi.py:513}}
Apr 06 16:36:13.881516 dv-cinder-836848-1-iscsi devstack@n-api.service[102884]: INFO nova.api.openstack.requestlog [None req-8daddf37-5ef5-4db3-9657-582b4c7b886a admin admin] 10.222.0.64 "GET /compute/v2.1" status: 200 len: 388 microversion: 2.1 time: 0.002096
Apr 06 16:36:13.882003 dv-cinder-836848-1-iscsi devstack@n-api.service[102884]: [pid: 102884|app: 0|req: 36/70] 10.222.0.64 () {56 vars in 1074 bytes} [Wed Apr 6 16:36:13 2022] GET /compute/v2.1 => generated 388 bytes in 3 msecs (HTTP/1.1 200) 9 headers in 357 bytes (1 switches on core 0)
Apr 06 16:36:14.162007 dv-cinder-836848-1-iscsi devstack@n-api.service[102883]: DEBUG nova.api.openstack.wsgi [None req-a2231122-0e88-4cbd-ad00-a2fb141c0b58 admin admin] Calling method '>' {{(pid=102883) _process_stack /opt/stack/nova/nova/api/openstack/wsgi.py:513}}
Apr 06 16:36:14.163344 dv-cinder-836848-1-iscsi devstack@n-api.service[102883]: /usr/local/lib/python3.8/dist-packages/oslo_policy/policy.py:1119: UserWarning: Policy "os_compute_api:os-services:list": "rule:context_is_admin" failed scope check. The token used to make the request was project scoped but the policy requires ['system'] scope. This behavior may change in the future where using the intended scope is required
Apr 06 16:36:14.163344 dv-cinder-836848-1-iscsi devstack@n-api.service[102883]: warnings.warn(msg)
Apr 06 16:36:14.164645 dv-cinder-836848-1-iscsi devstack@n-api.service[102883]: DEBUG oslo_concurrency.lockutils [None req-a2231122-0e88-4cbd-ad00-a2fb141c0b58 admin admin] Lock "00000000-0000-0000-0000-000000000000" acquired by "nova.context.set_target_cell..get_or_set_cached_cell_and_set_connections" :: waited 0.000s {{(pid=102883) inner /usr/local/lib/python3.8/dist-packages/oslo_concurrency/lockutils.py:386}}
Apr 06 16:36:14.165095 dv-cinder-836848-1-iscsi devstack@n-api.service[102883]: DEBUG oslo_concurrency.lockutils [None req-a2231122-0e88-4cbd-ad00-a2fb141c0b58 admin admin] Lock "00000000-0000-0000-0000-000000000000" "released" by "nova.context.set_target_cell..get_or_set_cached_cell_and_set_connections" :: held 0.001s {{(pid=102883) inner /usr/local/lib/python3.8/dist-packages/oslo_concurrency/lockutils.py:400}}
Apr 06 16:36:14.165858 dv-cinder-836848-1-iscsi devstack@n-api.service[102883]: DEBUG oslo_concurrency.lockutils [None req-a2231122-0e88-4cbd-ad00-a2fb141c0b58 admin admin] Lock "1d668fef-de9c-4391-8526-0546ba1208c8" acquired by "nova.context.set_target_cell..get_or_set_cached_cell_and_set_connections" :: waited 0.000s {{(pid=102883) inner /usr/local/lib/python3.8/dist-packages/oslo_concurrency/lockutils.py:386}}
Apr 06 16:36:14.166256 dv-cinder-836848-1-iscsi devstack@n-api.service[102883]: DEBUG oslo_concurrency.lockutils [None req-a2231122-0e88-4cbd-ad00-a2fb141c0b58 admin admin] Lock "1d668fef-de9c-4391-8526-0546ba1208c8" "released" by "nova.context.set_target_cell..get_or_set_cached_cell_and_set_connections" :: held 0.000s {{(pid=102883) inner /usr/local/lib/python3.8/dist-packages/oslo_concurrency/lockutils.py:400}}
Apr 06 16:36:14.198558 dv-cinder-836848-1-iscsi devstack@n-api.service[102883]: INFO nova.api.openstack.requestlog [None req-a2231122-0e88-4cbd-ad00-a2fb141c0b58 admin admin] 10.222.0.64 "GET /compute/v2.1/os-services" status: 200 len: 791 microversion: 2.90 time: 0.176026
Apr 06 16:36:14.199213 dv-cinder-836848-1-iscsi devstack@n-api.service[102883]: [pid: 102883|app: 0|req: 35/71] 10.222.0.64 () {60 vars in 1193 bytes} [Wed Apr 6 16:36:14 2022] GET /compute/v2.1/os-services => generated 791 bytes in 178 msecs (HTTP/1.1 200) 9 headers in 359 bytes (1 switches on core 0)
Apr 06 16:36:15.522955 dv-cinder-836848-1-iscsi devstack@n-api.service[102884]: DEBUG nova.api.openstack.wsgi [None req-8daddf37-5ef5-4db3-9657-582b4c7b886a admin admin] Calling method '>' {{(pid=102884) _process_stack /opt/stack/nova/nova/api/openstack/wsgi.py:513}}
Apr 06 16:36:15.523969 dv-cinder-836848-1-iscsi devstack@n-api.service[102884]: INFO nova.api.openstack.requestlog [None req-8daddf37-5ef5-4db3-9657-582b4c7b886a admin admin] 10.222.0.64 "GET /compute/v2.1" status: 200 len: 388 microversion: 2.1 time: 0.001792
Apr 06 16:36:15.524371 dv-cinder-836848-1-iscsi devstack@n-api.service[102884]: [pid: 102884|app: 0|req: 37/72] 10.222.0.64 () {56 vars in 1074 bytes} [Wed Apr 6 16:36:15 2022] GET /compute/v2.1 => generated 388 bytes in 3 msecs (HTTP/1.1 200) 9 headers in 357 bytes (1 switches on core 0)
Apr 06 16:36:15.722246 dv-cinder-836848-1-iscsi devstack@n-api.service[102883]: DEBUG nova.api.openstack.wsgi [None req-43484f58-62a7-44ba-b002-f766343034ea admin admin] Calling method '>' {{(pid=102883) _process_stack /opt/stack/nova/nova/api/openstack/wsgi.py:513}}
Apr 06 16:36:15.723442 dv-cinder-836848-1-iscsi devstack@n-api.service[102883]: /usr/local/lib/python3.8/dist-packages/oslo_policy/policy.py:1119: UserWarning: Policy "os_compute_api:os-services:list": "rule:context_is_admin" failed scope check. The token used to make the request was project scoped but the policy requires ['system'] scope. This behavior may change in the future where using the intended scope is required
Apr 06 16:36:15.723442 dv-cinder-836848-1-iscsi devstack@n-api.service[102883]: warnings.warn(msg)
Apr 06 16:36:15.724835 dv-cinder-836848-1-iscsi devstack@n-api.service[102883]: DEBUG oslo_concurrency.lockutils [None req-43484f58-62a7-44ba-b002-f766343034ea admin admin] Lock "00000000-0000-0000-0000-000000000000" acquired by "nova.context.set_target_cell..get_or_set_cached_cell_and_set_connections" :: waited 0.000s {{(pid=102883) inner /usr/local/lib/python3.8/dist-packages/oslo_concurrency/lockutils.py:386}}
Apr 06 16:36:15.725281 dv-cinder-836848-1-iscsi devstack@n-api.service[102883]: DEBUG oslo_concurrency.lockutils [None req-43484f58-62a7-44ba-b002-f766343034ea admin admin] Lock "00000000-0000-0000-0000-000000000000" "released" by "nova.context.set_target_cell..get_or_set_cached_cell_and_set_connections" :: held 0.001s {{(pid=102883) inner /usr/local/lib/python3.8/dist-packages/oslo_concurrency/lockutils.py:400}}
Apr 06 16:36:15.726086 dv-cinder-836848-1-iscsi devstack@n-api.service[102883]: DEBUG oslo_concurrency.lockutils [None req-43484f58-62a7-44ba-b002-f766343034ea admin admin] Lock "1d668fef-de9c-4391-8526-0546ba1208c8" acquired by "nova.context.set_target_cell..get_or_set_cached_cell_and_set_connections" :: waited 0.000s {{(pid=102883) inner /usr/local/lib/python3.8/dist-packages/oslo_concurrency/lockutils.py:386}}
