Apr 07 11:54:49.784823 dv-cinder-836769-3-iscsi neutron-server[110303]: DEBUG neutron_lib.callbacks.manager [None req-a050b4c8-c42b-442f-bea3-49c72118e820 admin admin] Subscribe: > port after_create 55550000 {{(pid=110303) subscribe /usr/local/lib/python3.8/dist-packages/neutron_lib/callbacks/manager.py:45}}
Apr 07 11:54:49.784823 dv-cinder-836769-3-iscsi neutron-server[110303]: DEBUG neutron_lib.callbacks.manager [None req-a050b4c8-c42b-442f-bea3-49c72118e820 admin admin] Subscribe: > port after_delete 55550000 {{(pid=110303) subscribe /usr/local/lib/python3.8/dist-packages/neutron_lib/callbacks/manager.py:45}}
Apr 07 11:54:49.784823 dv-cinder-836769-3-iscsi neutron-server[110303]: DEBUG neutron_lib.callbacks.manager [None req-a050b4c8-c42b-442f-bea3-49c72118e820 admin admin] Subscribe: > port after_update 55550000 {{(pid=110303) subscribe /usr/local/lib/python3.8/dist-packages/neutron_lib/callbacks/manager.py:45}}
Apr 07 11:54:49.784823 dv-cinder-836769-3-iscsi neutron-server[110303]: DEBUG neutron_lib.callbacks.manager [None req-a050b4c8-c42b-442f-bea3-49c72118e820 admin admin] Subscribe: > segment after_delete 55550000 {{(pid=110303) subscribe /usr/local/lib/python3.8/dist-packages/neutron_lib/callbacks/manager.py:45}}
Apr 07 11:54:49.784823 dv-cinder-836769-3-iscsi neutron-server[110303]: DEBUG neutron_lib.callbacks.manager [None req-a050b4c8-c42b-442f-bea3-49c72118e820 admin admin] Subscribe: > subnet after_create 55550000 {{(pid=110303) subscribe /usr/local/lib/python3.8/dist-packages/neutron_lib/callbacks/manager.py:45}}
Apr 07 11:54:49.784823 dv-cinder-836769-3-iscsi neutron-server[110303]: DEBUG neutron_lib.callbacks.manager [None req-a050b4c8-c42b-442f-bea3-49c72118e820 admin admin] Subscribe: > subnet after_delete 55550000 {{(pid=110303) subscribe /usr/local/lib/python3.8/dist-packages/neutron_lib/callbacks/manager.py:45}}
Apr 07 11:54:49.784823 dv-cinder-836769-3-iscsi neutron-server[110303]: DEBUG neutron_lib.callbacks.manager [None req-a050b4c8-c42b-442f-bea3-49c72118e820 admin admin] Subscribe: > subnet after_update 55550000 {{(pid=110303) subscribe /usr/local/lib/python3.8/dist-packages/neutron_lib/callbacks/manager.py:45}}
Apr 07 11:54:49.785797 dv-cinder-836769-3-iscsi neutron-server[110306]: DEBUG neutron.db.l3_dvr_db [None req-6dcf8695-96a0-4509-8e4d-b6b32ef79664 None None] Set router b45ce4e7-d4f7-40cb-93c4-74a28311dc28 gateway port host: dv-cinder-836769-3-iscsi {{(pid=110306) _build_routers_list /opt/stack/neutron/neutron/db/l3_dvr_db.py:906}}
Apr 07 11:54:49.969691 dv-cinder-836769-3-iscsi neutron-server[110303]: DEBUG neutron_lib.callbacks.manager [None req-a050b4c8-c42b-442f-bea3-49c72118e820 admin admin] Subscribe: > subnet after_create 55550000 {{(pid=110303) subscribe /usr/local/lib/python3.8/dist-packages/neutron_lib/callbacks/manager.py:45}}
Apr 07 11:54:49.970641 dv-cinder-836769-3-iscsi neutron-server[110303]: DEBUG neutron_lib.callbacks.manager [None req-a050b4c8-c42b-442f-bea3-49c72118e820 admin admin] Subscribe: > subnet after_delete 55550000 {{(pid=110303) subscribe /usr/local/lib/python3.8/dist-packages/neutron_lib/callbacks/manager.py:45}}
Apr 07 11:54:49.970965 dv-cinder-836769-3-iscsi neutron-server[110303]: DEBUG neutron_lib.callbacks.manager [None req-a050b4c8-c42b-442f-bea3-49c72118e820 admin admin] Subscribe: > subnet before_create 55550000 {{(pid=110303) subscribe /usr/local/lib/python3.8/dist-packages/neutron_lib/callbacks/manager.py:45}}
Apr 07 11:54:49.971296 dv-cinder-836769-3-iscsi neutron-server[110303]: DEBUG neutron_lib.callbacks.manager [None req-a050b4c8-c42b-442f-bea3-49c72118e820 admin admin] Subscribe: > subnet before_update 55550000 {{(pid=110303) subscribe /usr/local/lib/python3.8/dist-packages/neutron_lib/callbacks/manager.py:45}}
Apr 07 11:54:49.971657 dv-cinder-836769-3-iscsi neutron-server[110303]: DEBUG neutron.services.segments.db [None req-a050b4c8-c42b-442f-bea3-49c72118e820 admin admin] neutron.services.segments.plugin.Plugin method get_segments called with arguments (,) {'filters': {'network_id': ['df01598d-fc16-4cbc-bc2a-415ca44634cb']}} {{(pid=110303) wrapper /usr/local/lib/python3.8/dist-packages/oslo_log/helpers.py:65}}
Apr 07 11:54:49.973778 dv-cinder-836769-3-iscsi neutron-server[110306]: DEBUG neutron.db.l3_hamode_db [None req-6dcf8695-96a0-4509-8e4d-b6b32ef79664 None None] neutron.services.l3_router.l3_router_plugin.L3RouterPlugin method _process_sync_ha_data called with arguments (, [{'id': 'b45ce4e7-d4f7-40cb-93c4-74a28311dc28', 'name': 'tempest-ServerRescueNegativeTestJSON-724484149-router', 'tenant_id': 'f5fbc0ea99cd42689e0f38129ddd886e', 'admin_state_up': True, 'status': 'ACTIVE', 'external_gateway_info': {'network_id': '3be09739-6b22-4105-8c42-41050eb1ea98', 'external_fixed_ips': [{'subnet_id': '973d2acf-2bab-4b4c-8504-f7463053c668', 'ip_address': '172.27.1.216'}], 'enable_snat': True}, 'gw_port_id': 'c400b9c8-88c5-4ce8-a020-e9e71fe644ea', 'description': '', 'availability_zones': ['nova'], 'distributed': False, 'ha': False, 'ha_vr_id': 0, 'availability_zone_hints': [], 'routes': [], 'flavor_id': None, 'tags': [], 'created_at': '2022-04-07T11:54:45Z', 'updated_at': '2022-04-07T11:54:48Z', 'revision_number': 3, 'project_id': 'f5fbc0ea99cd42689e0f38129ddd886e', 'gw_port': {'id': 'c400b9c8-88c5-4ce8-a020-e9e71fe644ea', 'name': '', 'network_id': '3be09739-6b22-4105-8c42-41050eb1ea98', 'tenant_id': '', 'mac_address': 'fa:16:3e:dc:72:32', 'admin_state_up': True, 'status': 'DOWN', 'device_id': 'b45ce4e7-d4f7-40cb-93c4-74a28311dc28', 'device_owner': 'network:router_gateway', 'standard_attr_id': 64, 'fixed_ips': [{'subnet_id': '973d2acf-2bab-4b4c-8504-f7463053c668', 'ip_address': '172.27.1.216', 'prefixlen': 24}], 'allowed_address_pairs': [], 'extra_dhcp_opts': [], 'security_groups': [], 'description': '', 'binding:vnic_type': 'normal', 'binding:profile': {}, 'binding:host_id': '', 'binding:vif_type': 'unbound', 'binding:vif_details': {}, 'port_security_enabled': False, 'tags': [], 'created_at': '2022-04-07T11:54:46Z', 'updated_at': '2022-04-07T11:54:47Z', 'revision_number': 1, 'project_id': '', 'subnets': [{'id': '973d2acf-2bab-4b4c-8504-f7463053c668', 'cidr': '172.27.1.0/24', 'gateway_ip': '172.27.1.1', 'dns_nameservers': [], 'ipv6_ra_mode': None, 'subnetpool_id': None}], 'extra_subnets': [], 'address_scopes': {4: None, 6: None}, 'mtu': 1500}, 'enable_snat': True, 'gw_port_host': 'dv-cinder-836769-3-iscsi'}], 'dv-cinder-836769-3-iscsi', False) {} {{(pid=110306) wrapper /usr/local/lib/python3.8/dist-packages/oslo_log/helpers.py:65}}
Apr 07 11:54:49.993275 dv-cinder-836769-3-iscsi neutron-server[110303]: DEBUG neutron.services.segments.db [None req-a050b4c8-c42b-442f-bea3-49c72118e820 admin admin] neutron.services.segments.plugin.Plugin method delete_segment called with arguments (, '62e09aa2-b2a2-47d1-9bf4-6bbff5ece1a7') {'for_net_delete': True} {{(pid=110303) wrapper /usr/local/lib/python3.8/dist-packages/oslo_log/helpers.py:65}}
Apr 07 11:54:49.993573 dv-cinder-836769-3-iscsi neutron-server[110303]: DEBUG neutron.services.segments.db [None req-a050b4c8-c42b-442f-bea3-49c72118e820 admin admin] neutron.services.segments.plugin.Plugin method get_segment called with arguments (, '62e09aa2-b2a2-47d1-9bf4-6bbff5ece1a7') {} {{(pid=110303) wrapper /usr/local/lib/python3.8/dist-packages/oslo_log/helpers.py:65}}
Apr 07 11:54:50.006391 dv-cinder-836769-3-iscsi neutron-server[110306]: DEBUG neutron.api.rpc.handlers.l3_rpc [None req-6dcf8695-96a0-4509-8e4d-b6b32ef79664 None None] Checking router: b45ce4e7-d4f7-40cb-93c4-74a28311dc28 for host: dv-cinder-836769-3-iscsi {{(pid=110306) _ensure_host_set_on_ports /opt/stack/neutron/neutron/api/rpc/handlers/l3_rpc.py:155}}
Apr 07 11:54:50.007435 dv-cinder-836769-3-iscsi neutron-server[110306]: DEBUG neutron.api.rpc.handlers.l3_rpc [None req-6dcf8695-96a0-4509-8e4d-b6b32ef79664 None None] Updating router b45ce4e7-d4f7-40cb-93c4-74a28311dc28 port c400b9c8-88c5-4ce8-a020-e9e71fe644ea binding host dv-cinder-836769-3-iscsi {{(pid=110306) _ensure_host_set_on_port /opt/stack/neutron/neutron/api/rpc/handlers/l3_rpc.py:205}}
Apr 07 11:54:50.034413 dv-cinder-836769-3-iscsi neutron-server[110303]: DEBUG neutron_lib.callbacks.manager [None req-a050b4c8-c42b-442f-bea3-49c72118e820 admin admin] Publish callbacks ['neutron.plugins.ml2.db._prevent_segment_delete_with_port_bound-8737371929811', 'neutron.services.segments.plugin.Plugin._prevent_segment_delete_with_subnet_associated-3288845'] for segment (62e09aa2-b2a2-47d1-9bf4-6bbff5ece1a7), before_delete {{(pid=110303) _notify_loop /usr/local/lib/python3.8/dist-packages/neutron_lib/callbacks/manager.py:176}}
Apr 07 11:54:50.039731 dv-cinder-836769-3-iscsi neutron-server[110306]: DEBUG neutron_lib.callbacks.manager [None req-6dcf8695-96a0-4509-8e4d-b6b32ef79664 None None] Publish callbacks ['neutron.plugins.ml2.plugin.SecurityGroupDbMixin._ensure_default_security_group_handler-622939'] for port (c400b9c8-88c5-4ce8-a020-e9e71fe644ea), before_update {{(pid=110306) _notify_loop /usr/local/lib/python3.8/dist-packages/neutron_lib/callbacks/manager.py:176}}
Apr 07 11:54:50.062788 dv-cinder-836769-3-iscsi neutron-server[110303]: DEBUG neutron_lib.callbacks.manager [None req-a050b4c8-c42b-442f-bea3-49c72118e820 admin admin] Publish callbacks ['neutron.plugins.ml2.plugin.Ml2Plugin._handle_segment_change-667385'] for segment (62e09aa2-b2a2-47d1-9bf4-6bbff5ece1a7), precommit_delete {{(pid=110303) _notify_loop /usr/local/lib/python3.8/dist-packages/neutron_lib/callbacks/manager.py:176}}
Apr 07 11:54:50.075245 dv-cinder-836769-3-iscsi neutron-server[110303]: DEBUG neutron.plugins.ml2.drivers.type_vlan [None req-a050b4c8-c42b-442f-bea3-49c72118e820 admin admin] Releasing vlan 216 on physical network physnet1 to pool {{(pid=110303) release_segment /opt/stack/neutron/neutron/plugins/ml2/drivers/type_vlan.py:304}}
Apr 07 11:54:50.075644 dv-cinder-836769-3-iscsi neutron-server[110303]: DEBUG neutron_lib.callbacks.manager [None req-a050b4c8-c42b-442f-bea3-49c72118e820 admin admin] Publish callbacks ['neutron.plugins.ml2.plugin.Ml2Plugin._handle_segment_change-667385', 'neutron.services.segments.plugin.NovaSegmentNotifier._notify_segment_deleted-3289378'] for segment (62e09aa2-b2a2-47d1-9bf4-6bbff5ece1a7), after_delete {{(pid=110303) _notify_loop /usr/local/lib/python3.8/dist-packages/neutron_lib/callbacks/manager.py:176}}
Apr 07 11:54:50.080857 dv-cinder-836769-3-iscsi neutron-server[110303]: /usr/lib/python3/dist-packages/secretstorage/dhcrypto.py:15: CryptographyDeprecationWarning: int_from_bytes is deprecated, use int.from_bytes instead
Apr 07 11:54:50.080857 dv-cinder-836769-3-iscsi neutron-server[110303]: from cryptography.utils import int_from_bytes
Apr 07 11:54:50.080857 dv-cinder-836769-3-iscsi neutron-server[110303]: /usr/lib/python3/dist-packages/secretstorage/util.py:19: CryptographyDeprecationWarning: int_from_bytes is deprecated, use int.from_bytes instead
Apr 07 11:54:50.080857 dv-cinder-836769-3-iscsi neutron-server[110303]: from cryptography.utils import int_from_bytes
Apr 07 11:54:50.080857 dv-cinder-836769-3-iscsi neutron-server[110303]: Traceback (most recent call last):
Apr 07 11:54:50.080857 dv-cinder-836769-3-iscsi neutron-server[110303]: File "/usr/local/lib/python3.8/dist-packages/eventlet/hubs/hub.py", line 476, in fire_timers
Apr 07 11:54:50.080857 dv-cinder-836769-3-iscsi neutron-server[110303]: timer()
Apr 07 11:54:50.080857 dv-cinder-836769-3-iscsi neutron-server[110303]: File "/usr/local/lib/python3.8/dist-packages/eventlet/hubs/timer.py", line 59, in __call__
Apr 07 11:54:50.080857 dv-cinder-836769-3-iscsi neutron-server[110303]: cb(*args, **kw)
Apr 07 11:54:50.080857 dv-cinder-836769-3-iscsi neutron-server[110303]: File "/opt/stack/neutron/neutron/common/utils.py", line 921, in wrapper
Apr 07 11:54:50.080857 dv-cinder-836769-3-iscsi neutron-server[110303]: return func(*args, **kwargs)
Apr 07 11:54:50.080857 dv-cinder-836769-3-iscsi neutron-server[110303]: File "/opt/stack/neutron/neutron/notifiers/batch_notifier.py", line 58, in synced_send
Apr 07 11:54:50.080857 dv-cinder-836769-3-iscsi neutron-server[110303]: self._notify()
Apr 07 11:54:50.080857 dv-cinder-836769-3-iscsi neutron-server[110303]: File "/opt/stack/neutron/neutron/notifiers/batch_notifier.py", line 69, in _notify
Apr 07 11:54:50.080857 dv-cinder-836769-3-iscsi neutron-server[110303]: self.callback(batched_events)
Apr 07 11:54:50.080857 dv-cinder-836769-3-iscsi neutron-server[110303]: File "/opt/stack/neutron/neutron/services/segments/plugin.py", line 211, in _send_notifications
Apr 07 11:54:50.080857 dv-cinder-836769-3-iscsi neutron-server[110303]: event.method(event)
Apr 07 11:54:50.080857 dv-cinder-836769-3-iscsi neutron-server[110303]: File "/opt/stack/neutron/neutron/services/segments/plugin.py", line 383, in _delete_nova_inventory
Apr 07 11:54:50.080857 dv-cinder-836769-3-iscsi neutron-server[110303]: aggregate_id = self._get_aggregate_id(event.segment_id)
Apr 07 11:54:50.080857 dv-cinder-836769-3-iscsi neutron-server[110303]: File "/opt/stack/neutron/neutron/services/segments/plugin.py", line 370, in _get_aggregate_id
Apr 07 11:54:50.080857 dv-cinder-836769-3-iscsi neutron-server[110303]: aggregate_uuid = self.p_client.list_aggregates(
Apr 07 11:54:50.080857 dv-cinder-836769-3-iscsi neutron-server[110303]: File "/usr/local/lib/python3.8/dist-packages/neutron_lib/placement/client.py", line 58, in wrapper
Apr 07 11:54:50.080857 dv-cinder-836769-3-iscsi neutron-server[110303]: return f(self, *a, **k)
Apr 07 11:54:50.080857 dv-cinder-836769-3-iscsi neutron-server[110303]: File "/usr/local/lib/python3.8/dist-packages/neutron_lib/placement/client.py", line 554, in list_aggregates
Apr 07 11:54:50.080857 dv-cinder-836769-3-iscsi neutron-server[110303]: return self._get(url).json()
Apr 07 11:54:50.080857 dv-cinder-836769-3-iscsi neutron-server[110303]: File "/usr/local/lib/python3.8/dist-packages/neutron_lib/placement/client.py", line 190, in _get
Apr 07 11:54:50.080857 dv-cinder-836769-3-iscsi neutron-server[110303]: return self._client.get(url, endpoint_filter=self._ks_filter,
Apr 07 11:54:50.080857 dv-cinder-836769-3-iscsi neutron-server[110303]: File "/usr/local/lib/python3.8/dist-packages/keystoneauth1/session.py", line 1141, in get
Apr 07 11:54:50.080857 dv-cinder-836769-3-iscsi neutron-server[110303]: return self.request(url, 'GET', **kwargs)
Apr 07 11:54:50.080857 dv-cinder-836769-3-iscsi neutron-server[110303]: File "/usr/local/lib/python3.8/dist-packages/keystoneauth1/session.py", line 811, in request
Apr 07 11:54:50.080857 dv-cinder-836769-3-iscsi neutron-server[110303]: base_url = self.get_endpoint(auth, allow=allow,
Apr 07 11:54:50.080857 dv-cinder-836769-3-iscsi neutron-server[110303]: File "/usr/local/lib/python3.8/dist-packages/keystoneauth1/session.py", line 1241, in get_endpoint
Apr 07 11:54:50.080857 dv-cinder-836769-3-iscsi neutron-server[110303]: auth = self._auth_required(auth, 'determine endpoint URL')
Apr 07 11:54:50.080857 dv-cinder-836769-3-iscsi neutron-server[110303]: File "/usr/local/lib/python3.8/dist-packages/keystoneauth1/session.py", line 1181, in _auth_required
Apr 07 11:54:50.080857 dv-cinder-836769-3-iscsi neutron-server[110303]: raise exceptions.MissingAuthPlugin(msg_fmt % msg)
Apr 07 11:54:50.080857 dv-cinder-836769-3-iscsi neutron-server[110303]: keystoneauth1.exceptions.auth_plugins.MissingAuthPlugin: An auth plugin is required to determine endpoint URL
Apr 07 11:54:50.220913 dv-cinder-836769-3-iscsi neutron-server[110303]: DEBUG neutron_lib.callbacks.manager [None req-a050b4c8-c42b-442f-bea3-49c72118e820 admin admin] Publish callbacks ['neutron.plugins.ml2.plugin.Ml2Plugin._network_delete_after_delete_handler-694498', 'neutron.plugins.ml2.ovo_rpc._ObjectChangeHandler.handle_event-1656169', 'neutron.api.rpc.agentnotifiers.dhcp_rpc_agent_api.DhcpAgentNotifyAPI._native_event_send_dhcp_notification-1575972', 'neutron.services.l3_router.l3_router_plugin.DVRResourceOperationHandler.delete_fip_namespaces_for_ext_net-1816528'] for network (df01598d-fc16-4cbc-bc2a-415ca44634cb), after_delete {{(pid=110303) _notify_loop /usr/local/lib/python3.8/dist-packages/neutron_lib/callbacks/manager.py:176}}
Apr 07 11:54:50.235673 dv-cinder-836769-3-iscsi neutron-server[110303]: DEBUG neutron_lib.callbacks.manager [None req-a050b4c8-c42b-442f-bea3-49c72118e820 admin admin] Publish callbacks ['neutron.api.rpc.agentnotifiers.dhcp_rpc_agent_api.DhcpAgentNotifyAPI._send_dhcp_notification-1575986'] for network (None), before_response {{(pid=110303) _notify_loop /usr/local/lib/python3.8/dist-packages/neutron_lib/callbacks/manager.py:176}}
Apr 07 11:54:50.243454 dv-cinder-836769-3-iscsi neutron-server[110303]: INFO neutron.wsgi [None req-a050b4c8-c42b-442f-bea3-49c72118e820 admin admin] 10.222.0.37 "DELETE /v2.0/networks/df01598d-fc16-4cbc-bc2a-415ca44634cb HTTP/1.1" status: 204 len: 168 time: 0.8861098
Apr 07 11:54:50.244863 dv-cinder-836769-3-iscsi neutron-server[110303]: DEBUG neutron.wsgi [-] (110303) accepted ('10.222.0.37', 58538) {{(pid=110303) server /usr/local/lib/python3.8/dist-packages/eventlet/wsgi.py:1004}}
Apr 07 11:54:50.264365 dv-cinder-836769-3-iscsi neutron-server[110303]: DEBUG neutron.api.rpc.handlers.resources_rpc [None req-a050b4c8-c42b-442f-bea3-49c72118e820 admin admin] Pushing event deleted for resources: {'Network': ['ID=df01598d-fc16-4cbc-bc2a-415ca44634cb,revision_number=None']} {{(pid=110303) push /opt/stack/neutron/neutron/api/rpc/handlers/resources_rpc.py:237}}
Apr 07 11:54:50.343092 dv-cinder-836769-3-iscsi neutron-server[110303]: DEBUG neutron.db.db_base_plugin_v2 [None req-62c2d75b-bc77-499e-9b1a-38de69ad8bf3 admin admin] Deleting subnet 5c29baca-bd1a-405c-ab78-2db8fba3e015 {{(pid=110303) delete_subnet /opt/stack/neutron/neutron/db/db_base_plugin_v2.py:1066}}
Apr 07 11:54:50.351091 dv-cinder-836769-3-iscsi neutron-server[110303]: DEBUG neutron_lib.callbacks.manager [None req-62c2d75b-bc77-499e-9b1a-38de69ad8bf3 admin admin] Publish callbacks [] for subnet (5c29baca-bd1a-405c-ab78-2db8fba3e015), before_delete {{(pid=110303) _notify_loop /usr/local/lib/python3.8/dist-packages/neutron_lib/callbacks/manager.py:176}}
Apr 07 11:54:50.403819 dv-cinder-836769-3-iscsi neutron-server[110304]: DEBUG neutron_lib.callbacks.manager [None req-32b9f9a6-ccc0-4593-b936-a5b9459e23b5 admin admin] Publish callbacks ['neutron.plugins.ml2.plugin.SecurityGroupDbMixin._ensure_default_security_group_handler-622939'] for port (None), before_create {{(pid=110304) _notify_loop /usr/local/lib/python3.8/dist-packages/neutron_lib/callbacks/manager.py:176}}
Apr 07 11:54:50.406149 dv-cinder-836769-3-iscsi neutron-server[110306]: DEBUG neutron_lib.callbacks.manager [None req-6dcf8695-96a0-4509-8e4d-b6b32ef79664 None None] Publish callbacks [] for port (c400b9c8-88c5-4ce8-a020-e9e71fe644ea), precommit_update {{(pid=110306) _notify_loop /usr/local/lib/python3.8/dist-packages/neutron_lib/callbacks/manager.py:176}}
Apr 07 11:54:50.447830 dv-cinder-836769-3-iscsi neutron-server[110303]: DEBUG neutron_lib.callbacks.manager [None req-62c2d75b-bc77-499e-9b1a-38de69ad8bf3 admin admin] Publish callbacks ['neutron.services.segments.plugin.Plugin._validate_auto_address_subnet_delete-3288852'] for subnet (5c29baca-bd1a-405c-ab78-2db8fba3e015), precommit_delete_associations {{(pid=110303) _notify_loop /usr/local/lib/python3.8/dist-packages/neutron_lib/callbacks/manager.py:176}}
Apr 07 11:54:50.467805 dv-cinder-836769-3-iscsi neutron-server[110305]: DEBUG neutron.plugins.ml2.rpc [None req-7593746b-1888-4133-87f4-3691ceef0a02 None None] Device f863f6b6-6f1f-4cde-ab34-2e84e53d869a up at agent ovs-agent-dv-cinder-836769-3-iscsi {{(pid=110305) update_device_up /opt/stack/neutron/neutron/plugins/ml2/rpc.py:296}}
Apr 07 11:54:50.534792 dv-cinder-836769-3-iscsi neutron-server[110306]: DEBUG neutron_lib.callbacks.manager [None req-6dcf8695-96a0-4509-8e4d-b6b32ef79664 None None] Publish callbacks ['neutron.plugins.ml2.plugin.SecurityGroupServerNotifierRpcMixin._notify_sg_on_port_change-622874', 'neutron.plugins.ml2.ovo_rpc._ObjectChangeHandler.handle_event-197888', 'neutron.api.rpc.agentnotifiers.dhcp_rpc_agent_api.DhcpAgentNotifyAPI._native_event_send_dhcp_notification-1575972', 'neutron.db.l3_db.L3RpcNotifierMixin._notify_gateway_port_ip_changed-8737372023655', 'neutron.db.l3_dvrscheduler_db._notify_l3_agent_port_update-8737371646585', 'neutron.db.l3_hascheduler_db._notify_l3_agent_ha_port_update-8737371646603'] for port (c400b9c8-88c5-4ce8-a020-e9e71fe644ea), after_update {{(pid=110306) _notify_loop /usr/local/lib/python3.8/dist-packages/neutron_lib/callbacks/manager.py:176}}
Apr 07 11:54:50.549915 dv-cinder-836769-3-iscsi neutron-server[110303]: DEBUG neutron_lib.callbacks.manager [None req-62c2d75b-bc77-499e-9b1a-38de69ad8bf3 admin admin] Publish callbacks ['neutron.plugins.ml2.plugin.Ml2Plugin._subnet_delete_precommit_handler-663648'] for subnet (5c29baca-bd1a-405c-ab78-2db8fba3e015), precommit_delete {{(pid=110303) _notify_loop /usr/local/lib/python3.8/dist-packages/neutron_lib/callbacks/manager.py:176}}
Apr 07 11:54:50.570837 dv-cinder-836769-3-iscsi neutron-server[110305]: DEBUG neutron.db.provisioning_blocks [None req-7593746b-1888-4133-87f4-3691ceef0a02 None None] Provisioning complete for port f863f6b6-6f1f-4cde-ab34-2e84e53d869a triggered by entity L2. {{(pid=110305) provisioning_complete /opt/stack/neutron/neutron/db/provisioning_blocks.py:140}}
Apr 07 11:54:50.571728 dv-cinder-836769-3-iscsi neutron-server[110305]: DEBUG neutron_lib.callbacks.manager [None req-7593746b-1888-4133-87f4-3691ceef0a02 None None] Publish callbacks ['neutron.plugins.ml2.plugin.Ml2Plugin._port_provisioned-692356'] for port (f863f6b6-6f1f-4cde-ab34-2e84e53d869a), provisioning_complete {{(pid=110305) _notify_loop /usr/local/lib/python3.8/dist-packages/neutron_lib/callbacks/manager.py:176}}
Apr 07 11:54:50.600746 dv-cinder-836769-3-iscsi neutron-server[110306]: DEBUG neutron.api.rpc.handlers.resources_rpc [None req-7132076f-84d6-467d-b3ef-1448c1207ff4 None None] Pushing event updated for resources: {'Port': ['ID=c400b9c8-88c5-4ce8-a020-e9e71fe644ea,revision_number=2']} {{(pid=110306) push /opt/stack/neutron/neutron/api/rpc/handlers/resources_rpc.py:237}}
Apr 07 11:54:50.608395 dv-cinder-836769-3-iscsi neutron-server[110304]: INFO neutron.wsgi [req-8553ad08-32d1-4d70-8795-7bbf914d349b req-4d1e47e8-e049-4513-aa9b-98b6554114c7 tempest-DeleteServersTestJSON-1321931974 tempest-DeleteServersTestJSON-1321931974-project] 10.222.0.37 "GET /v2.0/ports?device_id=89eeb1ff-d6d9-448f-bda3-3f2c48e690f9 HTTP/1.1" status: 200 len: 210 time: 0.0823400
Apr 07 11:54:50.621549 dv-cinder-836769-3-iscsi neutron-server[110306]: DEBUG neutron.api.rpc.callbacks.version_manager [None req-7132076f-84d6-467d-b3ef-1448c1207ff4 None None] Version for resource type AddressGroup changed None to 1.2 on consumer Open vSwitch agent@dv-cinder-836769-3-iscsi {{(pid=110306) _set_version /opt/stack/neutron/neutron/api/rpc/callbacks/version_manager.py:113}}
Apr 07 11:54:50.621884 dv-cinder-836769-3-iscsi neutron-server[110306]: DEBUG neutron.api.rpc.callbacks.version_manager [None req-7132076f-84d6-467d-b3ef-1448c1207ff4 None None] Version for resource type Agent changed None to 1.1 on consumer Open vSwitch agent@dv-cinder-836769-3-iscsi {{(pid=110306) _set_version /opt/stack/neutron/neutron/api/rpc/callbacks/version_manager.py:113}}
Apr 07 11:54:50.622399 dv-cinder-836769-3-iscsi neutron-server[110306]: DEBUG neutron.api.rpc.callbacks.version_manager [None req-7132076f-84d6-467d-b3ef-1448c1207ff4 None None] Version for resource type ConntrackHelper changed None to 1.0 on consumer Open vSwitch agent@dv-cinder-836769-3-iscsi {{(pid=110306) _set_version /opt/stack/neutron/neutron/api/rpc/callbacks/version_manager.py:113}}
Apr 07 11:54:50.623151 dv-cinder-836769-3-iscsi neutron-server[110306]: DEBUG neutron.api.rpc.callbacks.version_manager [None req-7132076f-84d6-467d-b3ef-1448c1207ff4 None None] Version for resource type LocalIPAssociation changed None to 1.0 on consumer Open vSwitch agent@dv-cinder-836769-3-iscsi {{(pid=110306) _set_version /opt/stack/neutron/neutron/api/rpc/callbacks/version_manager.py:113}}
Apr 07 11:54:50.623995 dv-cinder-836769-3-iscsi neutron-server[110306]: DEBUG neutron.api.rpc.callbacks.version_manager [None req-7132076f-84d6-467d-b3ef-1448c1207ff4 None None] Version for resource type Log changed None to 1.0 on consumer Open vSwitch agent@dv-cinder-836769-3-iscsi {{(pid=110306) _set_version /opt/stack/neutron/neutron/api/rpc/callbacks/version_manager.py:113}}
Apr 07 11:54:50.625099 dv-cinder-836769-3-iscsi neutron-server[110306]: DEBUG neutron.api.rpc.callbacks.version_manager [None req-7132076f-84d6-467d-b3ef-1448c1207ff4 None None] Version for resource type NDPProxy changed None to 1.0 on consumer Open vSwitch agent@dv-cinder-836769-3-iscsi {{(pid=110306) _set_version /opt/stack/neutron/neutron/api/rpc/callbacks/version_manager.py:113}}
Apr 07 11:54:50.626985 dv-cinder-836769-3-iscsi neutron-server[110306]: DEBUG neutron.api.rpc.callbacks.version_manager [None req-7132076f-84d6-467d-b3ef-1448c1207ff4 None None] Version for resource type Network changed None to 1.1 on consumer Open vSwitch agent@dv-cinder-836769-3-iscsi {{(pid=110306) _set_version /opt/stack/neutron/neutron/api/rpc/callbacks/version_manager.py:113}}
Apr 07 11:54:50.630387 dv-cinder-836769-3-iscsi neutron-server[110306]: DEBUG neutron.api.rpc.callbacks.version_manager [None req-7132076f-84d6-467d-b3ef-1448c1207ff4 None None] Version for resource type Port changed None to 1.7 on consumer Open vSwitch agent@dv-cinder-836769-3-iscsi {{(pid=110306) _set_version /opt/stack/neutron/neutron/api/rpc/callbacks/version_manager.py:113}}
Apr 07 11:54:50.630387 dv-cinder-836769-3-iscsi neutron-server[110306]: DEBUG neutron.api.rpc.callbacks.version_manager [None req-7132076f-84d6-467d-b3ef-1448c1207ff4 None None] Version for resource type PortForwarding changed None to 1.3 on consumer Open vSwitch agent@dv-cinder-836769-3-iscsi {{(pid=110306) _set_version /opt/stack/neutron/neutron/api/rpc/callbacks/version_manager.py:113}}
Apr 07 11:54:50.630387 dv-cinder-836769-3-iscsi neutron-server[110306]: DEBUG neutron.api.rpc.callbacks.version_manager [None req-7132076f-84d6-467d-b3ef-1448c1207ff4 None None] Version for resource type QosPolicy changed None to 1.10 on consumer Open vSwitch agent@dv-cinder-836769-3-iscsi {{(pid=110306) _set_version /opt/stack/neutron/neutron/api/rpc/callbacks/version_manager.py:113}}
Apr 07 11:54:50.630387 dv-cinder-836769-3-iscsi neutron-server[110306]: DEBUG neutron.api.rpc.callbacks.version_manager [None req-7132076f-84d6-467d-b3ef-1448c1207ff4 None None] Version for resource type SecurityGroup changed None to 1.5 on consumer Open vSwitch agent@dv-cinder-836769-3-iscsi {{(pid=110306) _set_version /opt/stack/neutron/neutron/api/rpc/callbacks/version_manager.py:113}}
Apr 07 11:54:50.632531 dv-cinder-836769-3-iscsi neutron-server[110306]: DEBUG neutron.api.rpc.callbacks.version_manager [None req-7132076f-84d6-467d-b3ef-1448c1207ff4 None None] Version for resource type SecurityGroupRule changed None to 1.2 on consumer Open vSwitch agent@dv-cinder-836769-3-iscsi {{(pid=110306) _set_version /opt/stack/neutron/neutron/api/rpc/callbacks/version_manager.py:113}}
Apr 07 11:54:50.633913 dv-cinder-836769-3-iscsi neutron-server[110306]: DEBUG neutron.api.rpc.callbacks.version_manager [None req-7132076f-84d6-467d-b3ef-1448c1207ff4 None None] Version for resource type SubPort changed None to 1.0 on consumer Open vSwitch agent@dv-cinder-836769-3-iscsi {{(pid=110306) _set_version /opt/stack/neutron/neutron/api/rpc/callbacks/version_manager.py:113}}
Apr 07 11:54:50.634986 dv-cinder-836769-3-iscsi neutron-server[110306]: DEBUG neutron.api.rpc.callbacks.version_manager [None req-7132076f-84d6-467d-b3ef-1448c1207ff4 None None] Version for resource type Subnet changed None to 1.1 on consumer Open vSwitch agent@dv-cinder-836769-3-iscsi {{(pid=110306) _set_version /opt/stack/neutron/neutron/api/rpc/callbacks/version_manager.py:113}}
Apr 07 11:54:50.635554 dv-cinder-836769-3-iscsi neutron-server[110306]: DEBUG neutron.api.rpc.callbacks.version_manager [None req-7132076f-84d6-467d-b3ef-1448c1207ff4 None None] Version for resource type Trunk changed None to 1.1 on consumer Open vSwitch agent@dv-cinder-836769-3-iscsi {{(pid=110306) _set_version /opt/stack/neutron/neutron/api/rpc/callbacks/version_manager.py:113}}
Apr 07 11:54:50.638538 dv-cinder-836769-3-iscsi neutron-server[110306]: DEBUG neutron.api.rpc.callbacks.version_manager [None req-7132076f-84d6-467d-b3ef-1448c1207ff4 None None] Tracked resource versions report:
Apr 07 11:54:50.638538 dv-cinder-836769-3-iscsi neutron-server[110306]: pushed versions:
Apr 07 11:54:50.638538 dv-cinder-836769-3-iscsi neutron-server[110306]: { 'AddressGroup': {'1.2'},
Apr 07 11:54:50.638538 dv-cinder-836769-3-iscsi neutron-server[110306]: 'Agent': {'1.1'},
Apr 07 11:54:50.638538 dv-cinder-836769-3-iscsi neutron-server[110306]: 'ConntrackHelper': {'1.0'},
Apr 07 11:54:50.638538 dv-cinder-836769-3-iscsi neutron-server[110306]: 'LocalIPAssociation': {'1.0'},
Apr 07 11:54:50.638538 dv-cinder-836769-3-iscsi neutron-server[110306]: 'Log': {'1.0'},
Apr 07 11:54:50.638538 dv-cinder-836769-3-iscsi neutron-server[110306]: 'NDPProxy': {'1.0'},
Apr 07 11:54:50.638538 dv-cinder-836769-3-iscsi neutron-server[110306]: 'Network': {'1.1'},
Apr 07 11:54:50.638538 dv-cinder-836769-3-iscsi neutron-server[110306]: 'Port': {'1.7'},
Apr 07 11:54:50.638538 dv-cinder-836769-3-iscsi neutron-server[110306]: 'PortForwarding': {'1.3'},
Apr 07 11:54:50.638538 dv-cinder-836769-3-iscsi neutron-server[110306]: 'QosPolicy': {'1.10'},
Apr 07 11:54:50.638538 dv-cinder-836769-3-iscsi neutron-server[110306]: 'SecurityGroup': {'1.5'},
Apr 07 11:54:50.638538 dv-cinder-836769-3-iscsi neutron-server[110306]: 'SecurityGroupRule': {'1.2'},
Apr 07 11:54:50.638538 dv-cinder-836769-3-iscsi neutron-server[110306]: 'SubPort': {'1.0'},
Apr 07 11:54:50.638538 dv-cinder-836769-3-iscsi neutron-server[110306]: 'Subnet': {'1.1'},
Apr 07 11:54:50.638538 dv-cinder-836769-3-iscsi neutron-server[110306]: 'Trunk': {'1.1'}}
Apr 07 11:54:50.638538 dv-cinder-836769-3-iscsi neutron-server[110306]: consumer versions:
Apr 07 11:54:50.638538 dv-cinder-836769-3-iscsi neutron-server[110306]: { DHCP agent@dv-cinder-836769-3-iscsi: {},
Apr 07 11:54:50.638538 dv-cinder-836769-3-iscsi neutron-server[110306]: HyperV agent@hv-cinder-83676: {},
Apr 07 11:54:50.638538 dv-cinder-836769-3-iscsi neutron-server[110306]: L3 agent@dv-cinder-836769-3-iscsi: {},
Apr 07 11:54:50.638538 dv-cinder-836769-3-iscsi neutron-server[110306]: Metadata agent@dv-cinder-836769-3-iscsi: {},
Apr 07 11:54:50.638538 dv-cinder-836769-3-iscsi neutron-server[110306]: Metering agent@dv-cinder-836769-3-iscsi: {},
Apr 07 11:54:50.638538 dv-cinder-836769-3-iscsi neutron-server[110306]: Open vSwitch agent@dv-cinder-836769-3-iscsi: { 'AddressGroup': '1.2',
Apr 07 11:54:50.638538 dv-cinder-836769-3-iscsi neutron-server[110306]: 'Agent': '1.1',
Apr 07 11:54:50.638538 dv-cinder-836769-3-iscsi neutron-server[110306]: 'ConntrackHelper': '1.0',
Apr 07 11:54:50.638538 dv-cinder-836769-3-iscsi neutron-server[110306]: 'LocalIPAssociation': '1.0',
Apr 07 11:54:50.638538 dv-cinder-836769-3-iscsi neutron-server[110306]: 'Log': '1.0',
Apr 07 11:54:50.638538 dv-cinder-836769-3-iscsi neutron-server[110306]: 'NDPProxy': '1.0',
Apr 07 11:54:50.638538 dv-cinder-836769-3-iscsi neutron-server[110306]: 'Network': '1.1',
Apr 07 11:54:50.638538 dv-cinder-836769-3-iscsi neutron-server[110306]: 'Port': '1.7',
Apr 07 11:54:50.638538 dv-cinder-836769-3-iscsi neutron-server[110306]: 'PortForwarding': '1.3',
Apr 07 11:54:50.638538 dv-cinder-836769-3-iscsi neutron-server[110306]: 'QosPolicy': '1.10',
Apr 07 11:54:50.638538 dv-cinder-836769-3-iscsi neutron-server[110306]: 'SecurityGroup': '1.5',
Apr 07 11:54:50.638538 dv-cinder-836769-3-iscsi neutron-server[110306]: 'SecurityGroupRule': '1.2',
Apr 07 11:54:50.638538 dv-cinder-836769-3-iscsi neutron-server[110306]: 'SubPort': '1.0',
Apr 07 11:54:50.638538 dv-cinder-836769-3-iscsi neutron-server[110306]: 'Subnet': '1.1',
Apr 07 11:54:50.638538 dv-cinder-836769-3-iscsi neutron-server[110306]: 'Trunk': '1.1'}}
Apr 07 11:54:50.638538 dv-cinder-836769-3-iscsi neutron-server[110306]: {{(pid=110306) report /opt/stack/neutron/neutron/api/rpc/callbacks/version_manager.py:175}}
Apr 07 11:54:50.689391 dv-cinder-836769-3-iscsi neutron-server[110305]: DEBUG neutron.plugins.ml2.plugin [None req-7593746b-1888-4133-87f4-3691ceef0a02 None None] Current status of the port f863f6b6-6f1f-4cde-ab34-2e84e53d869a is: ACTIVE; New status is: ACTIVE {{(pid=110305) _update_individual_port_db_status /opt/stack/neutron/neutron/plugins/ml2/plugin.py:2256}}
Apr 07 11:54:50.689991 dv-cinder-836769-3-iscsi neutron-server[110306]: DEBUG neutron.plugins.ml2.managers [None req-6dcf8695-96a0-4509-8e4d-b6b32ef79664 None None] Attempting to bind port c400b9c8-88c5-4ce8-a020-e9e71fe644ea on host dv-cinder-836769-3-iscsi for vnic_type normal with profile {{(pid=110306) bind_port /opt/stack/neutron/neutron/plugins/ml2/managers.py:795}}
Apr 07 11:54:50.691422 dv-cinder-836769-3-iscsi neutron-server[110306]: DEBUG neutron.plugins.ml2.managers [None req-6dcf8695-96a0-4509-8e4d-b6b32ef79664 None None] Attempting to bind port c400b9c8-88c5-4ce8-a020-e9e71fe644ea by drivers openvswitch,hyperv on host dv-cinder-836769-3-iscsi at level 0 using segments [{'id': '3365c363-1fa8-4f18-9284-841ae2ba9cfe', 'network_type': 'flat', 'physical_network': 'physnet1', 'segmentation_id': None, 'network_id': '3be09739-6b22-4105-8c42-41050eb1ea98'}] {{(pid=110306) _bind_port_level /opt/stack/neutron/neutron/plugins/ml2/managers.py:820}}
Apr 07 11:54:50.695450 dv-cinder-836769-3-iscsi neutron-server[110306]: DEBUG neutron.plugins.ml2.drivers.mech_agent [None req-6dcf8695-96a0-4509-8e4d-b6b32ef79664 None None] Attempting to bind port c400b9c8-88c5-4ce8-a020-e9e71fe644ea on network 3be09739-6b22-4105-8c42-41050eb1ea98 {{(pid=110306) bind_port /opt/stack/neutron/neutron/plugins/ml2/drivers/mech_agent.py:91}}
Apr 07 11:54:50.716364 dv-cinder-836769-3-iscsi neutron-server[110306]: DEBUG neutron.plugins.ml2.drivers.mech_agent [None req-6dcf8695-96a0-4509-8e4d-b6b32ef79664 None None] Checking agent: {'id': '6ec62c3b-b101-4f36-93a8-7405244175b0', 'agent_type': 'Open vSwitch agent', 'binary': 'neutron-openvswitch-agent', 'topic': 'N/A', 'host': 'dv-cinder-836769-3-iscsi', 'admin_state_up': True, 'created_at': datetime.datetime(2022, 4, 7, 11, 46, 3), 'started_at': datetime.datetime(2022, 4, 7, 11, 46, 33), 'heartbeat_timestamp': datetime.datetime(2022, 4, 7, 11, 54, 33), 'description': None, 'resources_synced': None, 'availability_zone': None, 'alive': True, 'configurations': {'arp_responder_enabled': False, 'baremetal_smartnic': False, 'bridge_mappings': {'physnet1': 'br-data'}, 'datapath_type': 'system', 'devices': 0, 'enable_distributed_routing': False, 'extensions': [], 'in_distributed_mode': False, 'integration_bridge': 'br-int', 'l2_population': False, 'log_agent_heartbeats': False, 'ovs_capabilities': {'datapath_types': ['netdev', 'system'], 'iface_types': ['erspan', 'geneve', 'gre', 'internal', 'ip6erspan', 'ip6gre', 'lisp', 'patch', 'stt', 'system', 'tap', 'vxlan']}, 'ovs_hybrid_plug': False, 'resource_provider_bandwidths': {}, 'resource_provider_hypervisors': {'br-data': 'dv-cinder-836769-3-iscsi'}, 'resource_provider_inventory_defaults': {'allocation_ratio': 1.0, 'min_unit': 1, 'step_size': 1, 'reserved': 0}, 'resource_provider_packet_processing_inventory_defaults': {'allocation_ratio': 1.0, 'min_unit': 1, 'step_size': 1, 'reserved': 0}, 'resource_provider_packet_processing_with_direction': {}, 'resource_provider_packet_processing_without_direction': {}, 'tunnel_types': [], 'tunneling_ip': None, 'vhostuser_socket_dir': '/var/run/openvswitch'}, 'resource_versions': {'AddressGroup': '1.2', 'Agent': '1.1', 'ConntrackHelper': '1.0', 'LocalIPAssociation': '1.0', 'Log': '1.0', 'NDPProxy': '1.0', 'Network': '1.1', 'Port': '1.7', 'PortForwarding': '1.3', 'QosPolicy': '1.10', 'SecurityGroup': '1.5', 'SecurityGroupRule': '1.2', 'SubPort': '1.0', 'Subnet': '1.1', 'Trunk': '1.1'}} {{(pid=110306) bind_port /opt/stack/neutron/neutron/plugins/ml2/drivers/mech_agent.py:110}}
Apr 07 11:54:50.717021 dv-cinder-836769-3-iscsi neutron-server[110306]: DEBUG neutron.plugins.ml2.drivers.mech_agent [None req-6dcf8695-96a0-4509-8e4d-b6b32ef79664 None None] Checking segment: {'id': '3365c363-1fa8-4f18-9284-841ae2ba9cfe', 'network_type': 'flat', 'physical_network': 'physnet1', 'segmentation_id': None, 'network_id': '3be09739-6b22-4105-8c42-41050eb1ea98'} for mappings: {'physnet1': 'br-data'} with network types: ['local', 'flat', 'vlan'] {{(pid=110306) check_segment_for_agent /opt/stack/neutron/neutron/plugins/ml2/drivers/mech_agent.py:373}}
Apr 07 11:54:50.717880 dv-cinder-836769-3-iscsi neutron-server[110306]: DEBUG neutron_lib.callbacks.manager [None req-6dcf8695-96a0-4509-8e4d-b6b32ef79664 None None] Publish callbacks [] for ovs_bridge_name (None), before_read {{(pid=110306) _notify_loop /usr/local/lib/python3.8/dist-packages/neutron_lib/callbacks/manager.py:176}}
Apr 07 11:54:50.723812 dv-cinder-836769-3-iscsi neutron-server[110306]: DEBUG neutron.plugins.ml2.drivers.mech_agent [None req-6dcf8695-96a0-4509-8e4d-b6b32ef79664 None None] Bound using segment: {'id': '3365c363-1fa8-4f18-9284-841ae2ba9cfe', 'network_type': 'flat', 'physical_network': 'physnet1', 'segmentation_id': None, 'network_id': '3be09739-6b22-4105-8c42-41050eb1ea98'} {{(pid=110306) bind_port /opt/stack/neutron/neutron/plugins/ml2/drivers/mech_agent.py:120}}
Apr 07 11:54:50.726237 dv-cinder-836769-3-iscsi neutron-server[110306]: DEBUG neutron.plugins.ml2.managers [None req-6dcf8695-96a0-4509-8e4d-b6b32ef79664 None None] Bound port: c400b9c8-88c5-4ce8-a020-e9e71fe644ea, host: dv-cinder-836769-3-iscsi, vif_type: ovs, vif_details: {"connectivity": "l2", "port_filter": true, "ovs_hybrid_plug": false, "datapath_type": "system", "bridge_name": "br-int"}, binding_levels: [{'bound_driver': 'openvswitch', 'bound_segment': {'id': '3365c363-1fa8-4f18-9284-841ae2ba9cfe', 'network_type': 'flat', 'physical_network': 'physnet1', 'segmentation_id': None, 'network_id': '3be09739-6b22-4105-8c42-41050eb1ea98'}}] {{(pid=110306) _bind_port_level /opt/stack/neutron/neutron/plugins/ml2/managers.py:932}}
Apr 07 11:54:50.727059 dv-cinder-836769-3-iscsi neutron-server[110306]: DEBUG neutron_lib.callbacks.manager [None req-6dcf8695-96a0-4509-8e4d-b6b32ef79664 None None] Publish callbacks ['neutron.plugins.ml2.plugin.SecurityGroupDbMixin._ensure_default_security_group_handler-622939'] for port (c400b9c8-88c5-4ce8-a020-e9e71fe644ea), before_update {{(pid=110306) _notify_loop /usr/local/lib/python3.8/dist-packages/neutron_lib/callbacks/manager.py:176}}
Apr 07 11:54:50.729756 dv-cinder-836769-3-iscsi neutron-server[110303]: DEBUG neutron_lib.callbacks.manager [None req-62c2d75b-bc77-499e-9b1a-38de69ad8bf3 admin admin] Publish callbacks ['neutron.plugins.ml2.plugin.Ml2Plugin._subnet_delete_after_delete_handler-663657', 'neutron.plugins.ml2.ovo_rpc._ObjectChangeHandler.handle_event-1703932', 'neutron.api.rpc.agentnotifiers.dhcp_rpc_agent_api.DhcpAgentNotifyAPI._native_event_send_dhcp_notification-1575972', 'neutron.services.segments.plugin.NovaSegmentNotifier._notify_subnet_deleted-3289540', 'neutron.services.segments.plugin.SegmentHostRoutes.host_routes_after_delete-4167369'] for subnet (5c29baca-bd1a-405c-ab78-2db8fba3e015), after_delete {{(pid=110303) _notify_loop /usr/local/lib/python3.8/dist-packages/neutron_lib/callbacks/manager.py:176}}
Apr 07 11:54:50.768139 dv-cinder-836769-3-iscsi neutron-server[110304]: DEBUG neutron.db.db_base_plugin_common [None req-32b9f9a6-ccc0-4593-b936-a5b9459e23b5 admin admin] Allocated IP 172.20.0.1 (01b8ce78-e1aa-4969-9bf5-06218e762e29/138fb078-eac6-46c8-8160-fa857bf37137/f514492e-3509-4b3d-87f3-3e3a8cf93a78) {{(pid=110304) _store_ip_allocation /opt/stack/neutron/neutron/db/db_base_plugin_common.py:131}}
Apr 07 11:54:50.775127 dv-cinder-836769-3-iscsi neutron-server[110303]: DEBUG neutron.api.rpc.handlers.resources_rpc [None req-62c2d75b-bc77-499e-9b1a-38de69ad8bf3 admin admin] Pushing event deleted for resources: {'Subnet': ['ID=5c29baca-bd1a-405c-ab78-2db8fba3e015,revision_number=None']} {{(pid=110303) push /opt/stack/neutron/neutron/api/rpc/handlers/resources_rpc.py:237}}
Apr 07 11:54:50.783328 dv-cinder-836769-3-iscsi neutron-server[110303]: DEBUG neutron_lib.callbacks.manager [None req-62c2d75b-bc77-499e-9b1a-38de69ad8bf3 admin admin] Publish callbacks ['neutron.api.rpc.agentnotifiers.dhcp_rpc_agent_api.DhcpAgentNotifyAPI._send_dhcp_notification-1575986'] for subnet (None), before_response {{(pid=110303) _notify_loop /usr/local/lib/python3.8/dist-packages/neutron_lib/callbacks/manager.py:176}}
Apr 07 11:54:50.791277 dv-cinder-836769-3-iscsi neutron-server[110303]: INFO neutron.wsgi [None req-62c2d75b-bc77-499e-9b1a-38de69ad8bf3 admin admin] 10.222.0.37 "DELETE /v2.0/subnets/5c29baca-bd1a-405c-ab78-2db8fba3e015 HTTP/1.1" status: 204 len: 168 time: 0.5345626
Apr 07 11:54:50.791277 dv-cinder-836769-3-iscsi neutron-server[110303]: DEBUG neutron.wsgi [-] (110303) accepted ('10.222.0.37', 58562) {{(pid=110303) server /usr/local/lib/python3.8/dist-packages/eventlet/wsgi.py:1004}}
Apr 07 11:54:50.805068 dv-cinder-836769-3-iscsi neutron-server[110306]: DEBUG neutron.plugins.ml2.db [None req-6dcf8695-96a0-4509-8e4d-b6b32ef79664 None None] For port c400b9c8-88c5-4ce8-a020-e9e71fe644ea, host dv-cinder-836769-3-iscsi, cleared binding levels {{(pid=110306) clear_binding_levels /opt/stack/neutron/neutron/plugins/ml2/db.py:87}}
Apr 07 11:54:50.810584 dv-cinder-836769-3-iscsi neutron-server[110306]: DEBUG neutron.plugins.ml2.db [None req-6dcf8695-96a0-4509-8e4d-b6b32ef79664 None None] For port c400b9c8-88c5-4ce8-a020-e9e71fe644ea, host dv-cinder-836769-3-iscsi, set binding levels [PortBindingLevel(driver='openvswitch',host='dv-cinder-836769-3-iscsi',level=0,port_id=c400b9c8-88c5-4ce8-a020-e9e71fe644ea,segment=NetworkSegment(3365c363-1fa8-4f18-9284-841ae2ba9cfe),segment_id=3365c363-1fa8-4f18-9284-841ae2ba9cfe)] {{(pid=110306) set_binding_levels /opt/stack/neutron/neutron/plugins/ml2/db.py:59}}
Apr 07 11:54:50.913915 dv-cinder-836769-3-iscsi neutron-server[110306]: DEBUG neutron_lib.callbacks.manager [None req-6dcf8695-96a0-4509-8e4d-b6b32ef79664 None None] Publish callbacks ['neutron.plugins.ml2.plugin.SecurityGroupServerNotifierRpcMixin._notify_sg_on_port_change-622874', 'neutron.plugins.ml2.ovo_rpc._ObjectChangeHandler.handle_event-197888', 'neutron.api.rpc.agentnotifiers.dhcp_rpc_agent_api.DhcpAgentNotifyAPI._native_event_send_dhcp_notification-1575972', 'neutron.db.l3_db.L3RpcNotifierMixin._notify_gateway_port_ip_changed-8737372023655', 'neutron.db.l3_dvrscheduler_db._notify_l3_agent_port_update-8737371646585', 'neutron.db.l3_hascheduler_db._notify_l3_agent_ha_port_update-8737371646603'] for port (c400b9c8-88c5-4ce8-a020-e9e71fe644ea), after_update {{(pid=110306) _notify_loop /usr/local/lib/python3.8/dist-packages/neutron_lib/callbacks/manager.py:176}}
Apr 07 11:54:50.960519 dv-cinder-836769-3-iscsi neutron-server[110304]: DEBUG neutron_lib.callbacks.manager [None req-32b9f9a6-ccc0-4593-b936-a5b9459e23b5 admin admin] Publish callbacks [] for port (f514492e-3509-4b3d-87f3-3e3a8cf93a78), precommit_create {{(pid=110304) _notify_loop /usr/local/lib/python3.8/dist-packages/neutron_lib/callbacks/manager.py:176}}
Apr 07 11:54:50.963038 dv-cinder-836769-3-iscsi neutron-server[110303]: DEBUG neutron_lib.callbacks.manager [None req-c77b1a9c-4663-4504-9319-f51a875373f6 admin admin] Publish callbacks ['neutron.plugins.ml2.plugin.External_net_db_mixin._before_network_delete_handler-820897'] for network (cd0a686a-6ae6-405f-b13c-2737c91007a8), before_delete {{(pid=110303) _notify_loop /usr/local/lib/python3.8/dist-packages/neutron_lib/callbacks/manager.py:176}}
Apr 07 11:54:50.994898 dv-cinder-836769-3-iscsi neutron-server[110304]: DEBUG neutron.wsgi [-] (110304) accepted ('10.222.0.37', 58576) {{(pid=110304) server /usr/local/lib/python3.8/dist-packages/eventlet/wsgi.py:1004}}
Apr 07 11:54:51.028315 dv-cinder-836769-3-iscsi neutron-server[110306]: DEBUG neutron.db.l3_dvrscheduler_db [None req-6dcf8695-96a0-4509-8e4d-b6b32ef79664 None None] Routers {'b45ce4e7-d4f7-40cb-93c4-74a28311dc28'} bound to L3 agent in host dv-cinder-836769-3-iscsi {{(pid=110306) _get_router_ids_for_agent /opt/stack/neutron/neutron/db/l3_dvrscheduler_db.py:421}}
Apr 07 11:54:51.029132 dv-cinder-836769-3-iscsi neutron-server[110306]: DEBUG neutron.db.l3_hamode_db [None req-6dcf8695-96a0-4509-8e4d-b6b32ef79664 None None] neutron.services.l3_router.l3_router_plugin.L3RouterPlugin method get_ha_sync_data_for_host called with arguments (, 'dv-cinder-836769-3-iscsi', Agent(admin_state_up=True,agent_type='L3 agent',availability_zone='nova',binary='neutron-l3-agent',configurations={"agent_mode": "legacy", "ex_gw_ports": 1, "extensions": [], "floating_ips": 0, "handle_internal_only_routers": true, "interface_driver": "openvswitch", "interfaces": 1, "log_agent_heartbeats": false, "routers": 1},created_at=2022-04-07T11:45:59Z,description=,heartbeat_timestamp=2022-04-07T11:54:29Z,host='dv-cinder-836769-3-iscsi',id=89e04191-6419-4ce4-9ac1-7a38a76afb75,load=0,resource_versions=,resources_synced=,started_at=2022-04-07T11:46:00Z,topic='l3_agent')) {'router_ids': ['b45ce4e7-d4f7-40cb-93c4-74a28311dc28'], 'active': True} {{(pid=110306) wrapper /usr/local/lib/python3.8/dist-packages/oslo_log/helpers.py:65}}
Apr 07 11:54:51.037695 dv-cinder-836769-3-iscsi neutron-server[110306]: DEBUG neutron.api.rpc.handlers.resources_rpc [None req-7132076f-84d6-467d-b3ef-1448c1207ff4 None None] Pushing event updated for resources: {'Port': ['ID=c400b9c8-88c5-4ce8-a020-e9e71fe644ea,revision_number=3']} {{(pid=110306) push /opt/stack/neutron/neutron/api/rpc/handlers/resources_rpc.py:237}}
Apr 07 11:54:51.080564 dv-cinder-836769-3-iscsi neutron-server[110303]: DEBUG neutron_lib.callbacks.manager [None req-c77b1a9c-4663-4504-9319-f51a875373f6 admin admin] Publish callbacks ['neutron.plugins.ml2.plugin.Ml2Plugin._network_delete_precommit_handler-694521', 'neutron.services.segments.db._delete_segments_for_network-8737371926730'] for network (cd0a686a-6ae6-405f-b13c-2737c91007a8), precommit_delete {{(pid=110303) _notify_loop /usr/local/lib/python3.8/dist-packages/neutron_lib/callbacks/manager.py:176}}
Apr 07 11:54:51.113071 dv-cinder-836769-3-iscsi neutron-server[110303]: DEBUG neutron.services.segments.db [None req-c77b1a9c-4663-4504-9319-f51a875373f6 admin admin] neutron.services.segments.plugin.Plugin method get_segments called with arguments (,) {'filters': {'network_id': ['cd0a686a-6ae6-405f-b13c-2737c91007a8']}} {{(pid=110303) wrapper /usr/local/lib/python3.8/dist-packages/oslo_log/helpers.py:65}}
Apr 07 11:54:51.121845 dv-cinder-836769-3-iscsi neutron-server[110304]: DEBUG neutron_lib.callbacks.manager [None req-32b9f9a6-ccc0-4593-b936-a5b9459e23b5 admin admin] Publish callbacks ['neutron.plugins.ml2.plugin.SecurityGroupServerNotifierRpcMixin._notify_sg_on_port_change-622874', 'neutron.plugins.ml2.ovo_rpc._ObjectChangeHandler.handle_event-197888', 'neutron.api.rpc.agentnotifiers.dhcp_rpc_agent_api.DhcpAgentNotifyAPI._native_event_send_dhcp_notification-1575972', 'neutron.db.l3_dvrscheduler_db._notify_l3_agent_new_port-8737371646567'] for port (f514492e-3509-4b3d-87f3-3e3a8cf93a78), after_create {{(pid=110304) _notify_loop /usr/local/lib/python3.8/dist-packages/neutron_lib/callbacks/manager.py:176}}
Apr 07 11:54:51.124802 dv-cinder-836769-3-iscsi neutron-server[110303]: DEBUG neutron.services.segments.db [None req-c77b1a9c-4663-4504-9319-f51a875373f6 admin admin] neutron.services.segments.plugin.Plugin method delete_segment called with arguments (, '3f81b9c4-eb74-40bd-bf13-a494ba25087e') {'for_net_delete': True} {{(pid=110303) wrapper /usr/local/lib/python3.8/dist-packages/oslo_log/helpers.py:65}}
Apr 07 11:54:51.124802 dv-cinder-836769-3-iscsi neutron-server[110303]: DEBUG neutron.services.segments.db [None req-c77b1a9c-4663-4504-9319-f51a875373f6 admin admin] neutron.services.segments.plugin.Plugin method get_segment called with arguments (, '3f81b9c4-eb74-40bd-bf13-a494ba25087e') {} {{(pid=110303) wrapper /usr/local/lib/python3.8/dist-packages/oslo_log/helpers.py:65}}
Apr 07 11:54:51.139844 dv-cinder-836769-3-iscsi neutron-server[110303]: DEBUG neutron_lib.callbacks.manager [None req-c77b1a9c-4663-4504-9319-f51a875373f6 admin admin] Publish callbacks ['neutron.plugins.ml2.db._prevent_segment_delete_with_port_bound-8737371929811', 'neutron.services.segments.plugin.Plugin._prevent_segment_delete_with_subnet_associated-3288845'] for segment (3f81b9c4-eb74-40bd-bf13-a494ba25087e), before_delete {{(pid=110303) _notify_loop /usr/local/lib/python3.8/dist-packages/neutron_lib/callbacks/manager.py:176}}
Apr 07 11:54:51.155039 dv-cinder-836769-3-iscsi neutron-server[110303]: DEBUG neutron_lib.callbacks.manager [None req-c77b1a9c-4663-4504-9319-f51a875373f6 admin admin] Publish callbacks ['neutron.plugins.ml2.plugin.Ml2Plugin._handle_segment_change-667385'] for segment (3f81b9c4-eb74-40bd-bf13-a494ba25087e), precommit_delete {{(pid=110303) _notify_loop /usr/local/lib/python3.8/dist-packages/neutron_lib/callbacks/manager.py:176}}
Apr 07 11:54:51.165346 dv-cinder-836769-3-iscsi neutron-server[110303]: DEBUG neutron.plugins.ml2.drivers.type_vlan [None req-c77b1a9c-4663-4504-9319-f51a875373f6 admin admin] Releasing vlan 224 on physical network physnet1 to pool {{(pid=110303) release_segment /opt/stack/neutron/neutron/plugins/ml2/drivers/type_vlan.py:304}}
