Apr 06 10:18:51.766884 dv-cinder-836753-1-iscsi neutron-server[83994]: INFO neutron.wsgi [req-baf3b0dd-1f4a-46a0-8c68-3b82e6f2a7d2 req-5c66ae02-c1cd-46b1-a8bd-63f6e4b12876 tempest-ServerRescueNegativeTestJSON-536572318 tempest-ServerRescueNegativeTestJSON-536572318-project] 10.222.0.11 "GET /v2.0/ports?device_id=1736048e-aacf-4ec4-b6c7-6b576e3a8297 HTTP/1.1" status: 200 len: 944 time: 0.0853379
Apr 06 10:18:51.820428 dv-cinder-836753-1-iscsi neutron-server[83994]: INFO neutron.wsgi [req-baf3b0dd-1f4a-46a0-8c68-3b82e6f2a7d2 req-7767207b-4b0f-45c8-9aaf-0260f5b66d22 tempest-ServerRescueNegativeTestJSON-536572318 tempest-ServerRescueNegativeTestJSON-536572318-project] 10.222.0.11 "GET /v2.0/security-groups?id=2e6eea3a-95fa-4494-8a06-80cd17e2746b&fields=id&fields=name HTTP/1.1" status: 200 len: 286 time: 0.0468090
Apr 06 10:18:52.301744 dv-cinder-836753-1-iscsi neutron-server[83995]: DEBUG neutron.pecan_wsgi.hooks.policy_enforcement [req-2cb43f79-a129-4fde-9e79-2dc047151589 req-cce895a8-8ce6-4a0f-bb41-a652db7f5a1a tempest-AttachVolumeShelveTestJSON-1213958526 tempest-AttachVolumeShelveTestJSON-1213958526-project] Attributes excluded by policy engine: ['binding:profile', 'binding:host_id', 'binding:vif_type', 'binding:vif_details'] {{(pid=83995) _exclude_attributes_by_policy /opt/stack/neutron/neutron/pecan_wsgi/hooks/policy_enforcement.py:255}}
Apr 06 10:18:52.303260 dv-cinder-836753-1-iscsi neutron-server[83995]: INFO neutron.wsgi [req-2cb43f79-a129-4fde-9e79-2dc047151589 req-cce895a8-8ce6-4a0f-bb41-a652db7f5a1a tempest-AttachVolumeShelveTestJSON-1213958526 tempest-AttachVolumeShelveTestJSON-1213958526-project] 10.222.0.11 "GET /v2.0/ports?device_id=cf31437d-cb0f-432b-b380-89c7b01f4390 HTTP/1.1" status: 200 len: 945 time: 0.1376817
Apr 06 10:18:52.349322 dv-cinder-836753-1-iscsi neutron-server[83995]: INFO neutron.wsgi [req-2cb43f79-a129-4fde-9e79-2dc047151589 req-5ce4ccd2-fafc-4881-bdfc-cd0a6a0eec38 tempest-AttachVolumeShelveTestJSON-1213958526 tempest-AttachVolumeShelveTestJSON-1213958526-project] 10.222.0.11 "GET /v2.0/security-groups?id=412d412a-5812-4e00-8b63-1ac1cf19fd24&fields=id&fields=name HTTP/1.1" status: 200 len: 313 time: 0.0398324
Apr 06 10:18:52.532222 dv-cinder-836753-1-iscsi neutron-server[83994]: DEBUG neutron.pecan_wsgi.hooks.policy_enforcement [req-a099f667-3ab1-4970-b0a5-0ea1832d1c72 req-56739aba-0fd8-4570-bd09-a54016c532a9 tempest-AttachVolumeNegativeTest-1388482378 tempest-AttachVolumeNegativeTest-1388482378-project] Attributes excluded by policy engine: ['binding:profile', 'binding:host_id', 'binding:vif_type', 'binding:vif_details'] {{(pid=83994) _exclude_attributes_by_policy /opt/stack/neutron/neutron/pecan_wsgi/hooks/policy_enforcement.py:255}}
Apr 06 10:18:52.533665 dv-cinder-836753-1-iscsi neutron-server[83994]: INFO neutron.wsgi [req-a099f667-3ab1-4970-b0a5-0ea1832d1c72 req-56739aba-0fd8-4570-bd09-a54016c532a9 tempest-AttachVolumeNegativeTest-1388482378 tempest-AttachVolumeNegativeTest-1388482378-project] 10.222.0.11 "GET /v2.0/ports?device_id=8d29bfd2-3968-4cc5-a4f4-24aff37bf59f HTTP/1.1" status: 200 len: 944 time: 0.0834293
Apr 06 10:18:52.585988 dv-cinder-836753-1-iscsi neutron-server[83994]: INFO neutron.wsgi [req-a099f667-3ab1-4970-b0a5-0ea1832d1c72 req-4651017e-a507-4621-97eb-56297b5347da tempest-AttachVolumeNegativeTest-1388482378 tempest-AttachVolumeNegativeTest-1388482378-project] 10.222.0.11 "GET /v2.0/security-groups?id=5c89aa41-5c6a-4bad-b6f7-cd50d622e37c&fields=id&fields=name HTTP/1.1" status: 200 len: 313 time: 0.0457575
Apr 06 10:18:53.053159 dv-cinder-836753-1-iscsi neutron-server[83995]: DEBUG neutron.pecan_wsgi.hooks.policy_enforcement [req-1f3c7ec3-b4b8-409f-aa4f-c6e96ab87610 req-de450840-2b07-4125-91f0-396a1f0d5b01 tempest-ServerRescueNegativeTestJSON-536572318 tempest-ServerRescueNegativeTestJSON-536572318-project] Attributes excluded by policy engine: ['binding:profile', 'binding:host_id', 'binding:vif_type', 'binding:vif_details'] {{(pid=83995) _exclude_attributes_by_policy /opt/stack/neutron/neutron/pecan_wsgi/hooks/policy_enforcement.py:255}}
Apr 06 10:18:53.054194 dv-cinder-836753-1-iscsi neutron-server[83995]: INFO neutron.wsgi [req-1f3c7ec3-b4b8-409f-aa4f-c6e96ab87610 req-de450840-2b07-4125-91f0-396a1f0d5b01 tempest-ServerRescueNegativeTestJSON-536572318 tempest-ServerRescueNegativeTestJSON-536572318-project] 10.222.0.11 "GET /v2.0/ports?device_id=1736048e-aacf-4ec4-b6c7-6b576e3a8297 HTTP/1.1" status: 200 len: 944 time: 0.1096251
Apr 06 10:18:53.116040 dv-cinder-836753-1-iscsi neutron-server[83996]: DEBUG neutron.plugins.ml2.rpc [None req-37e7a5b3-6827-4cac-8e40-a15ba41acb3f None None] Device 9d6a0d74-c12a-4661-9e34-58c6f9320a5d up at agent hyperv_hv-cinder-83675 {{(pid=83996) update_device_up /opt/stack/neutron/neutron/plugins/ml2/rpc.py:278}}
Apr 06 10:18:53.131046 dv-cinder-836753-1-iscsi neutron-server[83995]: INFO neutron.wsgi [req-1f3c7ec3-b4b8-409f-aa4f-c6e96ab87610 req-0dee952b-9262-4c0d-b4cc-083162e63a67 tempest-ServerRescueNegativeTestJSON-536572318 tempest-ServerRescueNegativeTestJSON-536572318-project] 10.222.0.11 "GET /v2.0/security-groups?id=2e6eea3a-95fa-4494-8a06-80cd17e2746b&fields=id&fields=name HTTP/1.1" status: 200 len: 286 time: 0.0624039
Apr 06 10:18:53.263222 dv-cinder-836753-1-iscsi neutron-server[83996]: DEBUG neutron_lib.callbacks.manager [None req-f3f8ee74-6860-47a4-8294-f6813551c5ae None None] Notify callbacks ['neutron.services.segments.db._update_segment_host_mapping_for_agent-8735562192734', 'neutron.plugins.ml2.plugin.Ml2Plugin._retry_binding_revived_agents-598846'] for agent, after_update {{(pid=83996) _notify_loop /usr/local/lib/python3.8/dist-packages/neutron_lib/callbacks/manager.py:192}}
Apr 06 10:18:53.294902 dv-cinder-836753-1-iscsi neutron-server[83996]: DEBUG neutron.db.provisioning_blocks [None req-37e7a5b3-6827-4cac-8e40-a15ba41acb3f None None] Provisioning for port 9d6a0d74-c12a-4661-9e34-58c6f9320a5d completed by entity L2. {{(pid=83996) provisioning_complete /opt/stack/neutron/neutron/db/provisioning_blocks.py:133}}
Apr 06 10:18:53.300152 dv-cinder-836753-1-iscsi neutron-server[83996]: DEBUG neutron.db.provisioning_blocks [None req-37e7a5b3-6827-4cac-8e40-a15ba41acb3f None None] Provisioning complete for port 9d6a0d74-c12a-4661-9e34-58c6f9320a5d triggered by entity L2. {{(pid=83996) provisioning_complete /opt/stack/neutron/neutron/db/provisioning_blocks.py:139}}
Apr 06 10:18:53.300561 dv-cinder-836753-1-iscsi neutron-server[83996]: DEBUG neutron_lib.callbacks.manager [None req-37e7a5b3-6827-4cac-8e40-a15ba41acb3f None None] Notify callbacks ['neutron.plugins.ml2.plugin.Ml2Plugin._port_provisioned-598889'] for port, provisioning_complete {{(pid=83996) _notify_loop /usr/local/lib/python3.8/dist-packages/neutron_lib/callbacks/manager.py:192}}
Apr 06 10:18:53.423757 dv-cinder-836753-1-iscsi neutron-server[83996]: DEBUG neutron_lib.callbacks.manager [None req-37e7a5b3-6827-4cac-8e40-a15ba41acb3f None None] Notify callbacks ['neutron.plugins.ml2.plugin.SecurityGroupDbMixin._ensure_default_security_group_handler-540740'] for port, before_update {{(pid=83996) _notify_loop /usr/local/lib/python3.8/dist-packages/neutron_lib/callbacks/manager.py:192}}
Apr 06 10:18:53.492700 dv-cinder-836753-1-iscsi neutron-server[83996]: DEBUG neutron.notifiers.nova [-] Sending events: [{'server_uuid': '8d29bfd2-3968-4cc5-a4f4-24aff37bf59f', 'name': 'network-vif-plugged', 'status': 'completed', 'tag': '9d6a0d74-c12a-4661-9e34-58c6f9320a5d'}] {{(pid=83996) send_events /opt/stack/neutron/neutron/notifiers/nova.py:262}}
Apr 06 10:18:53.503092 dv-cinder-836753-1-iscsi neutron-server[83996]: DEBUG neutron.plugins.ml2.db [None req-37e7a5b3-6827-4cac-8e40-a15ba41acb3f None None] For port 9d6a0d74-c12a-4661-9e34-58c6f9320a5d, host hv-cinder-83675, got binding levels [PortBindingLevel(driver='hyperv',host='hv-cinder-83675',level=0,port_id=9d6a0d74-c12a-4661-9e34-58c6f9320a5d,segment=NetworkSegment(e7e52a97-6245-490a-befe-fda790ebe899),segment_id=e7e52a97-6245-490a-befe-fda790ebe899)] {{(pid=83996) get_binding_level_objs /opt/stack/neutron/neutron/plugins/ml2/db.py:74}}
Apr 06 10:18:53.562636 dv-cinder-836753-1-iscsi neutron-server[83996]: INFO neutron.notifiers.nova [-] Nova event matching ['req-32095cd6-0a6e-4a5f-9acd-330c1a24a071'] response: {'server_uuid': '8d29bfd2-3968-4cc5-a4f4-24aff37bf59f', 'name': 'network-vif-plugged', 'status': 'completed', 'tag': '9d6a0d74-c12a-4661-9e34-58c6f9320a5d', 'code': 200}
Apr 06 10:18:53.574702 dv-cinder-836753-1-iscsi neutron-server[83996]: DEBUG neutron_lib.callbacks.manager [None req-37e7a5b3-6827-4cac-8e40-a15ba41acb3f None None] Notify callbacks ['neutron.plugins.ml2.plugin.SecurityGroupServerNotifierRpcMixin.notify_sg_on_port_change-541480', 'neutron.plugins.ml2.ovo_rpc._ObjectChangeHandler.handle_event-46762', 'neutron.api.rpc.agentnotifiers.dhcp_rpc_agent_api.DhcpAgentNotifyAPI._native_event_send_dhcp_notification-2754141', 'neutron.db.l3_db.L3RpcNotifierMixin._notify_gateway_port_ip_changed-8735562163869', 'neutron.db.l3_dvrscheduler_db._notify_l3_agent_port_update-8735561725314', 'neutron.db.l3_hascheduler_db._notify_l3_agent_ha_port_update-8735561725359'] for port, after_update {{(pid=83996) _notify_loop /usr/local/lib/python3.8/dist-packages/neutron_lib/callbacks/manager.py:192}}
Apr 06 10:18:53.575495 dv-cinder-836753-1-iscsi neutron-server[83996]: DEBUG neutron.plugins.ml2.rpc [None req-37e7a5b3-6827-4cac-8e40-a15ba41acb3f None None] Device 0a177bf1-ad35-49ae-8f44-58e74f3c2441 up at agent hyperv_hv-cinder-83675 {{(pid=83996) update_device_up /opt/stack/neutron/neutron/plugins/ml2/rpc.py:278}}
Apr 06 10:18:53.606614 dv-cinder-836753-1-iscsi neutron-server[83994]: DEBUG neutron.pecan_wsgi.hooks.policy_enforcement [req-6a91c980-b83c-4b4a-9307-5894046b4e8e req-1982aa85-105a-454d-8296-62117e6c18e5 tempest-AttachVolumeShelveTestJSON-1213958526 tempest-AttachVolumeShelveTestJSON-1213958526-project] Attributes excluded by policy engine: ['binding:profile', 'binding:host_id', 'binding:vif_type', 'binding:vif_details'] {{(pid=83994) _exclude_attributes_by_policy /opt/stack/neutron/neutron/pecan_wsgi/hooks/policy_enforcement.py:255}}
Apr 06 10:18:53.608088 dv-cinder-836753-1-iscsi neutron-server[83994]: INFO neutron.wsgi [req-6a91c980-b83c-4b4a-9307-5894046b4e8e req-1982aa85-105a-454d-8296-62117e6c18e5 tempest-AttachVolumeShelveTestJSON-1213958526 tempest-AttachVolumeShelveTestJSON-1213958526-project] 10.222.0.11 "GET /v2.0/ports?device_id=cf31437d-cb0f-432b-b380-89c7b01f4390 HTTP/1.1" status: 200 len: 945 time: 0.1012375
Apr 06 10:18:53.663456 dv-cinder-836753-1-iscsi neutron-server[83994]: INFO neutron.wsgi [req-6a91c980-b83c-4b4a-9307-5894046b4e8e req-68f6c66b-2802-4429-a337-9912d760c71b tempest-AttachVolumeShelveTestJSON-1213958526 tempest-AttachVolumeShelveTestJSON-1213958526-project] 10.222.0.11 "GET /v2.0/security-groups?id=412d412a-5812-4e00-8b63-1ac1cf19fd24&fields=id&fields=name HTTP/1.1" status: 200 len: 313 time: 0.0485687
Apr 06 10:18:53.738583 dv-cinder-836753-1-iscsi neutron-server[83996]: DEBUG neutron.api.rpc.handlers.resources_rpc [None req-37e7a5b3-6827-4cac-8e40-a15ba41acb3f None None] Pushing event updated for resources: {'Port': ['ID=9d6a0d74-c12a-4661-9e34-58c6f9320a5d,revision_number=5']} {{(pid=83996) push /opt/stack/neutron/neutron/api/rpc/handlers/resources_rpc.py:237}}
Apr 06 10:18:53.812023 dv-cinder-836753-1-iscsi neutron-server[83995]: DEBUG neutron.pecan_wsgi.hooks.policy_enforcement [req-8c06896a-c52b-4756-954c-5153decc1220 req-c04c170f-1a72-41de-92bd-be214e52b79d tempest-AttachVolumeNegativeTest-1388482378 tempest-AttachVolumeNegativeTest-1388482378-project] Attributes excluded by policy engine: ['binding:profile', 'binding:host_id', 'binding:vif_type', 'binding:vif_details'] {{(pid=83995) _exclude_attributes_by_policy /opt/stack/neutron/neutron/pecan_wsgi/hooks/policy_enforcement.py:255}}
Apr 06 10:18:53.813528 dv-cinder-836753-1-iscsi neutron-server[83995]: INFO neutron.wsgi [req-8c06896a-c52b-4756-954c-5153decc1220 req-c04c170f-1a72-41de-92bd-be214e52b79d tempest-AttachVolumeNegativeTest-1388482378 tempest-AttachVolumeNegativeTest-1388482378-project] 10.222.0.11 "GET /v2.0/ports?device_id=8d29bfd2-3968-4cc5-a4f4-24aff37bf59f HTTP/1.1" status: 200 len: 945 time: 0.0788786
Apr 06 10:18:53.843208 dv-cinder-836753-1-iscsi neutron-server[83996]: DEBUG neutron.db.provisioning_blocks [None req-37e7a5b3-6827-4cac-8e40-a15ba41acb3f None None] Provisioning for port 0a177bf1-ad35-49ae-8f44-58e74f3c2441 completed by entity L2. {{(pid=83996) provisioning_complete /opt/stack/neutron/neutron/db/provisioning_blocks.py:133}}
Apr 06 10:18:53.851118 dv-cinder-836753-1-iscsi neutron-server[83996]: DEBUG neutron.db.provisioning_blocks [None req-37e7a5b3-6827-4cac-8e40-a15ba41acb3f None None] Provisioning complete for port 0a177bf1-ad35-49ae-8f44-58e74f3c2441 triggered by entity L2. {{(pid=83996) provisioning_complete /opt/stack/neutron/neutron/db/provisioning_blocks.py:139}}
Apr 06 10:18:53.851521 dv-cinder-836753-1-iscsi neutron-server[83996]: DEBUG neutron_lib.callbacks.manager [None req-37e7a5b3-6827-4cac-8e40-a15ba41acb3f None None] Notify callbacks ['neutron.plugins.ml2.plugin.Ml2Plugin._port_provisioned-598889'] for port, provisioning_complete {{(pid=83996) _notify_loop /usr/local/lib/python3.8/dist-packages/neutron_lib/callbacks/manager.py:192}}
Apr 06 10:18:53.860087 dv-cinder-836753-1-iscsi neutron-server[83995]: INFO neutron.wsgi [req-8c06896a-c52b-4756-954c-5153decc1220 req-5338c542-882e-43d1-bc73-e0462514cff9 tempest-AttachVolumeNegativeTest-1388482378 tempest-AttachVolumeNegativeTest-1388482378-project] 10.222.0.11 "GET /v2.0/security-groups?id=5c89aa41-5c6a-4bad-b6f7-cd50d622e37c&fields=id&fields=name HTTP/1.1" status: 200 len: 313 time: 0.0401616
Apr 06 10:18:54.013326 dv-cinder-836753-1-iscsi neutron-server[83996]: DEBUG neutron_lib.callbacks.manager [None req-37e7a5b3-6827-4cac-8e40-a15ba41acb3f None None] Notify callbacks ['neutron.plugins.ml2.plugin.SecurityGroupDbMixin._ensure_default_security_group_handler-540740'] for port, before_update {{(pid=83996) _notify_loop /usr/local/lib/python3.8/dist-packages/neutron_lib/callbacks/manager.py:192}}
Apr 06 10:18:54.057163 dv-cinder-836753-1-iscsi neutron-server[83996]: DEBUG neutron.plugins.ml2.db [None req-37e7a5b3-6827-4cac-8e40-a15ba41acb3f None None] For port 0a177bf1-ad35-49ae-8f44-58e74f3c2441, host hv-cinder-83675, got binding levels [PortBindingLevel(driver='hyperv',host='hv-cinder-83675',level=0,port_id=0a177bf1-ad35-49ae-8f44-58e74f3c2441,segment=NetworkSegment(e70271e5-b320-4c2b-80e4-abd5867505ad),segment_id=e70271e5-b320-4c2b-80e4-abd5867505ad)] {{(pid=83996) get_binding_level_objs /opt/stack/neutron/neutron/plugins/ml2/db.py:74}}
Apr 06 10:18:54.123376 dv-cinder-836753-1-iscsi neutron-server[83996]: DEBUG neutron_lib.callbacks.manager [None req-37e7a5b3-6827-4cac-8e40-a15ba41acb3f None None] Notify callbacks ['neutron.plugins.ml2.plugin.SecurityGroupServerNotifierRpcMixin.notify_sg_on_port_change-541480', 'neutron.plugins.ml2.ovo_rpc._ObjectChangeHandler.handle_event-46762', 'neutron.api.rpc.agentnotifiers.dhcp_rpc_agent_api.DhcpAgentNotifyAPI._native_event_send_dhcp_notification-2754141', 'neutron.db.l3_db.L3RpcNotifierMixin._notify_gateway_port_ip_changed-8735562163869', 'neutron.db.l3_dvrscheduler_db._notify_l3_agent_port_update-8735561725314', 'neutron.db.l3_hascheduler_db._notify_l3_agent_ha_port_update-8735561725359'] for port, after_update {{(pid=83996) _notify_loop /usr/local/lib/python3.8/dist-packages/neutron_lib/callbacks/manager.py:192}}
Apr 06 10:18:54.124154 dv-cinder-836753-1-iscsi neutron-server[83996]: DEBUG neutron.plugins.ml2.rpc [None req-37e7a5b3-6827-4cac-8e40-a15ba41acb3f None None] Device 1aa6d928-dbb0-49f3-969a-48a80b8956aa up at agent hyperv_hv-cinder-83675 {{(pid=83996) update_device_up /opt/stack/neutron/neutron/plugins/ml2/rpc.py:278}}
Apr 06 10:18:54.246328 dv-cinder-836753-1-iscsi neutron-server[83996]: DEBUG neutron.api.rpc.handlers.resources_rpc [None req-37e7a5b3-6827-4cac-8e40-a15ba41acb3f None None] Pushing event updated for resources: {'Port': ['ID=0a177bf1-ad35-49ae-8f44-58e74f3c2441,revision_number=5']} {{(pid=83996) push /opt/stack/neutron/neutron/api/rpc/handlers/resources_rpc.py:237}}
Apr 06 10:18:54.271120 dv-cinder-836753-1-iscsi neutron-server[83996]: DEBUG neutron.api.rpc.callbacks.version_manager [None req-37e7a5b3-6827-4cac-8e40-a15ba41acb3f None None] Version for resource type ConntrackHelper changed None to 1.0 on consumer Open vSwitch agent@dv-cinder-836753-1-iscsi {{(pid=83996) _set_version /opt/stack/neutron/neutron/api/rpc/callbacks/version_manager.py:113}}
Apr 06 10:18:54.271384 dv-cinder-836753-1-iscsi neutron-server[83996]: DEBUG neutron.api.rpc.callbacks.version_manager [None req-37e7a5b3-6827-4cac-8e40-a15ba41acb3f None None] Version for resource type Log changed None to 1.0 on consumer Open vSwitch agent@dv-cinder-836753-1-iscsi {{(pid=83996) _set_version /opt/stack/neutron/neutron/api/rpc/callbacks/version_manager.py:113}}
Apr 06 10:18:54.271718 dv-cinder-836753-1-iscsi neutron-server[83996]: DEBUG neutron.api.rpc.callbacks.version_manager [None req-37e7a5b3-6827-4cac-8e40-a15ba41acb3f None None] Version for resource type Network changed None to 1.1 on consumer Open vSwitch agent@dv-cinder-836753-1-iscsi {{(pid=83996) _set_version /opt/stack/neutron/neutron/api/rpc/callbacks/version_manager.py:113}}
Apr 06 10:18:54.272040 dv-cinder-836753-1-iscsi neutron-server[83996]: DEBUG neutron.api.rpc.callbacks.version_manager [None req-37e7a5b3-6827-4cac-8e40-a15ba41acb3f None None] Version for resource type Port changed None to 1.5 on consumer Open vSwitch agent@dv-cinder-836753-1-iscsi {{(pid=83996) _set_version /opt/stack/neutron/neutron/api/rpc/callbacks/version_manager.py:113}}
Apr 06 10:18:54.272365 dv-cinder-836753-1-iscsi neutron-server[83996]: DEBUG neutron.api.rpc.callbacks.version_manager [None req-37e7a5b3-6827-4cac-8e40-a15ba41acb3f None None] Version for resource type PortForwarding changed None to 1.2 on consumer Open vSwitch agent@dv-cinder-836753-1-iscsi {{(pid=83996) _set_version /opt/stack/neutron/neutron/api/rpc/callbacks/version_manager.py:113}}
Apr 06 10:18:54.272698 dv-cinder-836753-1-iscsi neutron-server[83996]: DEBUG neutron.api.rpc.callbacks.version_manager [None req-37e7a5b3-6827-4cac-8e40-a15ba41acb3f None None] Version for resource type QosPolicy changed None to 1.8 on consumer Open vSwitch agent@dv-cinder-836753-1-iscsi {{(pid=83996) _set_version /opt/stack/neutron/neutron/api/rpc/callbacks/version_manager.py:113}}
Apr 06 10:18:54.272997 dv-cinder-836753-1-iscsi neutron-server[83996]: DEBUG neutron.api.rpc.callbacks.version_manager [None req-37e7a5b3-6827-4cac-8e40-a15ba41acb3f None None] Version for resource type SecurityGroup changed None to 1.2 on consumer Open vSwitch agent@dv-cinder-836753-1-iscsi {{(pid=83996) _set_version /opt/stack/neutron/neutron/api/rpc/callbacks/version_manager.py:113}}
Apr 06 10:18:54.273332 dv-cinder-836753-1-iscsi neutron-server[83996]: DEBUG neutron.api.rpc.callbacks.version_manager [None req-37e7a5b3-6827-4cac-8e40-a15ba41acb3f None None] Version for resource type SecurityGroupRule changed None to 1.0 on consumer Open vSwitch agent@dv-cinder-836753-1-iscsi {{(pid=83996) _set_version /opt/stack/neutron/neutron/api/rpc/callbacks/version_manager.py:113}}
Apr 06 10:18:54.278441 dv-cinder-836753-1-iscsi neutron-server[83996]: DEBUG neutron.api.rpc.callbacks.version_manager [None req-37e7a5b3-6827-4cac-8e40-a15ba41acb3f None None] Version for resource type SubPort changed None to 1.0 on consumer Open vSwitch agent@dv-cinder-836753-1-iscsi {{(pid=83996) _set_version /opt/stack/neutron/neutron/api/rpc/callbacks/version_manager.py:113}}
Apr 06 10:18:54.278441 dv-cinder-836753-1-iscsi neutron-server[83996]: DEBUG neutron.api.rpc.callbacks.version_manager [None req-37e7a5b3-6827-4cac-8e40-a15ba41acb3f None None] Version for resource type Subnet changed None to 1.1 on consumer Open vSwitch agent@dv-cinder-836753-1-iscsi {{(pid=83996) _set_version /opt/stack/neutron/neutron/api/rpc/callbacks/version_manager.py:113}}
Apr 06 10:18:54.278441 dv-cinder-836753-1-iscsi neutron-server[83996]: DEBUG neutron.api.rpc.callbacks.version_manager [None req-37e7a5b3-6827-4cac-8e40-a15ba41acb3f None None] Version for resource type Trunk changed None to 1.1 on consumer Open vSwitch agent@dv-cinder-836753-1-iscsi {{(pid=83996) _set_version /opt/stack/neutron/neutron/api/rpc/callbacks/version_manager.py:113}}
Apr 06 10:18:54.346180 dv-cinder-836753-1-iscsi neutron-server[83996]: DEBUG neutron_lib.callbacks.manager [None req-34c739fc-6539-473b-b6b9-cb64676e2226 None None] Notify callbacks ['neutron.services.segments.db._update_segment_host_mapping_for_agent-8735562192734', 'neutron.plugins.ml2.plugin.Ml2Plugin._retry_binding_revived_agents-598846'] for agent, after_update {{(pid=83996) _notify_loop /usr/local/lib/python3.8/dist-packages/neutron_lib/callbacks/manager.py:192}}
Apr 06 10:18:54.368724 dv-cinder-836753-1-iscsi neutron-server[83994]: DEBUG neutron.pecan_wsgi.hooks.policy_enforcement [req-52846c2a-609c-4bee-9269-27fd5b998ea6 req-ff859a76-34a7-4d81-8cfa-e9cbaeb3e269 tempest-ServerRescueNegativeTestJSON-536572318 tempest-ServerRescueNegativeTestJSON-536572318-project] Attributes excluded by policy engine: ['binding:profile', 'binding:host_id', 'binding:vif_type', 'binding:vif_details'] {{(pid=83994) _exclude_attributes_by_policy /opt/stack/neutron/neutron/pecan_wsgi/hooks/policy_enforcement.py:255}}
Apr 06 10:18:54.370244 dv-cinder-836753-1-iscsi neutron-server[83994]: INFO neutron.wsgi [req-52846c2a-609c-4bee-9269-27fd5b998ea6 req-ff859a76-34a7-4d81-8cfa-e9cbaeb3e269 tempest-ServerRescueNegativeTestJSON-536572318 tempest-ServerRescueNegativeTestJSON-536572318-project] 10.222.0.11 "GET /v2.0/ports?device_id=1736048e-aacf-4ec4-b6c7-6b576e3a8297 HTTP/1.1" status: 200 len: 945 time: 0.0856628
Apr 06 10:18:54.380419 dv-cinder-836753-1-iscsi neutron-server[83996]: DEBUG neutron.db.provisioning_blocks [None req-37e7a5b3-6827-4cac-8e40-a15ba41acb3f None None] Provisioning for port 1aa6d928-dbb0-49f3-969a-48a80b8956aa completed by entity L2. {{(pid=83996) provisioning_complete /opt/stack/neutron/neutron/db/provisioning_blocks.py:133}}
Apr 06 10:18:54.386039 dv-cinder-836753-1-iscsi neutron-server[83996]: DEBUG neutron.db.provisioning_blocks [None req-37e7a5b3-6827-4cac-8e40-a15ba41acb3f None None] Provisioning complete for port 1aa6d928-dbb0-49f3-969a-48a80b8956aa triggered by entity L2. {{(pid=83996) provisioning_complete /opt/stack/neutron/neutron/db/provisioning_blocks.py:139}}
Apr 06 10:18:54.392026 dv-cinder-836753-1-iscsi neutron-server[83996]: DEBUG neutron_lib.callbacks.manager [None req-37e7a5b3-6827-4cac-8e40-a15ba41acb3f None None] Notify callbacks ['neutron.plugins.ml2.plugin.Ml2Plugin._port_provisioned-598889'] for port, provisioning_complete {{(pid=83996) _notify_loop /usr/local/lib/python3.8/dist-packages/neutron_lib/callbacks/manager.py:192}}
Apr 06 10:18:54.424704 dv-cinder-836753-1-iscsi neutron-server[83994]: INFO neutron.wsgi [req-52846c2a-609c-4bee-9269-27fd5b998ea6 req-ef3f03d3-7495-4108-8173-f0c426c8ad45 tempest-ServerRescueNegativeTestJSON-536572318 tempest-ServerRescueNegativeTestJSON-536572318-project] 10.222.0.11 "GET /v2.0/security-groups?id=2e6eea3a-95fa-4494-8a06-80cd17e2746b&fields=id&fields=name HTTP/1.1" status: 200 len: 286 time: 0.0471103
Apr 06 10:18:54.499172 dv-cinder-836753-1-iscsi neutron-server[83996]: DEBUG neutron_lib.callbacks.manager [None req-37e7a5b3-6827-4cac-8e40-a15ba41acb3f None None] Notify callbacks ['neutron.plugins.ml2.plugin.SecurityGroupDbMixin._ensure_default_security_group_handler-540740'] for port, before_update {{(pid=83996) _notify_loop /usr/local/lib/python3.8/dist-packages/neutron_lib/callbacks/manager.py:192}}
Apr 06 10:18:54.531266 dv-cinder-836753-1-iscsi neutron-server[83996]: DEBUG neutron.plugins.ml2.db [None req-37e7a5b3-6827-4cac-8e40-a15ba41acb3f None None] For port 1aa6d928-dbb0-49f3-969a-48a80b8956aa, host hv-cinder-83675, got binding levels [PortBindingLevel(driver='hyperv',host='hv-cinder-83675',level=0,port_id=1aa6d928-dbb0-49f3-969a-48a80b8956aa,segment=NetworkSegment(cefce7ce-aca5-47ed-afc3-24bc77d9edf5),segment_id=cefce7ce-aca5-47ed-afc3-24bc77d9edf5)] {{(pid=83996) get_binding_level_objs /opt/stack/neutron/neutron/plugins/ml2/db.py:74}}
Apr 06 10:18:54.626332 dv-cinder-836753-1-iscsi neutron-server[83996]: DEBUG neutron_lib.callbacks.manager [None req-37e7a5b3-6827-4cac-8e40-a15ba41acb3f None None] Notify callbacks ['neutron.plugins.ml2.plugin.SecurityGroupServerNotifierRpcMixin.notify_sg_on_port_change-541480', 'neutron.plugins.ml2.ovo_rpc._ObjectChangeHandler.handle_event-46762', 'neutron.api.rpc.agentnotifiers.dhcp_rpc_agent_api.DhcpAgentNotifyAPI._native_event_send_dhcp_notification-2754141', 'neutron.db.l3_db.L3RpcNotifierMixin._notify_gateway_port_ip_changed-8735562163869', 'neutron.db.l3_dvrscheduler_db._notify_l3_agent_port_update-8735561725314', 'neutron.db.l3_hascheduler_db._notify_l3_agent_ha_port_update-8735561725359'] for port, after_update {{(pid=83996) _notify_loop /usr/local/lib/python3.8/dist-packages/neutron_lib/callbacks/manager.py:192}}
Apr 06 10:18:54.692830 dv-cinder-836753-1-iscsi neutron-server[83996]: DEBUG neutron.api.rpc.handlers.resources_rpc [None req-37e7a5b3-6827-4cac-8e40-a15ba41acb3f None None] Pushing event updated for resources: {'Port': ['ID=1aa6d928-dbb0-49f3-969a-48a80b8956aa,revision_number=5']} {{(pid=83996) push /opt/stack/neutron/neutron/api/rpc/handlers/resources_rpc.py:237}}
Apr 06 10:18:54.881920 dv-cinder-836753-1-iscsi neutron-server[83995]: DEBUG neutron.pecan_wsgi.hooks.policy_enforcement [req-0962d70c-0012-4595-9dca-ee914302f9c2 req-2e939a16-76a7-4565-8027-011a40f52f79 tempest-AttachVolumeShelveTestJSON-1213958526 tempest-AttachVolumeShelveTestJSON-1213958526-project] Attributes excluded by policy engine: ['binding:profile', 'binding:host_id', 'binding:vif_type', 'binding:vif_details'] {{(pid=83995) _exclude_attributes_by_policy /opt/stack/neutron/neutron/pecan_wsgi/hooks/policy_enforcement.py:255}}
Apr 06 10:18:54.883338 dv-cinder-836753-1-iscsi neutron-server[83995]: INFO neutron.wsgi [req-0962d70c-0012-4595-9dca-ee914302f9c2 req-2e939a16-76a7-4565-8027-011a40f52f79 tempest-AttachVolumeShelveTestJSON-1213958526 tempest-AttachVolumeShelveTestJSON-1213958526-project] 10.222.0.11 "GET /v2.0/ports?device_id=cf31437d-cb0f-432b-b380-89c7b01f4390 HTTP/1.1" status: 200 len: 946 time: 0.0757344
Apr 06 10:18:54.928568 dv-cinder-836753-1-iscsi neutron-server[83995]: INFO neutron.wsgi [req-0962d70c-0012-4595-9dca-ee914302f9c2 req-910c99ca-8bf0-4a2f-89cc-93ed847b0551 tempest-AttachVolumeShelveTestJSON-1213958526 tempest-AttachVolumeShelveTestJSON-1213958526-project] 10.222.0.11 "GET /v2.0/security-groups?id=412d412a-5812-4e00-8b63-1ac1cf19fd24&fields=id&fields=name HTTP/1.1" status: 200 len: 313 time: 0.0398138
Apr 06 10:18:55.066985 dv-cinder-836753-1-iscsi neutron-server[83994]: DEBUG neutron.pecan_wsgi.hooks.policy_enforcement [req-4d73a35f-332e-4d64-a575-7515aca0aa0f req-b2459f03-6fe8-41fb-b354-b1eb9cf2a326 tempest-AttachVolumeNegativeTest-1388482378 tempest-AttachVolumeNegativeTest-1388482378-project] Attributes excluded by policy engine: ['binding:profile', 'binding:host_id', 'binding:vif_type', 'binding:vif_details'] {{(pid=83994) _exclude_attributes_by_policy /opt/stack/neutron/neutron/pecan_wsgi/hooks/policy_enforcement.py:255}}
Apr 06 10:18:55.068419 dv-cinder-836753-1-iscsi neutron-server[83994]: INFO neutron.wsgi [req-4d73a35f-332e-4d64-a575-7515aca0aa0f req-b2459f03-6fe8-41fb-b354-b1eb9cf2a326 tempest-AttachVolumeNegativeTest-1388482378 tempest-AttachVolumeNegativeTest-1388482378-project] 10.222.0.11 "GET /v2.0/ports?device_id=8d29bfd2-3968-4cc5-a4f4-24aff37bf59f HTTP/1.1" status: 200 len: 945 time: 0.0857999
Apr 06 10:18:55.114680 dv-cinder-836753-1-iscsi neutron-server[83994]: INFO neutron.wsgi [req-4d73a35f-332e-4d64-a575-7515aca0aa0f req-959243d1-5063-4d9c-86fe-2950757f2c19 tempest-AttachVolumeNegativeTest-1388482378 tempest-AttachVolumeNegativeTest-1388482378-project] 10.222.0.11 "GET /v2.0/security-groups?id=5c89aa41-5c6a-4bad-b6f7-cd50d622e37c&fields=id&fields=name HTTP/1.1" status: 200 len: 313 time: 0.0406275
Apr 06 10:18:55.168124 dv-cinder-836753-1-iscsi neutron-server[83996]: DEBUG neutron.api.rpc.handlers.l3_rpc [None req-de66c596-ebe7-4579-b7c0-df76caf71f93 None None] Sync routers for ids ['8b8cfe98-b5db-4c4a-9d5f-597b9e27af85'] in dv-cinder-836753-1-iscsi {{(pid=83996) sync_routers /opt/stack/neutron/neutron/api/rpc/handlers/l3_rpc.py:119}}
Apr 06 10:18:55.198071 dv-cinder-836753-1-iscsi neutron-server[83996]: DEBUG neutron.db.l3_dvrscheduler_db [None req-de66c596-ebe7-4579-b7c0-df76caf71f93 None None] Routers {'8b8cfe98-b5db-4c4a-9d5f-597b9e27af85'} bound to L3 agent in host dv-cinder-836753-1-iscsi {{(pid=83996) _get_router_ids_for_agent /opt/stack/neutron/neutron/db/l3_dvrscheduler_db.py:420}}
Apr 06 10:18:55.198071 dv-cinder-836753-1-iscsi neutron-server[83996]: DEBUG neutron.db.l3_hamode_db [None req-de66c596-ebe7-4579-b7c0-df76caf71f93 None None] neutron.services.l3_router.l3_router_plugin.L3RouterPlugin method get_ha_sync_data_for_host called with arguments (, 'dv-cinder-836753-1-iscsi', Agent(admin_state_up=True,agent_type='L3 agent',availability_zone='nova',binary='neutron-l3-agent',configurations={"agent_mode": "legacy", "ex_gw_ports": 4, "extensions": [], "floating_ips": 0, "handle_internal_only_routers": true, "interface_driver": "openvswitch", "interfaces": 4, "log_agent_heartbeats": false, "routers": 4},created_at=2022-04-06T10:08:53Z,description=,heartbeat_timestamp=2022-04-06T10:18:53Z,host='dv-cinder-836753-1-iscsi',id=1645301c-1f04-4214-bf9f-6ab1232f99d5,load=0,resource_versions=,resources_synced=,started_at=2022-04-06T10:08:54Z,topic='l3_agent')) {'router_ids': ['8b8cfe98-b5db-4c4a-9d5f-597b9e27af85'], 'active': True} {{(pid=83996) wrapper /usr/local/lib/python3.8/dist-packages/oslo_log/helpers.py:65}}
Apr 06 10:18:55.249152 dv-cinder-836753-1-iscsi neutron-server[83996]: DEBUG neutron_lib.callbacks.manager [None req-c138955e-471a-4f71-a4f9-41f7221cf600 None None] Notify callbacks ['neutron.services.segments.db._update_segment_host_mapping_for_agent-8735562192734', 'neutron.plugins.ml2.plugin.Ml2Plugin._retry_binding_revived_agents-598846'] for agent, after_update {{(pid=83996) _notify_loop /usr/local/lib/python3.8/dist-packages/neutron_lib/callbacks/manager.py:192}}
Apr 06 10:18:55.391958 dv-cinder-836753-1-iscsi neutron-server[83996]: DEBUG neutron.db.l3_dvr_db [None req-de66c596-ebe7-4579-b7c0-df76caf71f93 None None] Set router 8b8cfe98-b5db-4c4a-9d5f-597b9e27af85 gateway port host: dv-cinder-836753-1-iscsi {{(pid=83996) _build_routers_list /opt/stack/neutron/neutron/db/l3_dvr_db.py:871}}
Apr 06 10:18:55.399488 dv-cinder-836753-1-iscsi neutron-server[83995]: INFO neutron.wsgi [req-d31fb391-5999-4e16-a9f9-485188776728 req-256c33a9-8a2b-4328-9848-ff82690f1842 service neutron] 10.222.0.61 "GET /v2.0/ports?device_id=8d29bfd2-3968-4cc5-a4f4-24aff37bf59f HTTP/1.1" status: 200 len: 1098 time: 0.0749257
Apr 06 10:18:55.450149 dv-cinder-836753-1-iscsi neutron-server[83995]: INFO neutron.wsgi [req-d31fb391-5999-4e16-a9f9-485188776728 req-33e46f61-b896-45d4-b3ab-1db9cc87ba18 service neutron] 10.222.0.61 "GET /v2.0/security-groups?id=5c89aa41-5c6a-4bad-b6f7-cd50d622e37c&fields=id&fields=name HTTP/1.1" status: 200 len: 313 time: 0.0438788
Apr 06 10:18:55.599565 dv-cinder-836753-1-iscsi neutron-server[83996]: DEBUG neutron.notifiers.nova [-] Sending events: [{'server_uuid': '1736048e-aacf-4ec4-b6c7-6b576e3a8297', 'name': 'network-vif-plugged', 'status': 'completed', 'tag': '0a177bf1-ad35-49ae-8f44-58e74f3c2441'}, {'server_uuid': 'cf31437d-cb0f-432b-b380-89c7b01f4390', 'name': 'network-vif-plugged', 'status': 'completed', 'tag': '1aa6d928-dbb0-49f3-969a-48a80b8956aa'}] {{(pid=83996) send_events /opt/stack/neutron/neutron/notifiers/nova.py:262}}
Apr 06 10:18:55.641584 dv-cinder-836753-1-iscsi neutron-server[83995]: DEBUG neutron.pecan_wsgi.hooks.policy_enforcement [req-be54b16f-c970-4860-ba37-c5820f337c01 req-5532108b-1aae-41a7-9128-955f32c2ea10 tempest-ServerRescueNegativeTestJSON-536572318 tempest-ServerRescueNegativeTestJSON-536572318-project] Attributes excluded by policy engine: ['binding:profile', 'binding:host_id', 'binding:vif_type', 'binding:vif_details'] {{(pid=83995) _exclude_attributes_by_policy /opt/stack/neutron/neutron/pecan_wsgi/hooks/policy_enforcement.py:255}}
Apr 06 10:18:55.645282 dv-cinder-836753-1-iscsi neutron-server[83995]: INFO neutron.wsgi [req-be54b16f-c970-4860-ba37-c5820f337c01 req-5532108b-1aae-41a7-9128-955f32c2ea10 tempest-ServerRescueNegativeTestJSON-536572318 tempest-ServerRescueNegativeTestJSON-536572318-project] 10.222.0.11 "GET /v2.0/ports?device_id=1736048e-aacf-4ec4-b6c7-6b576e3a8297 HTTP/1.1" status: 200 len: 945 time: 0.0788705
Apr 06 10:18:55.667247 dv-cinder-836753-1-iscsi neutron-server[83996]: INFO neutron.notifiers.nova [-] Nova event matching ['req-ab134fc8-0b6b-4fd1-b0e7-5fe4375e1aad'] response: {'server_uuid': '1736048e-aacf-4ec4-b6c7-6b576e3a8297', 'name': 'network-vif-plugged', 'status': 'completed', 'tag': '0a177bf1-ad35-49ae-8f44-58e74f3c2441', 'code': 200}
Apr 06 10:18:55.667505 dv-cinder-836753-1-iscsi neutron-server[83996]: INFO neutron.notifiers.nova [-] Nova event matching ['req-ab134fc8-0b6b-4fd1-b0e7-5fe4375e1aad'] response: {'server_uuid': 'cf31437d-cb0f-432b-b380-89c7b01f4390', 'name': 'network-vif-plugged', 'status': 'completed', 'tag': '1aa6d928-dbb0-49f3-969a-48a80b8956aa', 'code': 200}
Apr 06 10:18:55.694341 dv-cinder-836753-1-iscsi neutron-server[83995]: INFO neutron.wsgi [req-be54b16f-c970-4860-ba37-c5820f337c01 req-dd725076-7cb0-4c81-b48a-456841ebed7d tempest-ServerRescueNegativeTestJSON-536572318 tempest-ServerRescueNegativeTestJSON-536572318-project] 10.222.0.11 "GET /v2.0/security-groups?id=2e6eea3a-95fa-4494-8a06-80cd17e2746b&fields=id&fields=name HTTP/1.1" status: 200 len: 286 time: 0.0419955
Apr 06 10:18:55.775269 dv-cinder-836753-1-iscsi neutron-server[83996]: DEBUG neutron.db.l3_hamode_db [None req-de66c596-ebe7-4579-b7c0-df76caf71f93 None None] neutron.services.l3_router.l3_router_plugin.L3RouterPlugin method _process_sync_ha_data called with arguments (, [{'id': '8b8cfe98-b5db-4c4a-9d5f-597b9e27af85', 'name': 'tempest-AttachVolumeShelveTestJSON-218819621-router', 'tenant_id': '872b80d8f161486ab774165084e4feca', 'admin_state_up': True, 'status': 'ACTIVE', 'external_gateway_info': {'network_id': 'e343cb68-c3b4-4ab6-a7cb-a94427700dcd', 'external_fixed_ips': [{'subnet_id': '0f6f8379-7275-4d94-a23f-7b81f36110d7', 'ip_address': '172.27.2.13'}], 'enable_snat': True}, 'gw_port_id': '1411263a-a13a-4af9-8e55-3e1e0e1ac22c', 'description': '', 'availability_zones': ['nova'], 'distributed': False, 'ha': False, 'ha_vr_id': 0, 'availability_zone_hints': [], 'routes': [], 'flavor_id': None, 'tags': [], 'created_at': '2022-04-06T10:17:55Z', 'updated_at': '2022-04-06T10:18:05Z', 'revision_number': 4, 'project_id': '872b80d8f161486ab774165084e4feca', 'gw_port': {'id': '1411263a-a13a-4af9-8e55-3e1e0e1ac22c', 'name': '', 'network_id': 'e343cb68-c3b4-4ab6-a7cb-a94427700dcd', 'tenant_id': '', 'mac_address': 'fa:16:3e:f3:e1:98', 'admin_state_up': True, 'status': 'ACTIVE', 'device_id': '8b8cfe98-b5db-4c4a-9d5f-597b9e27af85', 'device_owner': 'network:router_gateway', 'fixed_ips': [{'subnet_id': '0f6f8379-7275-4d94-a23f-7b81f36110d7', 'ip_address': '172.27.2.13', 'prefixlen': 24}], 'allowed_address_pairs': [], 'extra_dhcp_opts': [], 'security_groups': [], 'description': '', 'binding:vnic_type': 'normal', 'binding:profile': {}, 'binding:host_id': 'dv-cinder-836753-1-iscsi', 'binding:vif_type': 'ovs', 'binding:vif_details': {'connectivity': 'l2', 'port_filter': True, 'ovs_hybrid_plug': False, 'datapath_type': 'system', 'bridge_name': 'br-int'}, 'port_security_enabled': False, 'tags': [], 'created_at': '2022-04-06T10:17:57Z', 'updated_at': '2022-04-06T10:18:19Z', 'revision_number': 4, 'project_id': '', 'subnets': [{'id': '0f6f8379-7275-4d94-a23f-7b81f36110d7', 'cidr': '172.27.2.0/24', 'gateway_ip': '172.27.2.1', 'dns_nameservers': [], 'ipv6_ra_mode': None, 'subnetpool_id': None}], 'extra_subnets': [], 'address_scopes': {4: None, 6: None}, 'mtu': 1500}, 'enable_snat': True, 'gw_port_host': 'dv-cinder-836753-1-iscsi', '_interfaces': [{'id': 'b99968d7-78df-409f-a696-7e3a6fcafe2b', 'name': '', 'network_id': '59f32085-bcad-46e7-9882-763fbe66e3d0', 'tenant_id': '872b80d8f161486ab774165084e4feca', 'mac_address': 'fa:16:3e:48:c4:76', 'admin_state_up': True, 'status': 'DOWN', 'device_id': '8b8cfe98-b5db-4c4a-9d5f-597b9e27af85', 'device_owner': 'network:router_interface', 'fixed_ips': [{'subnet_id': '910fa775-4c3d-4bb1-b8d6-48d8592b18c7', 'ip_address': '172.20.0.1', 'prefixlen': 28}], 'allowed_address_pairs': [], 'extra_dhcp_opts': [], 'security_groups': [], 'description': '', 'binding:vnic_type': 'normal', 'binding:profile': {}, 'binding:host_id': '', 'binding:vif_type': 'unbound', 'binding:vif_details': {}, 'port_security_enabled': False, 'tags': [], 'created_at': '2022-04-06T10:18:04Z', 'updated_at': '2022-04-06T10:18:06Z', 'revision_number': 2, 'project_id': '872b80d8f161486ab774165084e4feca', 'subnets': [{'id': '910fa775-4c3d-4bb1-b8d6-48d8592b18c7', 'cidr': '172.20.0.0/28', 'gateway_ip': '172.20.0.1', 'dns_nameservers': [], 'ipv6_ra_mode': None, 'subnetpool_id': None}], 'extra_subnets': [], 'address_scopes': {4: None, 6: None}, 'mtu': 1500}]}], 'dv-cinder-836753-1-iscsi', False) {} {{(pid=83996) wrapper /usr/local/lib/python3.8/dist-packages/oslo_log/helpers.py:65}}
Apr 06 10:18:55.779213 dv-cinder-836753-1-iscsi neutron-server[83996]: DEBUG neutron.api.rpc.handlers.l3_rpc [None req-de66c596-ebe7-4579-b7c0-df76caf71f93 None None] Checking router: 8b8cfe98-b5db-4c4a-9d5f-597b9e27af85 for host: dv-cinder-836753-1-iscsi {{(pid=83996) _ensure_host_set_on_ports /opt/stack/neutron/neutron/api/rpc/handlers/l3_rpc.py:149}}
Apr 06 10:18:55.779723 dv-cinder-836753-1-iscsi neutron-server[83996]: DEBUG neutron.api.rpc.handlers.l3_rpc [None req-de66c596-ebe7-4579-b7c0-df76caf71f93 None None] Updating router 8b8cfe98-b5db-4c4a-9d5f-597b9e27af85 port b99968d7-78df-409f-a696-7e3a6fcafe2b binding host dv-cinder-836753-1-iscsi {{(pid=83996) _ensure_host_set_on_port /opt/stack/neutron/neutron/api/rpc/handlers/l3_rpc.py:199}}
Apr 06 10:18:55.824082 dv-cinder-836753-1-iscsi neutron-server[83996]: DEBUG neutron_lib.callbacks.manager [None req-d30f1dd3-4a73-4ab6-8837-1e94d060859b None None] Notify callbacks ['neutron.services.segments.db._update_segment_host_mapping_for_agent-8735562192734', 'neutron.plugins.ml2.plugin.Ml2Plugin._retry_binding_revived_agents-598846'] for agent, after_update {{(pid=83996) _notify_loop /usr/local/lib/python3.8/dist-packages/neutron_lib/callbacks/manager.py:192}}
Apr 06 10:18:55.840164 dv-cinder-836753-1-iscsi neutron-server[83996]: DEBUG neutron_lib.callbacks.manager [None req-de66c596-ebe7-4579-b7c0-df76caf71f93 None None] Notify callbacks ['neutron.plugins.ml2.plugin.SecurityGroupDbMixin._ensure_default_security_group_handler-540740'] for port, before_update {{(pid=83996) _notify_loop /usr/local/lib/python3.8/dist-packages/neutron_lib/callbacks/manager.py:192}}
Apr 06 10:18:56.114707 dv-cinder-836753-1-iscsi neutron-server[83995]: INFO neutron.wsgi [req-d3f47813-81ba-4442-bd2f-4517e325020b req-3e3474f3-a7f4-41b7-93f6-3af268e4b252 service neutron] 10.222.0.61 "GET /v2.0/ports?device_id=1736048e-aacf-4ec4-b6c7-6b576e3a8297 HTTP/1.1" status: 200 len: 1098 time: 0.0781844
Apr 06 10:18:56.183502 dv-cinder-836753-1-iscsi neutron-server[83995]: INFO neutron.wsgi [req-d3f47813-81ba-4442-bd2f-4517e325020b req-31776199-eec2-4ec5-940f-51663713857d service neutron] 10.222.0.61 "GET /v2.0/security-groups?id=2e6eea3a-95fa-4494-8a06-80cd17e2746b&fields=id&fields=name HTTP/1.1" status: 200 len: 286 time: 0.0553930
Apr 06 10:18:56.187142 dv-cinder-836753-1-iscsi neutron-server[83994]: INFO neutron.wsgi [req-e80b395b-b09c-4f90-be9d-bcf0ccb02cc6 req-1e6abcff-7c81-493f-8bbb-64da14c1b992 service neutron] 10.222.0.61 "GET /v2.0/ports?device_id=cf31437d-cb0f-432b-b380-89c7b01f4390 HTTP/1.1" status: 200 len: 1099 time: 0.1503680
Apr 06 10:18:56.204555 dv-cinder-836753-1-iscsi neutron-server[83994]: DEBUG neutron.pecan_wsgi.hooks.policy_enforcement [req-2cebe935-ea80-4756-94f9-5866159c9a6e req-848f9753-ee6d-4a49-b21f-fe580e90e8f0 tempest-AttachVolumeShelveTestJSON-1213958526 tempest-AttachVolumeShelveTestJSON-1213958526-project] Attributes excluded by policy engine: ['binding:profile', 'binding:host_id', 'binding:vif_type', 'binding:vif_details'] {{(pid=83994) _exclude_attributes_by_policy /opt/stack/neutron/neutron/pecan_wsgi/hooks/policy_enforcement.py:255}}
Apr 06 10:18:56.212454 dv-cinder-836753-1-iscsi neutron-server[83994]: INFO neutron.wsgi [req-2cebe935-ea80-4756-94f9-5866159c9a6e req-848f9753-ee6d-4a49-b21f-fe580e90e8f0 tempest-AttachVolumeShelveTestJSON-1213958526 tempest-AttachVolumeShelveTestJSON-1213958526-project] 10.222.0.11 "GET /v2.0/ports?device_id=cf31437d-cb0f-432b-b380-89c7b01f4390 HTTP/1.1" status: 200 len: 946 time: 0.1330683
Apr 06 10:18:56.286806 dv-cinder-836753-1-iscsi neutron-server[83996]: DEBUG neutron_lib.callbacks.manager [None req-de66c596-ebe7-4579-b7c0-df76caf71f93 None None] Notify callbacks [] for port, precommit_update {{(pid=83996) _notify_loop /usr/local/lib/python3.8/dist-packages/neutron_lib/callbacks/manager.py:192}}
Apr 06 10:18:56.295406 dv-cinder-836753-1-iscsi neutron-server[83994]: INFO neutron.wsgi [req-2cebe935-ea80-4756-94f9-5866159c9a6e req-b3fd6844-eb90-4cb7-ab1d-a51695adf2db tempest-AttachVolumeShelveTestJSON-1213958526 tempest-AttachVolumeShelveTestJSON-1213958526-project] 10.222.0.11 "GET /v2.0/security-groups?id=412d412a-5812-4e00-8b63-1ac1cf19fd24&fields=id&fields=name HTTP/1.1" status: 200 len: 313 time: 0.0819428
Apr 06 10:18:56.299704 dv-cinder-836753-1-iscsi neutron-server[83996]: DEBUG neutron.db.provisioning_blocks [None req-de66c596-ebe7-4579-b7c0-df76caf71f93 None None] Transition to ACTIVE for port object b99968d7-78df-409f-a696-7e3a6fcafe2b will not be triggered until provisioned by entity L2. {{(pid=83996) add_provisioning_component /opt/stack/neutron/neutron/db/provisioning_blocks.py:73}}
Apr 06 10:18:56.374570 dv-cinder-836753-1-iscsi neutron-server[83996]: DEBUG neutron_lib.callbacks.manager [None req-de66c596-ebe7-4579-b7c0-df76caf71f93 None None] Notify callbacks ['neutron.plugins.ml2.plugin.SecurityGroupServerNotifierRpcMixin.notify_sg_on_port_change-541480', 'neutron.plugins.ml2.ovo_rpc._ObjectChangeHandler.handle_event-46762', 'neutron.api.rpc.agentnotifiers.dhcp_rpc_agent_api.DhcpAgentNotifyAPI._native_event_send_dhcp_notification-2754141', 'neutron.db.l3_db.L3RpcNotifierMixin._notify_gateway_port_ip_changed-8735562163869', 'neutron.db.l3_dvrscheduler_db._notify_l3_agent_port_update-8735561725314', 'neutron.db.l3_hascheduler_db._notify_l3_agent_ha_port_update-8735561725359'] for port, after_update {{(pid=83996) _notify_loop /usr/local/lib/python3.8/dist-packages/neutron_lib/callbacks/manager.py:192}}
Apr 06 10:18:56.396839 dv-cinder-836753-1-iscsi neutron-server[83995]: DEBUG neutron.pecan_wsgi.hooks.policy_enforcement [req-e5efc5c3-9289-4ead-8995-26ee61f8cf72 req-618d8b97-dd32-4189-be3b-8d44c805d40b tempest-AttachVolumeNegativeTest-1388482378 tempest-AttachVolumeNegativeTest-1388482378-project] Attributes excluded by policy engine: ['binding:profile', 'binding:host_id', 'binding:vif_type', 'binding:vif_details'] {{(pid=83995) _exclude_attributes_by_policy /opt/stack/neutron/neutron/pecan_wsgi/hooks/policy_enforcement.py:255}}
Apr 06 10:18:56.398417 dv-cinder-836753-1-iscsi neutron-server[83995]: INFO neutron.wsgi [req-e5efc5c3-9289-4ead-8995-26ee61f8cf72 req-618d8b97-dd32-4189-be3b-8d44c805d40b tempest-AttachVolumeNegativeTest-1388482378 tempest-AttachVolumeNegativeTest-1388482378-project] 10.222.0.11 "GET /v2.0/ports?device_id=8d29bfd2-3968-4cc5-a4f4-24aff37bf59f HTTP/1.1" status: 200 len: 945 time: 0.1175060
Apr 06 10:18:56.463017 dv-cinder-836753-1-iscsi neutron-server[83995]: INFO neutron.wsgi [req-e5efc5c3-9289-4ead-8995-26ee61f8cf72 req-66758467-e20b-4a8e-959f-09f435112fbc tempest-AttachVolumeNegativeTest-1388482378 tempest-AttachVolumeNegativeTest-1388482378-project] 10.222.0.11 "GET /v2.0/security-groups?id=5c89aa41-5c6a-4bad-b6f7-cd50d622e37c&fields=id&fields=name HTTP/1.1" status: 200 len: 313 time: 0.0577469
Apr 06 10:18:56.536925 dv-cinder-836753-1-iscsi neutron-server[83996]: DEBUG neutron.api.rpc.handlers.resources_rpc [None req-be448561-d811-4d31-9179-596458e0ebd3 None None] Pushing event updated for resources: {'Port': ['ID=b99968d7-78df-409f-a696-7e3a6fcafe2b,revision_number=3']} {{(pid=83996) push /opt/stack/neutron/neutron/api/rpc/handlers/resources_rpc.py:237}}
Apr 06 10:18:56.537346 dv-cinder-836753-1-iscsi neutron-server[83994]: INFO neutron.wsgi [req-e80b395b-b09c-4f90-be9d-bcf0ccb02cc6 req-b8548f61-e977-4ffe-84b3-88f6016b6e7f service neutron] 10.222.0.61 "GET /v2.0/security-groups?id=412d412a-5812-4e00-8b63-1ac1cf19fd24&fields=id&fields=name HTTP/1.1" status: 200 len: 313 time: 0.1061780
Apr 06 10:18:56.656290 dv-cinder-836753-1-iscsi neutron-server[83996]: DEBUG neutron.plugins.ml2.managers [None req-de66c596-ebe7-4579-b7c0-df76caf71f93 None None] Attempting to bind port b99968d7-78df-409f-a696-7e3a6fcafe2b on host dv-cinder-836753-1-iscsi for vnic_type normal with profile {{(pid=83996) bind_port /opt/stack/neutron/neutron/plugins/ml2/managers.py:790}}
Apr 06 10:18:56.656786 dv-cinder-836753-1-iscsi neutron-server[83996]: DEBUG neutron.plugins.ml2.managers [None req-de66c596-ebe7-4579-b7c0-df76caf71f93 None None] Attempting to bind port b99968d7-78df-409f-a696-7e3a6fcafe2b by drivers openvswitch,hyperv on host dv-cinder-836753-1-iscsi at level 0 using segments [{'id': 'cefce7ce-aca5-47ed-afc3-24bc77d9edf5', 'network_type': 'vlan', 'physical_network': 'physnet1', 'segmentation_id': 555, 'network_id': '59f32085-bcad-46e7-9882-763fbe66e3d0'}] {{(pid=83996) _bind_port_level /opt/stack/neutron/neutron/plugins/ml2/managers.py:815}}
Apr 06 10:18:56.657143 dv-cinder-836753-1-iscsi neutron-server[83996]: DEBUG neutron.plugins.ml2.drivers.mech_agent [None req-de66c596-ebe7-4579-b7c0-df76caf71f93 None None] Attempting to bind port b99968d7-78df-409f-a696-7e3a6fcafe2b on network 59f32085-bcad-46e7-9882-763fbe66e3d0 {{(pid=83996) bind_port /opt/stack/neutron/neutron/plugins/ml2/drivers/mech_agent.py:85}}
Apr 06 10:18:56.664539 dv-cinder-836753-1-iscsi neutron-server[83996]: DEBUG neutron.plugins.ml2.drivers.mech_agent [None req-de66c596-ebe7-4579-b7c0-df76caf71f93 None None] Checking agent: {'id': '091f0b37-584c-4e6d-bbb3-30277a1ef94e', 'agent_type': 'Open vSwitch agent', 'binary': 'neutron-openvswitch-agent', 'topic': 'N/A', 'host': 'dv-cinder-836753-1-iscsi', 'admin_state_up': True, 'created_at': datetime.datetime(2022, 4, 6, 10, 8, 55), 'started_at': datetime.datetime(2022, 4, 6, 10, 9, 25), 'heartbeat_timestamp': datetime.datetime(2022, 4, 6, 10, 18, 55), 'description': None, 'resources_synced': None, 'availability_zone': None, 'alive': True, 'configurations': {'arp_responder_enabled': False, 'baremetal_smartnic': False, 'bridge_mappings': {'physnet1': 'br-data'}, 'datapath_type': 'system', 'devices': 0, 'enable_distributed_routing': False, 'extensions': [], 'in_distributed_mode': False, 'integration_bridge': 'br-int', 'l2_population': False, 'log_agent_heartbeats': False, 'ovs_capabilities': {'datapath_types': ['netdev', 'system'], 'iface_types': ['erspan', 'geneve', 'gre', 'internal', 'ip6erspan', 'ip6gre', 'lisp', 'patch', 'stt', 'system', 'tap', 'vxlan']}, 'ovs_hybrid_plug': False, 'resource_provider_bandwidths': {}, 'resource_provider_hypervisors': {'br-data': 'dv-cinder-836753-1-iscsi'}, 'resource_provider_inventory_defaults': {'allocation_ratio': 1.0, 'min_unit': 1, 'step_size': 1, 'reserved': 0}, 'tunnel_types': [], 'tunneling_ip': None, 'vhostuser_socket_dir': '/var/run/openvswitch'}, 'resource_versions': {'ConntrackHelper': '1.0', 'Log': '1.0', 'Network': '1.1', 'Port': '1.5', 'PortForwarding': '1.2', 'QosPolicy': '1.8', 'SecurityGroup': '1.2', 'SecurityGroupRule': '1.0', 'SubPort': '1.0', 'Subnet': '1.1', 'Trunk': '1.1'}} {{(pid=83996) bind_port /opt/stack/neutron/neutron/plugins/ml2/drivers/mech_agent.py:104}}
Apr 06 10:18:56.665018 dv-cinder-836753-1-iscsi neutron-server[83996]: DEBUG neutron.plugins.ml2.drivers.mech_agent [None req-de66c596-ebe7-4579-b7c0-df76caf71f93 None None] Checking segment: {'id': 'cefce7ce-aca5-47ed-afc3-24bc77d9edf5', 'network_type': 'vlan', 'physical_network': 'physnet1', 'segmentation_id': 555, 'network_id': '59f32085-bcad-46e7-9882-763fbe66e3d0'} for mappings: {'physnet1': 'br-data'} with network types: ['local', 'flat', 'vlan'] {{(pid=83996) check_segment_for_agent /opt/stack/neutron/neutron/plugins/ml2/drivers/mech_agent.py:342}}
Apr 06 10:18:56.665398 dv-cinder-836753-1-iscsi neutron-server[83996]: DEBUG neutron_lib.callbacks.manager [None req-de66c596-ebe7-4579-b7c0-df76caf71f93 None None] Notify callbacks [] for ovs_bridge_name, before_read {{(pid=83996) _notify_loop /usr/local/lib/python3.8/dist-packages/neutron_lib/callbacks/manager.py:192}}
Apr 06 10:18:56.665783 dv-cinder-836753-1-iscsi neutron-server[83996]: DEBUG neutron.plugins.ml2.drivers.mech_agent [None req-de66c596-ebe7-4579-b7c0-df76caf71f93 None None] Bound using segment: {'id': 'cefce7ce-aca5-47ed-afc3-24bc77d9edf5', 'network_type': 'vlan', 'physical_network': 'physnet1', 'segmentation_id': 555, 'network_id': '59f32085-bcad-46e7-9882-763fbe66e3d0'} {{(pid=83996) bind_port /opt/stack/neutron/neutron/plugins/ml2/drivers/mech_agent.py:114}}
