Apr 03 16:24:00.441258 dv-cinder-836247-2-smb neutron-server[103807]: DEBUG neutron.api.rpc.handlers.resources_rpc [None req-25011904-c1d9-478d-a811-6797ea9982f5 admin admin] Pushing event deleted for resources: {'SecurityGroup': ['ID=597a8bfe-ce95-464d-afab-41c5fc4264ac,revision_number=None']} {{(pid=103807) push /opt/stack/neutron/neutron/api/rpc/handlers/resources_rpc.py:237}}
Apr 03 16:24:00.522382 dv-cinder-836247-2-smb neutron-server[103808]: DEBUG neutron_lib.callbacks.manager [None req-bfb47a72-979e-4242-9973-34afc61b47cf None None] Publish callbacks ['neutron.plugins.ml2.plugin.SecurityGroupServerNotifierRpcMixin._notify_sg_on_port_change-601710', 'neutron.plugins.ml2.ovo_rpc._ObjectChangeHandler.handle_event-4148697', 'neutron.api.rpc.agentnotifiers.dhcp_rpc_agent_api.DhcpAgentNotifyAPI._native_event_send_dhcp_notification-3692356', 'neutron.db.l3_db.L3RpcNotifierMixin._notify_gateway_port_ip_changed-8748460368011', 'neutron.db.l3_dvrscheduler_db._notify_l3_agent_port_update-8748459865631', 'neutron.db.l3_hascheduler_db._notify_l3_agent_ha_port_update-8748459865649'] for port (32300888-12fe-4cca-bef1-aee854b79c38), after_update {{(pid=103808) _notify_loop /usr/local/lib/python3.8/dist-packages/neutron_lib/callbacks/manager.py:176}}
Apr 03 16:24:00.523050 dv-cinder-836247-2-smb neutron-server[103808]: DEBUG neutron.plugins.ml2.rpc [None req-bfb47a72-979e-4242-9973-34afc61b47cf None None] Device 9490c00f-5528-4309-9c28-73bc9d0167a8 details requested by agent hyperv_hv-cinder-83624 with host hv-cinder-83624 {{(pid=103808) get_device_details /opt/stack/neutron/neutron/plugins/ml2/rpc.py:102}}
Apr 03 16:24:00.528337 dv-cinder-836247-2-smb neutron-server[103808]: DEBUG neutron.plugins.ml2.plugin [None req-bfb47a72-979e-4242-9973-34afc61b47cf None None] Current status of the port e72a1ab0-071e-4d40-a27f-f0361d817320 is: BUILD; New status is: ACTIVE {{(pid=103808) _update_individual_port_db_status /opt/stack/neutron/neutron/plugins/ml2/plugin.py:2256}}
Apr 03 16:24:00.528746 dv-cinder-836247-2-smb neutron-server[103808]: DEBUG neutron_lib.callbacks.manager [None req-bfb47a72-979e-4242-9973-34afc61b47cf None None] Publish callbacks ['neutron.plugins.ml2.plugin.SecurityGroupDbMixin._ensure_default_security_group_handler-601647'] for port (e72a1ab0-071e-4d40-a27f-f0361d817320), before_update {{(pid=103808) _notify_loop /usr/local/lib/python3.8/dist-packages/neutron_lib/callbacks/manager.py:176}}
Apr 03 16:24:00.596354 dv-cinder-836247-2-smb neutron-server[103808]: DEBUG neutron.notifiers.nova [-] Sending events: [{'server_uuid': 'd67ef0a4-76b2-4364-88ec-59a95e6f9518', 'name': 'network-vif-plugged', 'status': 'completed', 'tag': 'e72a1ab0-071e-4d40-a27f-f0361d817320'}] {{(pid=103808) send_events /opt/stack/neutron/neutron/notifiers/nova.py:271}}
Apr 03 16:24:00.598672 dv-cinder-836247-2-smb neutron-server[103808]: DEBUG novaclient.v2.client [-] REQ: curl -g -i --cacert "/opt/stack/data/ca-bundle.pem" -X POST http://10.222.0.26/compute/v2.1/os-server-external-events -H "Accept: application/json" -H "Content-Type: application/json" -H "User-Agent: python-novaclient" -H "X-Auth-Token: {SHA256}cc92d28c7611add85ab8ae22f75d0d485046de8659e010f32cce997052a7cd5d" -H "X-OpenStack-Nova-API-Version: 2.1" -H "X-OpenStack-Request-ID: req-02c5e1a5-2ef6-439a-9fcb-cc1597f770a1" -d '{"events": [{"server_uuid": "d67ef0a4-76b2-4364-88ec-59a95e6f9518", "name": "network-vif-plugged", "status": "completed", "tag": "e72a1ab0-071e-4d40-a27f-f0361d817320"}]}' {{(pid=103808) _http_log_request /usr/local/lib/python3.8/dist-packages/keystoneauth1/session.py:519}}
Apr 03 16:24:00.665905 dv-cinder-836247-2-smb neutron-server[103808]: DEBUG neutron.plugins.ml2.db [None req-bfb47a72-979e-4242-9973-34afc61b47cf None None] For port e72a1ab0-071e-4d40-a27f-f0361d817320, host hv-cinder-83624, got binding levels [PortBindingLevel(driver='hyperv',host='hv-cinder-83624',level=0,port_id=e72a1ab0-071e-4d40-a27f-f0361d817320,segment=NetworkSegment(1d63e1b1-2160-4924-9751-19146379d989),segment_id=1d63e1b1-2160-4924-9751-19146379d989)] {{(pid=103808) get_binding_level_objs /opt/stack/neutron/neutron/plugins/ml2/db.py:74}}
Apr 03 16:24:00.667663 dv-cinder-836247-2-smb neutron-server[103808]: DEBUG novaclient.v2.client [-] RESP: [200] Connection: close Content-Length: 183 Content-Type: application/json Date: Sun, 03 Apr 2022 16:24:00 GMT OpenStack-API-Version: compute 2.1 Server: Apache/2.4.41 (Ubuntu) Vary: OpenStack-API-Version,X-OpenStack-Nova-API-Version X-OpenStack-Nova-API-Version: 2.1 x-compute-request-id: req-8dde35ee-270e-4d3a-9e77-eff5ed44270d x-openstack-request-id: req-8dde35ee-270e-4d3a-9e77-eff5ed44270d {{(pid=103808) _http_log_response /usr/local/lib/python3.8/dist-packages/keystoneauth1/session.py:550}}
Apr 03 16:24:00.667971 dv-cinder-836247-2-smb neutron-server[103808]: DEBUG novaclient.v2.client [-] RESP BODY: {"events": [{"server_uuid": "d67ef0a4-76b2-4364-88ec-59a95e6f9518", "name": "network-vif-plugged", "status": "completed", "tag": "e72a1ab0-071e-4d40-a27f-f0361d817320", "code": 200}]} {{(pid=103808) _http_log_response /usr/local/lib/python3.8/dist-packages/keystoneauth1/session.py:582}}
Apr 03 16:24:00.668236 dv-cinder-836247-2-smb neutron-server[103808]: DEBUG novaclient.v2.client [-] POST call to compute for http://10.222.0.26/compute/v2.1/os-server-external-events used request id req-8dde35ee-270e-4d3a-9e77-eff5ed44270d {{(pid=103808) request /usr/local/lib/python3.8/dist-packages/keystoneauth1/session.py:954}}
Apr 03 16:24:00.668624 dv-cinder-836247-2-smb neutron-server[103808]: INFO neutron.notifiers.nova [-] Nova event matching ['req-8dde35ee-270e-4d3a-9e77-eff5ed44270d'] response: {'server_uuid': 'd67ef0a4-76b2-4364-88ec-59a95e6f9518', 'name': 'network-vif-plugged', 'status': 'completed', 'tag': 'e72a1ab0-071e-4d40-a27f-f0361d817320', 'code': 200}
Apr 03 16:24:00.675312 dv-cinder-836247-2-smb neutron-server[103808]: DEBUG neutron.api.rpc.handlers.resources_rpc [None req-bfb47a72-979e-4242-9973-34afc61b47cf None None] Pushing event updated for resources: {'Port': ['ID=32300888-12fe-4cca-bef1-aee854b79c38,revision_number=4']} {{(pid=103808) push /opt/stack/neutron/neutron/api/rpc/handlers/resources_rpc.py:237}}
Apr 03 16:24:00.721190 dv-cinder-836247-2-smb neutron-server[103808]: DEBUG neutron.plugins.ml2.db [None req-bfb47a72-979e-4242-9973-34afc61b47cf None None] For port 9490c00f-5528-4309-9c28-73bc9d0167a8, host hv-cinder-83624, got binding levels [PortBindingLevel(driver='hyperv',host='hv-cinder-83624',level=0,port_id=9490c00f-5528-4309-9c28-73bc9d0167a8,segment=NetworkSegment(58c5707b-f752-4f67-9dd4-b812694db1c9),segment_id=58c5707b-f752-4f67-9dd4-b812694db1c9)] {{(pid=103808) get_binding_level_objs /opt/stack/neutron/neutron/plugins/ml2/db.py:74}}
Apr 03 16:24:00.733139 dv-cinder-836247-2-smb neutron-server[103808]: DEBUG neutron.plugins.ml2.rpc [None req-bfb47a72-979e-4242-9973-34afc61b47cf None None] Returning: {'device': '9490c00f-5528-4309-9c28-73bc9d0167a8', 'network_id': '5fb9bee7-d30a-4862-ad96-a7605ddb28f2', 'port_id': '9490c00f-5528-4309-9c28-73bc9d0167a8', 'mac_address': 'fa:16:3e:2b:e1:a6', 'admin_state_up': True, 'network_type': 'vlan', 'segmentation_id': 236, 'physical_network': 'physnet1', 'mtu': 1500, 'fixed_ips': [{'subnet_id': '71890492-f967-4e46-b5f0-b47da4116f62', 'ip_address': '172.20.0.5'}], 'device_owner': 'compute:nova', 'allowed_address_pairs': [], 'port_security_enabled': True, 'qos_policy_id': None, 'network_qos_policy_id': None, 'profile': {}, 'propagate_uplink_status': False} {{(pid=103808) _get_device_details /opt/stack/neutron/neutron/plugins/ml2/rpc.py:184}}
Apr 03 16:24:00.758550 dv-cinder-836247-2-smb neutron-server[103808]: DEBUG neutron_lib.callbacks.manager [None req-bfb47a72-979e-4242-9973-34afc61b47cf None None] Publish callbacks ['neutron.plugins.ml2.plugin.SecurityGroupServerNotifierRpcMixin._notify_sg_on_port_change-601710', 'neutron.plugins.ml2.ovo_rpc._ObjectChangeHandler.handle_event-4148697', 'neutron.api.rpc.agentnotifiers.dhcp_rpc_agent_api.DhcpAgentNotifyAPI._native_event_send_dhcp_notification-3692356', 'neutron.db.l3_db.L3RpcNotifierMixin._notify_gateway_port_ip_changed-8748460368011', 'neutron.db.l3_dvrscheduler_db._notify_l3_agent_port_update-8748459865631', 'neutron.db.l3_hascheduler_db._notify_l3_agent_ha_port_update-8748459865649'] for port (e72a1ab0-071e-4d40-a27f-f0361d817320), after_update {{(pid=103808) _notify_loop /usr/local/lib/python3.8/dist-packages/neutron_lib/callbacks/manager.py:176}}
Apr 03 16:24:00.758884 dv-cinder-836247-2-smb neutron-server[103808]: DEBUG neutron.plugins.ml2.rpc [None req-bfb47a72-979e-4242-9973-34afc61b47cf None None] Device 86bb1a55-1d2a-4d67-9f66-1378d909887e up at agent hyperv_hv-cinder-83624 {{(pid=103808) update_device_up /opt/stack/neutron/neutron/plugins/ml2/rpc.py:296}}
Apr 03 16:24:00.824978 dv-cinder-836247-2-smb neutron-server[103808]: DEBUG neutron.plugins.ml2.plugin [None req-bfb47a72-979e-4242-9973-34afc61b47cf None None] Current status of the port 9490c00f-5528-4309-9c28-73bc9d0167a8 is: DOWN; New status is: BUILD {{(pid=103808) _update_individual_port_db_status /opt/stack/neutron/neutron/plugins/ml2/plugin.py:2256}}
Apr 03 16:24:00.826200 dv-cinder-836247-2-smb neutron-server[103808]: DEBUG neutron_lib.callbacks.manager [None req-bfb47a72-979e-4242-9973-34afc61b47cf None None] Publish callbacks ['neutron.plugins.ml2.plugin.SecurityGroupDbMixin._ensure_default_security_group_handler-601647'] for port (9490c00f-5528-4309-9c28-73bc9d0167a8), before_update {{(pid=103808) _notify_loop /usr/local/lib/python3.8/dist-packages/neutron_lib/callbacks/manager.py:176}}
Apr 03 16:24:00.859433 dv-cinder-836247-2-smb neutron-server[103808]: DEBUG neutron.notifiers.nova [None req-bfb47a72-979e-4242-9973-34afc61b47cf None None] Ignoring state change previous_port_status: DOWN current_port_status: BUILD port_id 9490c00f-5528-4309-9c28-73bc9d0167a8 {{(pid=103808) record_port_status_changed /opt/stack/neutron/neutron/notifiers/nova.py:233}}
Apr 03 16:24:00.870855 dv-cinder-836247-2-smb neutron-server[103808]: DEBUG neutron.api.rpc.handlers.resources_rpc [None req-bfb47a72-979e-4242-9973-34afc61b47cf None None] Pushing event updated for resources: {'Port': ['ID=e72a1ab0-071e-4d40-a27f-f0361d817320,revision_number=5']} {{(pid=103808) push /opt/stack/neutron/neutron/api/rpc/handlers/resources_rpc.py:237}}
Apr 03 16:24:00.891221 dv-cinder-836247-2-smb neutron-server[103808]: DEBUG neutron.plugins.ml2.db [None req-bfb47a72-979e-4242-9973-34afc61b47cf None None] For port 9490c00f-5528-4309-9c28-73bc9d0167a8, host hv-cinder-83624, got binding levels [PortBindingLevel(driver='hyperv',host='hv-cinder-83624',level=0,port_id=9490c00f-5528-4309-9c28-73bc9d0167a8,segment=NetworkSegment(58c5707b-f752-4f67-9dd4-b812694db1c9),segment_id=58c5707b-f752-4f67-9dd4-b812694db1c9)] {{(pid=103808) get_binding_level_objs /opt/stack/neutron/neutron/plugins/ml2/db.py:74}}
Apr 03 16:24:00.959032 dv-cinder-836247-2-smb neutron-server[103808]: DEBUG neutron_lib.callbacks.manager [None req-bfb47a72-979e-4242-9973-34afc61b47cf None None] Publish callbacks ['neutron.plugins.ml2.plugin.SecurityGroupServerNotifierRpcMixin._notify_sg_on_port_change-601710', 'neutron.plugins.ml2.ovo_rpc._ObjectChangeHandler.handle_event-4148697', 'neutron.api.rpc.agentnotifiers.dhcp_rpc_agent_api.DhcpAgentNotifyAPI._native_event_send_dhcp_notification-3692356', 'neutron.db.l3_db.L3RpcNotifierMixin._notify_gateway_port_ip_changed-8748460368011', 'neutron.db.l3_dvrscheduler_db._notify_l3_agent_port_update-8748459865631', 'neutron.db.l3_hascheduler_db._notify_l3_agent_ha_port_update-8748459865649'] for port (9490c00f-5528-4309-9c28-73bc9d0167a8), after_update {{(pid=103808) _notify_loop /usr/local/lib/python3.8/dist-packages/neutron_lib/callbacks/manager.py:176}}
Apr 03 16:24:01.003385 dv-cinder-836247-2-smb neutron-server[103808]: DEBUG neutron.db.provisioning_blocks [None req-bfb47a72-979e-4242-9973-34afc61b47cf None None] Provisioning for port 86bb1a55-1d2a-4d67-9f66-1378d909887e completed by entity L2. {{(pid=103808) provisioning_complete /opt/stack/neutron/neutron/db/provisioning_blocks.py:134}}
Apr 03 16:24:01.018492 dv-cinder-836247-2-smb neutron-server[103808]: DEBUG neutron.db.provisioning_blocks [None req-bfb47a72-979e-4242-9973-34afc61b47cf None None] Provisioning complete for port 86bb1a55-1d2a-4d67-9f66-1378d909887e triggered by entity L2. {{(pid=103808) provisioning_complete /opt/stack/neutron/neutron/db/provisioning_blocks.py:140}}
Apr 03 16:24:01.020236 dv-cinder-836247-2-smb neutron-server[103808]: DEBUG neutron_lib.callbacks.manager [None req-bfb47a72-979e-4242-9973-34afc61b47cf None None] Publish callbacks ['neutron.plugins.ml2.plugin.Ml2Plugin._port_provisioned-3644885'] for port (86bb1a55-1d2a-4d67-9f66-1378d909887e), provisioning_complete {{(pid=103808) _notify_loop /usr/local/lib/python3.8/dist-packages/neutron_lib/callbacks/manager.py:176}}
Apr 03 16:24:01.063466 dv-cinder-836247-2-smb neutron-server[103808]: DEBUG neutron.api.rpc.handlers.resources_rpc [None req-bfb47a72-979e-4242-9973-34afc61b47cf None None] Pushing event updated for resources: {'Port': ['ID=9490c00f-5528-4309-9c28-73bc9d0167a8,revision_number=4']} {{(pid=103808) push /opt/stack/neutron/neutron/api/rpc/handlers/resources_rpc.py:237}}
Apr 03 16:24:01.066781 dv-cinder-836247-2-smb neutron-server[103806]: DEBUG neutron.pecan_wsgi.hooks.policy_enforcement [req-7ad24755-4f92-4ee2-bcf0-22cee030b32f req-e973581a-4245-4bb2-922c-1c653b359991 service neutron] Attributes excluded by policy engine: ['standard_attr_id'] {{(pid=103806) _exclude_attributes_by_policy /opt/stack/neutron/neutron/pecan_wsgi/hooks/policy_enforcement.py:255}}
Apr 03 16:24:01.068304 dv-cinder-836247-2-smb neutron-server[103806]: INFO neutron.wsgi [req-7ad24755-4f92-4ee2-bcf0-22cee030b32f req-e973581a-4245-4bb2-922c-1c653b359991 service neutron] 10.222.0.44 "GET /v2.0/ports?device_id=d67ef0a4-76b2-4364-88ec-59a95e6f9518 HTTP/1.1" status: 200 len: 1129 time: 0.1302476
Apr 03 16:24:01.103335 dv-cinder-836247-2-smb neutron-server[103806]: DEBUG neutron.pecan_wsgi.hooks.policy_enforcement [req-e5470edd-d84d-4d12-8f9d-953603af3eb4 req-27f4945b-7162-4338-a62f-df152073214c tempest-AttachVolumeTestJSON-2051900623 tempest-AttachVolumeTestJSON-2051900623-project] Attributes excluded by policy engine: ['standard_attr_id', 'binding:profile', 'binding:host_id', 'binding:vif_type', 'binding:vif_details'] {{(pid=103806) _exclude_attributes_by_policy /opt/stack/neutron/neutron/pecan_wsgi/hooks/policy_enforcement.py:255}}
Apr 03 16:24:01.104832 dv-cinder-836247-2-smb neutron-server[103806]: INFO neutron.wsgi [req-e5470edd-d84d-4d12-8f9d-953603af3eb4 req-27f4945b-7162-4338-a62f-df152073214c tempest-AttachVolumeTestJSON-2051900623 tempest-AttachVolumeTestJSON-2051900623-project] 10.222.0.26 "GET /v2.0/ports?device_id=31cbbef8-cbf4-4fb0-b094-fea023fcc82c HTTP/1.1" status: 200 len: 945 time: 0.0884149
Apr 03 16:24:01.134759 dv-cinder-836247-2-smb neutron-server[103808]: DEBUG neutron.plugins.ml2.plugin [None req-bfb47a72-979e-4242-9973-34afc61b47cf None None] Current status of the port 86bb1a55-1d2a-4d67-9f66-1378d909887e is: BUILD; New status is: ACTIVE {{(pid=103808) _update_individual_port_db_status /opt/stack/neutron/neutron/plugins/ml2/plugin.py:2256}}
Apr 03 16:24:01.135373 dv-cinder-836247-2-smb neutron-server[103808]: DEBUG neutron_lib.callbacks.manager [None req-bfb47a72-979e-4242-9973-34afc61b47cf None None] Publish callbacks ['neutron.plugins.ml2.plugin.SecurityGroupDbMixin._ensure_default_security_group_handler-601647'] for port (86bb1a55-1d2a-4d67-9f66-1378d909887e), before_update {{(pid=103808) _notify_loop /usr/local/lib/python3.8/dist-packages/neutron_lib/callbacks/manager.py:176}}
Apr 03 16:24:01.181128 dv-cinder-836247-2-smb neutron-server[103808]: DEBUG neutron.plugins.ml2.db [None req-bfb47a72-979e-4242-9973-34afc61b47cf None None] For port 86bb1a55-1d2a-4d67-9f66-1378d909887e, host hv-cinder-83624, got binding levels [PortBindingLevel(driver='hyperv',host='hv-cinder-83624',level=0,port_id=86bb1a55-1d2a-4d67-9f66-1378d909887e,segment=NetworkSegment(c946d734-7a21-440f-b795-8925c5fb608a),segment_id=c946d734-7a21-440f-b795-8925c5fb608a)] {{(pid=103808) get_binding_level_objs /opt/stack/neutron/neutron/plugins/ml2/db.py:74}}
Apr 03 16:24:01.259782 dv-cinder-836247-2-smb neutron-server[103808]: DEBUG neutron_lib.callbacks.manager [None req-bfb47a72-979e-4242-9973-34afc61b47cf None None] Publish callbacks ['neutron.plugins.ml2.plugin.SecurityGroupServerNotifierRpcMixin._notify_sg_on_port_change-601710', 'neutron.plugins.ml2.ovo_rpc._ObjectChangeHandler.handle_event-4148697', 'neutron.api.rpc.agentnotifiers.dhcp_rpc_agent_api.DhcpAgentNotifyAPI._native_event_send_dhcp_notification-3692356', 'neutron.db.l3_db.L3RpcNotifierMixin._notify_gateway_port_ip_changed-8748460368011', 'neutron.db.l3_dvrscheduler_db._notify_l3_agent_port_update-8748459865631', 'neutron.db.l3_hascheduler_db._notify_l3_agent_ha_port_update-8748459865649'] for port (86bb1a55-1d2a-4d67-9f66-1378d909887e), after_update {{(pid=103808) _notify_loop /usr/local/lib/python3.8/dist-packages/neutron_lib/callbacks/manager.py:176}}
Apr 03 16:24:01.308917 dv-cinder-836247-2-smb neutron-server[103807]: DEBUG neutron.pecan_wsgi.hooks.policy_enforcement [req-a15bfb3f-65b7-43ab-8043-97d4beea200b req-536684af-af7b-4403-ac8d-627131d30e29 tempest-VolumesActionsTest-203827661 tempest-VolumesActionsTest-203827661-project] Attributes excluded by policy engine: ['standard_attr_id', 'binding:profile', 'binding:host_id', 'binding:vif_type', 'binding:vif_details'] {{(pid=103807) _exclude_attributes_by_policy /opt/stack/neutron/neutron/pecan_wsgi/hooks/policy_enforcement.py:255}}
Apr 03 16:24:01.318061 dv-cinder-836247-2-smb neutron-server[103807]: INFO neutron.wsgi [req-a15bfb3f-65b7-43ab-8043-97d4beea200b req-536684af-af7b-4403-ac8d-627131d30e29 tempest-VolumesActionsTest-203827661 tempest-VolumesActionsTest-203827661-project] 10.222.0.26 "GET /v2.0/ports?device_id=e4c5a4e9-a10c-4ffa-be27-25cc299cd256 HTTP/1.1" status: 200 len: 945 time: 0.0791872
Apr 03 16:24:01.334325 dv-cinder-836247-2-smb neutron-server[103807]: DEBUG neutron.wsgi [-] (103807) accepted ('10.222.0.26', 56786) {{(pid=103807) server /usr/local/lib/python3.8/dist-packages/eventlet/wsgi.py:1004}}
Apr 03 16:24:01.351485 dv-cinder-836247-2-smb neutron-server[103808]: DEBUG neutron.api.rpc.handlers.resources_rpc [None req-bfb47a72-979e-4242-9973-34afc61b47cf None None] Pushing event updated for resources: {'Port': ['ID=86bb1a55-1d2a-4d67-9f66-1378d909887e,revision_number=5']} {{(pid=103808) push /opt/stack/neutron/neutron/api/rpc/handlers/resources_rpc.py:237}}
Apr 03 16:24:01.352004 dv-cinder-836247-2-smb neutron-server[103807]: DEBUG neutron_lib.callbacks.manager [None req-7b251075-183c-48c5-8c04-444714f4fa1a admin admin] Publish callbacks [] for security_group (None), before_create {{(pid=103807) _notify_loop /usr/local/lib/python3.8/dist-packages/neutron_lib/callbacks/manager.py:176}}
Apr 03 16:24:01.413278 dv-cinder-836247-2-smb neutron-server[103807]: INFO neutron.wsgi [req-a15bfb3f-65b7-43ab-8043-97d4beea200b req-da1c991e-c24d-45ef-b9d8-4b6ec1c3cd51 tempest-VolumesActionsTest-203827661 tempest-VolumesActionsTest-203827661-project] 10.222.0.26 "GET /v2.0/security-groups?id=cddc2450-4d78-4a99-ae36-9ca05597aec9&fields=id&fields=name HTTP/1.1" status: 200 len: 286 time: 0.0942373
Apr 03 16:24:01.415248 dv-cinder-836247-2-smb neutron-server[103806]: INFO neutron.wsgi [req-7ad24755-4f92-4ee2-bcf0-22cee030b32f req-e0176932-751a-46b2-b9b4-f78324f8ad1c service neutron] 10.222.0.44 "GET /v2.0/security-groups?id=82ebd6d7-4474-4e31-ad90-c58adab5869d&fields=id&fields=name HTTP/1.1" status: 200 len: 313 time: 0.3398626
Apr 03 16:24:01.472755 dv-cinder-836247-2-smb neutron-server[103806]: INFO neutron.wsgi [req-e5470edd-d84d-4d12-8f9d-953603af3eb4 req-9c0c6eb4-9934-405a-9b17-08d5d6d78b9b tempest-AttachVolumeTestJSON-2051900623 tempest-AttachVolumeTestJSON-2051900623-project] 10.222.0.26 "GET /v2.0/security-groups?id=4cca8faf-75d4-41b0-9ed8-3d1ab36b4f7c&fields=id&fields=name HTTP/1.1" status: 200 len: 312 time: 0.3436589
Apr 03 16:24:01.477012 dv-cinder-836247-2-smb neutron-server[103808]: DEBUG neutron.plugins.ml2.db [None req-bfb47a72-979e-4242-9973-34afc61b47cf None None] get_ports_and_sgs() called for port_ids ['9490c00f-5528-4309-9c28-73bc9d0167a8'] {{(pid=103808) get_ports_and_sgs /opt/stack/neutron/neutron/plugins/ml2/db.py:156}}
Apr 03 16:24:01.485037 dv-cinder-836247-2-smb neutron-server[103807]: DEBUG neutron_lib.callbacks.manager [None req-7b251075-183c-48c5-8c04-444714f4fa1a admin admin] Publish callbacks [] for security_group (d3e13220-dec7-4fdb-b57a-b974efc9b5d2), precommit_create {{(pid=103807) _notify_loop /usr/local/lib/python3.8/dist-packages/neutron_lib/callbacks/manager.py:176}}
Apr 03 16:24:01.518526 dv-cinder-836247-2-smb neutron-server[103808]: DEBUG neutron.plugins.ml2.db [None req-bfb47a72-979e-4242-9973-34afc61b47cf None None] get_ports_and_sgs() called for port_ids ['32300888-12fe-4cca-bef1-aee854b79c38'] {{(pid=103808) get_ports_and_sgs /opt/stack/neutron/neutron/plugins/ml2/db.py:156}}
Apr 03 16:24:01.605262 dv-cinder-836247-2-smb neutron-server[103806]: DEBUG neutron.pecan_wsgi.hooks.policy_enforcement [req-c7498c85-f6c2-45af-b221-f504039bbb03 req-12c03943-b458-4c23-9454-606ee8ed9683 tempest-AttachVolumeNegativeTest-1402514040 tempest-AttachVolumeNegativeTest-1402514040-project] Attributes excluded by policy engine: ['standard_attr_id', 'binding:profile', 'binding:host_id', 'binding:vif_type', 'binding:vif_details'] {{(pid=103806) _exclude_attributes_by_policy /opt/stack/neutron/neutron/pecan_wsgi/hooks/policy_enforcement.py:255}}
Apr 03 16:24:01.607572 dv-cinder-836247-2-smb neutron-server[103806]: INFO neutron.wsgi [req-c7498c85-f6c2-45af-b221-f504039bbb03 req-12c03943-b458-4c23-9454-606ee8ed9683 tempest-AttachVolumeNegativeTest-1402514040 tempest-AttachVolumeNegativeTest-1402514040-project] 10.222.0.26 "GET /v2.0/ports?device_id=d67ef0a4-76b2-4364-88ec-59a95e6f9518 HTTP/1.1" status: 200 len: 945 time: 0.0655735
Apr 03 16:24:01.673874 dv-cinder-836247-2-smb neutron-server[103806]: INFO neutron.wsgi [req-c7498c85-f6c2-45af-b221-f504039bbb03 req-e6febf73-0323-49ff-8885-d360a5318a97 tempest-AttachVolumeNegativeTest-1402514040 tempest-AttachVolumeNegativeTest-1402514040-project] 10.222.0.26 "GET /v2.0/security-groups?id=82ebd6d7-4474-4e31-ad90-c58adab5869d&fields=id&fields=name HTTP/1.1" status: 200 len: 313 time: 0.0572824
Apr 03 16:24:01.758254 dv-cinder-836247-2-smb neutron-server[103807]: DEBUG neutron_lib.callbacks.manager [None req-7b251075-183c-48c5-8c04-444714f4fa1a admin admin] Publish callbacks ['neutron.plugins.ml2.ovo_rpc._ObjectChangeHandler.handle_event-3691738'] for security_group (d3e13220-dec7-4fdb-b57a-b974efc9b5d2), after_create {{(pid=103807) _notify_loop /usr/local/lib/python3.8/dist-packages/neutron_lib/callbacks/manager.py:176}}
Apr 03 16:24:01.807153 dv-cinder-836247-2-smb neutron-server[103807]: INFO neutron.wsgi [None req-7b251075-183c-48c5-8c04-444714f4fa1a admin admin] 10.222.0.26 "GET /v2.0/security-groups?tenant_id=2ac1e91fdc2141a5aef21b2a9e09c109&name=default HTTP/1.1" status: 200 len: 2996 time: 0.4717972
Apr 03 16:24:01.809423 dv-cinder-836247-2-smb neutron-server[103807]: DEBUG neutron.api.rpc.handlers.resources_rpc [None req-7b251075-183c-48c5-8c04-444714f4fa1a admin admin] Pushing event updated for resources: {'SecurityGroup': ['ID=d3e13220-dec7-4fdb-b57a-b974efc9b5d2,revision_number=1']} {{(pid=103807) push /opt/stack/neutron/neutron/api/rpc/handlers/resources_rpc.py:237}}
Apr 03 16:24:01.810664 dv-cinder-836247-2-smb neutron-server[103806]: DEBUG neutron.wsgi [-] (103806) accepted ('10.222.0.26', 56796) {{(pid=103806) server /usr/local/lib/python3.8/dist-packages/eventlet/wsgi.py:1004}}
Apr 03 16:24:01.823797 dv-cinder-836247-2-smb neutron-server[103807]: DEBUG neutron.pecan_wsgi.hooks.policy_enforcement [req-4d799ce8-49cf-497b-a294-7259a098b1ef req-b179b654-7d9c-4730-9fe6-165212fb397c tempest-AttachVolumeShelveTestJSON-899900312 tempest-AttachVolumeShelveTestJSON-899900312-project] Attributes excluded by policy engine: ['standard_attr_id', 'binding:profile', 'binding:host_id', 'binding:vif_type', 'binding:vif_details'] {{(pid=103807) _exclude_attributes_by_policy /opt/stack/neutron/neutron/pecan_wsgi/hooks/policy_enforcement.py:255}}
Apr 03 16:24:01.825491 dv-cinder-836247-2-smb neutron-server[103807]: INFO neutron.wsgi [req-4d799ce8-49cf-497b-a294-7259a098b1ef req-b179b654-7d9c-4730-9fe6-165212fb397c tempest-AttachVolumeShelveTestJSON-899900312 tempest-AttachVolumeShelveTestJSON-899900312-project] 10.222.0.26 "GET /v2.0/ports?device_id=a24e1be6-1e7d-4b7c-acee-33a04efd96a5 HTTP/1.1" status: 200 len: 944 time: 0.3158844
Apr 03 16:24:01.860625 dv-cinder-836247-2-smb neutron-server[103806]: DEBUG neutron_lib.callbacks.manager [None req-e05be7a8-6e4d-4f3a-8c9c-3e8ce8de6475 admin admin] Publish callbacks [] for security_group (d3e13220-dec7-4fdb-b57a-b974efc9b5d2), before_delete {{(pid=103806) _notify_loop /usr/local/lib/python3.8/dist-packages/neutron_lib/callbacks/manager.py:176}}
Apr 03 16:24:01.878994 dv-cinder-836247-2-smb neutron-server[103807]: INFO neutron.wsgi [req-4d799ce8-49cf-497b-a294-7259a098b1ef req-2a33648c-ccaf-447e-9bd5-63f8512d6a73 tempest-AttachVolumeShelveTestJSON-899900312 tempest-AttachVolumeShelveTestJSON-899900312-project] 10.222.0.26 "GET /v2.0/security-groups?id=cec21c92-490c-44ca-9955-8382f9481bc8&fields=id&fields=name HTTP/1.1" status: 200 len: 313 time: 0.0476789
Apr 03 16:24:01.885131 dv-cinder-836247-2-smb neutron-server[103806]: DEBUG neutron_lib.callbacks.manager [None req-e05be7a8-6e4d-4f3a-8c9c-3e8ce8de6475 admin admin] Publish callbacks [] for security_group (d3e13220-dec7-4fdb-b57a-b974efc9b5d2), precommit_delete {{(pid=103806) _notify_loop /usr/local/lib/python3.8/dist-packages/neutron_lib/callbacks/manager.py:176}}
Apr 03 16:24:02.010050 dv-cinder-836247-2-smb neutron-server[103806]: DEBUG neutron_lib.callbacks.manager [None req-e05be7a8-6e4d-4f3a-8c9c-3e8ce8de6475 admin admin] Publish callbacks ['neutron.plugins.ml2.ovo_rpc._ObjectChangeHandler.handle_event-3691738'] for security_group (d3e13220-dec7-4fdb-b57a-b974efc9b5d2), after_delete {{(pid=103806) _notify_loop /usr/local/lib/python3.8/dist-packages/neutron_lib/callbacks/manager.py:176}}
Apr 03 16:24:02.012619 dv-cinder-836247-2-smb neutron-server[103806]: DEBUG neutron_lib.callbacks.manager [None req-e05be7a8-6e4d-4f3a-8c9c-3e8ce8de6475 admin admin] Publish callbacks [] for security_group (None), before_response {{(pid=103806) _notify_loop /usr/local/lib/python3.8/dist-packages/neutron_lib/callbacks/manager.py:176}}
Apr 03 16:24:02.013967 dv-cinder-836247-2-smb neutron-server[103806]: INFO neutron.wsgi [None req-e05be7a8-6e4d-4f3a-8c9c-3e8ce8de6475 admin admin] 10.222.0.26 "DELETE /v2.0/security-groups/d3e13220-dec7-4fdb-b57a-b974efc9b5d2 HTTP/1.1" status: 204 len: 168 time: 0.2022536
Apr 03 16:24:02.021428 dv-cinder-836247-2-smb neutron-server[103806]: DEBUG neutron.api.rpc.handlers.resources_rpc [None req-e05be7a8-6e4d-4f3a-8c9c-3e8ce8de6475 admin admin] Pushing event deleted for resources: {'SecurityGroup': ['ID=d3e13220-dec7-4fdb-b57a-b974efc9b5d2,revision_number=None']} {{(pid=103806) push /opt/stack/neutron/neutron/api/rpc/handlers/resources_rpc.py:237}}
Apr 03 16:24:02.560971 dv-cinder-836247-2-smb neutron-server[103806]: DEBUG neutron.pecan_wsgi.hooks.policy_enforcement [req-8be62bfb-98e8-4630-9f7f-f3f8392b00da req-973312ae-218c-45b7-855b-5d2f5084cdd4 tempest-VolumesActionsTest-203827661 tempest-VolumesActionsTest-203827661-project] Attributes excluded by policy engine: ['standard_attr_id', 'binding:profile', 'binding:host_id', 'binding:vif_type', 'binding:vif_details'] {{(pid=103806) _exclude_attributes_by_policy /opt/stack/neutron/neutron/pecan_wsgi/hooks/policy_enforcement.py:255}}
Apr 03 16:24:02.562741 dv-cinder-836247-2-smb neutron-server[103806]: INFO neutron.wsgi [req-8be62bfb-98e8-4630-9f7f-f3f8392b00da req-973312ae-218c-45b7-855b-5d2f5084cdd4 tempest-VolumesActionsTest-203827661 tempest-VolumesActionsTest-203827661-project] 10.222.0.26 "GET /v2.0/ports?device_id=e4c5a4e9-a10c-4ffa-be27-25cc299cd256 HTTP/1.1" status: 200 len: 945 time: 0.0610476
Apr 03 16:24:02.598506 dv-cinder-836247-2-smb neutron-server[103807]: DEBUG neutron.pecan_wsgi.hooks.policy_enforcement [req-b148629b-7293-45aa-961d-6e1db961f7b8 req-7e3ee8fe-ecc9-4a90-94f8-53f1bdcfbcf1 tempest-AttachVolumeTestJSON-2051900623 tempest-AttachVolumeTestJSON-2051900623-project] Attributes excluded by policy engine: ['standard_attr_id', 'binding:profile', 'binding:host_id', 'binding:vif_type', 'binding:vif_details'] {{(pid=103807) _exclude_attributes_by_policy /opt/stack/neutron/neutron/pecan_wsgi/hooks/policy_enforcement.py:255}}
Apr 03 16:24:02.605621 dv-cinder-836247-2-smb neutron-server[103807]: INFO neutron.wsgi [req-b148629b-7293-45aa-961d-6e1db961f7b8 req-7e3ee8fe-ecc9-4a90-94f8-53f1bdcfbcf1 tempest-AttachVolumeTestJSON-2051900623 tempest-AttachVolumeTestJSON-2051900623-project] 10.222.0.26 "GET /v2.0/ports?device_id=31cbbef8-cbf4-4fb0-b094-fea023fcc82c HTTP/1.1" status: 200 len: 946 time: 0.0803833
Apr 03 16:24:02.623806 dv-cinder-836247-2-smb neutron-server[103806]: INFO neutron.wsgi [req-8be62bfb-98e8-4630-9f7f-f3f8392b00da req-01c7048f-2746-4871-93cb-e0881595bbee tempest-VolumesActionsTest-203827661 tempest-VolumesActionsTest-203827661-project] 10.222.0.26 "GET /v2.0/security-groups?id=cddc2450-4d78-4a99-ae36-9ca05597aec9&fields=id&fields=name HTTP/1.1" status: 200 len: 286 time: 0.0547087
Apr 03 16:24:02.657403 dv-cinder-836247-2-smb neutron-server[103807]: INFO neutron.wsgi [req-b148629b-7293-45aa-961d-6e1db961f7b8 req-ec315bda-2a3c-4b0b-8693-cc7c0a930026 tempest-AttachVolumeTestJSON-2051900623 tempest-AttachVolumeTestJSON-2051900623-project] 10.222.0.26 "GET /v2.0/security-groups?id=4cca8faf-75d4-41b0-9ed8-3d1ab36b4f7c&fields=id&fields=name HTTP/1.1" status: 200 len: 312 time: 0.0504692
Apr 03 16:24:02.669991 dv-cinder-836247-2-smb neutron-server[103808]: DEBUG neutron.notifiers.nova [-] Sending events: [{'server_uuid': '31cbbef8-cbf4-4fb0-b094-fea023fcc82c', 'name': 'network-vif-plugged', 'status': 'completed', 'tag': '86bb1a55-1d2a-4d67-9f66-1378d909887e'}] {{(pid=103808) send_events /opt/stack/neutron/neutron/notifiers/nova.py:271}}
Apr 03 16:24:02.672883 dv-cinder-836247-2-smb neutron-server[103808]: DEBUG novaclient.v2.client [-] REQ: curl -g -i --cacert "/opt/stack/data/ca-bundle.pem" -X POST http://10.222.0.26/compute/v2.1/os-server-external-events -H "Accept: application/json" -H "Content-Type: application/json" -H "User-Agent: python-novaclient" -H "X-Auth-Token: {SHA256}cc92d28c7611add85ab8ae22f75d0d485046de8659e010f32cce997052a7cd5d" -H "X-OpenStack-Nova-API-Version: 2.1" -H "X-OpenStack-Request-ID: req-5f53fb20-30f0-4cf4-aedb-d12f1c67b319" -d '{"events": [{"server_uuid": "31cbbef8-cbf4-4fb0-b094-fea023fcc82c", "name": "network-vif-plugged", "status": "completed", "tag": "86bb1a55-1d2a-4d67-9f66-1378d909887e"}]}' {{(pid=103808) _http_log_request /usr/local/lib/python3.8/dist-packages/keystoneauth1/session.py:519}}
Apr 03 16:24:02.709060 dv-cinder-836247-2-smb neutron-server[103808]: DEBUG novaclient.v2.client [-] RESP: [200] Connection: close Content-Length: 183 Content-Type: application/json Date: Sun, 03 Apr 2022 16:24:02 GMT OpenStack-API-Version: compute 2.1 Server: Apache/2.4.41 (Ubuntu) Vary: OpenStack-API-Version,X-OpenStack-Nova-API-Version X-OpenStack-Nova-API-Version: 2.1 x-compute-request-id: req-7fbfde4f-9349-4a9e-a40a-2cfeb7910788 x-openstack-request-id: req-7fbfde4f-9349-4a9e-a40a-2cfeb7910788 {{(pid=103808) _http_log_response /usr/local/lib/python3.8/dist-packages/keystoneauth1/session.py:550}}
Apr 03 16:24:02.709060 dv-cinder-836247-2-smb neutron-server[103808]: DEBUG novaclient.v2.client [-] RESP BODY: {"events": [{"server_uuid": "31cbbef8-cbf4-4fb0-b094-fea023fcc82c", "name": "network-vif-plugged", "status": "completed", "tag": "86bb1a55-1d2a-4d67-9f66-1378d909887e", "code": 200}]} {{(pid=103808) _http_log_response /usr/local/lib/python3.8/dist-packages/keystoneauth1/session.py:582}}
Apr 03 16:24:02.709414 dv-cinder-836247-2-smb neutron-server[103808]: DEBUG novaclient.v2.client [-] POST call to compute for http://10.222.0.26/compute/v2.1/os-server-external-events used request id req-7fbfde4f-9349-4a9e-a40a-2cfeb7910788 {{(pid=103808) request /usr/local/lib/python3.8/dist-packages/keystoneauth1/session.py:954}}
Apr 03 16:24:02.709943 dv-cinder-836247-2-smb neutron-server[103808]: INFO neutron.notifiers.nova [-] Nova event matching ['req-7fbfde4f-9349-4a9e-a40a-2cfeb7910788'] response: {'server_uuid': '31cbbef8-cbf4-4fb0-b094-fea023fcc82c', 'name': 'network-vif-plugged', 'status': 'completed', 'tag': '86bb1a55-1d2a-4d67-9f66-1378d909887e', 'code': 200}
Apr 03 16:24:02.822551 dv-cinder-836247-2-smb neutron-server[103807]: DEBUG neutron.pecan_wsgi.hooks.policy_enforcement [req-5a9e4cdc-51df-44c3-b6ad-ab7e8fa65751 req-30fe74b3-a822-4113-bd06-1d91e376a016 tempest-AttachVolumeNegativeTest-1402514040 tempest-AttachVolumeNegativeTest-1402514040-project] Attributes excluded by policy engine: ['standard_attr_id', 'binding:profile', 'binding:host_id', 'binding:vif_type', 'binding:vif_details'] {{(pid=103807) _exclude_attributes_by_policy /opt/stack/neutron/neutron/pecan_wsgi/hooks/policy_enforcement.py:255}}
Apr 03 16:24:02.824010 dv-cinder-836247-2-smb neutron-server[103807]: INFO neutron.wsgi [req-5a9e4cdc-51df-44c3-b6ad-ab7e8fa65751 req-30fe74b3-a822-4113-bd06-1d91e376a016 tempest-AttachVolumeNegativeTest-1402514040 tempest-AttachVolumeNegativeTest-1402514040-project] 10.222.0.26 "GET /v2.0/ports?device_id=d67ef0a4-76b2-4364-88ec-59a95e6f9518 HTTP/1.1" status: 200 len: 945 time: 0.0560713
Apr 03 16:24:02.871264 dv-cinder-836247-2-smb neutron-server[103807]: INFO neutron.wsgi [req-5a9e4cdc-51df-44c3-b6ad-ab7e8fa65751 req-5be35113-d773-45f8-bef3-1ab803a545af tempest-AttachVolumeNegativeTest-1402514040 tempest-AttachVolumeNegativeTest-1402514040-project] 10.222.0.26 "GET /v2.0/security-groups?id=82ebd6d7-4474-4e31-ad90-c58adab5869d&fields=id&fields=name HTTP/1.1" status: 200 len: 313 time: 0.0407395
Apr 03 16:24:03.024439 dv-cinder-836247-2-smb neutron-server[103806]: DEBUG neutron.pecan_wsgi.hooks.policy_enforcement [req-8da14af1-3b7f-4b87-a27a-2f38e4a20205 req-fd4312a5-311c-46f3-bbe9-2f92fc859216 tempest-AttachVolumeShelveTestJSON-899900312 tempest-AttachVolumeShelveTestJSON-899900312-project] Attributes excluded by policy engine: ['standard_attr_id', 'binding:profile', 'binding:host_id', 'binding:vif_type', 'binding:vif_details'] {{(pid=103806) _exclude_attributes_by_policy /opt/stack/neutron/neutron/pecan_wsgi/hooks/policy_enforcement.py:255}}
Apr 03 16:24:03.031668 dv-cinder-836247-2-smb neutron-server[103806]: INFO neutron.wsgi [req-8da14af1-3b7f-4b87-a27a-2f38e4a20205 req-fd4312a5-311c-46f3-bbe9-2f92fc859216 tempest-AttachVolumeShelveTestJSON-899900312 tempest-AttachVolumeShelveTestJSON-899900312-project] 10.222.0.26 "GET /v2.0/ports?device_id=a24e1be6-1e7d-4b7c-acee-33a04efd96a5 HTTP/1.1" status: 200 len: 944 time: 0.0758915
Apr 03 16:24:03.082579 dv-cinder-836247-2-smb neutron-server[103806]: INFO neutron.wsgi [req-8da14af1-3b7f-4b87-a27a-2f38e4a20205 req-658e7484-7ff0-4f57-a3f6-6189f6e0a042 tempest-AttachVolumeShelveTestJSON-899900312 tempest-AttachVolumeShelveTestJSON-899900312-project] 10.222.0.26 "GET /v2.0/security-groups?id=cec21c92-490c-44ca-9955-8382f9481bc8&fields=id&fields=name HTTP/1.1" status: 200 len: 313 time: 0.0484452
Apr 03 16:24:03.198552 dv-cinder-836247-2-smb neutron-server[103806]: DEBUG neutron.pecan_wsgi.hooks.policy_enforcement [req-b709e029-e6dd-4f6d-9025-cfb01abdd4a2 req-47a5ea17-1217-4cd5-9efd-b2b4cb154779 service neutron] Attributes excluded by policy engine: ['standard_attr_id'] {{(pid=103806) _exclude_attributes_by_policy /opt/stack/neutron/neutron/pecan_wsgi/hooks/policy_enforcement.py:255}}
Apr 03 16:24:03.200578 dv-cinder-836247-2-smb neutron-server[103806]: INFO neutron.wsgi [req-b709e029-e6dd-4f6d-9025-cfb01abdd4a2 req-47a5ea17-1217-4cd5-9efd-b2b4cb154779 service neutron] 10.222.0.44 "GET /v2.0/ports?device_id=31cbbef8-cbf4-4fb0-b094-fea023fcc82c HTTP/1.1" status: 200 len: 1130 time: 0.0507374
Apr 03 16:24:03.265422 dv-cinder-836247-2-smb neutron-server[103806]: INFO neutron.wsgi [req-b709e029-e6dd-4f6d-9025-cfb01abdd4a2 req-0b596800-a4c7-41a0-ba84-3ea39905f3e1 service neutron] 10.222.0.44 "GET /v2.0/security-groups?id=4cca8faf-75d4-41b0-9ed8-3d1ab36b4f7c&fields=id&fields=name HTTP/1.1" status: 200 len: 312 time: 0.0587940
Apr 03 16:24:03.736553 dv-cinder-836247-2-smb neutron-server[103806]: DEBUG neutron.pecan_wsgi.hooks.policy_enforcement [req-594053a4-3e99-41ae-8502-17716dc142f3 req-26d8dd0a-5765-4f1a-958e-1836bc6cf4c5 tempest-VolumesActionsTest-203827661 tempest-VolumesActionsTest-203827661-project] Attributes excluded by policy engine: ['standard_attr_id', 'binding:profile', 'binding:host_id', 'binding:vif_type', 'binding:vif_details'] {{(pid=103806) _exclude_attributes_by_policy /opt/stack/neutron/neutron/pecan_wsgi/hooks/policy_enforcement.py:255}}
Apr 03 16:24:03.737989 dv-cinder-836247-2-smb neutron-server[103806]: INFO neutron.wsgi [req-594053a4-3e99-41ae-8502-17716dc142f3 req-26d8dd0a-5765-4f1a-958e-1836bc6cf4c5 tempest-VolumesActionsTest-203827661 tempest-VolumesActionsTest-203827661-project] 10.222.0.26 "GET /v2.0/ports?device_id=e4c5a4e9-a10c-4ffa-be27-25cc299cd256 HTTP/1.1" status: 200 len: 945 time: 0.0539382
Apr 03 16:24:03.793127 dv-cinder-836247-2-smb neutron-server[103806]: INFO neutron.wsgi [req-594053a4-3e99-41ae-8502-17716dc142f3 req-430926bc-c67f-4af6-b957-b292fdaa46b3 tempest-VolumesActionsTest-203827661 tempest-VolumesActionsTest-203827661-project] 10.222.0.26 "GET /v2.0/security-groups?id=cddc2450-4d78-4a99-ae36-9ca05597aec9&fields=id&fields=name HTTP/1.1" status: 200 len: 286 time: 0.0489793
Apr 03 16:24:03.922950 dv-cinder-836247-2-smb neutron-server[103806]: DEBUG neutron.pecan_wsgi.hooks.policy_enforcement [req-80d8d3bf-00a7-445a-9fd7-29fa59e91fa3 req-25e31a2b-a232-4930-b004-77a38e2e499e tempest-AttachVolumeTestJSON-2051900623 tempest-AttachVolumeTestJSON-2051900623-project] Attributes excluded by policy engine: ['standard_attr_id', 'binding:profile', 'binding:host_id', 'binding:vif_type', 'binding:vif_details'] {{(pid=103806) _exclude_attributes_by_policy /opt/stack/neutron/neutron/pecan_wsgi/hooks/policy_enforcement.py:255}}
Apr 03 16:24:03.924517 dv-cinder-836247-2-smb neutron-server[103806]: INFO neutron.wsgi [req-80d8d3bf-00a7-445a-9fd7-29fa59e91fa3 req-25e31a2b-a232-4930-b004-77a38e2e499e tempest-AttachVolumeTestJSON-2051900623 tempest-AttachVolumeTestJSON-2051900623-project] 10.222.0.26 "GET /v2.0/ports?device_id=31cbbef8-cbf4-4fb0-b094-fea023fcc82c HTTP/1.1" status: 200 len: 946 time: 0.0743151
Apr 03 16:24:03.983654 dv-cinder-836247-2-smb neutron-server[103806]: INFO neutron.wsgi [req-80d8d3bf-00a7-445a-9fd7-29fa59e91fa3 req-42ab1162-c7df-4367-a8e8-7bab22943589 tempest-AttachVolumeTestJSON-2051900623 tempest-AttachVolumeTestJSON-2051900623-project] 10.222.0.26 "GET /v2.0/security-groups?id=4cca8faf-75d4-41b0-9ed8-3d1ab36b4f7c&fields=id&fields=name HTTP/1.1" status: 200 len: 312 time: 0.0530112
Apr 03 16:24:03.996885 dv-cinder-836247-2-smb neutron-server[103807]: DEBUG neutron.pecan_wsgi.hooks.policy_enforcement [req-5e867ffc-94c5-4037-bbf6-1904e7fb257a req-1ca55325-7f56-45ec-885e-5a16b3e4caee tempest-DeleteServersTestJSON-1716556393 tempest-DeleteServersTestJSON-1716556393-project] Attributes excluded by policy engine: ['standard_attr_id', 'binding:profile', 'binding:host_id', 'binding:vif_type', 'binding:vif_details'] {{(pid=103807) _exclude_attributes_by_policy /opt/stack/neutron/neutron/pecan_wsgi/hooks/policy_enforcement.py:255}}
Apr 03 16:24:04.004512 dv-cinder-836247-2-smb neutron-server[103807]: INFO neutron.wsgi [req-5e867ffc-94c5-4037-bbf6-1904e7fb257a req-1ca55325-7f56-45ec-885e-5a16b3e4caee tempest-DeleteServersTestJSON-1716556393 tempest-DeleteServersTestJSON-1716556393-project] 10.222.0.26 "GET /v2.0/ports?device_id=413ceab3-dd99-40ef-be19-ce636cd24845 HTTP/1.1" status: 200 len: 945 time: 0.0744736
Apr 03 16:24:04.047932 dv-cinder-836247-2-smb neutron-server[103807]: INFO neutron.wsgi [req-5e867ffc-94c5-4037-bbf6-1904e7fb257a req-60c67fbf-02fe-4884-9bc8-47511708344a tempest-DeleteServersTestJSON-1716556393 tempest-DeleteServersTestJSON-1716556393-project] 10.222.0.26 "GET /v2.0/security-groups?id=14d04fee-eea6-4ba2-86d4-c4e316aa15a8&fields=id&fields=name HTTP/1.1" status: 200 len: 286 time: 0.0423388
Apr 03 16:24:04.098077 dv-cinder-836247-2-smb neutron-server[103806]: DEBUG neutron.pecan_wsgi.hooks.policy_enforcement [req-8d7ece6d-048b-4711-a197-e5e098c425fa req-712cc7f5-6243-445d-a675-3d06e17f8864 tempest-AttachVolumeNegativeTest-1402514040 tempest-AttachVolumeNegativeTest-1402514040-project] Attributes excluded by policy engine: ['standard_attr_id', 'binding:profile', 'binding:host_id', 'binding:vif_type', 'binding:vif_details'] {{(pid=103806) _exclude_attributes_by_policy /opt/stack/neutron/neutron/pecan_wsgi/hooks/policy_enforcement.py:255}}
Apr 03 16:24:04.099550 dv-cinder-836247-2-smb neutron-server[103806]: INFO neutron.wsgi [req-8d7ece6d-048b-4711-a197-e5e098c425fa req-712cc7f5-6243-445d-a675-3d06e17f8864 tempest-AttachVolumeNegativeTest-1402514040 tempest-AttachVolumeNegativeTest-1402514040-project] 10.222.0.26 "GET /v2.0/ports?device_id=d67ef0a4-76b2-4364-88ec-59a95e6f9518 HTTP/1.1" status: 200 len: 945 time: 0.0556664
Apr 03 16:24:04.150441 dv-cinder-836247-2-smb neutron-server[103806]: INFO neutron.wsgi [req-8d7ece6d-048b-4711-a197-e5e098c425fa req-b4ef09d1-cfee-406f-aa3d-4dde98fdd41e tempest-AttachVolumeNegativeTest-1402514040 tempest-AttachVolumeNegativeTest-1402514040-project] 10.222.0.26 "GET /v2.0/security-groups?id=82ebd6d7-4474-4e31-ad90-c58adab5869d&fields=id&fields=name HTTP/1.1" status: 200 len: 313 time: 0.0448604
Apr 03 16:24:04.168782 dv-cinder-836247-2-smb neutron-server[103808]: DEBUG neutron.plugins.ml2.rpc [None req-bfb47a72-979e-4242-9973-34afc61b47cf None None] Device 32300888-12fe-4cca-bef1-aee854b79c38 up at agent hyperv_hv-cinder-83624 {{(pid=103808) update_device_up /opt/stack/neutron/neutron/plugins/ml2/rpc.py:296}}
Apr 03 16:24:04.249799 dv-cinder-836247-2-smb neutron-server[103807]: DEBUG neutron.pecan_wsgi.hooks.policy_enforcement [req-9dcc4c9d-711d-4d18-81cf-ffb2b9a31821 req-cb440177-e27a-41c7-a3af-fb30cc10ba8a tempest-AttachVolumeShelveTestJSON-899900312 tempest-AttachVolumeShelveTestJSON-899900312-project] Attributes excluded by policy engine: ['standard_attr_id', 'binding:profile', 'binding:host_id', 'binding:vif_type', 'binding:vif_details'] {{(pid=103807) _exclude_attributes_by_policy /opt/stack/neutron/neutron/pecan_wsgi/hooks/policy_enforcement.py:255}}
Apr 03 16:24:04.251208 dv-cinder-836247-2-smb neutron-server[103807]: INFO neutron.wsgi [req-9dcc4c9d-711d-4d18-81cf-ffb2b9a31821 req-cb440177-e27a-41c7-a3af-fb30cc10ba8a tempest-AttachVolumeShelveTestJSON-899900312 tempest-AttachVolumeShelveTestJSON-899900312-project] 10.222.0.26 "GET /v2.0/ports?device_id=a24e1be6-1e7d-4b7c-acee-33a04efd96a5 HTTP/1.1" status: 200 len: 944 time: 0.0930068
Apr 03 16:24:04.306411 dv-cinder-836247-2-smb neutron-server[103807]: INFO neutron.wsgi [req-9dcc4c9d-711d-4d18-81cf-ffb2b9a31821 req-2358d921-c417-4367-a528-4c42b1c88621 tempest-AttachVolumeShelveTestJSON-899900312 tempest-AttachVolumeShelveTestJSON-899900312-project] 10.222.0.26 "GET /v2.0/security-groups?id=cec21c92-490c-44ca-9955-8382f9481bc8&fields=id&fields=name HTTP/1.1" status: 200 len: 313 time: 0.0486462
Apr 03 16:24:04.315595 dv-cinder-836247-2-smb neutron-server[103808]: DEBUG neutron.db.provisioning_blocks [None req-bfb47a72-979e-4242-9973-34afc61b47cf None None] Provisioning for port 32300888-12fe-4cca-bef1-aee854b79c38 completed by entity L2. {{(pid=103808) provisioning_complete /opt/stack/neutron/neutron/db/provisioning_blocks.py:134}}
Apr 03 16:24:04.320115 dv-cinder-836247-2-smb neutron-server[103808]: DEBUG neutron.db.provisioning_blocks [None req-bfb47a72-979e-4242-9973-34afc61b47cf None None] Provisioning complete for port 32300888-12fe-4cca-bef1-aee854b79c38 triggered by entity L2. {{(pid=103808) provisioning_complete /opt/stack/neutron/neutron/db/provisioning_blocks.py:140}}
Apr 03 16:24:04.320696 dv-cinder-836247-2-smb neutron-server[103808]: DEBUG neutron_lib.callbacks.manager [None req-bfb47a72-979e-4242-9973-34afc61b47cf None None] Publish callbacks ['neutron.plugins.ml2.plugin.Ml2Plugin._port_provisioned-3644885'] for port (32300888-12fe-4cca-bef1-aee854b79c38), provisioning_complete {{(pid=103808) _notify_loop /usr/local/lib/python3.8/dist-packages/neutron_lib/callbacks/manager.py:176}}
Apr 03 16:24:04.335063 dv-cinder-836247-2-smb neutron-server[103806]: DEBUG neutron.pecan_wsgi.hooks.policy_enforcement [req-3343e97a-aa3b-4f6c-bb19-448d8a8f8e6b req-980bc182-6c44-43db-971a-a391a7c95152 tempest-AttachVolumeNegativeTest-1402514040 tempest-AttachVolumeNegativeTest-1402514040-project] Attributes excluded by policy engine: ['standard_attr_id', 'binding:profile', 'binding:host_id', 'binding:vif_type', 'binding:vif_details'] {{(pid=103806) _exclude_attributes_by_policy /opt/stack/neutron/neutron/pecan_wsgi/hooks/policy_enforcement.py:255}}
Apr 03 16:24:04.336623 dv-cinder-836247-2-smb neutron-server[103806]: INFO neutron.wsgi [req-3343e97a-aa3b-4f6c-bb19-448d8a8f8e6b req-980bc182-6c44-43db-971a-a391a7c95152 tempest-AttachVolumeNegativeTest-1402514040 tempest-AttachVolumeNegativeTest-1402514040-project] 10.222.0.26 "GET /v2.0/ports?device_id=d67ef0a4-76b2-4364-88ec-59a95e6f9518 HTTP/1.1" status: 200 len: 945 time: 0.0716927
Apr 03 16:24:04.345986 dv-cinder-836247-2-smb neutron-server[103807]: DEBUG neutron.wsgi [-] (103807) accepted ('10.222.0.26', 56910) {{(pid=103807) server /usr/local/lib/python3.8/dist-packages/eventlet/wsgi.py:1004}}
Apr 03 16:24:04.351043 dv-cinder-836247-2-smb neutron-server[103807]: DEBUG neutron.api.v2.base [None req-b91fe9f7-13e9-4b4b-a68b-cef119c5e95a tempest-AttachVolumeNegativeTest-1402514040 tempest-AttachVolumeNegativeTest-1402514040-project] Request body: {'floatingip': {'port_id': 'e72a1ab0-071e-4d40-a27f-f0361d817320'}} {{(pid=103807) prepare_request_body /opt/stack/neutron/neutron/api/v2/base.py:729}}
Apr 03 16:24:04.409156 dv-cinder-836247-2-smb neutron-server[103808]: DEBUG neutron.plugins.ml2.plugin [None req-bfb47a72-979e-4242-9973-34afc61b47cf None None] Current status of the port 32300888-12fe-4cca-bef1-aee854b79c38 is: BUILD; New status is: ACTIVE {{(pid=103808) _update_individual_port_db_status /opt/stack/neutron/neutron/plugins/ml2/plugin.py:2256}}
Apr 03 16:24:04.409789 dv-cinder-836247-2-smb neutron-server[103808]: DEBUG neutron_lib.callbacks.manager [None req-bfb47a72-979e-4242-9973-34afc61b47cf None None] Publish callbacks ['neutron.plugins.ml2.plugin.SecurityGroupDbMixin._ensure_default_security_group_handler-601647'] for port (32300888-12fe-4cca-bef1-aee854b79c38), before_update {{(pid=103808) _notify_loop /usr/local/lib/python3.8/dist-packages/neutron_lib/callbacks/manager.py:176}}
Apr 03 16:24:04.432322 dv-cinder-836247-2-smb neutron-server[103807]: DEBUG neutron_lib.callbacks.manager [None req-b91fe9f7-13e9-4b4b-a68b-cef119c5e95a tempest-AttachVolumeNegativeTest-1402514040 tempest-AttachVolumeNegativeTest-1402514040-project] Publish callbacks [] for floatingip (1ce517d5-a7d5-4914-a0ff-46a533593aba), before_update {{(pid=103807) _notify_loop /usr/local/lib/python3.8/dist-packages/neutron_lib/callbacks/manager.py:176}}
Apr 03 16:24:04.442735 dv-cinder-836247-2-smb neutron-server[103808]: DEBUG neutron.plugins.ml2.db [None req-bfb47a72-979e-4242-9973-34afc61b47cf None None] For port 32300888-12fe-4cca-bef1-aee854b79c38, host hv-cinder-83624, got binding levels [PortBindingLevel(driver='hyperv',host='hv-cinder-83624',level=0,port_id=32300888-12fe-4cca-bef1-aee854b79c38,segment=NetworkSegment(a402720d-87a6-4aaa-86e1-c1a4b526d2ae),segment_id=a402720d-87a6-4aaa-86e1-c1a4b526d2ae)] {{(pid=103808) get_binding_level_objs /opt/stack/neutron/neutron/plugins/ml2/db.py:74}}
Apr 03 16:24:04.552938 dv-cinder-836247-2-smb neutron-server[103808]: DEBUG neutron_lib.callbacks.manager [None req-bfb47a72-979e-4242-9973-34afc61b47cf None None] Publish callbacks ['neutron.plugins.ml2.plugin.SecurityGroupServerNotifierRpcMixin._notify_sg_on_port_change-601710', 'neutron.plugins.ml2.ovo_rpc._ObjectChangeHandler.handle_event-4148697', 'neutron.api.rpc.agentnotifiers.dhcp_rpc_agent_api.DhcpAgentNotifyAPI._native_event_send_dhcp_notification-3692356', 'neutron.db.l3_db.L3RpcNotifierMixin._notify_gateway_port_ip_changed-8748460368011', 'neutron.db.l3_dvrscheduler_db._notify_l3_agent_port_update-8748459865631', 'neutron.db.l3_hascheduler_db._notify_l3_agent_ha_port_update-8748459865649'] for port (32300888-12fe-4cca-bef1-aee854b79c38), after_update {{(pid=103808) _notify_loop /usr/local/lib/python3.8/dist-packages/neutron_lib/callbacks/manager.py:176}}
Apr 03 16:24:04.553788 dv-cinder-836247-2-smb neutron-server[103808]: DEBUG neutron.plugins.ml2.rpc [None req-bfb47a72-979e-4242-9973-34afc61b47cf None None] Device 9490c00f-5528-4309-9c28-73bc9d0167a8 up at agent hyperv_hv-cinder-83624 {{(pid=103808) update_device_up /opt/stack/neutron/neutron/plugins/ml2/rpc.py:296}}
Apr 03 16:24:04.640302 dv-cinder-836247-2-smb neutron-server[103808]: DEBUG neutron.api.rpc.handlers.resources_rpc [None req-bfb47a72-979e-4242-9973-34afc61b47cf None None] Pushing event updated for resources: {'Port': ['ID=32300888-12fe-4cca-bef1-aee854b79c38,revision_number=5']} {{(pid=103808) push /opt/stack/neutron/neutron/api/rpc/handlers/resources_rpc.py:237}}
