Apr 01 21:29:02.584737 dv-cinder-836211-1-smb devstack@c-api.service[109991]: /usr/local/lib/python3.8/dist-packages/oslo_context/context.py:100: DeprecationWarning: Policy enforcement is depending on the value of is_admin. This key is deprecated. Please update your policy file to use the standard policy values.
Apr 01 21:29:02.584737 dv-cinder-836211-1-smb devstack@c-api.service[109991]: warnings.warn('Policy enforcement is depending on the value of '
Apr 01 21:29:02.593889 dv-cinder-836211-1-smb devstack@c-api.service[109990]: INFO cinder.api.openstack.wsgi [None req-0fe2431b-80f7-44f4-a57d-9b579695a7ef tempest-GroupTypesTest-124556278 tempest-GroupTypesTest-124556278-project-admin] DELETE http://10.222.0.15/volume/v3/69a090b522d743a5b9218a00bbf3628e/group_types/6c1d9472-3241-4dd5-a6c0-741dc970709d
Apr 01 21:29:02.596471 dv-cinder-836211-1-smb devstack@c-api.service[109990]: DEBUG cinder.api.openstack.wsgi [None req-0fe2431b-80f7-44f4-a57d-9b579695a7ef tempest-GroupTypesTest-124556278 tempest-GroupTypesTest-124556278-project-admin] Empty body provided in request {{(pid=109990) get_body /opt/stack/cinder/cinder/api/openstack/wsgi.py:715}}
Apr 01 21:29:02.598039 dv-cinder-836211-1-smb devstack@c-api.service[109990]: DEBUG cinder.api.openstack.wsgi [None req-0fe2431b-80f7-44f4-a57d-9b579695a7ef tempest-GroupTypesTest-124556278 tempest-GroupTypesTest-124556278-project-admin] Calling method 'version_select' {{(pid=109990) _process_stack /opt/stack/cinder/cinder/api/openstack/wsgi.py:868}}
Apr 01 21:29:02.662614 dv-cinder-836211-1-smb devstack@c-api.service[109991]: INFO cinder.api.openstack.wsgi [None req-34a958bf-69c5-4048-958e-16c3d6ae14b1 tempest-GroupsTest-875521874 tempest-GroupsTest-875521874-project] http://10.222.0.15/volume/v3/3bd3104a2cd742b8ab8f39cc4e8c8d32/groups/70263c5d-6f75-4170-a14a-c03f9eb9f6cd/action returned with HTTP 202
Apr 01 21:29:02.669703 dv-cinder-836211-1-smb devstack@c-api.service[109991]: [pid: 109991|app: 0|req: 79/153] 10.222.0.15 () {62 vars in 1404 bytes} [Fri Apr 1 21:29:02 2022] POST /volume/v3/3bd3104a2cd742b8ab8f39cc4e8c8d32/groups/70263c5d-6f75-4170-a14a-c03f9eb9f6cd/action => generated 0 bytes in 122 msecs (HTTP/1.1 202) 6 headers in 234 bytes (1 switches on core 0)
Apr 01 21:29:02.671985 dv-cinder-836211-1-smb devstack@c-api.service[109991]: DEBUG cinder.api.middleware.request_id [None req-cf8c15e9-ba74-4439-b994-15ad7679565b None None] RequestId filter calling following filter/app {{(pid=109991) _context_setter /opt/stack/cinder/cinder/api/middleware/request_id.py:62}}
Apr 01 21:29:02.686663 dv-cinder-836211-1-smb devstack@c-api.service[109991]: INFO cinder.api.openstack.wsgi [None req-cf8c15e9-ba74-4439-b994-15ad7679565b tempest-GroupsTest-875521874 tempest-GroupsTest-875521874-project] GET http://10.222.0.15/volume/v3/3bd3104a2cd742b8ab8f39cc4e8c8d32/groups/70263c5d-6f75-4170-a14a-c03f9eb9f6cd
Apr 01 21:29:02.689911 dv-cinder-836211-1-smb devstack@c-api.service[109991]: DEBUG cinder.api.openstack.wsgi [None req-cf8c15e9-ba74-4439-b994-15ad7679565b tempest-GroupsTest-875521874 tempest-GroupsTest-875521874-project] Empty body provided in request {{(pid=109991) get_body /opt/stack/cinder/cinder/api/openstack/wsgi.py:715}}
Apr 01 21:29:02.691318 dv-cinder-836211-1-smb devstack@c-api.service[109991]: DEBUG cinder.api.openstack.wsgi [None req-cf8c15e9-ba74-4439-b994-15ad7679565b tempest-GroupsTest-875521874 tempest-GroupsTest-875521874-project] Calling method 'version_select' {{(pid=109991) _process_stack /opt/stack/cinder/cinder/api/openstack/wsgi.py:868}}
Apr 01 21:29:02.694601 dv-cinder-836211-1-smb devstack@c-api.service[109991]: DEBUG cinder.api.v3.groups [None req-cf8c15e9-ba74-4439-b994-15ad7679565b tempest-GroupsTest-875521874 tempest-GroupsTest-875521874-project] show called for member 70263c5d-6f75-4170-a14a-c03f9eb9f6cd {{(pid=109991) show /opt/stack/cinder/cinder/api/v3/groups.py:58}}
Apr 01 21:29:02.694801 dv-cinder-836211-1-smb devstack@c-api.service[109990]: INFO cinder.api.openstack.wsgi [None req-0fe2431b-80f7-44f4-a57d-9b579695a7ef tempest-GroupTypesTest-124556278 tempest-GroupTypesTest-124556278-project-admin] http://10.222.0.15/volume/v3/69a090b522d743a5b9218a00bbf3628e/group_types/6c1d9472-3241-4dd5-a6c0-741dc970709d returned with HTTP 202
Apr 01 21:29:02.699332 dv-cinder-836211-1-smb devstack@c-api.service[109990]: [pid: 109990|app: 0|req: 75/154] 10.222.0.15 () {60 vars in 1380 bytes} [Fri Apr 1 21:29:02 2022] DELETE /volume/v3/69a090b522d743a5b9218a00bbf3628e/group_types/6c1d9472-3241-4dd5-a6c0-741dc970709d => generated 0 bytes in 123 msecs (HTTP/1.1 202) 6 headers in 234 bytes (1 switches on core 0)
Apr 01 21:29:02.702541 dv-cinder-836211-1-smb devstack@c-api.service[109990]: DEBUG cinder.api.middleware.request_id [None req-3271096b-1291-4dda-8afe-6f072738bf16 None None] RequestId filter calling following filter/app {{(pid=109990) _context_setter /opt/stack/cinder/cinder/api/middleware/request_id.py:62}}
Apr 01 21:29:02.718975 dv-cinder-836211-1-smb devstack@c-api.service[109990]: INFO cinder.api.openstack.wsgi [None req-3271096b-1291-4dda-8afe-6f072738bf16 tempest-GroupTypesTest-124556278 tempest-GroupTypesTest-124556278-project-admin] GET http://10.222.0.15/volume/v3/69a090b522d743a5b9218a00bbf3628e/group_types
Apr 01 21:29:02.729550 dv-cinder-836211-1-smb devstack@c-api.service[109991]: /usr/local/lib/python3.8/dist-packages/oslo_context/context.py:100: DeprecationWarning: Policy enforcement is depending on the value of is_admin. This key is deprecated. Please update your policy file to use the standard policy values.
Apr 01 21:29:02.729550 dv-cinder-836211-1-smb devstack@c-api.service[109991]: warnings.warn('Policy enforcement is depending on the value of '
Apr 01 21:29:02.735666 dv-cinder-836211-1-smb devstack@c-api.service[109990]: DEBUG cinder.api.openstack.wsgi [None req-3271096b-1291-4dda-8afe-6f072738bf16 tempest-GroupTypesTest-124556278 tempest-GroupTypesTest-124556278-project-admin] Empty body provided in request {{(pid=109990) get_body /opt/stack/cinder/cinder/api/openstack/wsgi.py:715}}
Apr 01 21:29:02.737390 dv-cinder-836211-1-smb devstack@c-api.service[109990]: DEBUG cinder.api.openstack.wsgi [None req-3271096b-1291-4dda-8afe-6f072738bf16 tempest-GroupTypesTest-124556278 tempest-GroupTypesTest-124556278-project-admin] Calling method 'version_select' {{(pid=109990) _process_stack /opt/stack/cinder/cinder/api/openstack/wsgi.py:868}}
Apr 01 21:29:02.765928 dv-cinder-836211-1-smb devstack@c-api.service[109990]: INFO cinder.api.openstack.wsgi [None req-3271096b-1291-4dda-8afe-6f072738bf16 tempest-GroupTypesTest-124556278 tempest-GroupTypesTest-124556278-project-admin] http://10.222.0.15/volume/v3/69a090b522d743a5b9218a00bbf3628e/group_types returned with HTTP 200
Apr 01 21:29:02.775912 dv-cinder-836211-1-smb devstack@c-api.service[109991]: INFO cinder.api.openstack.wsgi [None req-cf8c15e9-ba74-4439-b994-15ad7679565b tempest-GroupsTest-875521874 tempest-GroupsTest-875521874-project] http://10.222.0.15/volume/v3/3bd3104a2cd742b8ab8f39cc4e8c8d32/groups/70263c5d-6f75-4170-a14a-c03f9eb9f6cd returned with HTTP 200
Apr 01 21:29:02.782165 dv-cinder-836211-1-smb devstack@c-api.service[109991]: [pid: 109991|app: 0|req: 80/155] 10.222.0.15 () {60 vars in 1362 bytes} [Fri Apr 1 21:29:02 2022] GET /volume/v3/3bd3104a2cd742b8ab8f39cc4e8c8d32/groups/70263c5d-6f75-4170-a14a-c03f9eb9f6cd => generated 320 bytes in 111 msecs (HTTP/1.1 200) 7 headers in 286 bytes (1 switches on core 0)
Apr 01 21:29:02.784382 dv-cinder-836211-1-smb devstack@c-api.service[109991]: DEBUG cinder.api.middleware.request_id [None req-5ef98d5c-99cd-42c0-bf5e-8734b6fbc032 None None] RequestId filter calling following filter/app {{(pid=109991) _context_setter /opt/stack/cinder/cinder/api/middleware/request_id.py:62}}
Apr 01 21:29:02.791389 dv-cinder-836211-1-smb devstack@c-api.service[109990]: [pid: 109990|app: 0|req: 76/156] 10.222.0.15 () {60 vars in 1266 bytes} [Fri Apr 1 21:29:02 2022] GET /volume/v3/69a090b522d743a5b9218a00bbf3628e/group_types => generated 573 bytes in 91 msecs (HTTP/1.1 200) 7 headers in 286 bytes (1 switches on core 0)
Apr 01 21:29:02.797138 dv-cinder-836211-1-smb devstack@c-api.service[109991]: INFO cinder.api.openstack.wsgi [None req-5ef98d5c-99cd-42c0-bf5e-8734b6fbc032 tempest-GroupTypesTest-124556278 tempest-GroupTypesTest-124556278-project-admin] POST http://10.222.0.15/volume/v3/69a090b522d743a5b9218a00bbf3628e/group_types
Apr 01 21:29:02.798454 dv-cinder-836211-1-smb devstack@c-api.service[109991]: DEBUG cinder.api.openstack.wsgi [None req-5ef98d5c-99cd-42c0-bf5e-8734b6fbc032 tempest-GroupTypesTest-124556278 tempest-GroupTypesTest-124556278-project-admin] Action: 'create', calling method: version_select, body: {"group_type": {"name": "a_tempest-group-type-721482777", "is_public": true}} {{(pid=109991) _process_stack /opt/stack/cinder/cinder/api/openstack/wsgi.py:866}}
Apr 01 21:29:02.800948 dv-cinder-836211-1-smb devstack@c-api.service[109991]: /usr/local/lib/python3.8/dist-packages/oslo_context/context.py:100: DeprecationWarning: Policy enforcement is depending on the value of is_admin. This key is deprecated. Please update your policy file to use the standard policy values.
Apr 01 21:29:02.800948 dv-cinder-836211-1-smb devstack@c-api.service[109991]: warnings.warn('Policy enforcement is depending on the value of '
Apr 01 21:29:02.848288 dv-cinder-836211-1-smb devstack@c-api.service[109991]: INFO cinder.api.openstack.wsgi [None req-5ef98d5c-99cd-42c0-bf5e-8734b6fbc032 tempest-GroupTypesTest-124556278 tempest-GroupTypesTest-124556278-project-admin] http://10.222.0.15/volume/v3/69a090b522d743a5b9218a00bbf3628e/group_types returned with HTTP 202
Apr 01 21:29:02.850905 dv-cinder-836211-1-smb devstack@c-api.service[109991]: [pid: 109991|app: 0|req: 81/157] 10.222.0.15 () {62 vars in 1287 bytes} [Fri Apr 1 21:29:02 2022] POST /volume/v3/69a090b522d743a5b9218a00bbf3628e/group_types => generated 163 bytes in 67 msecs (HTTP/1.1 202) 7 headers in 292 bytes (1 switches on core 0)
Apr 01 21:29:02.857084 dv-cinder-836211-1-smb devstack@c-api.service[109990]: DEBUG cinder.api.middleware.request_id [None req-338f7203-7086-4277-ab1d-9809c46820c2 None None] RequestId filter calling following filter/app {{(pid=109990) _context_setter /opt/stack/cinder/cinder/api/middleware/request_id.py:62}}
Apr 01 21:29:02.860954 dv-cinder-836211-1-smb devstack@c-api.service[109990]: INFO cinder.api.openstack.wsgi [None req-338f7203-7086-4277-ab1d-9809c46820c2 tempest-GroupTypesTest-124556278 tempest-GroupTypesTest-124556278-project-admin] POST http://10.222.0.15/volume/v3/69a090b522d743a5b9218a00bbf3628e/group_types
Apr 01 21:29:02.861718 dv-cinder-836211-1-smb devstack@c-api.service[109990]: DEBUG cinder.api.openstack.wsgi [None req-338f7203-7086-4277-ab1d-9809c46820c2 tempest-GroupTypesTest-124556278 tempest-GroupTypesTest-124556278-project-admin] Action: 'create', calling method: version_select, body: {"group_type": {"name": "b_tempest-group-type-505153538", "is_public": false}} {{(pid=109990) _process_stack /opt/stack/cinder/cinder/api/openstack/wsgi.py:866}}
Apr 01 21:29:02.879271 dv-cinder-836211-1-smb devstack@c-api.service[109991]: DEBUG cinder.api.middleware.request_id [None req-3798fdc0-85a2-4e79-869e-81a1907d5fe2 None None] RequestId filter calling following filter/app {{(pid=109991) _context_setter /opt/stack/cinder/cinder/api/middleware/request_id.py:62}}
Apr 01 21:29:02.892408 dv-cinder-836211-1-smb devstack@c-api.service[109991]: INFO cinder.api.openstack.wsgi [None req-3798fdc0-85a2-4e79-869e-81a1907d5fe2 tempest-GroupSnapshotsTest-1880719029 tempest-GroupSnapshotsTest-1880719029-project] GET http://10.222.0.15/volume/v3/bf48b915017b48dba12cc91832e95226/group_snapshots/312449d7-5058-4644-be82-18745c90dde8
Apr 01 21:29:02.895655 dv-cinder-836211-1-smb devstack@c-api.service[109991]: DEBUG cinder.api.openstack.wsgi [None req-3798fdc0-85a2-4e79-869e-81a1907d5fe2 tempest-GroupSnapshotsTest-1880719029 tempest-GroupSnapshotsTest-1880719029-project] Empty body provided in request {{(pid=109991) get_body /opt/stack/cinder/cinder/api/openstack/wsgi.py:715}}
Apr 01 21:29:02.896943 dv-cinder-836211-1-smb devstack@c-api.service[109991]: DEBUG cinder.api.openstack.wsgi [None req-3798fdc0-85a2-4e79-869e-81a1907d5fe2 tempest-GroupSnapshotsTest-1880719029 tempest-GroupSnapshotsTest-1880719029-project] Calling method 'version_select' {{(pid=109991) _process_stack /opt/stack/cinder/cinder/api/openstack/wsgi.py:868}}
Apr 01 21:29:02.903545 dv-cinder-836211-1-smb devstack@c-api.service[109991]: DEBUG cinder.api.v3.group_snapshots [None req-3798fdc0-85a2-4e79-869e-81a1907d5fe2 tempest-GroupSnapshotsTest-1880719029 tempest-GroupSnapshotsTest-1880719029-project] show called for member 312449d7-5058-4644-be82-18745c90dde8 {{(pid=109991) show /opt/stack/cinder/cinder/api/v3/group_snapshots.py:58}}
Apr 01 21:29:02.918248 dv-cinder-836211-1-smb devstack@c-api.service[109991]: /usr/local/lib/python3.8/dist-packages/oslo_context/context.py:100: DeprecationWarning: Policy enforcement is depending on the value of is_admin. This key is deprecated. Please update your policy file to use the standard policy values.
Apr 01 21:29:02.918248 dv-cinder-836211-1-smb devstack@c-api.service[109991]: warnings.warn('Policy enforcement is depending on the value of '
Apr 01 21:29:02.952611 dv-cinder-836211-1-smb devstack@c-api.service[109991]: INFO cinder.api.openstack.wsgi [None req-3798fdc0-85a2-4e79-869e-81a1907d5fe2 tempest-GroupSnapshotsTest-1880719029 tempest-GroupSnapshotsTest-1880719029-project] http://10.222.0.15/volume/v3/bf48b915017b48dba12cc91832e95226/group_snapshots/312449d7-5058-4644-be82-18745c90dde8 returned with HTTP 200
Apr 01 21:29:02.955477 dv-cinder-836211-1-smb devstack@c-api.service[109990]: INFO cinder.api.openstack.wsgi [None req-338f7203-7086-4277-ab1d-9809c46820c2 tempest-GroupTypesTest-124556278 tempest-GroupTypesTest-124556278-project-admin] http://10.222.0.15/volume/v3/69a090b522d743a5b9218a00bbf3628e/group_types returned with HTTP 202
Apr 01 21:29:02.961173 dv-cinder-836211-1-smb devstack@c-api.service[109990]: [pid: 109990|app: 0|req: 77/158] 10.222.0.15 () {62 vars in 1287 bytes} [Fri Apr 1 21:29:02 2022] POST /volume/v3/69a090b522d743a5b9218a00bbf3628e/group_types => generated 164 bytes in 100 msecs (HTTP/1.1 202) 7 headers in 292 bytes (2 switches on core 0)
Apr 01 21:29:02.972093 dv-cinder-836211-1-smb devstack@c-api.service[109991]: [pid: 109991|app: 0|req: 82/159] 10.222.0.15 () {60 vars in 1389 bytes} [Fri Apr 1 21:29:02 2022] GET /volume/v3/bf48b915017b48dba12cc91832e95226/group_snapshots/312449d7-5058-4644-be82-18745c90dde8 => generated 308 bytes in 90 msecs (HTTP/1.1 200) 7 headers in 286 bytes (1 switches on core 0)
Apr 01 21:29:02.977207 dv-cinder-836211-1-smb devstack@c-api.service[109991]: DEBUG cinder.api.middleware.request_id [None req-92f26cf8-0771-4a56-ae9c-00bab9650106 None None] RequestId filter calling following filter/app {{(pid=109991) _context_setter /opt/stack/cinder/cinder/api/middleware/request_id.py:62}}
Apr 01 21:29:02.987551 dv-cinder-836211-1-smb devstack@c-api.service[109990]: DEBUG cinder.api.middleware.request_id [None req-2806cfff-3d0b-425b-84b5-d16f1664e3d7 None None] RequestId filter calling following filter/app {{(pid=109990) _context_setter /opt/stack/cinder/cinder/api/middleware/request_id.py:62}}
Apr 01 21:29:03.000919 dv-cinder-836211-1-smb devstack@c-api.service[109990]: INFO cinder.api.openstack.wsgi [None req-2806cfff-3d0b-425b-84b5-d16f1664e3d7 tempest-GroupSnapshotsTest-1880719029 tempest-GroupSnapshotsTest-1880719029-project] GET http://10.222.0.15/volume/v3/bf48b915017b48dba12cc91832e95226/snapshots/detail
Apr 01 21:29:03.001744 dv-cinder-836211-1-smb devstack@c-api.service[109990]: DEBUG cinder.api.openstack.wsgi [None req-2806cfff-3d0b-425b-84b5-d16f1664e3d7 tempest-GroupSnapshotsTest-1880719029 tempest-GroupSnapshotsTest-1880719029-project] Empty body provided in request {{(pid=109990) get_body /opt/stack/cinder/cinder/api/openstack/wsgi.py:715}}
Apr 01 21:29:03.002511 dv-cinder-836211-1-smb devstack@c-api.service[109990]: DEBUG cinder.api.openstack.wsgi [None req-2806cfff-3d0b-425b-84b5-d16f1664e3d7 tempest-GroupSnapshotsTest-1880719029 tempest-GroupSnapshotsTest-1880719029-project] Calling method 'detail' {{(pid=109990) _process_stack /opt/stack/cinder/cinder/api/openstack/wsgi.py:868}}
Apr 01 21:29:03.003583 dv-cinder-836211-1-smb devstack@c-api.service[109990]: DEBUG cinder.api.api_utils [None req-2806cfff-3d0b-425b-84b5-d16f1664e3d7 tempest-GroupSnapshotsTest-1880719029 tempest-GroupSnapshotsTest-1880719029-project] Removing options '' from query. {{(pid=109990) remove_invalid_filter_options /opt/stack/cinder/cinder/api/api_utils.py:73}}
Apr 01 21:29:03.007674 dv-cinder-836211-1-smb devstack@c-api.service[109990]: DEBUG cinder.db.sqlalchemy.api [None req-2806cfff-3d0b-425b-84b5-d16f1664e3d7 tempest-GroupSnapshotsTest-1880719029 tempest-GroupSnapshotsTest-1880719029-project] Building query based on filter {{(pid=109990) _process_snaps_filters /opt/stack/cinder/cinder/db/sqlalchemy/api.py:3377}}
Apr 01 21:29:03.018185 dv-cinder-836211-1-smb devstack@c-api.service[109991]: INFO cinder.api.openstack.wsgi [None req-92f26cf8-0771-4a56-ae9c-00bab9650106 tempest-GroupTypesTest-124556278 tempest-GroupTypesTest-124556278-project-admin] GET http://10.222.0.15/volume/v3/69a090b522d743a5b9218a00bbf3628e/group_types?sort=name%3Aasc&is_public=None
Apr 01 21:29:03.018666 dv-cinder-836211-1-smb devstack@c-api.service[109991]: DEBUG cinder.api.openstack.wsgi [None req-92f26cf8-0771-4a56-ae9c-00bab9650106 tempest-GroupTypesTest-124556278 tempest-GroupTypesTest-124556278-project-admin] Empty body provided in request {{(pid=109991) get_body /opt/stack/cinder/cinder/api/openstack/wsgi.py:715}}
Apr 01 21:29:03.019361 dv-cinder-836211-1-smb devstack@c-api.service[109991]: DEBUG cinder.api.openstack.wsgi [None req-92f26cf8-0771-4a56-ae9c-00bab9650106 tempest-GroupTypesTest-124556278 tempest-GroupTypesTest-124556278-project-admin] Calling method 'version_select' {{(pid=109991) _process_stack /opt/stack/cinder/cinder/api/openstack/wsgi.py:868}}
Apr 01 21:29:03.020247 dv-cinder-836211-1-smb devstack@c-api.service[109990]: INFO cinder.volume.api [None req-2806cfff-3d0b-425b-84b5-d16f1664e3d7 tempest-GroupSnapshotsTest-1880719029 tempest-GroupSnapshotsTest-1880719029-project] Get all snapshots completed successfully.
Apr 01 21:29:03.022038 dv-cinder-836211-1-smb devstack@c-api.service[109990]: /usr/local/lib/python3.8/dist-packages/oslo_context/context.py:100: DeprecationWarning: Policy enforcement is depending on the value of is_admin. This key is deprecated. Please update your policy file to use the standard policy values.
Apr 01 21:29:03.022038 dv-cinder-836211-1-smb devstack@c-api.service[109990]: warnings.warn('Policy enforcement is depending on the value of '
Apr 01 21:29:03.026718 dv-cinder-836211-1-smb devstack@c-api.service[109990]: INFO cinder.api.openstack.wsgi [None req-2806cfff-3d0b-425b-84b5-d16f1664e3d7 tempest-GroupSnapshotsTest-1880719029 tempest-GroupSnapshotsTest-1880719029-project] http://10.222.0.15/volume/v3/bf48b915017b48dba12cc91832e95226/snapshots/detail returned with HTTP 200
Apr 01 21:29:03.034889 dv-cinder-836211-1-smb devstack@c-api.service[109990]: [pid: 109990|app: 0|req: 78/160] 10.222.0.15 () {58 vars in 1240 bytes} [Fri Apr 1 21:29:02 2022] GET /volume/v3/bf48b915017b48dba12cc91832e95226/snapshots/detail => generated 520 bytes in 54 msecs (HTTP/1.1 200) 7 headers in 285 bytes (1 switches on core 0)
Apr 01 21:29:03.036692 dv-cinder-836211-1-smb devstack@c-api.service[109990]: DEBUG cinder.api.middleware.request_id [None req-c3bf1acb-1310-48ff-87a2-697d0b4bed64 None None] RequestId filter calling following filter/app {{(pid=109990) _context_setter /opt/stack/cinder/cinder/api/middleware/request_id.py:62}}
Apr 01 21:29:03.061324 dv-cinder-836211-1-smb devstack@c-api.service[109991]: INFO cinder.api.openstack.wsgi [None req-92f26cf8-0771-4a56-ae9c-00bab9650106 tempest-GroupTypesTest-124556278 tempest-GroupTypesTest-124556278-project-admin] http://10.222.0.15/volume/v3/69a090b522d743a5b9218a00bbf3628e/group_types?sort=name%3Aasc&is_public=None returned with HTTP 200
Apr 01 21:29:03.062685 dv-cinder-836211-1-smb devstack@c-api.service[109991]: [pid: 109991|app: 0|req: 83/161] 10.222.0.15 () {60 vars in 1327 bytes} [Fri Apr 1 21:29:02 2022] GET /volume/v3/69a090b522d743a5b9218a00bbf3628e/group_types?sort=name%3Aasc&is_public=None => generated 872 bytes in 94 msecs (HTTP/1.1 200) 7 headers in 286 bytes (1 switches on core 0)
Apr 01 21:29:03.064705 dv-cinder-836211-1-smb devstack@c-api.service[109991]: DEBUG cinder.api.middleware.request_id [None req-6566ea15-ec02-4e12-87ab-86ae0886bb12 None None] RequestId filter calling following filter/app {{(pid=109991) _context_setter /opt/stack/cinder/cinder/api/middleware/request_id.py:62}}
Apr 01 21:29:03.072677 dv-cinder-836211-1-smb devstack@c-api.service[109991]: INFO cinder.api.openstack.wsgi [None req-6566ea15-ec02-4e12-87ab-86ae0886bb12 tempest-GroupSnapshotsTest-1880719029 tempest-GroupSnapshotsTest-1880719029-project] GET http://10.222.0.15/volume/v3/bf48b915017b48dba12cc91832e95226/snapshots/a308d4f7-969a-474e-a795-25a65ba4f316
Apr 01 21:29:03.080323 dv-cinder-836211-1-smb devstack@c-api.service[109991]: DEBUG cinder.api.openstack.wsgi [None req-6566ea15-ec02-4e12-87ab-86ae0886bb12 tempest-GroupSnapshotsTest-1880719029 tempest-GroupSnapshotsTest-1880719029-project] Empty body provided in request {{(pid=109991) get_body /opt/stack/cinder/cinder/api/openstack/wsgi.py:715}}
Apr 01 21:29:03.080996 dv-cinder-836211-1-smb devstack@c-api.service[109991]: DEBUG cinder.api.openstack.wsgi [None req-6566ea15-ec02-4e12-87ab-86ae0886bb12 tempest-GroupSnapshotsTest-1880719029 tempest-GroupSnapshotsTest-1880719029-project] Calling method 'show' {{(pid=109991) _process_stack /opt/stack/cinder/cinder/api/openstack/wsgi.py:868}}
Apr 01 21:29:03.117443 dv-cinder-836211-1-smb devstack@c-api.service[109991]: /usr/local/lib/python3.8/dist-packages/oslo_context/context.py:100: DeprecationWarning: Policy enforcement is depending on the value of is_admin. This key is deprecated. Please update your policy file to use the standard policy values.
Apr 01 21:29:03.117443 dv-cinder-836211-1-smb devstack@c-api.service[109991]: warnings.warn('Policy enforcement is depending on the value of '
Apr 01 21:29:03.118213 dv-cinder-836211-1-smb devstack@c-api.service[109991]: INFO cinder.volume.api [None req-6566ea15-ec02-4e12-87ab-86ae0886bb12 tempest-GroupSnapshotsTest-1880719029 tempest-GroupSnapshotsTest-1880719029-project] Snapshot retrieved successfully.
Apr 01 21:29:03.120608 dv-cinder-836211-1-smb devstack@c-api.service[109991]: INFO cinder.api.openstack.wsgi [None req-6566ea15-ec02-4e12-87ab-86ae0886bb12 tempest-GroupSnapshotsTest-1880719029 tempest-GroupSnapshotsTest-1880719029-project] http://10.222.0.15/volume/v3/bf48b915017b48dba12cc91832e95226/snapshots/a308d4f7-969a-474e-a795-25a65ba4f316 returned with HTTP 200
Apr 01 21:29:03.125473 dv-cinder-836211-1-smb devstack@c-api.service[109991]: [pid: 109991|app: 0|req: 84/162] 10.222.0.15 () {58 vars in 1330 bytes} [Fri Apr 1 21:29:03 2022] GET /volume/v3/bf48b915017b48dba12cc91832e95226/snapshots/a308d4f7-969a-474e-a795-25a65ba4f316 => generated 517 bytes in 62 msecs (HTTP/1.1 200) 7 headers in 285 bytes (1 switches on core 0)
Apr 01 21:29:03.127146 dv-cinder-836211-1-smb devstack@c-api.service[109991]: DEBUG cinder.api.middleware.request_id [None req-55194a9e-b7c0-49fd-8a6f-83fedff41cfa None None] RequestId filter calling following filter/app {{(pid=109991) _context_setter /opt/stack/cinder/cinder/api/middleware/request_id.py:62}}
Apr 01 21:29:03.147035 dv-cinder-836211-1-smb devstack@c-api.service[109991]: INFO cinder.api.openstack.wsgi [None req-55194a9e-b7c0-49fd-8a6f-83fedff41cfa tempest-GroupTypesTest-124556278 tempest-GroupTypesTest-124556278-project-admin] GET http://10.222.0.15/volume/v3/69a090b522d743a5b9218a00bbf3628e/group_types?sort=name%3Adesc&is_public=None
Apr 01 21:29:03.147951 dv-cinder-836211-1-smb devstack@c-api.service[109991]: DEBUG cinder.api.openstack.wsgi [None req-55194a9e-b7c0-49fd-8a6f-83fedff41cfa tempest-GroupTypesTest-124556278 tempest-GroupTypesTest-124556278-project-admin] Empty body provided in request {{(pid=109991) get_body /opt/stack/cinder/cinder/api/openstack/wsgi.py:715}}
Apr 01 21:29:03.148652 dv-cinder-836211-1-smb devstack@c-api.service[109991]: DEBUG cinder.api.openstack.wsgi [None req-55194a9e-b7c0-49fd-8a6f-83fedff41cfa tempest-GroupTypesTest-124556278 tempest-GroupTypesTest-124556278-project-admin] Calling method 'version_select' {{(pid=109991) _process_stack /opt/stack/cinder/cinder/api/openstack/wsgi.py:868}}
Apr 01 21:29:03.210055 dv-cinder-836211-1-smb devstack@c-api.service[109991]: INFO cinder.api.openstack.wsgi [None req-55194a9e-b7c0-49fd-8a6f-83fedff41cfa tempest-GroupTypesTest-124556278 tempest-GroupTypesTest-124556278-project-admin] http://10.222.0.15/volume/v3/69a090b522d743a5b9218a00bbf3628e/group_types?sort=name%3Adesc&is_public=None returned with HTTP 200
Apr 01 21:29:03.215413 dv-cinder-836211-1-smb devstack@c-api.service[109991]: [pid: 109991|app: 0|req: 85/163] 10.222.0.15 () {60 vars in 1329 bytes} [Fri Apr 1 21:29:03 2022] GET /volume/v3/69a090b522d743a5b9218a00bbf3628e/group_types?sort=name%3Adesc&is_public=None => generated 872 bytes in 89 msecs (HTTP/1.1 200) 7 headers in 286 bytes (1 switches on core 0)
Apr 01 21:29:03.217052 dv-cinder-836211-1-smb devstack@c-api.service[109991]: DEBUG cinder.api.middleware.request_id [None req-c7cbc03a-8d29-4d71-9069-b69a4951ee20 None None] RequestId filter calling following filter/app {{(pid=109991) _context_setter /opt/stack/cinder/cinder/api/middleware/request_id.py:62}}
Apr 01 21:29:03.225643 dv-cinder-836211-1-smb devstack@c-api.service[109991]: INFO cinder.api.openstack.wsgi [None req-c7cbc03a-8d29-4d71-9069-b69a4951ee20 tempest-GroupSnapshotsTest-1880719029 tempest-GroupSnapshotsTest-1880719029-project] POST http://10.222.0.15/volume/v3/bf48b915017b48dba12cc91832e95226/groups/action
Apr 01 21:29:03.228370 dv-cinder-836211-1-smb devstack@c-api.service[109991]: DEBUG cinder.api.openstack.wsgi [None req-c7cbc03a-8d29-4d71-9069-b69a4951ee20 tempest-GroupSnapshotsTest-1880719029 tempest-GroupSnapshotsTest-1880719029-project] Action body: b'{"create-from-src": {"group_snapshot_id": "312449d7-5058-4644-be82-18745c90dde8", "name": "tempest-Group_from_snap-1070738081"}}' {{(pid=109991) get_method /opt/stack/cinder/cinder/api/openstack/wsgi.py:983}}
Apr 01 21:29:03.232461 dv-cinder-836211-1-smb devstack@c-api.service[109991]: DEBUG cinder.api.openstack.wsgi [None req-c7cbc03a-8d29-4d71-9069-b69a4951ee20 tempest-GroupSnapshotsTest-1880719029 tempest-GroupSnapshotsTest-1880719029-project] Action: 'action', calling method: version_select, body: {"create-from-src": {"group_snapshot_id": "312449d7-5058-4644-be82-18745c90dde8", "name": "tempest-Group_from_snap-1070738081"}} {{(pid=109991) _process_stack /opt/stack/cinder/cinder/api/openstack/wsgi.py:866}}
Apr 01 21:29:03.241202 dv-cinder-836211-1-smb devstack@c-api.service[109991]: DEBUG cinder.api.v3.groups [None req-c7cbc03a-8d29-4d71-9069-b69a4951ee20 tempest-GroupSnapshotsTest-1880719029 tempest-GroupSnapshotsTest-1880719029-project] Creating new group {'create-from-src': {'group_snapshot_id': '312449d7-5058-4644-be82-18745c90dde8', 'name': 'tempest-Group_from_snap-1070738081'}}. {{(pid=109991) create_from_src /opt/stack/cinder/cinder/api/v3/groups.py:236}}
Apr 01 21:29:03.241763 dv-cinder-836211-1-smb devstack@c-api.service[109991]: INFO cinder.api.v3.groups [None req-c7cbc03a-8d29-4d71-9069-b69a4951ee20 tempest-GroupSnapshotsTest-1880719029 tempest-GroupSnapshotsTest-1880719029-project] Creating group tempest-Group_from_snap-1070738081 from group_snapshot 312449d7-5058-4644-be82-18745c90dde8.
Apr 01 21:29:03.257789 dv-cinder-836211-1-smb devstack@c-api.service[109991]: /usr/local/lib/python3.8/dist-packages/oslo_context/context.py:100: DeprecationWarning: Policy enforcement is depending on the value of is_admin. This key is deprecated. Please update your policy file to use the standard policy values.
Apr 01 21:29:03.257789 dv-cinder-836211-1-smb devstack@c-api.service[109991]: warnings.warn('Policy enforcement is depending on the value of '
Apr 01 21:29:03.296355 dv-cinder-836211-1-smb devstack@c-api.service[109991]: /usr/local/lib/python3.8/dist-packages/oslo_context/context.py:100: DeprecationWarning: Policy enforcement is depending on the value of is_admin. This key is deprecated. Please update your policy file to use the standard policy values.
Apr 01 21:29:03.296355 dv-cinder-836211-1-smb devstack@c-api.service[109991]: warnings.warn('Policy enforcement is depending on the value of '
Apr 01 21:29:03.312357 dv-cinder-836211-1-smb devstack@c-api.service[109991]: /usr/local/lib/python3.8/dist-packages/oslo_context/context.py:100: DeprecationWarning: Policy enforcement is depending on the value of is_admin. This key is deprecated. Please update your policy file to use the standard policy values.
Apr 01 21:29:03.312357 dv-cinder-836211-1-smb devstack@c-api.service[109991]: warnings.warn('Policy enforcement is depending on the value of '
Apr 01 21:29:03.412291 dv-cinder-836211-1-smb devstack@c-api.service[109990]: INFO cinder.api.openstack.wsgi [None req-c3bf1acb-1310-48ff-87a2-697d0b4bed64 tempest-SnapshotsActionsTest-2128664990 tempest-SnapshotsActionsTest-2128664990-project] POST http://10.222.0.15/volume/v3/d727ff0a267c498190efdb72c9f66625/volumes
Apr 01 21:29:03.414304 dv-cinder-836211-1-smb devstack@c-api.service[109990]: DEBUG cinder.api.openstack.wsgi [None req-c3bf1acb-1310-48ff-87a2-697d0b4bed64 tempest-SnapshotsActionsTest-2128664990 tempest-SnapshotsActionsTest-2128664990-project] Action: 'create', calling method: create, body: {"volume": {"size": 1, "name": "tempest-SnapshotsActionsTest-Volume-398558720"}} {{(pid=109990) _process_stack /opt/stack/cinder/cinder/api/openstack/wsgi.py:866}}
Apr 01 21:29:03.417516 dv-cinder-836211-1-smb devstack@c-api.service[109990]: DEBUG cinder.api.v3.volumes [None req-c3bf1acb-1310-48ff-87a2-697d0b4bed64 tempest-SnapshotsActionsTest-2128664990 tempest-SnapshotsActionsTest-2128664990-project] Create volume request body: {'volume': {'size': 1, 'name': 'tempest-SnapshotsActionsTest-Volume-398558720'}} {{(pid=109990) create /opt/stack/cinder/cinder/api/v3/volumes.py:298}}
Apr 01 21:29:03.418125 dv-cinder-836211-1-smb devstack@c-api.service[109990]: INFO cinder.api.v3.volumes [None req-c3bf1acb-1310-48ff-87a2-697d0b4bed64 tempest-SnapshotsActionsTest-2128664990 tempest-SnapshotsActionsTest-2128664990-project] Create volume of 1 GB
Apr 01 21:29:03.429399 dv-cinder-836211-1-smb devstack@c-api.service[109990]: INFO cinder.volume.api [None req-c3bf1acb-1310-48ff-87a2-697d0b4bed64 tempest-SnapshotsActionsTest-2128664990 tempest-SnapshotsActionsTest-2128664990-project] Availability Zones retrieved successfully.
Apr 01 21:29:03.445450 dv-cinder-836211-1-smb devstack@c-api.service[109991]: DEBUG cinder.quota [None req-c7cbc03a-8d29-4d71-9069-b69a4951ee20 tempest-GroupSnapshotsTest-1880719029 tempest-GroupSnapshotsTest-1880719029-project] Created reservations ['73f6a9bb-8ba4-43ca-bac7-f10cbc59b6a3'] {{(pid=109991) reserve /opt/stack/cinder/cinder/quota.py:755}}
Apr 01 21:29:03.454896 dv-cinder-836211-1-smb devstack@c-api.service[109990]: DEBUG cinder.volume.api [None req-c3bf1acb-1310-48ff-87a2-697d0b4bed64 tempest-SnapshotsActionsTest-2128664990 tempest-SnapshotsActionsTest-2128664990-project] Flow 'volume_create_api' (8e24691f-dd33-493a-841c-2d634bc1c41c) transitioned into state 'RUNNING' from state 'PENDING' {{(pid=109990) _flow_receiver /usr/local/lib/python3.8/dist-packages/taskflow/listeners/logging.py:141}}
Apr 01 21:29:03.461601 dv-cinder-836211-1-smb devstack@c-api.service[109990]: DEBUG cinder.volume.api [None req-c3bf1acb-1310-48ff-87a2-697d0b4bed64 tempest-SnapshotsActionsTest-2128664990 tempest-SnapshotsActionsTest-2128664990-project] Task 'cinder.volume.flows.api.create_volume.ExtractVolumeRequestTask;volume:create' (ad5b593c-3dbf-4e7e-bb18-82950423d0ed) transitioned into state 'RUNNING' from state 'PENDING' {{(pid=109990) _task_receiver /usr/local/lib/python3.8/dist-packages/taskflow/listeners/logging.py:190}}
Apr 01 21:29:03.465469 dv-cinder-836211-1-smb devstack@c-api.service[109990]: DEBUG cinder.volume.flows.api.create_volume [None req-c3bf1acb-1310-48ff-87a2-697d0b4bed64 tempest-SnapshotsActionsTest-2128664990 tempest-SnapshotsActionsTest-2128664990-project] Validating volume size '1' using validate_int {{(pid=109990) _extract_size /opt/stack/cinder/cinder/volume/flows/api/create_volume.py:225}}
Apr 01 21:29:03.516496 dv-cinder-836211-1-smb devstack@c-api.service[109990]: DEBUG cinder.volume.api [None req-c3bf1acb-1310-48ff-87a2-697d0b4bed64 tempest-SnapshotsActionsTest-2128664990 tempest-SnapshotsActionsTest-2128664990-project] Task 'cinder.volume.flows.api.create_volume.ExtractVolumeRequestTask;volume:create' (ad5b593c-3dbf-4e7e-bb18-82950423d0ed) transitioned into state 'SUCCESS' from state 'RUNNING' with result '{'size': 1, 'snapshot_id': None, 'source_volid': None, 'volume_type': VolumeType(created_at=2022-04-01T21:18:35Z,deleted=False,deleted_at=None,description='Default Volume Type',extra_specs={},id=9ca68c6e-43e7-474b-8d89-af9f40382177,is_public=True,name='__DEFAULT__',projects=[],qos_specs=,qos_specs_id=None,updated_at=2022-04-01T21:18:35Z), 'volume_type_id': '9ca68c6e-43e7-474b-8d89-af9f40382177', 'encryption_key_id': None, 'qos_specs': None, 'consistencygroup_id': None, 'cgsnapshot_id': None, 'group_id': None, 'replication_status': 'disabled', 'refresh_az': False, 'backup_id': None, 'multiattach': False, 'availability_zones': ['nova']}' {{(pid=109990) _task_receiver /usr/local/lib/python3.8/dist-packages/taskflow/listeners/logging.py:178}}
Apr 01 21:29:03.520719 dv-cinder-836211-1-smb devstack@c-api.service[109990]: DEBUG cinder.volume.api [None req-c3bf1acb-1310-48ff-87a2-697d0b4bed64 tempest-SnapshotsActionsTest-2128664990 tempest-SnapshotsActionsTest-2128664990-project] Task 'cinder.volume.flows.api.create_volume.QuotaReserveTask;volume:create' (1a3e43e0-dccb-41b1-a9cb-3b70a824e443) transitioned into state 'RUNNING' from state 'PENDING' {{(pid=109990) _task_receiver /usr/local/lib/python3.8/dist-packages/taskflow/listeners/logging.py:190}}
Apr 01 21:29:03.628088 dv-cinder-836211-1-smb devstack@c-api.service[109991]: INFO cinder.group.api [None req-c7cbc03a-8d29-4d71-9069-b69a4951ee20 tempest-GroupSnapshotsTest-1880719029 tempest-GroupSnapshotsTest-1880719029-project] A mapping entry already exists for group 12ed69ef-9b2d-440a-8434-efe04c5b2b42 and volume type 05f79008-5d89-4c5f-ad94-3a704f59a5ed. Do not need to create again.
Apr 01 21:29:03.629348 dv-cinder-836211-1-smb devstack@c-api.service[109991]: /usr/local/lib/python3.8/dist-packages/oslo_context/context.py:100: DeprecationWarning: Policy enforcement is depending on the value of is_admin. This key is deprecated. Please update your policy file to use the standard policy values.
Apr 01 21:29:03.629348 dv-cinder-836211-1-smb devstack@c-api.service[109991]: warnings.warn('Policy enforcement is depending on the value of '
Apr 01 21:29:03.634833 dv-cinder-836211-1-smb devstack@c-api.service[109991]: INFO cinder.volume.api [None req-c7cbc03a-8d29-4d71-9069-b69a4951ee20 tempest-GroupSnapshotsTest-1880719029 tempest-GroupSnapshotsTest-1880719029-project] Availability Zones retrieved successfully.
Apr 01 21:29:03.656736 dv-cinder-836211-1-smb devstack@c-api.service[109990]: DEBUG cinder.quota [None req-c3bf1acb-1310-48ff-87a2-697d0b4bed64 tempest-SnapshotsActionsTest-2128664990 tempest-SnapshotsActionsTest-2128664990-project] Created reservations ['f3fff3da-5970-4d16-b4b6-3a1c200a096c', '94cfd208-37eb-4837-abe2-7498669d1b4e', 'e5e02b70-725c-4229-8527-4d190effa847', '562c311c-65a3-4be3-8002-8d84504fb2b1'] {{(pid=109990) reserve /opt/stack/cinder/cinder/quota.py:755}}
Apr 01 21:29:03.663932 dv-cinder-836211-1-smb devstack@c-api.service[109990]: DEBUG cinder.volume.api [None req-c3bf1acb-1310-48ff-87a2-697d0b4bed64 tempest-SnapshotsActionsTest-2128664990 tempest-SnapshotsActionsTest-2128664990-project] Task 'cinder.volume.flows.api.create_volume.QuotaReserveTask;volume:create' (1a3e43e0-dccb-41b1-a9cb-3b70a824e443) transitioned into state 'SUCCESS' from state 'RUNNING' with result '{'reservations': ['f3fff3da-5970-4d16-b4b6-3a1c200a096c', '94cfd208-37eb-4837-abe2-7498669d1b4e', 'e5e02b70-725c-4229-8527-4d190effa847', '562c311c-65a3-4be3-8002-8d84504fb2b1']}' {{(pid=109990) _task_receiver /usr/local/lib/python3.8/dist-packages/taskflow/listeners/logging.py:178}}
Apr 01 21:29:03.669331 dv-cinder-836211-1-smb devstack@c-api.service[109990]: DEBUG cinder.volume.api [None req-c3bf1acb-1310-48ff-87a2-697d0b4bed64 tempest-SnapshotsActionsTest-2128664990 tempest-SnapshotsActionsTest-2128664990-project] Task 'cinder.volume.flows.api.create_volume.EntryCreateTask;volume:create' (b1a876f4-fd41-4567-88c7-7df59e35143d) transitioned into state 'RUNNING' from state 'PENDING' {{(pid=109990) _task_receiver /usr/local/lib/python3.8/dist-packages/taskflow/listeners/logging.py:190}}
Apr 01 21:29:03.669466 dv-cinder-836211-1-smb devstack@c-api.service[109991]: DEBUG cinder.volume.api [None req-c7cbc03a-8d29-4d71-9069-b69a4951ee20 tempest-GroupSnapshotsTest-1880719029 tempest-GroupSnapshotsTest-1880719029-project] Flow 'volume_create_api' (49e6373d-91f5-45dc-9742-86cea60b0f81) transitioned into state 'RUNNING' from state 'PENDING' {{(pid=109991) _flow_receiver /usr/local/lib/python3.8/dist-packages/taskflow/listeners/logging.py:141}}
Apr 01 21:29:03.680596 dv-cinder-836211-1-smb devstack@c-api.service[109991]: DEBUG cinder.volume.api [None req-c7cbc03a-8d29-4d71-9069-b69a4951ee20 tempest-GroupSnapshotsTest-1880719029 tempest-GroupSnapshotsTest-1880719029-project] Task 'cinder.volume.flows.api.create_volume.ExtractVolumeRequestTask;volume:create' (2c0c7c3d-e210-4671-8b7a-1c5b08a7f15b) transitioned into state 'RUNNING' from state 'PENDING' {{(pid=109991) _task_receiver /usr/local/lib/python3.8/dist-packages/taskflow/listeners/logging.py:190}}
Apr 01 21:29:03.683651 dv-cinder-836211-1-smb devstack@c-api.service[109991]: DEBUG cinder.volume.flows.api.create_volume [None req-c7cbc03a-8d29-4d71-9069-b69a4951ee20 tempest-GroupSnapshotsTest-1880719029 tempest-GroupSnapshotsTest-1880719029-project] Validating volume size '1' using validate_int, validate_snap_size {{(pid=109991) _extract_size /opt/stack/cinder/cinder/volume/flows/api/create_volume.py:225}}
Apr 01 21:29:03.719627 dv-cinder-836211-1-smb devstack@c-api.service[109990]: DEBUG cinder.volume.api [None req-c3bf1acb-1310-48ff-87a2-697d0b4bed64 tempest-SnapshotsActionsTest-2128664990 tempest-SnapshotsActionsTest-2128664990-project] Task 'cinder.volume.flows.api.create_volume.EntryCreateTask;volume:create' (b1a876f4-fd41-4567-88c7-7df59e35143d) transitioned into state 'SUCCESS' from state 'RUNNING' with result '{'volume_id': '4815c788-feff-4300-bb0e-498dcdac558d', 'volume_properties': VolumeProperties(attach_status='detached',availability_zone='nova',cgsnapshot_id=None,consistencygroup_id=None,display_description=None,display_name='tempest-SnapshotsActionsTest-Volume-398558720',encryption_key_id=None,group_id=None,group_type_id=,metadata={},multiattach=False,project_id='d727ff0a267c498190efdb72c9f66625',qos_specs=None,replication_status=,reservations=['f3fff3da-5970-4d16-b4b6-3a1c200a096c','94cfd208-37eb-4837-abe2-7498669d1b4e','e5e02b70-725c-4229-8527-4d190effa847','562c311c-65a3-4be3-8002-8d84504fb2b1'],size=1,snapshot_id=None,source_replicaid=,source_volid=None,status='creating',user_id='83a04375ec764b5bbd07571ad8dc121d',volume_type_id=9ca68c6e-43e7-474b-8d89-af9f40382177), 'volume': Volume(_name_id=None,admin_metadata=,attach_status='detached',availability_zone='nova',bootable=False,cluster=,cluster_name=None,consistencygroup=,consistencygroup_id=None,created_at=2022-04-01T21:29:03Z,deleted=False,deleted_at=None,display_description=None,display_name='tempest-SnapshotsActionsTest-Volume-398558720',ec2_id=None,encryption_key_id=None,glance_metadata=,group=,group_id=None,host=None,id=4815c788-feff-4300-bb0e-498dcdac558d,launched_at=None,metadata={},migration_status=None,multiattach=False,previous_status=None,project_id='d727ff0a267c498190efdb72c9f66625',provider_auth=None,provider_geometry=None,provider_id=None,provider_location=None,replication_driver_data=None,replication_extended_status=None,replication_status=None,scheduled_at=None,service_uuid=None,shared_targets=True,size=1,snapshot_id=None,snapshots=,source_volid=None,status='creating',terminated_at=None,updated_at=None,use_quota=True,user_id='83a04375ec764b5bbd07571ad8dc121d',volume_attachment=VolumeAttachmentList,volume_type=VolumeType(9ca68c6e-43e7-474b-8d89-af9f40382177),volume_type_id=9ca68c6e-43e7-474b-8d89-af9f40382177)}' {{(pid=109990) _task_receiver /usr/local/lib/python3.8/dist-packages/taskflow/listeners/logging.py:178}}
Apr 01 21:29:03.722258 dv-cinder-836211-1-smb devstack@c-api.service[109990]: DEBUG cinder.volume.api [None req-c3bf1acb-1310-48ff-87a2-697d0b4bed64 tempest-SnapshotsActionsTest-2128664990 tempest-SnapshotsActionsTest-2128664990-project] Task 'cinder.volume.flows.api.create_volume.QuotaCommitTask;volume:create' (06503385-b2c4-4ea4-a65f-7bd1d04d4a65) transitioned into state 'RUNNING' from state 'PENDING' {{(pid=109990) _task_receiver /usr/local/lib/python3.8/dist-packages/taskflow/listeners/logging.py:190}}
Apr 01 21:29:03.753765 dv-cinder-836211-1-smb devstack@c-api.service[109990]: DEBUG cinder.volume.api [None req-c3bf1acb-1310-48ff-87a2-697d0b4bed64 tempest-SnapshotsActionsTest-2128664990 tempest-SnapshotsActionsTest-2128664990-project] Task 'cinder.volume.flows.api.create_volume.QuotaCommitTask;volume:create' (06503385-b2c4-4ea4-a65f-7bd1d04d4a65) transitioned into state 'SUCCESS' from state 'RUNNING' with result '{'volume_properties': VolumeProperties(attach_status='detached',availability_zone='nova',cgsnapshot_id=None,consistencygroup_id=None,display_description=None,display_name='tempest-SnapshotsActionsTest-Volume-398558720',encryption_key_id=None,group_id=None,group_type_id=,metadata={},multiattach=False,project_id='d727ff0a267c498190efdb72c9f66625',qos_specs=None,replication_status=,reservations=['f3fff3da-5970-4d16-b4b6-3a1c200a096c','94cfd208-37eb-4837-abe2-7498669d1b4e','e5e02b70-725c-4229-8527-4d190effa847','562c311c-65a3-4be3-8002-8d84504fb2b1'],size=1,snapshot_id=None,source_replicaid=,source_volid=None,status='creating',user_id='83a04375ec764b5bbd07571ad8dc121d',volume_type_id=9ca68c6e-43e7-474b-8d89-af9f40382177)}' {{(pid=109990) _task_receiver /usr/local/lib/python3.8/dist-packages/taskflow/listeners/logging.py:178}}
Apr 01 21:29:03.756648 dv-cinder-836211-1-smb devstack@c-api.service[109990]: DEBUG cinder.volume.api [None req-c3bf1acb-1310-48ff-87a2-697d0b4bed64 tempest-SnapshotsActionsTest-2128664990 tempest-SnapshotsActionsTest-2128664990-project] Task 'cinder.volume.flows.api.create_volume.VolumeCastTask;volume:create' (ab642c04-b8c9-47b9-8ba4-51d29d50a7f5) transitioned into state 'RUNNING' from state 'PENDING' {{(pid=109990) _task_receiver /usr/local/lib/python3.8/dist-packages/taskflow/listeners/logging.py:190}}
Apr 01 21:29:03.762025 dv-cinder-836211-1-smb devstack@c-api.service[109991]: DEBUG cinder.volume.api [None req-c7cbc03a-8d29-4d71-9069-b69a4951ee20 tempest-GroupSnapshotsTest-1880719029 tempest-GroupSnapshotsTest-1880719029-project] Task 'cinder.volume.flows.api.create_volume.ExtractVolumeRequestTask;volume:create' (2c0c7c3d-e210-4671-8b7a-1c5b08a7f15b) transitioned into state 'SUCCESS' from state 'RUNNING' with result '{'size': 1, 'snapshot_id': 'a308d4f7-969a-474e-a795-25a65ba4f316', 'source_volid': None, 'volume_type': VolumeType(created_at=2022-04-01T21:28:56Z,deleted=False,deleted_at=None,description=None,extra_specs={},id=05f79008-5d89-4c5f-ad94-3a704f59a5ed,is_public=True,name='tempest-GroupSnapshotsTest-volume-type-1755308232',projects=[],qos_specs=,qos_specs_id=None,updated_at=None), 'volume_type_id': '05f79008-5d89-4c5f-ad94-3a704f59a5ed', 'encryption_key_id': None, 'qos_specs': None, 'consistencygroup_id': None, 'cgsnapshot_id': None, 'group_id': '12ed69ef-9b2d-440a-8434-efe04c5b2b42', 'replication_status': 'disabled', 'refresh_az': False, 'backup_id': None, 'multiattach': False, 'availability_zones': ['nova']}' {{(pid=109991) _task_receiver /usr/local/lib/python3.8/dist-packages/taskflow/listeners/logging.py:178}}
Apr 01 21:29:03.765101 dv-cinder-836211-1-smb devstack@c-api.service[109991]: DEBUG cinder.volume.api [None req-c7cbc03a-8d29-4d71-9069-b69a4951ee20 tempest-GroupSnapshotsTest-1880719029 tempest-GroupSnapshotsTest-1880719029-project] Task 'cinder.volume.flows.api.create_volume.QuotaReserveTask;volume:create' (a2495513-178c-466f-be48-960db8a46533) transitioned into state 'RUNNING' from state 'PENDING' {{(pid=109991) _task_receiver /usr/local/lib/python3.8/dist-packages/taskflow/listeners/logging.py:190}}
Apr 01 21:29:03.775710 dv-cinder-836211-1-smb devstack@c-api.service[109990]: DEBUG cinder.volume.api [None req-c3bf1acb-1310-48ff-87a2-697d0b4bed64 tempest-SnapshotsActionsTest-2128664990 tempest-SnapshotsActionsTest-2128664990-project] Task 'cinder.volume.flows.api.create_volume.VolumeCastTask;volume:create' (ab642c04-b8c9-47b9-8ba4-51d29d50a7f5) transitioned into state 'SUCCESS' from state 'RUNNING' with result 'None' {{(pid=109990) _task_receiver /usr/local/lib/python3.8/dist-packages/taskflow/listeners/logging.py:178}}
Apr 01 21:29:03.778525 dv-cinder-836211-1-smb devstack@c-api.service[109990]: DEBUG cinder.volume.api [None req-c3bf1acb-1310-48ff-87a2-697d0b4bed64 tempest-SnapshotsActionsTest-2128664990 tempest-SnapshotsActionsTest-2128664990-project] Flow 'volume_create_api' (8e24691f-dd33-493a-841c-2d634bc1c41c) transitioned into state 'SUCCESS' from state 'RUNNING' {{(pid=109990) _flow_receiver /usr/local/lib/python3.8/dist-packages/taskflow/listeners/logging.py:141}}
Apr 01 21:29:03.779277 dv-cinder-836211-1-smb devstack@c-api.service[109990]: INFO cinder.volume.api [None req-c3bf1acb-1310-48ff-87a2-697d0b4bed64 tempest-SnapshotsActionsTest-2128664990 tempest-SnapshotsActionsTest-2128664990-project] Create volume request issued successfully.
Apr 01 21:29:03.781313 dv-cinder-836211-1-smb devstack@c-api.service[109990]: INFO cinder.api.openstack.wsgi [None req-c3bf1acb-1310-48ff-87a2-697d0b4bed64 tempest-SnapshotsActionsTest-2128664990 tempest-SnapshotsActionsTest-2128664990-project] http://10.222.0.15/volume/v3/d727ff0a267c498190efdb72c9f66625/volumes returned with HTTP 202
Apr 01 21:29:03.782490 dv-cinder-836211-1-smb devstack@c-api.service[109990]: [pid: 109990|app: 0|req: 79/164] 10.222.0.15 () {60 vars in 1234 bytes} [Fri Apr 1 21:29:03 2022] POST /volume/v3/d727ff0a267c498190efdb72c9f66625/volumes => generated 819 bytes in 747 msecs (HTTP/1.1 202) 7 headers in 291 bytes (1 switches on core 0)
Apr 01 21:29:03.784184 dv-cinder-836211-1-smb devstack@c-api.service[109990]: DEBUG cinder.api.middleware.request_id [None req-6074b872-4d5d-4e66-8714-0f39a094c18b None None] RequestId filter calling following filter/app {{(pid=109990) _context_setter /opt/stack/cinder/cinder/api/middleware/request_id.py:62}}
Apr 01 21:29:03.789683 dv-cinder-836211-1-smb devstack@c-api.service[109990]: INFO cinder.api.openstack.wsgi [None req-6074b872-4d5d-4e66-8714-0f39a094c18b tempest-GroupTypesTest-124556278 tempest-GroupTypesTest-124556278-project-admin] GET http://10.222.0.15/volume/v3/69a090b522d743a5b9218a00bbf3628e/group_types?is_public=False
Apr 01 21:29:03.790257 dv-cinder-836211-1-smb devstack@c-api.service[109990]: DEBUG cinder.api.openstack.wsgi [None req-6074b872-4d5d-4e66-8714-0f39a094c18b tempest-GroupTypesTest-124556278 tempest-GroupTypesTest-124556278-project-admin] Empty body provided in request {{(pid=109990) get_body /opt/stack/cinder/cinder/api/openstack/wsgi.py:715}}
Apr 01 21:29:03.790867 dv-cinder-836211-1-smb devstack@c-api.service[109990]: DEBUG cinder.api.openstack.wsgi [None req-6074b872-4d5d-4e66-8714-0f39a094c18b tempest-GroupTypesTest-124556278 tempest-GroupTypesTest-124556278-project-admin] Calling method 'version_select' {{(pid=109990) _process_stack /opt/stack/cinder/cinder/api/openstack/wsgi.py:868}}
Apr 01 21:29:03.804612 dv-cinder-836211-1-smb devstack@c-api.service[109990]: /usr/local/lib/python3.8/dist-packages/oslo_context/context.py:100: DeprecationWarning: Policy enforcement is depending on the value of is_admin. This key is deprecated. Please update your policy file to use the standard policy values.
Apr 01 21:29:03.804612 dv-cinder-836211-1-smb devstack@c-api.service[109990]: warnings.warn('Policy enforcement is depending on the value of '
Apr 01 21:29:03.805780 dv-cinder-836211-1-smb devstack@c-api.service[109990]: INFO cinder.api.openstack.wsgi [None req-6074b872-4d5d-4e66-8714-0f39a094c18b tempest-GroupTypesTest-124556278 tempest-GroupTypesTest-124556278-project-admin] http://10.222.0.15/volume/v3/69a090b522d743a5b9218a00bbf3628e/group_types?is_public=False returned with HTTP 200
Apr 01 21:29:03.806874 dv-cinder-836211-1-smb devstack@c-api.service[109990]: [pid: 109990|app: 0|req: 80/165] 10.222.0.15 () {60 vars in 1297 bytes} [Fri Apr 1 21:29:03 2022] GET /volume/v3/69a090b522d743a5b9218a00bbf3628e/group_types?is_public=False => generated 167 bytes in 24 msecs (HTTP/1.1 200) 7 headers in 286 bytes (1 switches on core 0)
Apr 01 21:29:03.808301 dv-cinder-836211-1-smb devstack@c-api.service[109990]: DEBUG cinder.api.middleware.request_id [None req-4b34e76d-c73f-4863-a0c4-4b41d0bdac79 None None] RequestId filter calling following filter/app {{(pid=109990) _context_setter /opt/stack/cinder/cinder/api/middleware/request_id.py:62}}
