Jun 07 14:22:14.930264 dv-cinder-836083-9-iscsi devstack@c-api.service[110667]: DEBUG cinder.api.contrib.admin_actions [None req-d6723036-2c1d-4a46-bdaf-59dc6c93f096 tempest-SnapshotsActionsTest-406891236 tempest-SnapshotsActionsTest-406891236-project-admin] Updating snapshot 'de4c4274-208b-405a-91ac-daabd5356108' with '{'status': 'available'}' {{(pid=110667) _reset_status /opt/stack/cinder/cinder/api/contrib/admin_actions.py:100}}
Jun 07 14:22:14.931050 dv-cinder-836083-9-iscsi devstack@c-api.service[110666]: DEBUG cinder.volume.api [None req-da40f3cc-3820-4a8e-99b5-834640f704f9 tempest-VolumesActionsTest-1623556778 tempest-VolumesActionsTest-1623556778-project] Task 'cinder.volume.flows.api.create_volume.QuotaReserveTask;volume:create' (90011176-cdce-4552-9c27-775811c57bfd) transitioned into state 'SUCCESS' from state 'RUNNING' with result '{'reservations': ['b99014b6-fed7-4d14-93e0-ff6fb9bee3f6', 'a158567e-e516-4d3b-a29f-4a2565137699', '9ad6558b-74bd-4250-8c13-547823e56639', '4fa95c56-0767-450e-8d2d-347f95ecf59d']}' {{(pid=110666) _task_receiver /usr/local/lib/python3.8/dist-packages/taskflow/listeners/logging.py:178}}
Jun 07 14:22:14.933973 dv-cinder-836083-9-iscsi devstack@c-api.service[110666]: DEBUG cinder.volume.api [None req-da40f3cc-3820-4a8e-99b5-834640f704f9 tempest-VolumesActionsTest-1623556778 tempest-VolumesActionsTest-1623556778-project] Task 'cinder.volume.flows.api.create_volume.EntryCreateTask;volume:create' (2cfbcef7-c0ba-4cdf-b5e2-7f34ac7e5ab1) transitioned into state 'RUNNING' from state 'PENDING' {{(pid=110666) _task_receiver /usr/local/lib/python3.8/dist-packages/taskflow/listeners/logging.py:190}}
Jun 07 14:22:14.950231 dv-cinder-836083-9-iscsi devstack@c-api.service[110667]: /usr/local/lib/python3.8/dist-packages/oslo_context/context.py:100: DeprecationWarning: Policy enforcement is depending on the value of is_admin. This key is deprecated. Please update your policy file to use the standard policy values.
Jun 07 14:22:14.950231 dv-cinder-836083-9-iscsi devstack@c-api.service[110667]: warnings.warn('Policy enforcement is depending on the value of '
Jun 07 14:22:14.964236 dv-cinder-836083-9-iscsi devstack@c-api.service[110666]: DEBUG cinder.volume.api [None req-da40f3cc-3820-4a8e-99b5-834640f704f9 tempest-VolumesActionsTest-1623556778 tempest-VolumesActionsTest-1623556778-project] Task 'cinder.volume.flows.api.create_volume.EntryCreateTask;volume:create' (2cfbcef7-c0ba-4cdf-b5e2-7f34ac7e5ab1) transitioned into state 'SUCCESS' from state 'RUNNING' with result '{'volume_id': 'dc233315-4d27-492b-ba9e-e4c9563bb7bb', 'volume_properties': VolumeProperties(attach_status='detached',availability_zone='nova',cgsnapshot_id=None,consistencygroup_id=None,display_description=None,display_name='tempest-VolumesActionsTest-Volume-1898576474',encryption_key_id=None,group_id=None,group_type_id=,metadata={},multiattach=False,project_id='2a8e39e02778437dbc094914785b7681',qos_specs=None,replication_status=,reservations=['b99014b6-fed7-4d14-93e0-ff6fb9bee3f6','a158567e-e516-4d3b-a29f-4a2565137699','9ad6558b-74bd-4250-8c13-547823e56639','4fa95c56-0767-450e-8d2d-347f95ecf59d'],size=1,snapshot_id=None,source_replicaid=,source_volid=None,status='creating',user_id='212ebdcd4c584bebaaa83d814d8069b9',volume_type_id=6d809e9b-5357-4561-902a-355220182f04), 'volume': Volume(_name_id=None,admin_metadata=,attach_status='detached',availability_zone='nova',bootable=False,cluster=,cluster_name=None,consistencygroup=,consistencygroup_id=None,created_at=2022-06-07T14:22:14Z,deleted=False,deleted_at=None,display_description=None,display_name='tempest-VolumesActionsTest-Volume-1898576474',ec2_id=None,encryption_key_id=None,glance_metadata=,group=,group_id=None,host=None,id=dc233315-4d27-492b-ba9e-e4c9563bb7bb,launched_at=None,metadata={},migration_status=None,multiattach=False,previous_status=None,project_id='2a8e39e02778437dbc094914785b7681',provider_auth=None,provider_geometry=None,provider_id=None,provider_location=None,replication_driver_data=None,replication_extended_status=None,replication_status=None,scheduled_at=None,service_uuid=None,shared_targets=True,size=1,snapshot_id=None,snapshots=,source_volid=None,status='creating',terminated_at=None,updated_at=None,use_quota=True,user_id='212ebdcd4c584bebaaa83d814d8069b9',volume_attachment=VolumeAttachmentList,volume_type=VolumeType(6d809e9b-5357-4561-902a-355220182f04),volume_type_id=6d809e9b-5357-4561-902a-355220182f04)}' {{(pid=110666) _task_receiver /usr/local/lib/python3.8/dist-packages/taskflow/listeners/logging.py:178}}
Jun 07 14:22:14.966439 dv-cinder-836083-9-iscsi devstack@c-api.service[110666]: DEBUG cinder.volume.api [None req-da40f3cc-3820-4a8e-99b5-834640f704f9 tempest-VolumesActionsTest-1623556778 tempest-VolumesActionsTest-1623556778-project] Task 'cinder.volume.flows.api.create_volume.QuotaCommitTask;volume:create' (869784b0-9628-456f-813b-61dc63ea8e06) transitioned into state 'RUNNING' from state 'PENDING' {{(pid=110666) _task_receiver /usr/local/lib/python3.8/dist-packages/taskflow/listeners/logging.py:190}}
Jun 07 14:22:14.972652 dv-cinder-836083-9-iscsi devstack@c-api.service[110667]: INFO cinder.api.openstack.wsgi [None req-d6723036-2c1d-4a46-bdaf-59dc6c93f096 tempest-SnapshotsActionsTest-406891236 tempest-SnapshotsActionsTest-406891236-project-admin] http://10.222.0.81/volume/v3/85df0f73285b4d2fb84b0d6305996fbd/snapshots/de4c4274-208b-405a-91ac-daabd5356108/action returned with HTTP 202
Jun 07 14:22:14.976563 dv-cinder-836083-9-iscsi devstack@c-api.service[110667]: [pid: 110667|app: 0|req: 219/406] 10.222.0.81 () {60 vars in 1372 bytes} [Tue Jun 7 14:22:14 2022] POST /volume/v3/85df0f73285b4d2fb84b0d6305996fbd/snapshots/de4c4274-208b-405a-91ac-daabd5356108/action => generated 0 bytes in 51 msecs (HTTP/1.1 202) 7 headers in 289 bytes (2 switches on core 0)
Jun 07 14:22:14.976563 dv-cinder-836083-9-iscsi devstack@c-api.service[110667]: DEBUG cinder.api.middleware.request_id [None req-e0eeb743-6f98-404c-ba46-5fc9a83980be None None] RequestId filter calling following filter/app {{(pid=110667) _context_setter /opt/stack/cinder/cinder/api/middleware/request_id.py:62}}
Jun 07 14:22:14.978750 dv-cinder-836083-9-iscsi devstack@c-api.service[110667]: INFO cinder.api.openstack.wsgi [None req-e0eeb743-6f98-404c-ba46-5fc9a83980be tempest-GroupsTest-1819931411 tempest-GroupsTest-1819931411-project] GET http://10.222.0.81/volume/v3/51dd501093ad4b5484ec28131c248876/groups/55007320-a891-4142-bcb2-ae618ef8dd67
Jun 07 14:22:14.979270 dv-cinder-836083-9-iscsi devstack@c-api.service[110667]: DEBUG cinder.api.openstack.wsgi [None req-e0eeb743-6f98-404c-ba46-5fc9a83980be tempest-GroupsTest-1819931411 tempest-GroupsTest-1819931411-project] Empty body provided in request {{(pid=110667) get_body /opt/stack/cinder/cinder/api/openstack/wsgi.py:715}}
Jun 07 14:22:14.979869 dv-cinder-836083-9-iscsi devstack@c-api.service[110667]: DEBUG cinder.api.openstack.wsgi [None req-e0eeb743-6f98-404c-ba46-5fc9a83980be tempest-GroupsTest-1819931411 tempest-GroupsTest-1819931411-project] Calling method 'version_select' {{(pid=110667) _process_stack /opt/stack/cinder/cinder/api/openstack/wsgi.py:868}}
Jun 07 14:22:14.980199 dv-cinder-836083-9-iscsi devstack@c-api.service[110667]: DEBUG cinder.api.v3.groups [None req-e0eeb743-6f98-404c-ba46-5fc9a83980be tempest-GroupsTest-1819931411 tempest-GroupsTest-1819931411-project] show called for member 55007320-a891-4142-bcb2-ae618ef8dd67 {{(pid=110667) show /opt/stack/cinder/cinder/api/v3/groups.py:58}}
Jun 07 14:22:14.986961 dv-cinder-836083-9-iscsi devstack@c-api.service[110667]: INFO cinder.api.openstack.wsgi [None req-e0eeb743-6f98-404c-ba46-5fc9a83980be tempest-GroupsTest-1819931411 tempest-GroupsTest-1819931411-project] http://10.222.0.81/volume/v3/51dd501093ad4b5484ec28131c248876/groups/55007320-a891-4142-bcb2-ae618ef8dd67 returned with HTTP 404
Jun 07 14:22:14.988162 dv-cinder-836083-9-iscsi devstack@c-api.service[110667]: [pid: 110667|app: 0|req: 220/407] 10.222.0.81 () {60 vars in 1362 bytes} [Tue Jun 7 14:22:14 2022] GET /volume/v3/51dd501093ad4b5484ec28131c248876/groups/55007320-a891-4142-bcb2-ae618ef8dd67 => generated 108 bytes in 14 msecs (HTTP/1.1 404) 7 headers in 293 bytes (1 switches on core 0)
Jun 07 14:22:14.989683 dv-cinder-836083-9-iscsi devstack@c-api.service[110667]: DEBUG cinder.api.middleware.request_id [None req-a73564f3-1a8e-4292-b92f-843bb7eea72a None None] RequestId filter calling following filter/app {{(pid=110667) _context_setter /opt/stack/cinder/cinder/api/middleware/request_id.py:62}}
Jun 07 14:22:14.993804 dv-cinder-836083-9-iscsi devstack@c-api.service[110667]: INFO cinder.api.openstack.wsgi [None req-a73564f3-1a8e-4292-b92f-843bb7eea72a tempest-SnapshotsActionsTest-2087731243 tempest-SnapshotsActionsTest-2087731243-project] GET http://10.222.0.81/volume/v3/4f6b7f56d4f24f13b3b935a9bf0e6efc/snapshots/de4c4274-208b-405a-91ac-daabd5356108
Jun 07 14:22:14.994249 dv-cinder-836083-9-iscsi devstack@c-api.service[110667]: DEBUG cinder.api.openstack.wsgi [None req-a73564f3-1a8e-4292-b92f-843bb7eea72a tempest-SnapshotsActionsTest-2087731243 tempest-SnapshotsActionsTest-2087731243-project] Empty body provided in request {{(pid=110667) get_body /opt/stack/cinder/cinder/api/openstack/wsgi.py:715}}
Jun 07 14:22:14.994852 dv-cinder-836083-9-iscsi devstack@c-api.service[110667]: DEBUG cinder.api.openstack.wsgi [None req-a73564f3-1a8e-4292-b92f-843bb7eea72a tempest-SnapshotsActionsTest-2087731243 tempest-SnapshotsActionsTest-2087731243-project] Calling method 'show' {{(pid=110667) _process_stack /opt/stack/cinder/cinder/api/openstack/wsgi.py:868}}
Jun 07 14:22:15.001802 dv-cinder-836083-9-iscsi devstack@c-api.service[110666]: DEBUG cinder.volume.api [None req-da40f3cc-3820-4a8e-99b5-834640f704f9 tempest-VolumesActionsTest-1623556778 tempest-VolumesActionsTest-1623556778-project] Task 'cinder.volume.flows.api.create_volume.QuotaCommitTask;volume:create' (869784b0-9628-456f-813b-61dc63ea8e06) transitioned into state 'SUCCESS' from state 'RUNNING' with result '{'volume_properties': VolumeProperties(attach_status='detached',availability_zone='nova',cgsnapshot_id=None,consistencygroup_id=None,display_description=None,display_name='tempest-VolumesActionsTest-Volume-1898576474',encryption_key_id=None,group_id=None,group_type_id=,metadata={},multiattach=False,project_id='2a8e39e02778437dbc094914785b7681',qos_specs=None,replication_status=,reservations=['b99014b6-fed7-4d14-93e0-ff6fb9bee3f6','a158567e-e516-4d3b-a29f-4a2565137699','9ad6558b-74bd-4250-8c13-547823e56639','4fa95c56-0767-450e-8d2d-347f95ecf59d'],size=1,snapshot_id=None,source_replicaid=,source_volid=None,status='creating',user_id='212ebdcd4c584bebaaa83d814d8069b9',volume_type_id=6d809e9b-5357-4561-902a-355220182f04)}' {{(pid=110666) _task_receiver /usr/local/lib/python3.8/dist-packages/taskflow/listeners/logging.py:178}}
Jun 07 14:22:15.004853 dv-cinder-836083-9-iscsi devstack@c-api.service[110666]: DEBUG cinder.volume.api [None req-da40f3cc-3820-4a8e-99b5-834640f704f9 tempest-VolumesActionsTest-1623556778 tempest-VolumesActionsTest-1623556778-project] Task 'cinder.volume.flows.api.create_volume.VolumeCastTask;volume:create' (d599d3e2-595d-4719-abe5-8682bea2edea) transitioned into state 'RUNNING' from state 'PENDING' {{(pid=110666) _task_receiver /usr/local/lib/python3.8/dist-packages/taskflow/listeners/logging.py:190}}
Jun 07 14:22:15.005243 dv-cinder-836083-9-iscsi devstack@c-api.service[110667]: /usr/local/lib/python3.8/dist-packages/oslo_context/context.py:100: DeprecationWarning: Policy enforcement is depending on the value of is_admin. This key is deprecated. Please update your policy file to use the standard policy values.
Jun 07 14:22:15.005243 dv-cinder-836083-9-iscsi devstack@c-api.service[110667]: warnings.warn('Policy enforcement is depending on the value of '
Jun 07 14:22:15.006256 dv-cinder-836083-9-iscsi devstack@c-api.service[110667]: INFO cinder.volume.api [None req-a73564f3-1a8e-4292-b92f-843bb7eea72a tempest-SnapshotsActionsTest-2087731243 tempest-SnapshotsActionsTest-2087731243-project] Snapshot retrieved successfully.
Jun 07 14:22:15.008190 dv-cinder-836083-9-iscsi devstack@c-api.service[110667]: INFO cinder.api.openstack.wsgi [None req-a73564f3-1a8e-4292-b92f-843bb7eea72a tempest-SnapshotsActionsTest-2087731243 tempest-SnapshotsActionsTest-2087731243-project] http://10.222.0.81/volume/v3/4f6b7f56d4f24f13b3b935a9bf0e6efc/snapshots/de4c4274-208b-405a-91ac-daabd5356108 returned with HTTP 200
Jun 07 14:22:15.009052 dv-cinder-836083-9-iscsi devstack@c-api.service[110667]: [pid: 110667|app: 0|req: 221/408] 10.222.0.81 () {58 vars in 1330 bytes} [Tue Jun 7 14:22:14 2022] GET /volume/v3/4f6b7f56d4f24f13b3b935a9bf0e6efc/snapshots/de4c4274-208b-405a-91ac-daabd5356108 => generated 464 bytes in 20 msecs (HTTP/1.1 200) 7 headers in 285 bytes (1 switches on core 0)
Jun 07 14:22:15.010040 dv-cinder-836083-9-iscsi devstack@c-api.service[110667]: DEBUG cinder.api.middleware.request_id [None req-061b6f82-b8df-4b70-b3db-173c990340fc None None] RequestId filter calling following filter/app {{(pid=110667) _context_setter /opt/stack/cinder/cinder/api/middleware/request_id.py:62}}
Jun 07 14:22:15.013792 dv-cinder-836083-9-iscsi devstack@c-api.service[110667]: INFO cinder.api.openstack.wsgi [None req-061b6f82-b8df-4b70-b3db-173c990340fc tempest-GroupsTest-1819931411 tempest-GroupsTest-1819931411-project] GET http://10.222.0.81/volume/v3/51dd501093ad4b5484ec28131c248876/groups/detail
Jun 07 14:22:15.014323 dv-cinder-836083-9-iscsi devstack@c-api.service[110667]: DEBUG cinder.api.openstack.wsgi [None req-061b6f82-b8df-4b70-b3db-173c990340fc tempest-GroupsTest-1819931411 tempest-GroupsTest-1819931411-project] Empty body provided in request {{(pid=110667) get_body /opt/stack/cinder/cinder/api/openstack/wsgi.py:715}}
Jun 07 14:22:15.016231 dv-cinder-836083-9-iscsi devstack@c-api.service[110667]: DEBUG cinder.api.openstack.wsgi [None req-061b6f82-b8df-4b70-b3db-173c990340fc tempest-GroupsTest-1819931411 tempest-GroupsTest-1819931411-project] Calling method 'version_select' {{(pid=110667) _process_stack /opt/stack/cinder/cinder/api/openstack/wsgi.py:868}}
Jun 07 14:22:15.025123 dv-cinder-836083-9-iscsi devstack@c-api.service[110667]: INFO cinder.api.openstack.wsgi [None req-061b6f82-b8df-4b70-b3db-173c990340fc tempest-GroupsTest-1819931411 tempest-GroupsTest-1819931411-project] http://10.222.0.81/volume/v3/51dd501093ad4b5484ec28131c248876/groups/detail returned with HTTP 200
Jun 07 14:22:15.025291 dv-cinder-836083-9-iscsi devstack@c-api.service[110666]: DEBUG cinder.volume.api [None req-da40f3cc-3820-4a8e-99b5-834640f704f9 tempest-VolumesActionsTest-1623556778 tempest-VolumesActionsTest-1623556778-project] Task 'cinder.volume.flows.api.create_volume.VolumeCastTask;volume:create' (d599d3e2-595d-4719-abe5-8682bea2edea) transitioned into state 'SUCCESS' from state 'RUNNING' with result 'None' {{(pid=110666) _task_receiver /usr/local/lib/python3.8/dist-packages/taskflow/listeners/logging.py:178}}
Jun 07 14:22:15.033811 dv-cinder-836083-9-iscsi devstack@c-api.service[110667]: [pid: 110667|app: 0|req: 222/409] 10.222.0.81 () {60 vars in 1272 bytes} [Tue Jun 7 14:22:15 2022] GET /volume/v3/51dd501093ad4b5484ec28131c248876/groups/detail => generated 14 bytes in 16 msecs (HTTP/1.1 200) 7 headers in 285 bytes (1 switches on core 0)
Jun 07 14:22:15.033811 dv-cinder-836083-9-iscsi devstack@c-api.service[110667]: DEBUG cinder.api.middleware.request_id [None req-16860bfd-29fa-44f9-8c20-378df91451ca None None] RequestId filter calling following filter/app {{(pid=110667) _context_setter /opt/stack/cinder/cinder/api/middleware/request_id.py:62}}
Jun 07 14:22:15.034085 dv-cinder-836083-9-iscsi devstack@c-api.service[110666]: DEBUG cinder.volume.api [None req-da40f3cc-3820-4a8e-99b5-834640f704f9 tempest-VolumesActionsTest-1623556778 tempest-VolumesActionsTest-1623556778-project] Flow 'volume_create_api' (86b7fc3e-c84f-4d87-9fa6-097a01553f52) transitioned into state 'SUCCESS' from state 'RUNNING' {{(pid=110666) _flow_receiver /usr/local/lib/python3.8/dist-packages/taskflow/listeners/logging.py:141}}
Jun 07 14:22:15.034085 dv-cinder-836083-9-iscsi devstack@c-api.service[110666]: INFO cinder.volume.api [None req-da40f3cc-3820-4a8e-99b5-834640f704f9 tempest-VolumesActionsTest-1623556778 tempest-VolumesActionsTest-1623556778-project] Create volume request issued successfully.
Jun 07 14:22:15.034304 dv-cinder-836083-9-iscsi devstack@c-api.service[110667]: INFO cinder.api.openstack.wsgi [None req-16860bfd-29fa-44f9-8c20-378df91451ca tempest-SnapshotsActionsTest-2087731243 tempest-SnapshotsActionsTest-2087731243-project] DELETE http://10.222.0.81/volume/v3/4f6b7f56d4f24f13b3b935a9bf0e6efc/snapshots/a4a5c446-35cc-4a77-b9fc-14548b9f24f0
Jun 07 14:22:15.034304 dv-cinder-836083-9-iscsi devstack@c-api.service[110667]: DEBUG cinder.api.openstack.wsgi [None req-16860bfd-29fa-44f9-8c20-378df91451ca tempest-SnapshotsActionsTest-2087731243 tempest-SnapshotsActionsTest-2087731243-project] Empty body provided in request {{(pid=110667) get_body /opt/stack/cinder/cinder/api/openstack/wsgi.py:715}}
Jun 07 14:22:15.034304 dv-cinder-836083-9-iscsi devstack@c-api.service[110667]: DEBUG cinder.api.openstack.wsgi [None req-16860bfd-29fa-44f9-8c20-378df91451ca tempest-SnapshotsActionsTest-2087731243 tempest-SnapshotsActionsTest-2087731243-project] Calling method 'delete' {{(pid=110667) _process_stack /opt/stack/cinder/cinder/api/openstack/wsgi.py:868}}
Jun 07 14:22:15.034304 dv-cinder-836083-9-iscsi devstack@c-api.service[110667]: INFO cinder.api.v2.snapshots [None req-16860bfd-29fa-44f9-8c20-378df91451ca tempest-SnapshotsActionsTest-2087731243 tempest-SnapshotsActionsTest-2087731243-project] Delete snapshot with id: a4a5c446-35cc-4a77-b9fc-14548b9f24f0
Jun 07 14:22:15.039143 dv-cinder-836083-9-iscsi devstack@c-api.service[110666]: INFO cinder.api.openstack.wsgi [None req-da40f3cc-3820-4a8e-99b5-834640f704f9 tempest-VolumesActionsTest-1623556778 tempest-VolumesActionsTest-1623556778-project] http://10.222.0.81/volume/v3/2a8e39e02778437dbc094914785b7681/volumes returned with HTTP 202
Jun 07 14:22:15.050893 dv-cinder-836083-9-iscsi devstack@c-api.service[110666]: [pid: 110666|app: 0|req: 188/410] 10.222.0.81 () {60 vars in 1234 bytes} [Tue Jun 7 14:22:14 2022] POST /volume/v3/2a8e39e02778437dbc094914785b7681/volumes => generated 818 bytes in 364 msecs (HTTP/1.1 202) 7 headers in 291 bytes (1 switches on core 0)
Jun 07 14:22:15.052541 dv-cinder-836083-9-iscsi devstack@c-api.service[110666]: DEBUG cinder.api.middleware.request_id [None req-bb460d88-49b6-4424-b21d-c21c11cedb34 None None] RequestId filter calling following filter/app {{(pid=110666) _context_setter /opt/stack/cinder/cinder/api/middleware/request_id.py:62}}
Jun 07 14:22:15.053225 dv-cinder-836083-9-iscsi devstack@c-api.service[110667]: INFO cinder.api.openstack.wsgi [None req-16860bfd-29fa-44f9-8c20-378df91451ca tempest-SnapshotsActionsTest-2087731243 tempest-SnapshotsActionsTest-2087731243-project] http://10.222.0.81/volume/v3/4f6b7f56d4f24f13b3b935a9bf0e6efc/snapshots/a4a5c446-35cc-4a77-b9fc-14548b9f24f0 returned with HTTP 404
Jun 07 14:22:15.057510 dv-cinder-836083-9-iscsi devstack@c-api.service[110667]: [pid: 110667|app: 0|req: 223/411] 10.222.0.81 () {58 vars in 1333 bytes} [Tue Jun 7 14:22:15 2022] DELETE /volume/v3/4f6b7f56d4f24f13b3b935a9bf0e6efc/snapshots/a4a5c446-35cc-4a77-b9fc-14548b9f24f0 => generated 111 bytes in 28 msecs (HTTP/1.1 404) 7 headers in 292 bytes (1 switches on core 0)
Jun 07 14:22:15.057676 dv-cinder-836083-9-iscsi devstack@c-api.service[110666]: INFO cinder.api.openstack.wsgi [None req-bb460d88-49b6-4424-b21d-c21c11cedb34 tempest-GroupsTest-1819931411 tempest-GroupsTest-1819931411-project] GET http://10.222.0.81/volume/v3/51dd501093ad4b5484ec28131c248876/volumes/detail
Jun 07 14:22:15.057676 dv-cinder-836083-9-iscsi devstack@c-api.service[110666]: DEBUG cinder.api.openstack.wsgi [None req-bb460d88-49b6-4424-b21d-c21c11cedb34 tempest-GroupsTest-1819931411 tempest-GroupsTest-1819931411-project] Empty body provided in request {{(pid=110666) get_body /opt/stack/cinder/cinder/api/openstack/wsgi.py:715}}
Jun 07 14:22:15.057871 dv-cinder-836083-9-iscsi devstack@c-api.service[110667]: DEBUG cinder.api.middleware.request_id [None req-95c62bdb-38db-4592-bcc4-6649ce63c571 None None] RequestId filter calling following filter/app {{(pid=110667) _context_setter /opt/stack/cinder/cinder/api/middleware/request_id.py:62}}
Jun 07 14:22:15.057957 dv-cinder-836083-9-iscsi devstack@c-api.service[110666]: DEBUG cinder.api.openstack.wsgi [None req-bb460d88-49b6-4424-b21d-c21c11cedb34 tempest-GroupsTest-1819931411 tempest-GroupsTest-1819931411-project] Calling method 'detail' {{(pid=110666) _process_stack /opt/stack/cinder/cinder/api/openstack/wsgi.py:868}}
Jun 07 14:22:15.058222 dv-cinder-836083-9-iscsi devstack@c-api.service[110666]: DEBUG cinder.api.api_utils [None req-bb460d88-49b6-4424-b21d-c21c11cedb34 tempest-GroupsTest-1819931411 tempest-GroupsTest-1819931411-project] Removing options '' from query. {{(pid=110666) remove_invalid_filter_options /opt/stack/cinder/cinder/api/api_utils.py:73}}
Jun 07 14:22:15.058993 dv-cinder-836083-9-iscsi devstack@c-api.service[110666]: /usr/local/lib/python3.8/dist-packages/oslo_context/context.py:100: DeprecationWarning: Policy enforcement is depending on the value of is_admin. This key is deprecated. Please update your policy file to use the standard policy values.
Jun 07 14:22:15.058993 dv-cinder-836083-9-iscsi devstack@c-api.service[110666]: warnings.warn('Policy enforcement is depending on the value of '
Jun 07 14:22:15.060038 dv-cinder-836083-9-iscsi devstack@c-api.service[110666]: DEBUG cinder.volume.api [None req-bb460d88-49b6-4424-b21d-c21c11cedb34 tempest-GroupsTest-1819931411 tempest-GroupsTest-1819931411-project] Searching by: MultiDict([('no_migration_targets', True)]). {{(pid=110666) get_all /opt/stack/cinder/cinder/volume/api.py:664}}
Jun 07 14:22:15.061849 dv-cinder-836083-9-iscsi devstack@c-api.service[110667]: INFO cinder.api.openstack.wsgi [None req-95c62bdb-38db-4592-bcc4-6649ce63c571 tempest-VolumesActionsTest-1623556778 tempest-VolumesActionsTest-1623556778-project] GET http://10.222.0.81/volume/v3/2a8e39e02778437dbc094914785b7681/volumes/dc233315-4d27-492b-ba9e-e4c9563bb7bb
Jun 07 14:22:15.062308 dv-cinder-836083-9-iscsi devstack@c-api.service[110667]: DEBUG cinder.api.openstack.wsgi [None req-95c62bdb-38db-4592-bcc4-6649ce63c571 tempest-VolumesActionsTest-1623556778 tempest-VolumesActionsTest-1623556778-project] Empty body provided in request {{(pid=110667) get_body /opt/stack/cinder/cinder/api/openstack/wsgi.py:715}}
Jun 07 14:22:15.063707 dv-cinder-836083-9-iscsi devstack@c-api.service[110667]: DEBUG cinder.api.openstack.wsgi [None req-95c62bdb-38db-4592-bcc4-6649ce63c571 tempest-VolumesActionsTest-1623556778 tempest-VolumesActionsTest-1623556778-project] Calling method 'show' {{(pid=110667) _process_stack /opt/stack/cinder/cinder/api/openstack/wsgi.py:868}}
Jun 07 14:22:15.069501 dv-cinder-836083-9-iscsi devstack@c-api.service[110667]: DEBUG dbcounter [-] [110667] Writing DB stats cinder:SELECT=91,cinder:UPDATE=5,cinder:INSERT=1,cinder:DELETE=3 {{(pid=110667) stat_writer /usr/local/lib/python3.8/dist-packages/dbcounter.py:114}}
Jun 07 14:22:15.087994 dv-cinder-836083-9-iscsi devstack@c-api.service[110667]: /usr/local/lib/python3.8/dist-packages/oslo_context/context.py:100: DeprecationWarning: Policy enforcement is depending on the value of is_admin. This key is deprecated. Please update your policy file to use the standard policy values.
Jun 07 14:22:15.087994 dv-cinder-836083-9-iscsi devstack@c-api.service[110667]: warnings.warn('Policy enforcement is depending on the value of '
Jun 07 14:22:15.096367 dv-cinder-836083-9-iscsi devstack@c-api.service[110667]: INFO cinder.volume.api [None req-95c62bdb-38db-4592-bcc4-6649ce63c571 tempest-VolumesActionsTest-1623556778 tempest-VolumesActionsTest-1623556778-project] Volume info retrieved successfully.
Jun 07 14:22:15.110999 dv-cinder-836083-9-iscsi devstack@c-api.service[110667]: INFO cinder.api.openstack.wsgi [None req-95c62bdb-38db-4592-bcc4-6649ce63c571 tempest-VolumesActionsTest-1623556778 tempest-VolumesActionsTest-1623556778-project] http://10.222.0.81/volume/v3/2a8e39e02778437dbc094914785b7681/volumes/dc233315-4d27-492b-ba9e-e4c9563bb7bb returned with HTTP 200
Jun 07 14:22:15.111958 dv-cinder-836083-9-iscsi devstack@c-api.service[110667]: [pid: 110667|app: 0|req: 224/412] 10.222.0.81 () {58 vars in 1324 bytes} [Tue Jun 7 14:22:15 2022] GET /volume/v3/2a8e39e02778437dbc094914785b7681/volumes/dc233315-4d27-492b-ba9e-e4c9563bb7bb => generated 886 bytes in 56 msecs (HTTP/1.1 200) 7 headers in 285 bytes (1 switches on core 0)
Jun 07 14:22:15.113267 dv-cinder-836083-9-iscsi devstack@c-api.service[110667]: DEBUG cinder.api.middleware.request_id [None req-7b9307b2-f464-4ed3-8e6b-7aa97ffbe557 None None] RequestId filter calling following filter/app {{(pid=110667) _context_setter /opt/stack/cinder/cinder/api/middleware/request_id.py:62}}
Jun 07 14:22:15.135708 dv-cinder-836083-9-iscsi devstack@c-api.service[110667]: INFO cinder.api.openstack.wsgi [None req-7b9307b2-f464-4ed3-8e6b-7aa97ffbe557 tempest-SnapshotsActionsTest-2087731243 tempest-SnapshotsActionsTest-2087731243-project] DELETE http://10.222.0.81/volume/v3/4f6b7f56d4f24f13b3b935a9bf0e6efc/snapshots/f8f06498-9d83-4b1b-8af6-32a11a490578
Jun 07 14:22:15.136695 dv-cinder-836083-9-iscsi devstack@c-api.service[110667]: DEBUG cinder.api.openstack.wsgi [None req-7b9307b2-f464-4ed3-8e6b-7aa97ffbe557 tempest-SnapshotsActionsTest-2087731243 tempest-SnapshotsActionsTest-2087731243-project] Empty body provided in request {{(pid=110667) get_body /opt/stack/cinder/cinder/api/openstack/wsgi.py:715}}
Jun 07 14:22:15.137238 dv-cinder-836083-9-iscsi devstack@c-api.service[110667]: DEBUG cinder.api.openstack.wsgi [None req-7b9307b2-f464-4ed3-8e6b-7aa97ffbe557 tempest-SnapshotsActionsTest-2087731243 tempest-SnapshotsActionsTest-2087731243-project] Calling method 'delete' {{(pid=110667) _process_stack /opt/stack/cinder/cinder/api/openstack/wsgi.py:868}}
Jun 07 14:22:15.148207 dv-cinder-836083-9-iscsi devstack@c-api.service[110667]: INFO cinder.api.v2.snapshots [None req-7b9307b2-f464-4ed3-8e6b-7aa97ffbe557 tempest-SnapshotsActionsTest-2087731243 tempest-SnapshotsActionsTest-2087731243-project] Delete snapshot with id: f8f06498-9d83-4b1b-8af6-32a11a490578
Jun 07 14:22:15.148871 dv-cinder-836083-9-iscsi devstack@c-api.service[110666]: INFO cinder.volume.api [None req-bb460d88-49b6-4424-b21d-c21c11cedb34 tempest-GroupsTest-1819931411 tempest-GroupsTest-1819931411-project] Get all volumes completed successfully.
Jun 07 14:22:15.167588 dv-cinder-836083-9-iscsi devstack@c-api.service[110666]: INFO cinder.api.openstack.wsgi [None req-bb460d88-49b6-4424-b21d-c21c11cedb34 tempest-GroupsTest-1819931411 tempest-GroupsTest-1819931411-project] http://10.222.0.81/volume/v3/51dd501093ad4b5484ec28131c248876/volumes/detail returned with HTTP 200
Jun 07 14:22:15.168405 dv-cinder-836083-9-iscsi devstack@c-api.service[110666]: [pid: 110666|app: 0|req: 189/413] 10.222.0.81 () {60 vars in 1275 bytes} [Tue Jun 7 14:22:15 2022] GET /volume/v3/51dd501093ad4b5484ec28131c248876/volumes/detail => generated 15 bytes in 117 msecs (HTTP/1.1 200) 7 headers in 285 bytes (1 switches on core 0)
Jun 07 14:22:15.169823 dv-cinder-836083-9-iscsi devstack@c-api.service[110667]: INFO cinder.api.openstack.wsgi [None req-7b9307b2-f464-4ed3-8e6b-7aa97ffbe557 tempest-SnapshotsActionsTest-2087731243 tempest-SnapshotsActionsTest-2087731243-project] http://10.222.0.81/volume/v3/4f6b7f56d4f24f13b3b935a9bf0e6efc/snapshots/f8f06498-9d83-4b1b-8af6-32a11a490578 returned with HTTP 404
Jun 07 14:22:15.175330 dv-cinder-836083-9-iscsi devstack@c-api.service[110667]: [pid: 110667|app: 0|req: 225/414] 10.222.0.81 () {58 vars in 1333 bytes} [Tue Jun 7 14:22:15 2022] DELETE /volume/v3/4f6b7f56d4f24f13b3b935a9bf0e6efc/snapshots/f8f06498-9d83-4b1b-8af6-32a11a490578 => generated 111 bytes in 63 msecs (HTTP/1.1 404) 7 headers in 292 bytes (1 switches on core 0)
Jun 07 14:22:15.180414 dv-cinder-836083-9-iscsi devstack@c-api.service[110666]: DEBUG cinder.api.middleware.request_id [None req-4badd8a2-feb9-4539-9a8f-cb0bdfd31a95 None None] RequestId filter calling following filter/app {{(pid=110666) _context_setter /opt/stack/cinder/cinder/api/middleware/request_id.py:62}}
Jun 07 14:22:15.183146 dv-cinder-836083-9-iscsi devstack@c-api.service[110667]: DEBUG cinder.api.middleware.request_id [None req-805c67cc-6972-4580-89cf-51122d59d946 None None] RequestId filter calling following filter/app {{(pid=110667) _context_setter /opt/stack/cinder/cinder/api/middleware/request_id.py:62}}
Jun 07 14:22:15.184802 dv-cinder-836083-9-iscsi devstack@c-api.service[110666]: INFO cinder.api.openstack.wsgi [None req-4badd8a2-feb9-4539-9a8f-cb0bdfd31a95 tempest-SnapshotsActionsTest-2087731243 tempest-SnapshotsActionsTest-2087731243-project] DELETE http://10.222.0.81/volume/v3/4f6b7f56d4f24f13b3b935a9bf0e6efc/snapshots/34ceac34-6147-4934-bd48-d6630af82490
Jun 07 14:22:15.185255 dv-cinder-836083-9-iscsi devstack@c-api.service[110666]: DEBUG cinder.api.openstack.wsgi [None req-4badd8a2-feb9-4539-9a8f-cb0bdfd31a95 tempest-SnapshotsActionsTest-2087731243 tempest-SnapshotsActionsTest-2087731243-project] Empty body provided in request {{(pid=110666) get_body /opt/stack/cinder/cinder/api/openstack/wsgi.py:715}}
Jun 07 14:22:15.186080 dv-cinder-836083-9-iscsi devstack@c-api.service[110666]: DEBUG cinder.api.openstack.wsgi [None req-4badd8a2-feb9-4539-9a8f-cb0bdfd31a95 tempest-SnapshotsActionsTest-2087731243 tempest-SnapshotsActionsTest-2087731243-project] Calling method 'delete' {{(pid=110666) _process_stack /opt/stack/cinder/cinder/api/openstack/wsgi.py:868}}
Jun 07 14:22:15.186403 dv-cinder-836083-9-iscsi devstack@c-api.service[110666]: INFO cinder.api.v2.snapshots [None req-4badd8a2-feb9-4539-9a8f-cb0bdfd31a95 tempest-SnapshotsActionsTest-2087731243 tempest-SnapshotsActionsTest-2087731243-project] Delete snapshot with id: 34ceac34-6147-4934-bd48-d6630af82490
Jun 07 14:22:15.191975 dv-cinder-836083-9-iscsi devstack@c-api.service[110667]: INFO cinder.api.openstack.wsgi [None req-805c67cc-6972-4580-89cf-51122d59d946 tempest-GroupsTest-1819931411 tempest-GroupsTest-1819931411-project] POST http://10.222.0.81/volume/v3/51dd501093ad4b5484ec28131c248876/groups/55007320-a891-4142-bcb2-ae618ef8dd67/action
Jun 07 14:22:15.192865 dv-cinder-836083-9-iscsi devstack@c-api.service[110667]: DEBUG cinder.api.openstack.wsgi [None req-805c67cc-6972-4580-89cf-51122d59d946 tempest-GroupsTest-1819931411 tempest-GroupsTest-1819931411-project] Action body: b'{"delete": {"delete-volumes": true}}' {{(pid=110667) get_method /opt/stack/cinder/cinder/api/openstack/wsgi.py:983}}
Jun 07 14:22:15.193906 dv-cinder-836083-9-iscsi devstack@c-api.service[110667]: DEBUG cinder.api.openstack.wsgi [None req-805c67cc-6972-4580-89cf-51122d59d946 tempest-GroupsTest-1819931411 tempest-GroupsTest-1819931411-project] Action: 'action', calling method: version_select, body: {"delete": {"delete-volumes": true}} {{(pid=110667) _process_stack /opt/stack/cinder/cinder/api/openstack/wsgi.py:866}}
Jun 07 14:22:15.194826 dv-cinder-836083-9-iscsi devstack@c-api.service[110667]: DEBUG cinder.api.v3.groups [None req-805c67cc-6972-4580-89cf-51122d59d946 tempest-GroupsTest-1819931411 tempest-GroupsTest-1819931411-project] delete called for group 55007320-a891-4142-bcb2-ae618ef8dd67 {{(pid=110667) _delete /opt/stack/cinder/cinder/api/v3/groups.py:117}}
Jun 07 14:22:15.195322 dv-cinder-836083-9-iscsi devstack@c-api.service[110667]: INFO cinder.api.v3.groups [None req-805c67cc-6972-4580-89cf-51122d59d946 tempest-GroupsTest-1819931411 tempest-GroupsTest-1819931411-project] Delete group with id: 55007320-a891-4142-bcb2-ae618ef8dd67
Jun 07 14:22:15.195508 dv-cinder-836083-9-iscsi devstack@c-api.service[110666]: INFO cinder.api.openstack.wsgi [None req-4badd8a2-feb9-4539-9a8f-cb0bdfd31a95 tempest-SnapshotsActionsTest-2087731243 tempest-SnapshotsActionsTest-2087731243-project] http://10.222.0.81/volume/v3/4f6b7f56d4f24f13b3b935a9bf0e6efc/snapshots/34ceac34-6147-4934-bd48-d6630af82490 returned with HTTP 404
Jun 07 14:22:15.196700 dv-cinder-836083-9-iscsi devstack@c-api.service[110666]: [pid: 110666|app: 0|req: 190/415] 10.222.0.81 () {58 vars in 1333 bytes} [Tue Jun 7 14:22:15 2022] DELETE /volume/v3/4f6b7f56d4f24f13b3b935a9bf0e6efc/snapshots/34ceac34-6147-4934-bd48-d6630af82490 => generated 111 bytes in 17 msecs (HTTP/1.1 404) 7 headers in 292 bytes (1 switches on core 0)
Jun 07 14:22:15.201513 dv-cinder-836083-9-iscsi devstack@c-api.service[110666]: DEBUG cinder.api.middleware.request_id [None req-f7b8abb2-36ea-4214-a15d-282818691281 None None] RequestId filter calling following filter/app {{(pid=110666) _context_setter /opt/stack/cinder/cinder/api/middleware/request_id.py:62}}
Jun 07 14:22:15.206441 dv-cinder-836083-9-iscsi devstack@c-api.service[110666]: INFO cinder.api.openstack.wsgi [None req-f7b8abb2-36ea-4214-a15d-282818691281 tempest-SnapshotsActionsTest-2087731243 tempest-SnapshotsActionsTest-2087731243-project] DELETE http://10.222.0.81/volume/v3/4f6b7f56d4f24f13b3b935a9bf0e6efc/snapshots/e221ae86-9171-4ad8-9cb7-d05b7287198e
Jun 07 14:22:15.206983 dv-cinder-836083-9-iscsi devstack@c-api.service[110666]: DEBUG cinder.api.openstack.wsgi [None req-f7b8abb2-36ea-4214-a15d-282818691281 tempest-SnapshotsActionsTest-2087731243 tempest-SnapshotsActionsTest-2087731243-project] Empty body provided in request {{(pid=110666) get_body /opt/stack/cinder/cinder/api/openstack/wsgi.py:715}}
Jun 07 14:22:15.207620 dv-cinder-836083-9-iscsi devstack@c-api.service[110666]: DEBUG cinder.api.openstack.wsgi [None req-f7b8abb2-36ea-4214-a15d-282818691281 tempest-SnapshotsActionsTest-2087731243 tempest-SnapshotsActionsTest-2087731243-project] Calling method 'delete' {{(pid=110666) _process_stack /opt/stack/cinder/cinder/api/openstack/wsgi.py:868}}
Jun 07 14:22:15.207905 dv-cinder-836083-9-iscsi devstack@c-api.service[110666]: INFO cinder.api.v2.snapshots [None req-f7b8abb2-36ea-4214-a15d-282818691281 tempest-SnapshotsActionsTest-2087731243 tempest-SnapshotsActionsTest-2087731243-project] Delete snapshot with id: e221ae86-9171-4ad8-9cb7-d05b7287198e
Jun 07 14:22:15.214994 dv-cinder-836083-9-iscsi devstack@c-api.service[110667]: INFO cinder.api.openstack.wsgi [None req-805c67cc-6972-4580-89cf-51122d59d946 tempest-GroupsTest-1819931411 tempest-GroupsTest-1819931411-project] http://10.222.0.81/volume/v3/51dd501093ad4b5484ec28131c248876/groups/55007320-a891-4142-bcb2-ae618ef8dd67/action returned with HTTP 404
Jun 07 14:22:15.222004 dv-cinder-836083-9-iscsi devstack@c-api.service[110667]: [pid: 110667|app: 0|req: 226/416] 10.222.0.81 () {62 vars in 1404 bytes} [Tue Jun 7 14:22:15 2022] POST /volume/v3/51dd501093ad4b5484ec28131c248876/groups/55007320-a891-4142-bcb2-ae618ef8dd67/action => generated 108 bytes in 40 msecs (HTTP/1.1 404) 7 headers in 293 bytes (2 switches on core 0)
Jun 07 14:22:15.223377 dv-cinder-836083-9-iscsi devstack@c-api.service[110667]: DEBUG cinder.api.middleware.request_id [None req-01c59b1d-8973-49c0-b307-1b58995921fb None None] RequestId filter calling following filter/app {{(pid=110667) _context_setter /opt/stack/cinder/cinder/api/middleware/request_id.py:62}}
Jun 07 14:22:15.227252 dv-cinder-836083-9-iscsi devstack@c-api.service[110666]: INFO cinder.api.openstack.wsgi [None req-f7b8abb2-36ea-4214-a15d-282818691281 tempest-SnapshotsActionsTest-2087731243 tempest-SnapshotsActionsTest-2087731243-project] http://10.222.0.81/volume/v3/4f6b7f56d4f24f13b3b935a9bf0e6efc/snapshots/e221ae86-9171-4ad8-9cb7-d05b7287198e returned with HTTP 404
Jun 07 14:22:15.227397 dv-cinder-836083-9-iscsi devstack@c-api.service[110667]: INFO cinder.api.openstack.wsgi [None req-01c59b1d-8973-49c0-b307-1b58995921fb tempest-GroupsTest-1819931411 tempest-GroupsTest-1819931411-project] GET http://10.222.0.81/volume/v3/51dd501093ad4b5484ec28131c248876/volumes/detail
Jun 07 14:22:15.227831 dv-cinder-836083-9-iscsi devstack@c-api.service[110667]: DEBUG cinder.api.openstack.wsgi [None req-01c59b1d-8973-49c0-b307-1b58995921fb tempest-GroupsTest-1819931411 tempest-GroupsTest-1819931411-project] Empty body provided in request {{(pid=110667) get_body /opt/stack/cinder/cinder/api/openstack/wsgi.py:715}}
Jun 07 14:22:15.228609 dv-cinder-836083-9-iscsi devstack@c-api.service[110667]: DEBUG cinder.api.openstack.wsgi [None req-01c59b1d-8973-49c0-b307-1b58995921fb tempest-GroupsTest-1819931411 tempest-GroupsTest-1819931411-project] Calling method 'detail' {{(pid=110667) _process_stack /opt/stack/cinder/cinder/api/openstack/wsgi.py:868}}
Jun 07 14:22:15.228914 dv-cinder-836083-9-iscsi devstack@c-api.service[110667]: DEBUG cinder.api.api_utils [None req-01c59b1d-8973-49c0-b307-1b58995921fb tempest-GroupsTest-1819931411 tempest-GroupsTest-1819931411-project] Removing options '' from query. {{(pid=110667) remove_invalid_filter_options /opt/stack/cinder/cinder/api/api_utils.py:73}}
Jun 07 14:22:15.234842 dv-cinder-836083-9-iscsi devstack@c-api.service[110666]: [pid: 110666|app: 0|req: 191/417] 10.222.0.81 () {58 vars in 1333 bytes} [Tue Jun 7 14:22:15 2022] DELETE /volume/v3/4f6b7f56d4f24f13b3b935a9bf0e6efc/snapshots/e221ae86-9171-4ad8-9cb7-d05b7287198e => generated 111 bytes in 34 msecs (HTTP/1.1 404) 7 headers in 292 bytes (1 switches on core 0)
Jun 07 14:22:15.237489 dv-cinder-836083-9-iscsi devstack@c-api.service[110667]: DEBUG cinder.volume.api [None req-01c59b1d-8973-49c0-b307-1b58995921fb tempest-GroupsTest-1819931411 tempest-GroupsTest-1819931411-project] Searching by: MultiDict([('no_migration_targets', True)]). {{(pid=110667) get_all /opt/stack/cinder/cinder/volume/api.py:664}}
Jun 07 14:22:15.238432 dv-cinder-836083-9-iscsi devstack@c-api.service[110666]: DEBUG cinder.api.middleware.request_id [None req-6525caa2-a026-49a3-8433-493885924f13 None None] RequestId filter calling following filter/app {{(pid=110666) _context_setter /opt/stack/cinder/cinder/api/middleware/request_id.py:62}}
Jun 07 14:22:15.247283 dv-cinder-836083-9-iscsi devstack@c-api.service[110666]: INFO cinder.api.openstack.wsgi [None req-6525caa2-a026-49a3-8433-493885924f13 tempest-SnapshotsActionsTest-2087731243 tempest-SnapshotsActionsTest-2087731243-project] DELETE http://10.222.0.81/volume/v3/4f6b7f56d4f24f13b3b935a9bf0e6efc/snapshots/de4c4274-208b-405a-91ac-daabd5356108
Jun 07 14:22:15.249001 dv-cinder-836083-9-iscsi devstack@c-api.service[110666]: DEBUG cinder.api.openstack.wsgi [None req-6525caa2-a026-49a3-8433-493885924f13 tempest-SnapshotsActionsTest-2087731243 tempest-SnapshotsActionsTest-2087731243-project] Empty body provided in request {{(pid=110666) get_body /opt/stack/cinder/cinder/api/openstack/wsgi.py:715}}
Jun 07 14:22:15.250012 dv-cinder-836083-9-iscsi devstack@c-api.service[110666]: DEBUG cinder.api.openstack.wsgi [None req-6525caa2-a026-49a3-8433-493885924f13 tempest-SnapshotsActionsTest-2087731243 tempest-SnapshotsActionsTest-2087731243-project] Calling method 'delete' {{(pid=110666) _process_stack /opt/stack/cinder/cinder/api/openstack/wsgi.py:868}}
Jun 07 14:22:15.251610 dv-cinder-836083-9-iscsi devstack@c-api.service[110666]: INFO cinder.api.v2.snapshots [None req-6525caa2-a026-49a3-8433-493885924f13 tempest-SnapshotsActionsTest-2087731243 tempest-SnapshotsActionsTest-2087731243-project] Delete snapshot with id: de4c4274-208b-405a-91ac-daabd5356108
Jun 07 14:22:15.264816 dv-cinder-836083-9-iscsi devstack@c-api.service[110666]: DEBUG dbcounter [-] [110666] Writing DB stats cinder:INSERT=16,cinder:SELECT=60,cinder:UPDATE=24 {{(pid=110666) stat_writer /usr/local/lib/python3.8/dist-packages/dbcounter.py:114}}
Jun 07 14:22:15.281766 dv-cinder-836083-9-iscsi devstack@c-api.service[110666]: /usr/local/lib/python3.8/dist-packages/oslo_context/context.py:100: DeprecationWarning: Policy enforcement is depending on the value of is_admin. This key is deprecated. Please update your policy file to use the standard policy values.
Jun 07 14:22:15.281766 dv-cinder-836083-9-iscsi devstack@c-api.service[110666]: warnings.warn('Policy enforcement is depending on the value of '
Jun 07 14:22:15.283537 dv-cinder-836083-9-iscsi devstack@c-api.service[110666]: INFO cinder.volume.api [None req-6525caa2-a026-49a3-8433-493885924f13 tempest-SnapshotsActionsTest-2087731243 tempest-SnapshotsActionsTest-2087731243-project] Snapshot retrieved successfully.
Jun 07 14:22:15.331751 dv-cinder-836083-9-iscsi devstack@c-api.service[110666]: INFO cinder.volume.api [None req-6525caa2-a026-49a3-8433-493885924f13 tempest-SnapshotsActionsTest-2087731243 tempest-SnapshotsActionsTest-2087731243-project] Snapshot delete request issued successfully.
Jun 07 14:22:15.332617 dv-cinder-836083-9-iscsi devstack@c-api.service[110666]: INFO cinder.api.openstack.wsgi [None req-6525caa2-a026-49a3-8433-493885924f13 tempest-SnapshotsActionsTest-2087731243 tempest-SnapshotsActionsTest-2087731243-project] http://10.222.0.81/volume/v3/4f6b7f56d4f24f13b3b935a9bf0e6efc/snapshots/de4c4274-208b-405a-91ac-daabd5356108 returned with HTTP 202
Jun 07 14:22:15.335810 dv-cinder-836083-9-iscsi devstack@c-api.service[110667]: INFO cinder.volume.api [None req-01c59b1d-8973-49c0-b307-1b58995921fb tempest-GroupsTest-1819931411 tempest-GroupsTest-1819931411-project] Get all volumes completed successfully.
Jun 07 14:22:15.336960 dv-cinder-836083-9-iscsi devstack@c-api.service[110666]: [pid: 110666|app: 0|req: 192/418] 10.222.0.81 () {58 vars in 1333 bytes} [Tue Jun 7 14:22:15 2022] DELETE /volume/v3/4f6b7f56d4f24f13b3b935a9bf0e6efc/snapshots/de4c4274-208b-405a-91ac-daabd5356108 => generated 0 bytes in 100 msecs (HTTP/1.1 202) 6 headers in 233 bytes (1 switches on core 0)
Jun 07 14:22:15.339367 dv-cinder-836083-9-iscsi devstack@c-api.service[110666]: DEBUG cinder.api.middleware.request_id [None req-7317809f-f254-4269-9517-a88794cff7d5 None None] RequestId filter calling following filter/app {{(pid=110666) _context_setter /opt/stack/cinder/cinder/api/middleware/request_id.py:62}}
Jun 07 14:22:15.345564 dv-cinder-836083-9-iscsi devstack@c-api.service[110666]: INFO cinder.api.openstack.wsgi [None req-7317809f-f254-4269-9517-a88794cff7d5 tempest-SnapshotsActionsTest-2087731243 tempest-SnapshotsActionsTest-2087731243-project] GET http://10.222.0.81/volume/v3/4f6b7f56d4f24f13b3b935a9bf0e6efc/snapshots/de4c4274-208b-405a-91ac-daabd5356108
Jun 07 14:22:15.346155 dv-cinder-836083-9-iscsi devstack@c-api.service[110667]: INFO cinder.api.openstack.wsgi [None req-01c59b1d-8973-49c0-b307-1b58995921fb tempest-GroupsTest-1819931411 tempest-GroupsTest-1819931411-project] http://10.222.0.81/volume/v3/51dd501093ad4b5484ec28131c248876/volumes/detail returned with HTTP 200
Jun 07 14:22:15.346974 dv-cinder-836083-9-iscsi devstack@c-api.service[110666]: DEBUG cinder.api.openstack.wsgi [None req-7317809f-f254-4269-9517-a88794cff7d5 tempest-SnapshotsActionsTest-2087731243 tempest-SnapshotsActionsTest-2087731243-project] Empty body provided in request {{(pid=110666) get_body /opt/stack/cinder/cinder/api/openstack/wsgi.py:715}}
Jun 07 14:22:15.347362 dv-cinder-836083-9-iscsi devstack@c-api.service[110667]: [pid: 110667|app: 0|req: 227/419] 10.222.0.81 () {60 vars in 1275 bytes} [Tue Jun 7 14:22:15 2022] GET /volume/v3/51dd501093ad4b5484ec28131c248876/volumes/detail => generated 15 bytes in 125 msecs (HTTP/1.1 200) 7 headers in 285 bytes (1 switches on core 0)
Jun 07 14:22:15.347514 dv-cinder-836083-9-iscsi devstack@c-api.service[110666]: DEBUG cinder.api.openstack.wsgi [None req-7317809f-f254-4269-9517-a88794cff7d5 tempest-SnapshotsActionsTest-2087731243 tempest-SnapshotsActionsTest-2087731243-project] Calling method 'show' {{(pid=110666) _process_stack /opt/stack/cinder/cinder/api/openstack/wsgi.py:868}}
Jun 07 14:22:15.363066 dv-cinder-836083-9-iscsi devstack@c-api.service[110667]: DEBUG cinder.api.middleware.request_id [None req-e159e600-835c-4aea-a92e-f6fd709abdde None None] RequestId filter calling following filter/app {{(pid=110667) _context_setter /opt/stack/cinder/cinder/api/middleware/request_id.py:62}}
Jun 07 14:22:15.367048 dv-cinder-836083-9-iscsi devstack@c-api.service[110667]: INFO cinder.api.openstack.wsgi [None req-e159e600-835c-4aea-a92e-f6fd709abdde tempest-GroupsTest-1819931411 tempest-GroupsTest-1819931411-project] POST http://10.222.0.81/volume/v3/51dd501093ad4b5484ec28131c248876/groups/80a34836-c70c-44ff-8356-9ae720cec77c/action
Jun 07 14:22:15.368025 dv-cinder-836083-9-iscsi devstack@c-api.service[110667]: DEBUG cinder.api.openstack.wsgi [None req-e159e600-835c-4aea-a92e-f6fd709abdde tempest-GroupsTest-1819931411 tempest-GroupsTest-1819931411-project] Action body: b'{"delete": {"delete-volumes": true}}' {{(pid=110667) get_method /opt/stack/cinder/cinder/api/openstack/wsgi.py:983}}
Jun 07 14:22:15.368495 dv-cinder-836083-9-iscsi devstack@c-api.service[110667]: DEBUG cinder.api.openstack.wsgi [None req-e159e600-835c-4aea-a92e-f6fd709abdde tempest-GroupsTest-1819931411 tempest-GroupsTest-1819931411-project] Action: 'action', calling method: delete_group, body: {"delete": {"delete-volumes": true}} {{(pid=110667) _process_stack /opt/stack/cinder/cinder/api/openstack/wsgi.py:866}}
Jun 07 14:22:15.369312 dv-cinder-836083-9-iscsi devstack@c-api.service[110667]: DEBUG cinder.api.v3.groups [None req-e159e600-835c-4aea-a92e-f6fd709abdde tempest-GroupsTest-1819931411 tempest-GroupsTest-1819931411-project] delete called for group 80a34836-c70c-44ff-8356-9ae720cec77c {{(pid=110667) _delete /opt/stack/cinder/cinder/api/v3/groups.py:117}}
Jun 07 14:22:15.369909 dv-cinder-836083-9-iscsi devstack@c-api.service[110667]: INFO cinder.api.v3.groups [None req-e159e600-835c-4aea-a92e-f6fd709abdde tempest-GroupsTest-1819931411 tempest-GroupsTest-1819931411-project] Delete group with id: 80a34836-c70c-44ff-8356-9ae720cec77c
Jun 07 14:22:15.370865 dv-cinder-836083-9-iscsi devstack@c-api.service[110666]: /usr/local/lib/python3.8/dist-packages/oslo_context/context.py:100: DeprecationWarning: Policy enforcement is depending on the value of is_admin. This key is deprecated. Please update your policy file to use the standard policy values.
Jun 07 14:22:15.370865 dv-cinder-836083-9-iscsi devstack@c-api.service[110666]: warnings.warn('Policy enforcement is depending on the value of '
Jun 07 14:22:15.372717 dv-cinder-836083-9-iscsi devstack@c-api.service[110666]: INFO cinder.volume.api [None req-7317809f-f254-4269-9517-a88794cff7d5 tempest-SnapshotsActionsTest-2087731243 tempest-SnapshotsActionsTest-2087731243-project] Snapshot retrieved successfully.
Jun 07 14:22:15.380440 dv-cinder-836083-9-iscsi devstack@c-api.service[110666]: INFO cinder.api.openstack.wsgi [None req-7317809f-f254-4269-9517-a88794cff7d5 tempest-SnapshotsActionsTest-2087731243 tempest-SnapshotsActionsTest-2087731243-project] http://10.222.0.81/volume/v3/4f6b7f56d4f24f13b3b935a9bf0e6efc/snapshots/de4c4274-208b-405a-91ac-daabd5356108 returned with HTTP 200
Jun 07 14:22:15.380671 dv-cinder-836083-9-iscsi devstack@c-api.service[110667]: INFO cinder.api.openstack.wsgi [None req-e159e600-835c-4aea-a92e-f6fd709abdde tempest-GroupsTest-1819931411 tempest-GroupsTest-1819931411-project] http://10.222.0.81/volume/v3/51dd501093ad4b5484ec28131c248876/groups/80a34836-c70c-44ff-8356-9ae720cec77c/action returned with HTTP 404
Jun 07 14:22:15.380771 dv-cinder-836083-9-iscsi devstack@c-api.service[110666]: [pid: 110666|app: 0|req: 193/420] 10.222.0.81 () {58 vars in 1330 bytes} [Tue Jun 7 14:22:15 2022] GET /volume/v3/4f6b7f56d4f24f13b3b935a9bf0e6efc/snapshots/de4c4274-208b-405a-91ac-daabd5356108 => generated 463 bytes in 39 msecs (HTTP/1.1 200) 7 headers in 285 bytes (1 switches on core 0)
Jun 07 14:22:15.380771 dv-cinder-836083-9-iscsi devstack@c-api.service[110666]: DEBUG cinder.api.middleware.request_id [None req-b488aa7e-099f-447b-97af-ff5fccc2e376 None None] RequestId filter calling following filter/app {{(pid=110666) _context_setter /opt/stack/cinder/cinder/api/middleware/request_id.py:62}}
Jun 07 14:22:15.381994 dv-cinder-836083-9-iscsi devstack@c-api.service[110667]: [pid: 110667|app: 0|req: 228/421] 10.222.0.81 () {62 vars in 1404 bytes} [Tue Jun 7 14:22:15 2022] POST /volume/v3/51dd501093ad4b5484ec28131c248876/groups/80a34836-c70c-44ff-8356-9ae720cec77c/action => generated 108 bytes in 21 msecs (HTTP/1.1 404) 7 headers in 293 bytes (2 switches on core 0)
Jun 07 14:22:15.382297 dv-cinder-836083-9-iscsi devstack@c-api.service[110666]: INFO cinder.api.openstack.wsgi [None req-b488aa7e-099f-447b-97af-ff5fccc2e376 tempest-VolumesExtendTest-810527065 tempest-VolumesExtendTest-810527065-project] GET http://10.222.0.81/volume/v3/a24f5f4930bf4726910dd1c12dadc83a/volumes/53442232-bd80-4db4-ada5-1b036830a6a2
Jun 07 14:22:15.383626 dv-cinder-836083-9-iscsi devstack@c-api.service[110666]: DEBUG cinder.api.openstack.wsgi [None req-b488aa7e-099f-447b-97af-ff5fccc2e376 tempest-VolumesExtendTest-810527065 tempest-VolumesExtendTest-810527065-project] Empty body provided in request {{(pid=110666) get_body /opt/stack/cinder/cinder/api/openstack/wsgi.py:715}}
Jun 07 14:22:15.384093 dv-cinder-836083-9-iscsi devstack@c-api.service[110666]: DEBUG cinder.api.openstack.wsgi [None req-b488aa7e-099f-447b-97af-ff5fccc2e376 tempest-VolumesExtendTest-810527065 tempest-VolumesExtendTest-810527065-project] Calling method 'show' {{(pid=110666) _process_stack /opt/stack/cinder/cinder/api/openstack/wsgi.py:868}}
Jun 07 14:22:15.387447 dv-cinder-836083-9-iscsi devstack@c-api.service[110667]: DEBUG cinder.api.middleware.request_id [None req-6495c002-a155-4162-860e-35b61d707c7b None None] RequestId filter calling following filter/app {{(pid=110667) _context_setter /opt/stack/cinder/cinder/api/middleware/request_id.py:62}}
