Jun 07 14:22:06.889752 dv-cinder-836083-9-iscsi devstack@c-api.service[110666]: DEBUG cinder.api.middleware.request_id [req-492a28e9-0588-417e-97db-7a183b64c5f1 req-3b3a7c25-3fc5-42f9-93c3-a1d814e70b8f None None] RequestId filter calling following filter/app {{(pid=110666) _context_setter /opt/stack/cinder/cinder/api/middleware/request_id.py:62}}
Jun 07 14:22:06.894801 dv-cinder-836083-9-iscsi devstack@c-api.service[110666]: INFO cinder.api.openstack.wsgi [req-492a28e9-0588-417e-97db-7a183b64c5f1 req-3b3a7c25-3fc5-42f9-93c3-a1d814e70b8f tempest-VolumesTestJSON-2054560174 tempest-VolumesTestJSON-2054560174-project] GET http://10.222.0.81/volume/v3/63a4ece4819f4abc8e66fc7c1e209154/volumes/detail
Jun 07 14:22:06.895602 dv-cinder-836083-9-iscsi devstack@c-api.service[110666]: DEBUG cinder.api.openstack.wsgi [req-492a28e9-0588-417e-97db-7a183b64c5f1 req-3b3a7c25-3fc5-42f9-93c3-a1d814e70b8f tempest-VolumesTestJSON-2054560174 tempest-VolumesTestJSON-2054560174-project] Empty body provided in request {{(pid=110666) get_body /opt/stack/cinder/cinder/api/openstack/wsgi.py:715}}
Jun 07 14:22:06.896946 dv-cinder-836083-9-iscsi devstack@c-api.service[110666]: DEBUG cinder.api.openstack.wsgi [req-492a28e9-0588-417e-97db-7a183b64c5f1 req-3b3a7c25-3fc5-42f9-93c3-a1d814e70b8f tempest-VolumesTestJSON-2054560174 tempest-VolumesTestJSON-2054560174-project] Calling method 'detail' {{(pid=110666) _process_stack /opt/stack/cinder/cinder/api/openstack/wsgi.py:868}}
Jun 07 14:22:06.897779 dv-cinder-836083-9-iscsi devstack@c-api.service[110666]: DEBUG cinder.api.api_utils [req-492a28e9-0588-417e-97db-7a183b64c5f1 req-3b3a7c25-3fc5-42f9-93c3-a1d814e70b8f tempest-VolumesTestJSON-2054560174 tempest-VolumesTestJSON-2054560174-project] Removing options '' from query. {{(pid=110666) remove_invalid_filter_options /opt/stack/cinder/cinder/api/api_utils.py:73}}
Jun 07 14:22:06.900040 dv-cinder-836083-9-iscsi devstack@c-api.service[110666]: DEBUG cinder.volume.api [req-492a28e9-0588-417e-97db-7a183b64c5f1 req-3b3a7c25-3fc5-42f9-93c3-a1d814e70b8f tempest-VolumesTestJSON-2054560174 tempest-VolumesTestJSON-2054560174-project] Searching by: MultiDict([('no_migration_targets', True)]). {{(pid=110666) get_all /opt/stack/cinder/cinder/volume/api.py:664}}
Jun 07 14:22:06.978691 dv-cinder-836083-9-iscsi devstack@c-api.service[110666]: INFO cinder.volume.api [req-492a28e9-0588-417e-97db-7a183b64c5f1 req-3b3a7c25-3fc5-42f9-93c3-a1d814e70b8f tempest-VolumesTestJSON-2054560174 tempest-VolumesTestJSON-2054560174-project] Get all volumes completed successfully.
Jun 07 14:22:06.978691 dv-cinder-836083-9-iscsi devstack@c-api.service[110666]: /usr/local/lib/python3.8/dist-packages/oslo_context/context.py:100: DeprecationWarning: Policy enforcement is depending on the value of is_admin. This key is deprecated. Please update your policy file to use the standard policy values.
Jun 07 14:22:06.978691 dv-cinder-836083-9-iscsi devstack@c-api.service[110666]: warnings.warn('Policy enforcement is depending on the value of '
Jun 07 14:22:06.986020 dv-cinder-836083-9-iscsi devstack@c-api.service[110666]: INFO cinder.api.openstack.wsgi [req-492a28e9-0588-417e-97db-7a183b64c5f1 req-3b3a7c25-3fc5-42f9-93c3-a1d814e70b8f tempest-VolumesTestJSON-2054560174 tempest-VolumesTestJSON-2054560174-project] http://10.222.0.81/volume/v3/63a4ece4819f4abc8e66fc7c1e209154/volumes/detail returned with HTTP 200
Jun 07 14:22:06.986787 dv-cinder-836083-9-iscsi devstack@c-api.service[110666]: [pid: 110666|app: 0|req: 155/326] 10.222.0.81 () {60 vars in 1488 bytes} [Tue Jun 7 14:22:06 2022] GET /volume/v3/63a4ece4819f4abc8e66fc7c1e209154/volumes/detail => generated 2746 bytes in 98 msecs (HTTP/1.1 200) 7 headers in 286 bytes (1 switches on core 0)
Jun 07 14:22:07.012918 dv-cinder-836083-9-iscsi devstack@c-api.service[110667]: DEBUG cinder.api.middleware.request_id [req-723cc965-062c-483b-96af-7e837948ce35 req-011a5398-f938-405b-997b-c74c7394e208 None None] RequestId filter calling following filter/app {{(pid=110667) _context_setter /opt/stack/cinder/cinder/api/middleware/request_id.py:62}}
Jun 07 14:22:07.018337 dv-cinder-836083-9-iscsi devstack@c-api.service[110667]: INFO cinder.api.openstack.wsgi [req-723cc965-062c-483b-96af-7e837948ce35 req-011a5398-f938-405b-997b-c74c7394e208 tempest-VolumesTestJSON-2054560174 tempest-VolumesTestJSON-2054560174-project] GET http://10.222.0.81/volume/v3/63a4ece4819f4abc8e66fc7c1e209154/volumes/detail
Jun 07 14:22:07.018788 dv-cinder-836083-9-iscsi devstack@c-api.service[110667]: DEBUG cinder.api.openstack.wsgi [req-723cc965-062c-483b-96af-7e837948ce35 req-011a5398-f938-405b-997b-c74c7394e208 tempest-VolumesTestJSON-2054560174 tempest-VolumesTestJSON-2054560174-project] Empty body provided in request {{(pid=110667) get_body /opt/stack/cinder/cinder/api/openstack/wsgi.py:715}}
Jun 07 14:22:07.019295 dv-cinder-836083-9-iscsi devstack@c-api.service[110667]: DEBUG cinder.api.openstack.wsgi [req-723cc965-062c-483b-96af-7e837948ce35 req-011a5398-f938-405b-997b-c74c7394e208 tempest-VolumesTestJSON-2054560174 tempest-VolumesTestJSON-2054560174-project] Calling method 'detail' {{(pid=110667) _process_stack /opt/stack/cinder/cinder/api/openstack/wsgi.py:868}}
Jun 07 14:22:07.019877 dv-cinder-836083-9-iscsi devstack@c-api.service[110667]: DEBUG cinder.api.api_utils [req-723cc965-062c-483b-96af-7e837948ce35 req-011a5398-f938-405b-997b-c74c7394e208 tempest-VolumesTestJSON-2054560174 tempest-VolumesTestJSON-2054560174-project] Removing options '' from query. {{(pid=110667) remove_invalid_filter_options /opt/stack/cinder/cinder/api/api_utils.py:73}}
Jun 07 14:22:07.021888 dv-cinder-836083-9-iscsi devstack@c-api.service[110667]: DEBUG cinder.volume.api [req-723cc965-062c-483b-96af-7e837948ce35 req-011a5398-f938-405b-997b-c74c7394e208 tempest-VolumesTestJSON-2054560174 tempest-VolumesTestJSON-2054560174-project] Searching by: MultiDict([('no_migration_targets', True)]). {{(pid=110667) get_all /opt/stack/cinder/cinder/volume/api.py:664}}
Jun 07 14:22:07.075662 dv-cinder-836083-9-iscsi devstack@c-api.service[110667]: INFO cinder.volume.api [req-723cc965-062c-483b-96af-7e837948ce35 req-011a5398-f938-405b-997b-c74c7394e208 tempest-VolumesTestJSON-2054560174 tempest-VolumesTestJSON-2054560174-project] Get all volumes completed successfully.
Jun 07 14:22:07.078612 dv-cinder-836083-9-iscsi devstack@c-api.service[110667]: /usr/local/lib/python3.8/dist-packages/oslo_context/context.py:100: DeprecationWarning: Policy enforcement is depending on the value of is_admin. This key is deprecated. Please update your policy file to use the standard policy values.
Jun 07 14:22:07.078612 dv-cinder-836083-9-iscsi devstack@c-api.service[110667]: warnings.warn('Policy enforcement is depending on the value of '
Jun 07 14:22:07.087547 dv-cinder-836083-9-iscsi devstack@c-api.service[110667]: INFO cinder.api.openstack.wsgi [req-723cc965-062c-483b-96af-7e837948ce35 req-011a5398-f938-405b-997b-c74c7394e208 tempest-VolumesTestJSON-2054560174 tempest-VolumesTestJSON-2054560174-project] http://10.222.0.81/volume/v3/63a4ece4819f4abc8e66fc7c1e209154/volumes/detail returned with HTTP 200
Jun 07 14:22:07.088558 dv-cinder-836083-9-iscsi devstack@c-api.service[110667]: [pid: 110667|app: 0|req: 172/327] 10.222.0.81 () {60 vars in 1488 bytes} [Tue Jun 7 14:22:07 2022] GET /volume/v3/63a4ece4819f4abc8e66fc7c1e209154/volumes/detail => generated 2746 bytes in 76 msecs (HTTP/1.1 200) 7 headers in 286 bytes (1 switches on core 0)
Jun 07 14:22:07.106520 dv-cinder-836083-9-iscsi devstack@c-api.service[110666]: DEBUG cinder.api.middleware.request_id [None req-23519d13-e676-44c1-a55e-74caf3537454 None None] RequestId filter calling following filter/app {{(pid=110666) _context_setter /opt/stack/cinder/cinder/api/middleware/request_id.py:62}}
Jun 07 14:22:07.110270 dv-cinder-836083-9-iscsi devstack@c-api.service[110666]: INFO cinder.api.openstack.wsgi [None req-23519d13-e676-44c1-a55e-74caf3537454 tempest-VolumesTestJSON-2054560174 tempest-VolumesTestJSON-2054560174-project] DELETE http://10.222.0.81/volume/v3/63a4ece4819f4abc8e66fc7c1e209154/volumes/ffd6153f-c7a2-4dfb-aa9f-de7319a3cee1
Jun 07 14:22:07.110813 dv-cinder-836083-9-iscsi devstack@c-api.service[110666]: DEBUG cinder.api.openstack.wsgi [None req-23519d13-e676-44c1-a55e-74caf3537454 tempest-VolumesTestJSON-2054560174 tempest-VolumesTestJSON-2054560174-project] Empty body provided in request {{(pid=110666) get_body /opt/stack/cinder/cinder/api/openstack/wsgi.py:715}}
Jun 07 14:22:07.111184 dv-cinder-836083-9-iscsi devstack@c-api.service[110666]: DEBUG cinder.api.openstack.wsgi [None req-23519d13-e676-44c1-a55e-74caf3537454 tempest-VolumesTestJSON-2054560174 tempest-VolumesTestJSON-2054560174-project] Calling method 'delete' {{(pid=110666) _process_stack /opt/stack/cinder/cinder/api/openstack/wsgi.py:868}}
Jun 07 14:22:07.111614 dv-cinder-836083-9-iscsi devstack@c-api.service[110666]: INFO cinder.api.v3.volumes [None req-23519d13-e676-44c1-a55e-74caf3537454 tempest-VolumesTestJSON-2054560174 tempest-VolumesTestJSON-2054560174-project] Delete volume with id: ffd6153f-c7a2-4dfb-aa9f-de7319a3cee1
Jun 07 14:22:07.127458 dv-cinder-836083-9-iscsi devstack@c-api.service[110666]: /usr/local/lib/python3.8/dist-packages/oslo_context/context.py:100: DeprecationWarning: Policy enforcement is depending on the value of is_admin. This key is deprecated. Please update your policy file to use the standard policy values.
Jun 07 14:22:07.127458 dv-cinder-836083-9-iscsi devstack@c-api.service[110666]: warnings.warn('Policy enforcement is depending on the value of '
Jun 07 14:22:07.128535 dv-cinder-836083-9-iscsi devstack@c-api.service[110666]: INFO cinder.volume.api [None req-23519d13-e676-44c1-a55e-74caf3537454 tempest-VolumesTestJSON-2054560174 tempest-VolumesTestJSON-2054560174-project] Volume info retrieved successfully.
Jun 07 14:22:07.168299 dv-cinder-836083-9-iscsi devstack@c-api.service[110666]: INFO cinder.volume.api [None req-23519d13-e676-44c1-a55e-74caf3537454 tempest-VolumesTestJSON-2054560174 tempest-VolumesTestJSON-2054560174-project] Delete volume request issued successfully.
Jun 07 14:22:07.168299 dv-cinder-836083-9-iscsi devstack@c-api.service[110666]: INFO cinder.api.openstack.wsgi [None req-23519d13-e676-44c1-a55e-74caf3537454 tempest-VolumesTestJSON-2054560174 tempest-VolumesTestJSON-2054560174-project] http://10.222.0.81/volume/v3/63a4ece4819f4abc8e66fc7c1e209154/volumes/ffd6153f-c7a2-4dfb-aa9f-de7319a3cee1 returned with HTTP 202
Jun 07 14:22:07.168299 dv-cinder-836083-9-iscsi devstack@c-api.service[110666]: [pid: 110666|app: 0|req: 156/328] 10.222.0.81 () {58 vars in 1327 bytes} [Tue Jun 7 14:22:07 2022] DELETE /volume/v3/63a4ece4819f4abc8e66fc7c1e209154/volumes/ffd6153f-c7a2-4dfb-aa9f-de7319a3cee1 => generated 0 bytes in 60 msecs (HTTP/1.1 202) 6 headers in 233 bytes (2 switches on core 0)
Jun 07 14:22:07.169769 dv-cinder-836083-9-iscsi devstack@c-api.service[110667]: DEBUG cinder.api.middleware.request_id [None req-e6214164-0f0e-4095-a999-a1d7ad4fd769 None None] RequestId filter calling following filter/app {{(pid=110667) _context_setter /opt/stack/cinder/cinder/api/middleware/request_id.py:62}}
Jun 07 14:22:07.173742 dv-cinder-836083-9-iscsi devstack@c-api.service[110667]: INFO cinder.api.openstack.wsgi [None req-e6214164-0f0e-4095-a999-a1d7ad4fd769 tempest-VolumesTestJSON-2054560174 tempest-VolumesTestJSON-2054560174-project] GET http://10.222.0.81/volume/v3/63a4ece4819f4abc8e66fc7c1e209154/volumes/ffd6153f-c7a2-4dfb-aa9f-de7319a3cee1
Jun 07 14:22:07.174196 dv-cinder-836083-9-iscsi devstack@c-api.service[110667]: DEBUG cinder.api.openstack.wsgi [None req-e6214164-0f0e-4095-a999-a1d7ad4fd769 tempest-VolumesTestJSON-2054560174 tempest-VolumesTestJSON-2054560174-project] Empty body provided in request {{(pid=110667) get_body /opt/stack/cinder/cinder/api/openstack/wsgi.py:715}}
Jun 07 14:22:07.174652 dv-cinder-836083-9-iscsi devstack@c-api.service[110667]: DEBUG cinder.api.openstack.wsgi [None req-e6214164-0f0e-4095-a999-a1d7ad4fd769 tempest-VolumesTestJSON-2054560174 tempest-VolumesTestJSON-2054560174-project] Calling method 'show' {{(pid=110667) _process_stack /opt/stack/cinder/cinder/api/openstack/wsgi.py:868}}
Jun 07 14:22:07.206620 dv-cinder-836083-9-iscsi devstack@c-api.service[110667]: /usr/local/lib/python3.8/dist-packages/oslo_context/context.py:100: DeprecationWarning: Policy enforcement is depending on the value of is_admin. This key is deprecated. Please update your policy file to use the standard policy values.
Jun 07 14:22:07.206620 dv-cinder-836083-9-iscsi devstack@c-api.service[110667]: warnings.warn('Policy enforcement is depending on the value of '
Jun 07 14:22:07.223346 dv-cinder-836083-9-iscsi devstack@c-api.service[110666]: DEBUG cinder.api.middleware.request_id [None req-f5910db4-a1d3-498f-94c9-f7d43fd845ed None None] RequestId filter calling following filter/app {{(pid=110666) _context_setter /opt/stack/cinder/cinder/api/middleware/request_id.py:62}}
Jun 07 14:22:07.227782 dv-cinder-836083-9-iscsi devstack@c-api.service[110667]: INFO cinder.volume.api [None req-e6214164-0f0e-4095-a999-a1d7ad4fd769 tempest-VolumesTestJSON-2054560174 tempest-VolumesTestJSON-2054560174-project] Volume info retrieved successfully.
Jun 07 14:22:07.229041 dv-cinder-836083-9-iscsi devstack@c-api.service[110666]: INFO cinder.api.openstack.wsgi [None req-f5910db4-a1d3-498f-94c9-f7d43fd845ed tempest-VolumesActionsTest-1623556778 tempest-VolumesActionsTest-1623556778-project] GET http://10.222.0.81/volume/v3/2a8e39e02778437dbc094914785b7681/volumes/9d1422db-a5b0-4d4b-b23c-d3bebe26f838
Jun 07 14:22:07.229590 dv-cinder-836083-9-iscsi devstack@c-api.service[110666]: DEBUG cinder.api.openstack.wsgi [None req-f5910db4-a1d3-498f-94c9-f7d43fd845ed tempest-VolumesActionsTest-1623556778 tempest-VolumesActionsTest-1623556778-project] Empty body provided in request {{(pid=110666) get_body /opt/stack/cinder/cinder/api/openstack/wsgi.py:715}}
Jun 07 14:22:07.230146 dv-cinder-836083-9-iscsi devstack@c-api.service[110666]: DEBUG cinder.api.openstack.wsgi [None req-f5910db4-a1d3-498f-94c9-f7d43fd845ed tempest-VolumesActionsTest-1623556778 tempest-VolumesActionsTest-1623556778-project] Calling method 'show' {{(pid=110666) _process_stack /opt/stack/cinder/cinder/api/openstack/wsgi.py:868}}
Jun 07 14:22:07.243595 dv-cinder-836083-9-iscsi devstack@c-api.service[110667]: INFO cinder.api.openstack.wsgi [None req-e6214164-0f0e-4095-a999-a1d7ad4fd769 tempest-VolumesTestJSON-2054560174 tempest-VolumesTestJSON-2054560174-project] http://10.222.0.81/volume/v3/63a4ece4819f4abc8e66fc7c1e209154/volumes/ffd6153f-c7a2-4dfb-aa9f-de7319a3cee1 returned with HTTP 200
Jun 07 14:22:07.244914 dv-cinder-836083-9-iscsi devstack@c-api.service[110667]: [pid: 110667|app: 0|req: 173/329] 10.222.0.81 () {58 vars in 1324 bytes} [Tue Jun 7 14:22:07 2022] GET /volume/v3/63a4ece4819f4abc8e66fc7c1e209154/volumes/ffd6153f-c7a2-4dfb-aa9f-de7319a3cee1 => generated 920 bytes in 76 msecs (HTTP/1.1 200) 7 headers in 285 bytes (1 switches on core 0)
Jun 07 14:22:07.246412 dv-cinder-836083-9-iscsi devstack@c-api.service[110667]: DEBUG cinder.api.middleware.request_id [None req-56c046b8-870e-4a63-b876-3f915292f4f9 None None] RequestId filter calling following filter/app {{(pid=110667) _context_setter /opt/stack/cinder/cinder/api/middleware/request_id.py:62}}
Jun 07 14:22:07.250948 dv-cinder-836083-9-iscsi devstack@c-api.service[110667]: INFO cinder.api.openstack.wsgi [None req-56c046b8-870e-4a63-b876-3f915292f4f9 tempest-GroupsTest-1819931411 tempest-GroupsTest-1819931411-project] GET http://10.222.0.81/volume/v3/51dd501093ad4b5484ec28131c248876/groups/55007320-a891-4142-bcb2-ae618ef8dd67
Jun 07 14:22:07.251641 dv-cinder-836083-9-iscsi devstack@c-api.service[110667]: DEBUG cinder.api.openstack.wsgi [None req-56c046b8-870e-4a63-b876-3f915292f4f9 tempest-GroupsTest-1819931411 tempest-GroupsTest-1819931411-project] Empty body provided in request {{(pid=110667) get_body /opt/stack/cinder/cinder/api/openstack/wsgi.py:715}}
Jun 07 14:22:07.252241 dv-cinder-836083-9-iscsi devstack@c-api.service[110667]: DEBUG cinder.api.openstack.wsgi [None req-56c046b8-870e-4a63-b876-3f915292f4f9 tempest-GroupsTest-1819931411 tempest-GroupsTest-1819931411-project] Calling method 'version_select' {{(pid=110667) _process_stack /opt/stack/cinder/cinder/api/openstack/wsgi.py:868}}
Jun 07 14:22:07.252629 dv-cinder-836083-9-iscsi devstack@c-api.service[110667]: DEBUG cinder.api.v3.groups [None req-56c046b8-870e-4a63-b876-3f915292f4f9 tempest-GroupsTest-1819931411 tempest-GroupsTest-1819931411-project] show called for member 55007320-a891-4142-bcb2-ae618ef8dd67 {{(pid=110667) show /opt/stack/cinder/cinder/api/v3/groups.py:58}}
Jun 07 14:22:07.261426 dv-cinder-836083-9-iscsi devstack@c-api.service[110667]: /usr/local/lib/python3.8/dist-packages/oslo_context/context.py:100: DeprecationWarning: Policy enforcement is depending on the value of is_admin. This key is deprecated. Please update your policy file to use the standard policy values.
Jun 07 14:22:07.261426 dv-cinder-836083-9-iscsi devstack@c-api.service[110667]: warnings.warn('Policy enforcement is depending on the value of '
Jun 07 14:22:07.276765 dv-cinder-836083-9-iscsi devstack@c-api.service[110666]: /usr/local/lib/python3.8/dist-packages/oslo_context/context.py:100: DeprecationWarning: Policy enforcement is depending on the value of is_admin. This key is deprecated. Please update your policy file to use the standard policy values.
Jun 07 14:22:07.276765 dv-cinder-836083-9-iscsi devstack@c-api.service[110666]: warnings.warn('Policy enforcement is depending on the value of '
Jun 07 14:22:07.277886 dv-cinder-836083-9-iscsi devstack@c-api.service[110667]: INFO cinder.api.openstack.wsgi [None req-56c046b8-870e-4a63-b876-3f915292f4f9 tempest-GroupsTest-1819931411 tempest-GroupsTest-1819931411-project] http://10.222.0.81/volume/v3/51dd501093ad4b5484ec28131c248876/groups/55007320-a891-4142-bcb2-ae618ef8dd67 returned with HTTP 200
Jun 07 14:22:07.286220 dv-cinder-836083-9-iscsi devstack@c-api.service[110667]: [pid: 110667|app: 0|req: 174/330] 10.222.0.81 () {60 vars in 1362 bytes} [Tue Jun 7 14:22:07 2022] GET /volume/v3/51dd501093ad4b5484ec28131c248876/groups/55007320-a891-4142-bcb2-ae618ef8dd67 => generated 322 bytes in 40 msecs (HTTP/1.1 200) 7 headers in 286 bytes (1 switches on core 0)
Jun 07 14:22:07.287471 dv-cinder-836083-9-iscsi devstack@c-api.service[110666]: INFO cinder.volume.api [None req-f5910db4-a1d3-498f-94c9-f7d43fd845ed tempest-VolumesActionsTest-1623556778 tempest-VolumesActionsTest-1623556778-project] Volume info retrieved successfully.
Jun 07 14:22:07.287693 dv-cinder-836083-9-iscsi devstack@c-api.service[110667]: DEBUG cinder.api.middleware.request_id [None req-1f67ba98-13d9-4c4a-803e-98312854fe83 None None] RequestId filter calling following filter/app {{(pid=110667) _context_setter /opt/stack/cinder/cinder/api/middleware/request_id.py:62}}
Jun 07 14:22:07.292717 dv-cinder-836083-9-iscsi devstack@c-api.service[110667]: INFO cinder.api.openstack.wsgi [None req-1f67ba98-13d9-4c4a-803e-98312854fe83 tempest-SnapshotsActionsTest-2087731243 tempest-SnapshotsActionsTest-2087731243-project] GET http://10.222.0.81/volume/v3/4f6b7f56d4f24f13b3b935a9bf0e6efc/snapshots/f8f06498-9d83-4b1b-8af6-32a11a490578
Jun 07 14:22:07.293265 dv-cinder-836083-9-iscsi devstack@c-api.service[110667]: DEBUG cinder.api.openstack.wsgi [None req-1f67ba98-13d9-4c4a-803e-98312854fe83 tempest-SnapshotsActionsTest-2087731243 tempest-SnapshotsActionsTest-2087731243-project] Empty body provided in request {{(pid=110667) get_body /opt/stack/cinder/cinder/api/openstack/wsgi.py:715}}
Jun 07 14:22:07.293753 dv-cinder-836083-9-iscsi devstack@c-api.service[110667]: DEBUG cinder.api.openstack.wsgi [None req-1f67ba98-13d9-4c4a-803e-98312854fe83 tempest-SnapshotsActionsTest-2087731243 tempest-SnapshotsActionsTest-2087731243-project] Calling method 'show' {{(pid=110667) _process_stack /opt/stack/cinder/cinder/api/openstack/wsgi.py:868}}
Jun 07 14:22:07.301725 dv-cinder-836083-9-iscsi devstack@c-api.service[110666]: INFO cinder.api.openstack.wsgi [None req-f5910db4-a1d3-498f-94c9-f7d43fd845ed tempest-VolumesActionsTest-1623556778 tempest-VolumesActionsTest-1623556778-project] http://10.222.0.81/volume/v3/2a8e39e02778437dbc094914785b7681/volumes/9d1422db-a5b0-4d4b-b23c-d3bebe26f838 returned with HTTP 200
Jun 07 14:22:07.302255 dv-cinder-836083-9-iscsi devstack@c-api.service[110666]: [pid: 110666|app: 0|req: 157/331] 10.222.0.81 () {58 vars in 1324 bytes} [Tue Jun 7 14:22:07 2022] GET /volume/v3/2a8e39e02778437dbc094914785b7681/volumes/9d1422db-a5b0-4d4b-b23c-d3bebe26f838 => generated 910 bytes in 80 msecs (HTTP/1.1 200) 7 headers in 285 bytes (1 switches on core 0)
Jun 07 14:22:07.303666 dv-cinder-836083-9-iscsi devstack@c-api.service[110666]: DEBUG cinder.api.middleware.request_id [None req-3ad7905c-bb18-476e-a890-af476c7c0cc9 None None] RequestId filter calling following filter/app {{(pid=110666) _context_setter /opt/stack/cinder/cinder/api/middleware/request_id.py:62}}
Jun 07 14:22:07.310457 dv-cinder-836083-9-iscsi devstack@c-api.service[110666]: INFO cinder.api.openstack.wsgi [None req-3ad7905c-bb18-476e-a890-af476c7c0cc9 tempest-GroupsTest-1819931411 tempest-GroupsTest-1819931411-project] POST http://10.222.0.81/volume/v3/51dd501093ad4b5484ec28131c248876/volumes
Jun 07 14:22:07.313056 dv-cinder-836083-9-iscsi devstack@c-api.service[110667]: INFO cinder.api.openstack.wsgi [None req-1f67ba98-13d9-4c4a-803e-98312854fe83 tempest-SnapshotsActionsTest-2087731243 tempest-SnapshotsActionsTest-2087731243-project] http://10.222.0.81/volume/v3/4f6b7f56d4f24f13b3b935a9bf0e6efc/snapshots/f8f06498-9d83-4b1b-8af6-32a11a490578 returned with HTTP 404
Jun 07 14:22:07.314176 dv-cinder-836083-9-iscsi devstack@c-api.service[110667]: [pid: 110667|app: 0|req: 175/332] 10.222.0.81 () {58 vars in 1330 bytes} [Tue Jun 7 14:22:07 2022] GET /volume/v3/4f6b7f56d4f24f13b3b935a9bf0e6efc/snapshots/f8f06498-9d83-4b1b-8af6-32a11a490578 => generated 111 bytes in 27 msecs (HTTP/1.1 404) 7 headers in 292 bytes (1 switches on core 0)
Jun 07 14:22:07.315523 dv-cinder-836083-9-iscsi devstack@c-api.service[110666]: DEBUG cinder.api.openstack.wsgi [None req-3ad7905c-bb18-476e-a890-af476c7c0cc9 tempest-GroupsTest-1819931411 tempest-GroupsTest-1819931411-project] Action: 'create', calling method: create, body: {"volume": {"name": "tempest-volume-1340706399", "volume_type": "f0681f22-abca-491a-976d-46c2f0be7377", "group_id": "80a34836-c70c-44ff-8356-9ae720cec77c", "size": 1}} {{(pid=110666) _process_stack /opt/stack/cinder/cinder/api/openstack/wsgi.py:866}}
Jun 07 14:22:07.315824 dv-cinder-836083-9-iscsi devstack@c-api.service[110667]: DEBUG cinder.api.middleware.request_id [None req-20520d49-6d01-47ac-a48c-0d7461038ebc None None] RequestId filter calling following filter/app {{(pid=110667) _context_setter /opt/stack/cinder/cinder/api/middleware/request_id.py:62}}
Jun 07 14:22:07.317370 dv-cinder-836083-9-iscsi devstack@c-api.service[110666]: DEBUG cinder.api.v3.volumes [None req-3ad7905c-bb18-476e-a890-af476c7c0cc9 tempest-GroupsTest-1819931411 tempest-GroupsTest-1819931411-project] Create volume request body: {'volume': {'name': 'tempest-volume-1340706399', 'volume_type': 'f0681f22-abca-491a-976d-46c2f0be7377', 'group_id': '80a34836-c70c-44ff-8356-9ae720cec77c', 'size': 1}} {{(pid=110666) create /opt/stack/cinder/cinder/api/v3/volumes.py:298}}
Jun 07 14:22:07.319279 dv-cinder-836083-9-iscsi devstack@c-api.service[110667]: INFO cinder.api.openstack.wsgi [None req-20520d49-6d01-47ac-a48c-0d7461038ebc tempest-VolumesActionsTest-1122960306 tempest-VolumesActionsTest-1122960306-project-admin] POST http://10.222.0.81/volume/v3/c224108509ea40bda53e027705732cd4/volumes/9d1422db-a5b0-4d4b-b23c-d3bebe26f838/action
Jun 07 14:22:07.319998 dv-cinder-836083-9-iscsi devstack@c-api.service[110667]: DEBUG cinder.api.openstack.wsgi [None req-20520d49-6d01-47ac-a48c-0d7461038ebc tempest-VolumesActionsTest-1122960306 tempest-VolumesActionsTest-1122960306-project-admin] Action body: b'{"os-reset_status": {"status": "error"}}' {{(pid=110667) get_method /opt/stack/cinder/cinder/api/openstack/wsgi.py:983}}
Jun 07 14:22:07.320335 dv-cinder-836083-9-iscsi devstack@c-api.service[110667]: DEBUG cinder.api.openstack.wsgi [None req-20520d49-6d01-47ac-a48c-0d7461038ebc tempest-VolumesActionsTest-1122960306 tempest-VolumesActionsTest-1122960306-project-admin] Action: 'action', calling method: _reset_status, body: {"os-reset_status": {"status": "error"}} {{(pid=110667) _process_stack /opt/stack/cinder/cinder/api/openstack/wsgi.py:866}}
Jun 07 14:22:07.340187 dv-cinder-836083-9-iscsi devstack@c-api.service[110667]: /usr/local/lib/python3.8/dist-packages/oslo_context/context.py:100: DeprecationWarning: Policy enforcement is depending on the value of is_admin. This key is deprecated. Please update your policy file to use the standard policy values.
Jun 07 14:22:07.340187 dv-cinder-836083-9-iscsi devstack@c-api.service[110667]: warnings.warn('Policy enforcement is depending on the value of '
Jun 07 14:22:07.341114 dv-cinder-836083-9-iscsi devstack@c-api.service[110667]: DEBUG cinder.api.contrib.admin_actions [None req-20520d49-6d01-47ac-a48c-0d7461038ebc tempest-VolumesActionsTest-1122960306 tempest-VolumesActionsTest-1122960306-project-admin] Updating volume '9d1422db-a5b0-4d4b-b23c-d3bebe26f838' with '{'status': 'error'}' {{(pid=110667) _reset_status /opt/stack/cinder/cinder/api/contrib/admin_actions.py:200}}
Jun 07 14:22:07.341676 dv-cinder-836083-9-iscsi devstack@c-api.service[110666]: /usr/local/lib/python3.8/dist-packages/oslo_context/context.py:100: DeprecationWarning: Policy enforcement is depending on the value of is_admin. This key is deprecated. Please update your policy file to use the standard policy values.
Jun 07 14:22:07.341676 dv-cinder-836083-9-iscsi devstack@c-api.service[110666]: warnings.warn('Policy enforcement is depending on the value of '
Jun 07 14:22:07.343659 dv-cinder-836083-9-iscsi devstack@c-api.service[110666]: INFO cinder.api.v3.volumes [None req-3ad7905c-bb18-476e-a890-af476c7c0cc9 tempest-GroupsTest-1819931411 tempest-GroupsTest-1819931411-project] Create volume of 1 GB
Jun 07 14:22:07.357506 dv-cinder-836083-9-iscsi devstack@c-api.service[110666]: INFO cinder.volume.api [None req-3ad7905c-bb18-476e-a890-af476c7c0cc9 tempest-GroupsTest-1819931411 tempest-GroupsTest-1819931411-project] Availability Zones retrieved successfully.
Jun 07 14:22:07.383812 dv-cinder-836083-9-iscsi devstack@c-api.service[110666]: DEBUG cinder.volume.api [None req-3ad7905c-bb18-476e-a890-af476c7c0cc9 tempest-GroupsTest-1819931411 tempest-GroupsTest-1819931411-project] Flow 'volume_create_api' (f6537ac6-7fcd-449e-bb03-0ba8360d281f) transitioned into state 'RUNNING' from state 'PENDING' {{(pid=110666) _flow_receiver /usr/local/lib/python3.8/dist-packages/taskflow/listeners/logging.py:141}}
Jun 07 14:22:07.386787 dv-cinder-836083-9-iscsi devstack@c-api.service[110666]: DEBUG cinder.volume.api [None req-3ad7905c-bb18-476e-a890-af476c7c0cc9 tempest-GroupsTest-1819931411 tempest-GroupsTest-1819931411-project] Task 'cinder.volume.flows.api.create_volume.ExtractVolumeRequestTask;volume:create' (af043e8d-0f70-40e9-be2f-4b02cb1aafb2) transitioned into state 'RUNNING' from state 'PENDING' {{(pid=110666) _task_receiver /usr/local/lib/python3.8/dist-packages/taskflow/listeners/logging.py:190}}
Jun 07 14:22:07.391069 dv-cinder-836083-9-iscsi devstack@c-api.service[110666]: /usr/local/lib/python3.8/dist-packages/oslo_context/context.py:100: DeprecationWarning: Policy enforcement is depending on the value of is_admin. This key is deprecated. Please update your policy file to use the standard policy values.
Jun 07 14:22:07.391069 dv-cinder-836083-9-iscsi devstack@c-api.service[110666]: warnings.warn('Policy enforcement is depending on the value of '
Jun 07 14:22:07.393560 dv-cinder-836083-9-iscsi devstack@c-api.service[110666]: DEBUG cinder.volume.flows.api.create_volume [None req-3ad7905c-bb18-476e-a890-af476c7c0cc9 tempest-GroupsTest-1819931411 tempest-GroupsTest-1819931411-project] Validating volume size '1' using validate_int {{(pid=110666) _extract_size /opt/stack/cinder/cinder/volume/flows/api/create_volume.py:228}}
Jun 07 14:22:07.396042 dv-cinder-836083-9-iscsi devstack@c-api.service[110667]: INFO cinder.api.openstack.wsgi [None req-20520d49-6d01-47ac-a48c-0d7461038ebc tempest-VolumesActionsTest-1122960306 tempest-VolumesActionsTest-1122960306-project-admin] http://10.222.0.81/volume/v3/c224108509ea40bda53e027705732cd4/volumes/9d1422db-a5b0-4d4b-b23c-d3bebe26f838/action returned with HTTP 202
Jun 07 14:22:07.399824 dv-cinder-836083-9-iscsi devstack@c-api.service[110667]: [pid: 110667|app: 0|req: 176/333] 10.222.0.81 () {60 vars in 1366 bytes} [Tue Jun 7 14:22:07 2022] POST /volume/v3/c224108509ea40bda53e027705732cd4/volumes/9d1422db-a5b0-4d4b-b23c-d3bebe26f838/action => generated 0 bytes in 82 msecs (HTTP/1.1 202) 7 headers in 289 bytes (1 switches on core 0)
Jun 07 14:22:07.399824 dv-cinder-836083-9-iscsi devstack@c-api.service[110667]: DEBUG cinder.api.middleware.request_id [None req-c858c529-7d18-4c26-a09a-9c192cd04964 None None] RequestId filter calling following filter/app {{(pid=110667) _context_setter /opt/stack/cinder/cinder/api/middleware/request_id.py:62}}
Jun 07 14:22:07.408856 dv-cinder-836083-9-iscsi devstack@c-api.service[110667]: INFO cinder.api.openstack.wsgi [None req-c858c529-7d18-4c26-a09a-9c192cd04964 tempest-SnapshotsActionsTest-406891236 tempest-SnapshotsActionsTest-406891236-project-admin] POST http://10.222.0.81/volume/v3/85df0f73285b4d2fb84b0d6305996fbd/snapshots/de4c4274-208b-405a-91ac-daabd5356108/action
Jun 07 14:22:07.410862 dv-cinder-836083-9-iscsi devstack@c-api.service[110667]: DEBUG cinder.api.openstack.wsgi [None req-c858c529-7d18-4c26-a09a-9c192cd04964 tempest-SnapshotsActionsTest-406891236 tempest-SnapshotsActionsTest-406891236-project-admin] Action body: b'{"os-reset_status": {"status": "available"}}' {{(pid=110667) get_method /opt/stack/cinder/cinder/api/openstack/wsgi.py:983}}
Jun 07 14:22:07.411947 dv-cinder-836083-9-iscsi devstack@c-api.service[110667]: DEBUG cinder.api.openstack.wsgi [None req-c858c529-7d18-4c26-a09a-9c192cd04964 tempest-SnapshotsActionsTest-406891236 tempest-SnapshotsActionsTest-406891236-project-admin] Action: 'action', calling method: _reset_status, body: {"os-reset_status": {"status": "available"}} {{(pid=110667) _process_stack /opt/stack/cinder/cinder/api/openstack/wsgi.py:866}}
Jun 07 14:22:07.413151 dv-cinder-836083-9-iscsi devstack@c-api.service[110667]: DEBUG cinder.api.contrib.admin_actions [None req-c858c529-7d18-4c26-a09a-9c192cd04964 tempest-SnapshotsActionsTest-406891236 tempest-SnapshotsActionsTest-406891236-project-admin] Updating snapshot 'de4c4274-208b-405a-91ac-daabd5356108' with '{'status': 'available'}' {{(pid=110667) _reset_status /opt/stack/cinder/cinder/api/contrib/admin_actions.py:100}}
Jun 07 14:22:07.432580 dv-cinder-836083-9-iscsi devstack@c-api.service[110666]: DEBUG cinder.volume.api [None req-3ad7905c-bb18-476e-a890-af476c7c0cc9 tempest-GroupsTest-1819931411 tempest-GroupsTest-1819931411-project] Task 'cinder.volume.flows.api.create_volume.ExtractVolumeRequestTask;volume:create' (af043e8d-0f70-40e9-be2f-4b02cb1aafb2) transitioned into state 'SUCCESS' from state 'RUNNING' with result '{'size': 1, 'snapshot_id': None, 'source_volid': None, 'volume_type': VolumeType(created_at=2022-06-07T14:22:05Z,deleted=False,deleted_at=None,description=None,extra_specs={},id=f0681f22-abca-491a-976d-46c2f0be7377,is_public=True,name='tempest-GroupsTest-volume-type-672850786',projects=[],qos_specs=,qos_specs_id=None,updated_at=None), 'volume_type_id': 'f0681f22-abca-491a-976d-46c2f0be7377', 'encryption_key_id': None, 'qos_specs': None, 'consistencygroup_id': None, 'cgsnapshot_id': None, 'group_id': '80a34836-c70c-44ff-8356-9ae720cec77c', 'replication_status': 'disabled', 'refresh_az': False, 'backup_id': None, 'multiattach': False, 'availability_zones': ['nova']}' {{(pid=110666) _task_receiver /usr/local/lib/python3.8/dist-packages/taskflow/listeners/logging.py:178}}
Jun 07 14:22:07.435083 dv-cinder-836083-9-iscsi devstack@c-api.service[110666]: DEBUG cinder.volume.api [None req-3ad7905c-bb18-476e-a890-af476c7c0cc9 tempest-GroupsTest-1819931411 tempest-GroupsTest-1819931411-project] Task 'cinder.volume.flows.api.create_volume.QuotaReserveTask;volume:create' (b6a5a986-ac7c-4f5f-a542-14ad74e290b3) transitioned into state 'RUNNING' from state 'PENDING' {{(pid=110666) _task_receiver /usr/local/lib/python3.8/dist-packages/taskflow/listeners/logging.py:190}}
Jun 07 14:22:07.447587 dv-cinder-836083-9-iscsi devstack@c-api.service[110667]: /usr/local/lib/python3.8/dist-packages/oslo_context/context.py:100: DeprecationWarning: Policy enforcement is depending on the value of is_admin. This key is deprecated. Please update your policy file to use the standard policy values.
Jun 07 14:22:07.447587 dv-cinder-836083-9-iscsi devstack@c-api.service[110667]: warnings.warn('Policy enforcement is depending on the value of '
Jun 07 14:22:07.479775 dv-cinder-836083-9-iscsi devstack@c-api.service[110667]: INFO cinder.api.openstack.wsgi [None req-c858c529-7d18-4c26-a09a-9c192cd04964 tempest-SnapshotsActionsTest-406891236 tempest-SnapshotsActionsTest-406891236-project-admin] http://10.222.0.81/volume/v3/85df0f73285b4d2fb84b0d6305996fbd/snapshots/de4c4274-208b-405a-91ac-daabd5356108/action returned with HTTP 202
Jun 07 14:22:07.483287 dv-cinder-836083-9-iscsi devstack@c-api.service[110667]: [pid: 110667|app: 0|req: 177/334] 10.222.0.81 () {60 vars in 1372 bytes} [Tue Jun 7 14:22:07 2022] POST /volume/v3/85df0f73285b4d2fb84b0d6305996fbd/snapshots/de4c4274-208b-405a-91ac-daabd5356108/action => generated 0 bytes in 83 msecs (HTTP/1.1 202) 7 headers in 289 bytes (1 switches on core 0)
Jun 07 14:22:07.488635 dv-cinder-836083-9-iscsi devstack@c-api.service[110667]: DEBUG cinder.api.middleware.request_id [None req-17efca07-40de-4899-bde4-1c2734b304ab None None] RequestId filter calling following filter/app {{(pid=110667) _context_setter /opt/stack/cinder/cinder/api/middleware/request_id.py:62}}
Jun 07 14:22:07.489926 dv-cinder-836083-9-iscsi devstack@c-api.service[110666]: WARNING cinder.quota [None req-3ad7905c-bb18-476e-a890-af476c7c0cc9 tempest-GroupsTest-1819931411 tempest-GroupsTest-1819931411-project] Deprecated: Default quota for resource: volumes_tempest-GroupsTest-volume-type-672850786 is set by the default quota flag: quota_volumes_tempest-GroupsTest-volume-type-672850786, it is now deprecated. Please use the default quota class for default quota.
Jun 07 14:22:07.490744 dv-cinder-836083-9-iscsi devstack@c-api.service[110666]: WARNING cinder.quota [None req-3ad7905c-bb18-476e-a890-af476c7c0cc9 tempest-GroupsTest-1819931411 tempest-GroupsTest-1819931411-project] Deprecated: Default quota for resource: gigabytes_tempest-GroupsTest-volume-type-672850786 is set by the default quota flag: quota_gigabytes_tempest-GroupsTest-volume-type-672850786, it is now deprecated. Please use the default quota class for default quota.
Jun 07 14:22:07.493398 dv-cinder-836083-9-iscsi devstack@c-api.service[110667]: INFO cinder.api.openstack.wsgi [None req-17efca07-40de-4899-bde4-1c2734b304ab tempest-VolumesActionsTest-1623556778 tempest-VolumesActionsTest-1623556778-project] GET http://10.222.0.81/volume/v3/2a8e39e02778437dbc094914785b7681/volumes/9d1422db-a5b0-4d4b-b23c-d3bebe26f838
Jun 07 14:22:07.493878 dv-cinder-836083-9-iscsi devstack@c-api.service[110667]: DEBUG cinder.api.openstack.wsgi [None req-17efca07-40de-4899-bde4-1c2734b304ab tempest-VolumesActionsTest-1623556778 tempest-VolumesActionsTest-1623556778-project] Empty body provided in request {{(pid=110667) get_body /opt/stack/cinder/cinder/api/openstack/wsgi.py:715}}
Jun 07 14:22:07.494493 dv-cinder-836083-9-iscsi devstack@c-api.service[110667]: DEBUG cinder.api.openstack.wsgi [None req-17efca07-40de-4899-bde4-1c2734b304ab tempest-VolumesActionsTest-1623556778 tempest-VolumesActionsTest-1623556778-project] Calling method 'show' {{(pid=110667) _process_stack /opt/stack/cinder/cinder/api/openstack/wsgi.py:868}}
Jun 07 14:22:07.524599 dv-cinder-836083-9-iscsi devstack@c-api.service[110667]: /usr/local/lib/python3.8/dist-packages/oslo_context/context.py:100: DeprecationWarning: Policy enforcement is depending on the value of is_admin. This key is deprecated. Please update your policy file to use the standard policy values.
Jun 07 14:22:07.524599 dv-cinder-836083-9-iscsi devstack@c-api.service[110667]: warnings.warn('Policy enforcement is depending on the value of '
Jun 07 14:22:07.532272 dv-cinder-836083-9-iscsi devstack@c-api.service[110667]: INFO cinder.volume.api [None req-17efca07-40de-4899-bde4-1c2734b304ab tempest-VolumesActionsTest-1623556778 tempest-VolumesActionsTest-1623556778-project] Volume info retrieved successfully.
Jun 07 14:22:07.543501 dv-cinder-836083-9-iscsi devstack@c-api.service[110667]: INFO cinder.api.openstack.wsgi [None req-17efca07-40de-4899-bde4-1c2734b304ab tempest-VolumesActionsTest-1623556778 tempest-VolumesActionsTest-1623556778-project] http://10.222.0.81/volume/v3/2a8e39e02778437dbc094914785b7681/volumes/9d1422db-a5b0-4d4b-b23c-d3bebe26f838 returned with HTTP 200
Jun 07 14:22:07.544418 dv-cinder-836083-9-iscsi devstack@c-api.service[110667]: [pid: 110667|app: 0|req: 178/335] 10.222.0.81 () {58 vars in 1324 bytes} [Tue Jun 7 14:22:07 2022] GET /volume/v3/2a8e39e02778437dbc094914785b7681/volumes/9d1422db-a5b0-4d4b-b23c-d3bebe26f838 => generated 906 bytes in 63 msecs (HTTP/1.1 200) 7 headers in 285 bytes (1 switches on core 0)
Jun 07 14:22:07.547253 dv-cinder-836083-9-iscsi devstack@c-api.service[110667]: DEBUG cinder.api.middleware.request_id [None req-c334a71b-1cb5-4f78-8e07-065af813adb6 None None] RequestId filter calling following filter/app {{(pid=110667) _context_setter /opt/stack/cinder/cinder/api/middleware/request_id.py:62}}
Jun 07 14:22:07.554423 dv-cinder-836083-9-iscsi devstack@c-api.service[110666]: DEBUG cinder.quota [None req-3ad7905c-bb18-476e-a890-af476c7c0cc9 tempest-GroupsTest-1819931411 tempest-GroupsTest-1819931411-project] Created reservations ['fe5852b4-4b07-4bec-ac6a-a21bc064b768', '7e33d2e0-4cb5-4f5b-aeca-4d4a76dd28c4', '6d0dabd4-bf42-4159-ace0-0aa27e852bfc', '00cdb6d0-324b-4b6d-8687-1616530df0b5'] {{(pid=110666) reserve /opt/stack/cinder/cinder/quota.py:755}}
Jun 07 14:22:07.556527 dv-cinder-836083-9-iscsi devstack@c-api.service[110666]: DEBUG cinder.volume.api [None req-3ad7905c-bb18-476e-a890-af476c7c0cc9 tempest-GroupsTest-1819931411 tempest-GroupsTest-1819931411-project] Task 'cinder.volume.flows.api.create_volume.QuotaReserveTask;volume:create' (b6a5a986-ac7c-4f5f-a542-14ad74e290b3) transitioned into state 'SUCCESS' from state 'RUNNING' with result '{'reservations': ['fe5852b4-4b07-4bec-ac6a-a21bc064b768', '7e33d2e0-4cb5-4f5b-aeca-4d4a76dd28c4', '6d0dabd4-bf42-4159-ace0-0aa27e852bfc', '00cdb6d0-324b-4b6d-8687-1616530df0b5']}' {{(pid=110666) _task_receiver /usr/local/lib/python3.8/dist-packages/taskflow/listeners/logging.py:178}}
Jun 07 14:22:07.559565 dv-cinder-836083-9-iscsi devstack@c-api.service[110666]: DEBUG cinder.volume.api [None req-3ad7905c-bb18-476e-a890-af476c7c0cc9 tempest-GroupsTest-1819931411 tempest-GroupsTest-1819931411-project] Task 'cinder.volume.flows.api.create_volume.EntryCreateTask;volume:create' (711e3886-fddb-4ba0-bce1-dd4acf02b17b) transitioned into state 'RUNNING' from state 'PENDING' {{(pid=110666) _task_receiver /usr/local/lib/python3.8/dist-packages/taskflow/listeners/logging.py:190}}
Jun 07 14:22:07.559694 dv-cinder-836083-9-iscsi devstack@c-api.service[110667]: INFO cinder.api.openstack.wsgi [None req-c334a71b-1cb5-4f78-8e07-065af813adb6 tempest-SnapshotsActionsTest-2087731243 tempest-SnapshotsActionsTest-2087731243-project] GET http://10.222.0.81/volume/v3/4f6b7f56d4f24f13b3b935a9bf0e6efc/snapshots/de4c4274-208b-405a-91ac-daabd5356108
Jun 07 14:22:07.560431 dv-cinder-836083-9-iscsi devstack@c-api.service[110667]: DEBUG cinder.api.openstack.wsgi [None req-c334a71b-1cb5-4f78-8e07-065af813adb6 tempest-SnapshotsActionsTest-2087731243 tempest-SnapshotsActionsTest-2087731243-project] Empty body provided in request {{(pid=110667) get_body /opt/stack/cinder/cinder/api/openstack/wsgi.py:715}}
Jun 07 14:22:07.561630 dv-cinder-836083-9-iscsi devstack@c-api.service[110667]: DEBUG cinder.api.openstack.wsgi [None req-c334a71b-1cb5-4f78-8e07-065af813adb6 tempest-SnapshotsActionsTest-2087731243 tempest-SnapshotsActionsTest-2087731243-project] Calling method 'show' {{(pid=110667) _process_stack /opt/stack/cinder/cinder/api/openstack/wsgi.py:868}}
Jun 07 14:22:07.574027 dv-cinder-836083-9-iscsi devstack@c-api.service[110667]: /usr/local/lib/python3.8/dist-packages/oslo_context/context.py:100: DeprecationWarning: Policy enforcement is depending on the value of is_admin. This key is deprecated. Please update your policy file to use the standard policy values.
Jun 07 14:22:07.574027 dv-cinder-836083-9-iscsi devstack@c-api.service[110667]: warnings.warn('Policy enforcement is depending on the value of '
Jun 07 14:22:07.575455 dv-cinder-836083-9-iscsi devstack@c-api.service[110667]: INFO cinder.volume.api [None req-c334a71b-1cb5-4f78-8e07-065af813adb6 tempest-SnapshotsActionsTest-2087731243 tempest-SnapshotsActionsTest-2087731243-project] Snapshot retrieved successfully.
Jun 07 14:22:07.577477 dv-cinder-836083-9-iscsi devstack@c-api.service[110667]: INFO cinder.api.openstack.wsgi [None req-c334a71b-1cb5-4f78-8e07-065af813adb6 tempest-SnapshotsActionsTest-2087731243 tempest-SnapshotsActionsTest-2087731243-project] http://10.222.0.81/volume/v3/4f6b7f56d4f24f13b3b935a9bf0e6efc/snapshots/de4c4274-208b-405a-91ac-daabd5356108 returned with HTTP 200
Jun 07 14:22:07.579280 dv-cinder-836083-9-iscsi devstack@c-api.service[110667]: [pid: 110667|app: 0|req: 179/336] 10.222.0.81 () {58 vars in 1330 bytes} [Tue Jun 7 14:22:07 2022] GET /volume/v3/4f6b7f56d4f24f13b3b935a9bf0e6efc/snapshots/de4c4274-208b-405a-91ac-daabd5356108 => generated 465 bytes in 33 msecs (HTTP/1.1 200) 7 headers in 285 bytes (1 switches on core 0)
Jun 07 14:22:07.579763 dv-cinder-836083-9-iscsi devstack@c-api.service[110667]: DEBUG cinder.api.middleware.request_id [None req-d65796d9-e685-4463-a07a-ca2e9ff0490e None None] RequestId filter calling following filter/app {{(pid=110667) _context_setter /opt/stack/cinder/cinder/api/middleware/request_id.py:62}}
Jun 07 14:22:07.583817 dv-cinder-836083-9-iscsi devstack@c-api.service[110667]: INFO cinder.api.openstack.wsgi [None req-d65796d9-e685-4463-a07a-ca2e9ff0490e tempest-VolumesActionsTest-1122960306 tempest-VolumesActionsTest-1122960306-project-admin] POST http://10.222.0.81/volume/v3/c224108509ea40bda53e027705732cd4/volumes/9d1422db-a5b0-4d4b-b23c-d3bebe26f838/action
Jun 07 14:22:07.586067 dv-cinder-836083-9-iscsi devstack@c-api.service[110667]: DEBUG cinder.api.openstack.wsgi [None req-d65796d9-e685-4463-a07a-ca2e9ff0490e tempest-VolumesActionsTest-1122960306 tempest-VolumesActionsTest-1122960306-project-admin] Action body: b'{"os-force_delete": {}}' {{(pid=110667) get_method /opt/stack/cinder/cinder/api/openstack/wsgi.py:983}}
Jun 07 14:22:07.586067 dv-cinder-836083-9-iscsi devstack@c-api.service[110667]: DEBUG cinder.api.openstack.wsgi [None req-d65796d9-e685-4463-a07a-ca2e9ff0490e tempest-VolumesActionsTest-1122960306 tempest-VolumesActionsTest-1122960306-project-admin] Action: 'action', calling method: _force_delete, body: {"os-force_delete": {}} {{(pid=110667) _process_stack /opt/stack/cinder/cinder/api/openstack/wsgi.py:866}}
Jun 07 14:22:07.594121 dv-cinder-836083-9-iscsi devstack@c-api.service[110666]: DEBUG cinder.volume.api [None req-3ad7905c-bb18-476e-a890-af476c7c0cc9 tempest-GroupsTest-1819931411 tempest-GroupsTest-1819931411-project] Task 'cinder.volume.flows.api.create_volume.EntryCreateTask;volume:create' (711e3886-fddb-4ba0-bce1-dd4acf02b17b) transitioned into state 'SUCCESS' from state 'RUNNING' with result '{'volume_id': 'ca8ce96d-f303-4707-993c-f14aa654b00c', 'volume_properties': VolumeProperties(attach_status='detached',availability_zone='nova',cgsnapshot_id=None,consistencygroup_id=None,display_description=None,display_name='tempest-volume-1340706399',encryption_key_id=None,group_id=80a34836-c70c-44ff-8356-9ae720cec77c,group_type_id=,metadata={},multiattach=False,project_id='51dd501093ad4b5484ec28131c248876',qos_specs=None,replication_status=,reservations=['fe5852b4-4b07-4bec-ac6a-a21bc064b768','7e33d2e0-4cb5-4f5b-aeca-4d4a76dd28c4','6d0dabd4-bf42-4159-ace0-0aa27e852bfc','00cdb6d0-324b-4b6d-8687-1616530df0b5'],size=1,snapshot_id=None,source_replicaid=,source_volid=None,status='creating',user_id='e459020eded5417584bb322d72f80884',volume_type_id=f0681f22-abca-491a-976d-46c2f0be7377), 'volume': Volume(_name_id=None,admin_metadata=,attach_status='detached',availability_zone='nova',bootable=False,cluster=,cluster_name=None,consistencygroup=,consistencygroup_id=None,created_at=2022-06-07T14:22:07Z,deleted=False,deleted_at=None,display_description=None,display_name='tempest-volume-1340706399',ec2_id=None,encryption_key_id=None,glance_metadata=,group=,group_id=80a34836-c70c-44ff-8356-9ae720cec77c,host=None,id=ca8ce96d-f303-4707-993c-f14aa654b00c,launched_at=None,metadata={},migration_status=None,multiattach=False,previous_status=None,project_id='51dd501093ad4b5484ec28131c248876',provider_auth=None,provider_geometry=None,provider_id=None,provider_location=None,replication_driver_data=None,replication_extended_status=None,replication_status=None,scheduled_at=None,service_uuid=None,shared_targets=True,size=1,snapshot_id=None,snapshots=,source_volid=None,status='creating',terminated_at=None,updated_at=None,use_quota=True,user_id='e459020eded5417584bb322d72f80884',volume_attachment=VolumeAttachmentList,volume_type=VolumeType(f0681f22-abca-491a-976d-46c2f0be7377),volume_type_id=f0681f22-abca-491a-976d-46c2f0be7377)}' {{(pid=110666) _task_receiver /usr/local/lib/python3.8/dist-packages/taskflow/listeners/logging.py:178}}
Jun 07 14:22:07.596294 dv-cinder-836083-9-iscsi devstack@c-api.service[110666]: DEBUG cinder.volume.api [None req-3ad7905c-bb18-476e-a890-af476c7c0cc9 tempest-GroupsTest-1819931411 tempest-GroupsTest-1819931411-project] Task 'cinder.volume.flows.api.create_volume.QuotaCommitTask;volume:create' (f20dcab6-666d-48a2-8f04-0d0670712420) transitioned into state 'RUNNING' from state 'PENDING' {{(pid=110666) _task_receiver /usr/local/lib/python3.8/dist-packages/taskflow/listeners/logging.py:190}}
Jun 07 14:22:07.603268 dv-cinder-836083-9-iscsi devstack@c-api.service[110667]: /usr/local/lib/python3.8/dist-packages/oslo_context/context.py:100: DeprecationWarning: Policy enforcement is depending on the value of is_admin. This key is deprecated. Please update your policy file to use the standard policy values.
Jun 07 14:22:07.603268 dv-cinder-836083-9-iscsi devstack@c-api.service[110667]: warnings.warn('Policy enforcement is depending on the value of '
Jun 07 14:22:07.604129 dv-cinder-836083-9-iscsi devstack@c-api.service[110667]: INFO cinder.volume.api [None req-d65796d9-e685-4463-a07a-ca2e9ff0490e tempest-VolumesActionsTest-1122960306 tempest-VolumesActionsTest-1122960306-project-admin] Volume info retrieved successfully.
Jun 07 14:22:07.623988 dv-cinder-836083-9-iscsi devstack@c-api.service[110666]: DEBUG cinder.volume.api [None req-3ad7905c-bb18-476e-a890-af476c7c0cc9 tempest-GroupsTest-1819931411 tempest-GroupsTest-1819931411-project] Task 'cinder.volume.flows.api.create_volume.QuotaCommitTask;volume:create' (f20dcab6-666d-48a2-8f04-0d0670712420) transitioned into state 'SUCCESS' from state 'RUNNING' with result '{'volume_properties': VolumeProperties(attach_status='detached',availability_zone='nova',cgsnapshot_id=None,consistencygroup_id=None,display_description=None,display_name='tempest-volume-1340706399',encryption_key_id=None,group_id=80a34836-c70c-44ff-8356-9ae720cec77c,group_type_id=,metadata={},multiattach=False,project_id='51dd501093ad4b5484ec28131c248876',qos_specs=None,replication_status=,reservations=['fe5852b4-4b07-4bec-ac6a-a21bc064b768','7e33d2e0-4cb5-4f5b-aeca-4d4a76dd28c4','6d0dabd4-bf42-4159-ace0-0aa27e852bfc','00cdb6d0-324b-4b6d-8687-1616530df0b5'],size=1,snapshot_id=None,source_replicaid=,source_volid=None,status='creating',user_id='e459020eded5417584bb322d72f80884',volume_type_id=f0681f22-abca-491a-976d-46c2f0be7377)}' {{(pid=110666) _task_receiver /usr/local/lib/python3.8/dist-packages/taskflow/listeners/logging.py:178}}
Jun 07 14:22:07.626116 dv-cinder-836083-9-iscsi devstack@c-api.service[110666]: DEBUG cinder.volume.api [None req-3ad7905c-bb18-476e-a890-af476c7c0cc9 tempest-GroupsTest-1819931411 tempest-GroupsTest-1819931411-project] Task 'cinder.volume.flows.api.create_volume.VolumeCastTask;volume:create' (c4eea722-45fa-41b0-869a-7679951aca6b) transitioned into state 'RUNNING' from state 'PENDING' {{(pid=110666) _task_receiver /usr/local/lib/python3.8/dist-packages/taskflow/listeners/logging.py:190}}
Jun 07 14:22:07.637673 dv-cinder-836083-9-iscsi devstack@c-api.service[110667]: INFO cinder.volume.api [None req-d65796d9-e685-4463-a07a-ca2e9ff0490e tempest-VolumesActionsTest-1122960306 tempest-VolumesActionsTest-1122960306-project-admin] Delete volume request issued successfully.
Jun 07 14:22:07.638195 dv-cinder-836083-9-iscsi devstack@c-api.service[110667]: INFO cinder.api.openstack.wsgi [None req-d65796d9-e685-4463-a07a-ca2e9ff0490e tempest-VolumesActionsTest-1122960306 tempest-VolumesActionsTest-1122960306-project-admin] http://10.222.0.81/volume/v3/c224108509ea40bda53e027705732cd4/volumes/9d1422db-a5b0-4d4b-b23c-d3bebe26f838/action returned with HTTP 202
