May 10 21:22:24.531746 dv-cinder-836083-6-smb neutron-server[104009]: INFO neutron.wsgi [req-836b2bac-c979-4083-bc5a-6608deb95cb3 req-2f080e1c-274a-490f-a9e3-5679e9813fa0 tempest-ServerRescueNegativeTestJSON-695970702 tempest-ServerRescueNegativeTestJSON-695970702-project] 10.222.0.70 "GET /v2.0/security-groups?id=5fcf3754-072b-4ea1-b1ff-5dbb6fffe1a3&fields=id&fields=name HTTP/1.1" status: 200 len: 286 time: 0.0432050
May 10 21:22:24.641894 dv-cinder-836083-6-smb neutron-server[104009]: DEBUG neutron.pecan_wsgi.hooks.policy_enforcement [req-99d141c6-6e9d-40b3-a860-993e3cee8a4f req-2ead4a19-65b1-4517-b600-a80f358946da tempest-AttachVolumeShelveTestJSON-536100479 tempest-AttachVolumeShelveTestJSON-536100479-project] Attributes excluded by policy engine: ['standard_attr_id', 'binding:profile', 'binding:host_id', 'binding:vif_type', 'binding:vif_details'] {{(pid=104009) _exclude_attributes_by_policy /opt/stack/neutron/neutron/pecan_wsgi/hooks/policy_enforcement.py:259}}
May 10 21:22:24.644008 dv-cinder-836083-6-smb neutron-server[104009]: INFO neutron.wsgi [req-99d141c6-6e9d-40b3-a860-993e3cee8a4f req-2ead4a19-65b1-4517-b600-a80f358946da tempest-AttachVolumeShelveTestJSON-536100479 tempest-AttachVolumeShelveTestJSON-536100479-project] 10.222.0.70 "GET /v2.0/ports?device_id=be16febe-492a-4bb5-8970-82c5a12b5475 HTTP/1.1" status: 200 len: 944 time: 0.0525937
May 10 21:22:24.693869 dv-cinder-836083-6-smb neutron-server[104009]: INFO neutron.wsgi [req-99d141c6-6e9d-40b3-a860-993e3cee8a4f req-5cc6fa18-e7b2-4f47-944a-fc06b7abf238 tempest-AttachVolumeShelveTestJSON-536100479 tempest-AttachVolumeShelveTestJSON-536100479-project] 10.222.0.70 "GET /v2.0/security-groups?id=479bac41-a4af-4fb0-9503-749d8691f8ed&fields=id&fields=name HTTP/1.1" status: 200 len: 312 time: 0.0445037
May 10 21:22:25.044093 dv-cinder-836083-6-smb neutron-server[104009]: DEBUG neutron.pecan_wsgi.hooks.policy_enforcement [req-00571184-27f6-43c7-9812-b6ee2c3b5364 req-9101355f-327c-4c2a-9793-3f2723591f39 tempest-AttachVolumeNegativeTest-1846016150 tempest-AttachVolumeNegativeTest-1846016150-project] Attributes excluded by policy engine: ['standard_attr_id', 'binding:profile', 'binding:host_id', 'binding:vif_type', 'binding:vif_details'] {{(pid=104009) _exclude_attributes_by_policy /opt/stack/neutron/neutron/pecan_wsgi/hooks/policy_enforcement.py:259}}
May 10 21:22:25.051578 dv-cinder-836083-6-smb neutron-server[104009]: INFO neutron.wsgi [req-00571184-27f6-43c7-9812-b6ee2c3b5364 req-9101355f-327c-4c2a-9793-3f2723591f39 tempest-AttachVolumeNegativeTest-1846016150 tempest-AttachVolumeNegativeTest-1846016150-project] 10.222.0.70 "GET /v2.0/ports?device_id=271c5d12-27c2-41c7-84ae-ac86a8ad60da HTTP/1.1" status: 200 len: 946 time: 0.0537505
May 10 21:22:25.098720 dv-cinder-836083-6-smb neutron-server[104009]: DEBUG neutron.wsgi [-] (104009) accepted ('10.222.0.70', 35456) {{(pid=104009) server /usr/local/lib/python3.8/dist-packages/eventlet/wsgi.py:1004}}
May 10 21:22:25.112367 dv-cinder-836083-6-smb neutron-server[104009]: INFO neutron.wsgi [req-00571184-27f6-43c7-9812-b6ee2c3b5364 req-68b36d39-6c46-438c-802c-d3f294eb4ff6 tempest-AttachVolumeNegativeTest-1846016150 tempest-AttachVolumeNegativeTest-1846016150-project] 10.222.0.70 "GET /v2.0/security-groups?id=dd25542e-5786-4174-ba72-f5b2304e596b&fields=id&fields=name HTTP/1.1" status: 200 len: 312 time: 0.0569470
May 10 21:22:25.220127 dv-cinder-836083-6-smb neutron-server[104009]: DEBUG neutron_lib.callbacks.manager [None req-e5222ef9-e1d5-4825-9fa0-b5e10c0f4c27 admin admin] Publish callbacks [] for security_group (None), before_create {{(pid=104009) _notify_loop /usr/local/lib/python3.8/dist-packages/neutron_lib/callbacks/manager.py:176}}
May 10 21:22:25.299950 dv-cinder-836083-6-smb neutron-server[104009]: DEBUG neutron_lib.callbacks.manager [None req-e5222ef9-e1d5-4825-9fa0-b5e10c0f4c27 admin admin] Publish callbacks [] for security_group (99e700fe-4add-4149-9e17-755e0e1265be), precommit_create {{(pid=104009) _notify_loop /usr/local/lib/python3.8/dist-packages/neutron_lib/callbacks/manager.py:176}}
May 10 21:22:25.326318 dv-cinder-836083-6-smb neutron-server[104013]: DEBUG neutron.plugins.ml2.rpc [None req-409f2038-1df1-446b-aa6c-93199b2f25b9 None None] Device c655e309-0295-4975-8fba-97eae15386fe details requested by agent hyperv_hv-cinder-83608 with host hv-cinder-83608 {{(pid=104013) get_device_details /opt/stack/neutron/neutron/plugins/ml2/rpc.py:102}}
May 10 21:22:25.364982 dv-cinder-836083-6-smb neutron-server[104009]: DEBUG neutron_lib.callbacks.manager [None req-e5222ef9-e1d5-4825-9fa0-b5e10c0f4c27 admin admin] Publish callbacks ['neutron.plugins.ml2.ovo_rpc._ObjectChangeHandler.handle_event-4057954'] for security_group (99e700fe-4add-4149-9e17-755e0e1265be), after_create {{(pid=104009) _notify_loop /usr/local/lib/python3.8/dist-packages/neutron_lib/callbacks/manager.py:176}}
May 10 21:22:25.408333 dv-cinder-836083-6-smb neutron-server[104009]: INFO neutron.wsgi [None req-e5222ef9-e1d5-4825-9fa0-b5e10c0f4c27 admin admin] 10.222.0.70 "GET /v2.0/security-groups?tenant_id=0a59e12bc22c4c9b8bea8d94e026071a&name=default HTTP/1.1" status: 200 len: 2996 time: 0.3058186
May 10 21:22:25.408333 dv-cinder-836083-6-smb neutron-server[104009]: DEBUG neutron.wsgi [-] (104009) accepted ('10.222.0.70', 35472) {{(pid=104009) server /usr/local/lib/python3.8/dist-packages/eventlet/wsgi.py:1004}}
May 10 21:22:25.415241 dv-cinder-836083-6-smb neutron-server[104009]: DEBUG neutron.api.rpc.handlers.resources_rpc [None req-e5222ef9-e1d5-4825-9fa0-b5e10c0f4c27 admin admin] Pushing event updated for resources: {'SecurityGroup': ['ID=99e700fe-4add-4149-9e17-755e0e1265be,revision_number=1']} {{(pid=104009) push /opt/stack/neutron/neutron/api/rpc/handlers/resources_rpc.py:237}}
May 10 21:22:25.455036 dv-cinder-836083-6-smb neutron-server[104013]: DEBUG neutron.plugins.ml2.db [None req-409f2038-1df1-446b-aa6c-93199b2f25b9 None None] For port c655e309-0295-4975-8fba-97eae15386fe, host hv-cinder-83608, got binding levels [PortBindingLevel(driver='hyperv',host='hv-cinder-83608',level=0,port_id=c655e309-0295-4975-8fba-97eae15386fe,segment=NetworkSegment(6973f4ef-13c4-42f1-bdcc-a0da46243dfc),segment_id=6973f4ef-13c4-42f1-bdcc-a0da46243dfc)] {{(pid=104013) get_binding_level_objs /opt/stack/neutron/neutron/plugins/ml2/db.py:74}}
May 10 21:22:25.467661 dv-cinder-836083-6-smb neutron-server[104009]: DEBUG neutron_lib.callbacks.manager [None req-4793f171-6e7c-4071-b744-6e44ee86d66d admin admin] Publish callbacks [] for security_group (99e700fe-4add-4149-9e17-755e0e1265be), before_delete {{(pid=104009) _notify_loop /usr/local/lib/python3.8/dist-packages/neutron_lib/callbacks/manager.py:176}}
May 10 21:22:25.475714 dv-cinder-836083-6-smb neutron-server[104013]: DEBUG neutron.plugins.ml2.rpc [None req-409f2038-1df1-446b-aa6c-93199b2f25b9 None None] Returning: {'device': 'c655e309-0295-4975-8fba-97eae15386fe', 'network_id': '69909578-cf47-491d-b3cd-6941a441f7e6', 'port_id': 'c655e309-0295-4975-8fba-97eae15386fe', 'mac_address': 'fa:16:3e:7a:0e:91', 'admin_state_up': True, 'network_type': 'vlan', 'segmentation_id': 449, 'physical_network': 'physnet1', 'mtu': 1500, 'fixed_ips': [{'subnet_id': 'de2fa789-c4ca-4735-8af7-29659bbc9c96', 'ip_address': '172.20.0.12'}], 'device_owner': 'compute:nova', 'allowed_address_pairs': [], 'port_security_enabled': True, 'qos_policy_id': None, 'qos_network_policy_id': None, 'profile': {}, 'propagate_uplink_status': False} {{(pid=104013) _get_device_details /opt/stack/neutron/neutron/plugins/ml2/rpc.py:184}}
May 10 21:22:25.500418 dv-cinder-836083-6-smb neutron-server[104009]: DEBUG neutron_lib.callbacks.manager [None req-4793f171-6e7c-4071-b744-6e44ee86d66d admin admin] Publish callbacks [] for security_group (99e700fe-4add-4149-9e17-755e0e1265be), precommit_delete {{(pid=104009) _notify_loop /usr/local/lib/python3.8/dist-packages/neutron_lib/callbacks/manager.py:176}}
May 10 21:22:25.534879 dv-cinder-836083-6-smb neutron-server[104013]: DEBUG neutron.plugins.ml2.plugin [None req-409f2038-1df1-446b-aa6c-93199b2f25b9 None None] Current status of the port c655e309-0295-4975-8fba-97eae15386fe is: DOWN; New status is: BUILD {{(pid=104013) _update_individual_port_db_status /opt/stack/neutron/neutron/plugins/ml2/plugin.py:2296}}
May 10 21:22:25.535519 dv-cinder-836083-6-smb neutron-server[104013]: DEBUG neutron_lib.callbacks.manager [None req-409f2038-1df1-446b-aa6c-93199b2f25b9 None None] Publish callbacks ['neutron.plugins.ml2.plugin.SecurityGroupDbMixin._ensure_default_security_group_handler-1004615'] for port (c655e309-0295-4975-8fba-97eae15386fe), before_update {{(pid=104013) _notify_loop /usr/local/lib/python3.8/dist-packages/neutron_lib/callbacks/manager.py:176}}
May 10 21:22:25.551268 dv-cinder-836083-6-smb neutron-server[104013]: DEBUG neutron.notifiers.nova [None req-409f2038-1df1-446b-aa6c-93199b2f25b9 None None] Ignoring state change previous_port_status: DOWN current_port_status: BUILD port_id c655e309-0295-4975-8fba-97eae15386fe {{(pid=104013) record_port_status_changed /opt/stack/neutron/neutron/notifiers/nova.py:233}}
May 10 21:22:25.584020 dv-cinder-836083-6-smb neutron-server[104013]: DEBUG neutron.plugins.ml2.db [None req-409f2038-1df1-446b-aa6c-93199b2f25b9 None None] For port c655e309-0295-4975-8fba-97eae15386fe, host hv-cinder-83608, got binding levels [PortBindingLevel(driver='hyperv',host='hv-cinder-83608',level=0,port_id=c655e309-0295-4975-8fba-97eae15386fe,segment=NetworkSegment(6973f4ef-13c4-42f1-bdcc-a0da46243dfc),segment_id=6973f4ef-13c4-42f1-bdcc-a0da46243dfc)] {{(pid=104013) get_binding_level_objs /opt/stack/neutron/neutron/plugins/ml2/db.py:74}}
May 10 21:22:25.622168 dv-cinder-836083-6-smb neutron-server[104013]: DEBUG neutron_lib.callbacks.manager [None req-409f2038-1df1-446b-aa6c-93199b2f25b9 None None] Publish callbacks ['neutron.plugins.ml2.plugin.SecurityGroupServerNotifierRpcMixin._notify_sg_on_port_change-1004777', 'neutron.plugins.ml2.ovo_rpc._ObjectChangeHandler.handle_event-210397', 'neutron.api.rpc.agentnotifiers.dhcp_rpc_agent_api.DhcpAgentNotifyAPI._native_event_send_dhcp_notification-3763033', 'neutron.db.l3_db.L3RpcNotifierMixin._notify_gateway_port_ip_changed-8744308366219', 'neutron.db.l3_dvrscheduler_db._notify_l3_agent_port_update-8744307821406', 'neutron.db.l3_hascheduler_db._notify_l3_agent_ha_port_update-8744307821424'] for port (c655e309-0295-4975-8fba-97eae15386fe), after_update {{(pid=104013) _notify_loop /usr/local/lib/python3.8/dist-packages/neutron_lib/callbacks/manager.py:176}}
May 10 21:22:25.622329 dv-cinder-836083-6-smb neutron-server[104009]: DEBUG neutron_lib.callbacks.manager [None req-4793f171-6e7c-4071-b744-6e44ee86d66d admin admin] Publish callbacks ['neutron.plugins.ml2.ovo_rpc._ObjectChangeHandler.handle_event-4057954'] for security_group (99e700fe-4add-4149-9e17-755e0e1265be), after_delete {{(pid=104009) _notify_loop /usr/local/lib/python3.8/dist-packages/neutron_lib/callbacks/manager.py:176}}
May 10 21:22:25.625050 dv-cinder-836083-6-smb neutron-server[104009]: DEBUG neutron_lib.callbacks.manager [None req-4793f171-6e7c-4071-b744-6e44ee86d66d admin admin] Publish callbacks [] for security_group (None), before_response {{(pid=104009) _notify_loop /usr/local/lib/python3.8/dist-packages/neutron_lib/callbacks/manager.py:176}}
May 10 21:22:25.626288 dv-cinder-836083-6-smb neutron-server[104009]: INFO neutron.wsgi [None req-4793f171-6e7c-4071-b744-6e44ee86d66d admin admin] 10.222.0.70 "DELETE /v2.0/security-groups/99e700fe-4add-4149-9e17-755e0e1265be HTTP/1.1" status: 204 len: 168 time: 0.2171690
May 10 21:22:25.643344 dv-cinder-836083-6-smb neutron-server[104009]: DEBUG neutron.api.rpc.handlers.resources_rpc [None req-4793f171-6e7c-4071-b744-6e44ee86d66d admin admin] Pushing event deleted for resources: {'SecurityGroup': ['ID=99e700fe-4add-4149-9e17-755e0e1265be,revision_number=None']} {{(pid=104009) push /opt/stack/neutron/neutron/api/rpc/handlers/resources_rpc.py:237}}
May 10 21:22:25.690455 dv-cinder-836083-6-smb neutron-server[104010]: DEBUG neutron.pecan_wsgi.hooks.policy_enforcement [req-7160416c-3963-4340-8b18-b50955c5ae3c req-493d249c-0681-4df6-a401-068f67bfe193 tempest-ServerRescueNegativeTestJSON-695970702 tempest-ServerRescueNegativeTestJSON-695970702-project] Attributes excluded by policy engine: ['standard_attr_id', 'binding:profile', 'binding:host_id', 'binding:vif_type', 'binding:vif_details'] {{(pid=104010) _exclude_attributes_by_policy /opt/stack/neutron/neutron/pecan_wsgi/hooks/policy_enforcement.py:259}}
May 10 21:22:25.694314 dv-cinder-836083-6-smb neutron-server[104013]: DEBUG neutron.api.rpc.handlers.resources_rpc [None req-409f2038-1df1-446b-aa6c-93199b2f25b9 None None] Pushing event updated for resources: {'Port': ['ID=c655e309-0295-4975-8fba-97eae15386fe,revision_number=4']} {{(pid=104013) push /opt/stack/neutron/neutron/api/rpc/handlers/resources_rpc.py:237}}
May 10 21:22:25.697862 dv-cinder-836083-6-smb neutron-server[104010]: INFO neutron.wsgi [req-7160416c-3963-4340-8b18-b50955c5ae3c req-493d249c-0681-4df6-a401-068f67bfe193 tempest-ServerRescueNegativeTestJSON-695970702 tempest-ServerRescueNegativeTestJSON-695970702-project] 10.222.0.70 "GET /v2.0/ports?device_id=8c70fb0b-c0ae-4fa4-8e10-9728d0db2672 HTTP/1.1" status: 200 len: 946 time: 0.0739312
May 10 21:22:25.743252 dv-cinder-836083-6-smb neutron-server[104010]: INFO neutron.wsgi [req-7160416c-3963-4340-8b18-b50955c5ae3c req-183c8098-af22-4bf9-9424-a1f4e661d651 tempest-ServerRescueNegativeTestJSON-695970702 tempest-ServerRescueNegativeTestJSON-695970702-project] 10.222.0.70 "GET /v2.0/security-groups?id=5fcf3754-072b-4ea1-b1ff-5dbb6fffe1a3&fields=id&fields=name HTTP/1.1" status: 200 len: 286 time: 0.0443602
May 10 21:22:25.822060 dv-cinder-836083-6-smb neutron-server[104009]: DEBUG neutron.pecan_wsgi.hooks.policy_enforcement [req-f8680ee0-52d2-4a8d-a3d6-65cab675a56a req-9113c584-c1f7-4419-91f1-8bd2db5bb42d tempest-AttachVolumeShelveTestJSON-536100479 tempest-AttachVolumeShelveTestJSON-536100479-project] Attributes excluded by policy engine: ['standard_attr_id', 'binding:profile', 'binding:host_id', 'binding:vif_type', 'binding:vif_details'] {{(pid=104009) _exclude_attributes_by_policy /opt/stack/neutron/neutron/pecan_wsgi/hooks/policy_enforcement.py:259}}
May 10 21:22:25.824137 dv-cinder-836083-6-smb neutron-server[104009]: INFO neutron.wsgi [req-f8680ee0-52d2-4a8d-a3d6-65cab675a56a req-9113c584-c1f7-4419-91f1-8bd2db5bb42d tempest-AttachVolumeShelveTestJSON-536100479 tempest-AttachVolumeShelveTestJSON-536100479-project] 10.222.0.70 "GET /v2.0/ports?device_id=be16febe-492a-4bb5-8970-82c5a12b5475 HTTP/1.1" status: 200 len: 945 time: 0.0538688
May 10 21:22:25.874460 dv-cinder-836083-6-smb neutron-server[104009]: INFO neutron.wsgi [req-f8680ee0-52d2-4a8d-a3d6-65cab675a56a req-d0b301de-18bc-47a2-945e-fb7308e9cf15 tempest-AttachVolumeShelveTestJSON-536100479 tempest-AttachVolumeShelveTestJSON-536100479-project] 10.222.0.70 "GET /v2.0/security-groups?id=479bac41-a4af-4fb0-9503-749d8691f8ed&fields=id&fields=name HTTP/1.1" status: 200 len: 312 time: 0.0445161
May 10 21:22:25.898617 dv-cinder-836083-6-smb neutron-server[104013]: DEBUG neutron.plugins.ml2.db [None req-409f2038-1df1-446b-aa6c-93199b2f25b9 None None] get_ports_and_sgs() called for port_ids ['c655e309-0295-4975-8fba-97eae15386fe'] {{(pid=104013) get_ports_and_sgs /opt/stack/neutron/neutron/plugins/ml2/db.py:156}}
May 10 21:22:26.233319 dv-cinder-836083-6-smb neutron-server[104010]: DEBUG neutron.pecan_wsgi.hooks.policy_enforcement [req-581d1d9d-c1bd-4539-b162-d2eaac9310b3 req-631bda88-35d5-4f50-a13a-1f5d65ea8908 tempest-AttachVolumeNegativeTest-1846016150 tempest-AttachVolumeNegativeTest-1846016150-project] Attributes excluded by policy engine: ['standard_attr_id', 'binding:profile', 'binding:host_id', 'binding:vif_type', 'binding:vif_details'] {{(pid=104010) _exclude_attributes_by_policy /opt/stack/neutron/neutron/pecan_wsgi/hooks/policy_enforcement.py:259}}
May 10 21:22:26.234827 dv-cinder-836083-6-smb neutron-server[104010]: INFO neutron.wsgi [req-581d1d9d-c1bd-4539-b162-d2eaac9310b3 req-631bda88-35d5-4f50-a13a-1f5d65ea8908 tempest-AttachVolumeNegativeTest-1846016150 tempest-AttachVolumeNegativeTest-1846016150-project] 10.222.0.70 "GET /v2.0/ports?device_id=271c5d12-27c2-41c7-84ae-ac86a8ad60da HTTP/1.1" status: 200 len: 946 time: 0.0512683
May 10 21:22:26.281611 dv-cinder-836083-6-smb neutron-server[104010]: INFO neutron.wsgi [req-581d1d9d-c1bd-4539-b162-d2eaac9310b3 req-689c4b26-da49-4581-bec7-830f1e353bb6 tempest-AttachVolumeNegativeTest-1846016150 tempest-AttachVolumeNegativeTest-1846016150-project] 10.222.0.70 "GET /v2.0/security-groups?id=dd25542e-5786-4174-ba72-f5b2304e596b&fields=id&fields=name HTTP/1.1" status: 200 len: 312 time: 0.0409024
May 10 21:22:26.436326 dv-cinder-836083-6-smb neutron-server[104009]: DEBUG neutron.pecan_wsgi.hooks.policy_enforcement [req-9327d2c1-569c-42c1-b650-a8c31b7f8a67 req-b8c08b60-e05e-4461-b031-c725a85685b7 tempest-AttachVolumeNegativeTest-1846016150 tempest-AttachVolumeNegativeTest-1846016150-project] Attributes excluded by policy engine: ['standard_attr_id', 'binding:profile', 'binding:host_id', 'binding:vif_type', 'binding:vif_details'] {{(pid=104009) _exclude_attributes_by_policy /opt/stack/neutron/neutron/pecan_wsgi/hooks/policy_enforcement.py:259}}
May 10 21:22:26.437848 dv-cinder-836083-6-smb neutron-server[104009]: INFO neutron.wsgi [req-9327d2c1-569c-42c1-b650-a8c31b7f8a67 req-b8c08b60-e05e-4461-b031-c725a85685b7 tempest-AttachVolumeNegativeTest-1846016150 tempest-AttachVolumeNegativeTest-1846016150-project] 10.222.0.70 "GET /v2.0/ports?device_id=271c5d12-27c2-41c7-84ae-ac86a8ad60da HTTP/1.1" status: 200 len: 946 time: 0.0475049
May 10 21:22:26.446699 dv-cinder-836083-6-smb neutron-server[104009]: DEBUG neutron.wsgi [-] (104009) accepted ('10.222.0.70', 35512) {{(pid=104009) server /usr/local/lib/python3.8/dist-packages/eventlet/wsgi.py:1004}}
May 10 21:22:26.451370 dv-cinder-836083-6-smb neutron-server[104009]: DEBUG neutron.api.v2.base [None req-bede066d-5c19-4b21-adef-8a0e1a49be08 tempest-AttachVolumeNegativeTest-1846016150 tempest-AttachVolumeNegativeTest-1846016150-project] Request body: {'floatingip': {'port_id': '1b637bdc-6abc-4619-bc47-c12f93d3dd20'}} {{(pid=104009) prepare_request_body /opt/stack/neutron/neutron/api/v2/base.py:730}}
May 10 21:22:26.527498 dv-cinder-836083-6-smb neutron-server[104009]: DEBUG neutron_lib.callbacks.manager [None req-bede066d-5c19-4b21-adef-8a0e1a49be08 tempest-AttachVolumeNegativeTest-1846016150 tempest-AttachVolumeNegativeTest-1846016150-project] Publish callbacks [] for floatingip (842d2039-3b81-4e16-8fa5-df5eccda025c), before_update {{(pid=104009) _notify_loop /usr/local/lib/python3.8/dist-packages/neutron_lib/callbacks/manager.py:176}}
May 10 21:22:26.879638 dv-cinder-836083-6-smb neutron-server[104010]: DEBUG neutron.pecan_wsgi.hooks.policy_enforcement [req-f63ddd22-950d-4985-a666-f9fb6a3584d9 req-e90df18d-37e8-42ab-806c-68d0ab7c716a tempest-ServerRescueNegativeTestJSON-695970702 tempest-ServerRescueNegativeTestJSON-695970702-project] Attributes excluded by policy engine: ['standard_attr_id', 'binding:profile', 'binding:host_id', 'binding:vif_type', 'binding:vif_details'] {{(pid=104010) _exclude_attributes_by_policy /opt/stack/neutron/neutron/pecan_wsgi/hooks/policy_enforcement.py:259}}
May 10 21:22:26.881321 dv-cinder-836083-6-smb neutron-server[104010]: INFO neutron.wsgi [req-f63ddd22-950d-4985-a666-f9fb6a3584d9 req-e90df18d-37e8-42ab-806c-68d0ab7c716a tempest-ServerRescueNegativeTestJSON-695970702 tempest-ServerRescueNegativeTestJSON-695970702-project] 10.222.0.70 "GET /v2.0/ports?device_id=8c70fb0b-c0ae-4fa4-8e10-9728d0db2672 HTTP/1.1" status: 200 len: 946 time: 0.0493097
May 10 21:22:26.937044 dv-cinder-836083-6-smb neutron-server[104010]: INFO neutron.wsgi [req-f63ddd22-950d-4985-a666-f9fb6a3584d9 req-84f17983-abaa-40ad-b140-379cc96d6c9e tempest-ServerRescueNegativeTestJSON-695970702 tempest-ServerRescueNegativeTestJSON-695970702-project] 10.222.0.70 "GET /v2.0/security-groups?id=5fcf3754-072b-4ea1-b1ff-5dbb6fffe1a3&fields=id&fields=name HTTP/1.1" status: 200 len: 286 time: 0.0486636
May 10 21:22:27.147926 dv-cinder-836083-6-smb neutron-server[104009]: DEBUG neutron.pecan_wsgi.hooks.policy_enforcement [req-117622bc-6086-4265-9397-b873985bc0f7 req-cefb97a5-8b99-411d-a480-6a33d4a2c540 tempest-AttachVolumeShelveTestJSON-536100479 tempest-AttachVolumeShelveTestJSON-536100479-project] Attributes excluded by policy engine: ['standard_attr_id', 'binding:profile', 'binding:host_id', 'binding:vif_type', 'binding:vif_details'] {{(pid=104009) _exclude_attributes_by_policy /opt/stack/neutron/neutron/pecan_wsgi/hooks/policy_enforcement.py:259}}
May 10 21:22:27.149120 dv-cinder-836083-6-smb neutron-server[104009]: INFO neutron.wsgi [req-117622bc-6086-4265-9397-b873985bc0f7 req-cefb97a5-8b99-411d-a480-6a33d4a2c540 tempest-AttachVolumeShelveTestJSON-536100479 tempest-AttachVolumeShelveTestJSON-536100479-project] 10.222.0.70 "GET /v2.0/ports?device_id=be16febe-492a-4bb5-8970-82c5a12b5475 HTTP/1.1" status: 200 len: 945 time: 0.0952857
May 10 21:22:27.343697 dv-cinder-836083-6-smb neutron-server[104013]: DEBUG neutron.plugins.ml2.rpc [None req-409f2038-1df1-446b-aa6c-93199b2f25b9 None None] Device c655e309-0295-4975-8fba-97eae15386fe up at agent hyperv_hv-cinder-83608 {{(pid=104013) update_device_up /opt/stack/neutron/neutron/plugins/ml2/rpc.py:296}}
May 10 21:22:27.347807 dv-cinder-836083-6-smb neutron-server[104009]: INFO neutron.wsgi [req-117622bc-6086-4265-9397-b873985bc0f7 req-e962993e-0c05-4619-ad4d-9d5a17dae9b3 tempest-AttachVolumeShelveTestJSON-536100479 tempest-AttachVolumeShelveTestJSON-536100479-project] 10.222.0.70 "GET /v2.0/security-groups?id=479bac41-a4af-4fb0-9503-749d8691f8ed&fields=id&fields=name HTTP/1.1" status: 200 len: 312 time: 0.1817367
May 10 21:22:27.387882 dv-cinder-836083-6-smb neutron-server[104013]: DEBUG neutron.db.provisioning_blocks [None req-409f2038-1df1-446b-aa6c-93199b2f25b9 None None] Provisioning for port c655e309-0295-4975-8fba-97eae15386fe completed by entity L2. {{(pid=104013) provisioning_complete /opt/stack/neutron/neutron/db/provisioning_blocks.py:137}}
May 10 21:22:27.455117 dv-cinder-836083-6-smb neutron-server[104009]: DEBUG neutron_lib.callbacks.manager [None req-bede066d-5c19-4b21-adef-8a0e1a49be08 tempest-AttachVolumeNegativeTest-1846016150 tempest-AttachVolumeNegativeTest-1846016150-project] Publish callbacks [] for floatingip (None), precommit_update {{(pid=104009) _notify_loop /usr/local/lib/python3.8/dist-packages/neutron_lib/callbacks/manager.py:176}}
May 10 21:22:27.467595 dv-cinder-836083-6-smb neutron-server[104013]: DEBUG neutron.db.provisioning_blocks [None req-409f2038-1df1-446b-aa6c-93199b2f25b9 None None] Provisioning complete for port c655e309-0295-4975-8fba-97eae15386fe triggered by entity L2. {{(pid=104013) provisioning_complete /opt/stack/neutron/neutron/db/provisioning_blocks.py:145}}
May 10 21:22:27.468062 dv-cinder-836083-6-smb neutron-server[104013]: DEBUG neutron_lib.callbacks.manager [None req-409f2038-1df1-446b-aa6c-93199b2f25b9 None None] Publish callbacks ['neutron.plugins.ml2.plugin.Ml2Plugin._port_provisioned-1032919'] for port (c655e309-0295-4975-8fba-97eae15386fe), provisioning_complete {{(pid=104013) _notify_loop /usr/local/lib/python3.8/dist-packages/neutron_lib/callbacks/manager.py:176}}
May 10 21:22:27.525207 dv-cinder-836083-6-smb neutron-server[104009]: DEBUG neutron_lib.callbacks.manager [None req-bede066d-5c19-4b21-adef-8a0e1a49be08 tempest-AttachVolumeNegativeTest-1846016150 tempest-AttachVolumeNegativeTest-1846016150-project] Publish callbacks ['neutron.services.l3_router.l3_router_plugin.DVRResourceOperationHandler._create_dvr_floating_gw_port-3792684'] for floatingip (842d2039-3b81-4e16-8fa5-df5eccda025c), after_update {{(pid=104009) _notify_loop /usr/local/lib/python3.8/dist-packages/neutron_lib/callbacks/manager.py:176}}
May 10 21:22:27.577859 dv-cinder-836083-6-smb neutron-server[104013]: DEBUG neutron.plugins.ml2.plugin [None req-409f2038-1df1-446b-aa6c-93199b2f25b9 None None] Current status of the port c655e309-0295-4975-8fba-97eae15386fe is: BUILD; New status is: ACTIVE {{(pid=104013) _update_individual_port_db_status /opt/stack/neutron/neutron/plugins/ml2/plugin.py:2296}}
May 10 21:22:27.578535 dv-cinder-836083-6-smb neutron-server[104013]: DEBUG neutron_lib.callbacks.manager [None req-409f2038-1df1-446b-aa6c-93199b2f25b9 None None] Publish callbacks ['neutron.plugins.ml2.plugin.SecurityGroupDbMixin._ensure_default_security_group_handler-1004615'] for port (c655e309-0295-4975-8fba-97eae15386fe), before_update {{(pid=104013) _notify_loop /usr/local/lib/python3.8/dist-packages/neutron_lib/callbacks/manager.py:176}}
May 10 21:22:27.612900 dv-cinder-836083-6-smb neutron-server[104013]: DEBUG neutron.notifiers.nova [-] Sending events: [{'server_uuid': 'be16febe-492a-4bb5-8970-82c5a12b5475', 'name': 'network-vif-plugged', 'status': 'completed', 'tag': 'c655e309-0295-4975-8fba-97eae15386fe'}] {{(pid=104013) send_events /opt/stack/neutron/neutron/notifiers/nova.py:271}}
May 10 21:22:27.616078 dv-cinder-836083-6-smb neutron-server[104013]: DEBUG novaclient.v2.client [-] REQ: curl -g -i --cacert "/opt/stack/data/ca-bundle.pem" -X POST http://10.222.0.70/compute/v2.1/os-server-external-events -H "Accept: application/json" -H "Content-Type: application/json" -H "User-Agent: python-novaclient" -H "X-Auth-Token: {SHA256}833a753e25bc6eab88e749d841b1011cdf56b7c052462c56aea43936f444d138" -H "X-OpenStack-Nova-API-Version: 2.1" -H "X-OpenStack-Request-ID: req-daa1228b-e795-42b6-84d3-bb1f65f2a4b0" -d '{"events": [{"server_uuid": "be16febe-492a-4bb5-8970-82c5a12b5475", "name": "network-vif-plugged", "status": "completed", "tag": "c655e309-0295-4975-8fba-97eae15386fe"}]}' {{(pid=104013) _http_log_request /usr/local/lib/python3.8/dist-packages/keystoneauth1/session.py:519}}
May 10 21:22:27.633182 dv-cinder-836083-6-smb neutron-server[104013]: DEBUG neutron.plugins.ml2.db [None req-409f2038-1df1-446b-aa6c-93199b2f25b9 None None] For port c655e309-0295-4975-8fba-97eae15386fe, host hv-cinder-83608, got binding levels [PortBindingLevel(driver='hyperv',host='hv-cinder-83608',level=0,port_id=c655e309-0295-4975-8fba-97eae15386fe,segment=NetworkSegment(6973f4ef-13c4-42f1-bdcc-a0da46243dfc),segment_id=6973f4ef-13c4-42f1-bdcc-a0da46243dfc)] {{(pid=104013) get_binding_level_objs /opt/stack/neutron/neutron/plugins/ml2/db.py:74}}
May 10 21:22:27.673438 dv-cinder-836083-6-smb neutron-server[104013]: DEBUG novaclient.v2.client [-] RESP: [200] Connection: close Content-Length: 183 Content-Type: application/json Date: Tue, 10 May 2022 21:22:27 GMT OpenStack-API-Version: compute 2.1 Server: Apache/2.4.41 (Ubuntu) Vary: OpenStack-API-Version,X-OpenStack-Nova-API-Version X-OpenStack-Nova-API-Version: 2.1 x-compute-request-id: req-b66dbcf0-bf61-417a-a6ad-1f2e5ae99762 x-openstack-request-id: req-b66dbcf0-bf61-417a-a6ad-1f2e5ae99762 {{(pid=104013) _http_log_response /usr/local/lib/python3.8/dist-packages/keystoneauth1/session.py:550}}
May 10 21:22:27.673762 dv-cinder-836083-6-smb neutron-server[104013]: DEBUG novaclient.v2.client [-] RESP BODY: {"events": [{"server_uuid": "be16febe-492a-4bb5-8970-82c5a12b5475", "name": "network-vif-plugged", "status": "completed", "tag": "c655e309-0295-4975-8fba-97eae15386fe", "code": 200}]} {{(pid=104013) _http_log_response /usr/local/lib/python3.8/dist-packages/keystoneauth1/session.py:582}}
May 10 21:22:27.674024 dv-cinder-836083-6-smb neutron-server[104013]: DEBUG novaclient.v2.client [-] POST call to compute for http://10.222.0.70/compute/v2.1/os-server-external-events used request id req-b66dbcf0-bf61-417a-a6ad-1f2e5ae99762 {{(pid=104013) request /usr/local/lib/python3.8/dist-packages/keystoneauth1/session.py:954}}
May 10 21:22:27.674468 dv-cinder-836083-6-smb neutron-server[104013]: INFO neutron.notifiers.nova [-] Nova event matching ['req-b66dbcf0-bf61-417a-a6ad-1f2e5ae99762'] response: {'server_uuid': 'be16febe-492a-4bb5-8970-82c5a12b5475', 'name': 'network-vif-plugged', 'status': 'completed', 'tag': 'c655e309-0295-4975-8fba-97eae15386fe', 'code': 200}
May 10 21:22:27.680716 dv-cinder-836083-6-smb neutron-server[104010]: DEBUG neutron.wsgi [-] (104010) accepted ('10.222.0.70', 35564) {{(pid=104010) server /usr/local/lib/python3.8/dist-packages/eventlet/wsgi.py:1004}}
May 10 21:22:27.693047 dv-cinder-836083-6-smb neutron-server[104010]: DEBUG neutron.wsgi [-] (104010) accepted ('10.222.0.70', 35568) {{(pid=104010) server /usr/local/lib/python3.8/dist-packages/eventlet/wsgi.py:1004}}
May 10 21:22:27.706529 dv-cinder-836083-6-smb neutron-server[104009]: INFO neutron.db.l3_db [None req-bede066d-5c19-4b21-adef-8a0e1a49be08 tempest-AttachVolumeNegativeTest-1846016150 tempest-AttachVolumeNegativeTest-1846016150-project] Floating IP 842d2039-3b81-4e16-8fa5-df5eccda025c associated. External IP: 172.28.1.75, port: 1b637bdc-6abc-4619-bc47-c12f93d3dd20.
May 10 21:22:27.725586 dv-cinder-836083-6-smb neutron-server[104013]: DEBUG neutron_lib.callbacks.manager [None req-409f2038-1df1-446b-aa6c-93199b2f25b9 None None] Publish callbacks ['neutron.plugins.ml2.plugin.SecurityGroupServerNotifierRpcMixin._notify_sg_on_port_change-1004777', 'neutron.plugins.ml2.ovo_rpc._ObjectChangeHandler.handle_event-210397', 'neutron.api.rpc.agentnotifiers.dhcp_rpc_agent_api.DhcpAgentNotifyAPI._native_event_send_dhcp_notification-3763033', 'neutron.db.l3_db.L3RpcNotifierMixin._notify_gateway_port_ip_changed-8744308366219', 'neutron.db.l3_dvrscheduler_db._notify_l3_agent_port_update-8744307821406', 'neutron.db.l3_hascheduler_db._notify_l3_agent_ha_port_update-8744307821424'] for port (c655e309-0295-4975-8fba-97eae15386fe), after_update {{(pid=104013) _notify_loop /usr/local/lib/python3.8/dist-packages/neutron_lib/callbacks/manager.py:176}}
May 10 21:22:27.797106 dv-cinder-836083-6-smb neutron-server[104013]: DEBUG neutron.api.rpc.handlers.resources_rpc [None req-409f2038-1df1-446b-aa6c-93199b2f25b9 None None] Pushing event updated for resources: {'Port': ['ID=c655e309-0295-4975-8fba-97eae15386fe,revision_number=5']} {{(pid=104013) push /opt/stack/neutron/neutron/api/rpc/handlers/resources_rpc.py:237}}
May 10 21:22:27.872249 dv-cinder-836083-6-smb neutron-server[104010]: DEBUG neutron_lib.callbacks.manager [None req-33680fad-60cc-45a3-8238-ea0b73224f95 admin admin] Publish callbacks [] for security_group (None), before_create {{(pid=104010) _notify_loop /usr/local/lib/python3.8/dist-packages/neutron_lib/callbacks/manager.py:176}}
May 10 21:22:27.874687 dv-cinder-836083-6-smb neutron-server[104010]: DEBUG neutron_lib.callbacks.manager [None req-cf9c6009-61d1-4745-839e-d292cc8e6dc2 admin admin] Publish callbacks [] for security_group (None), before_create {{(pid=104010) _notify_loop /usr/local/lib/python3.8/dist-packages/neutron_lib/callbacks/manager.py:176}}
May 10 21:22:27.999352 dv-cinder-836083-6-smb neutron-server[104009]: DEBUG neutron.scheduler.l3_agent_scheduler [None req-bede066d-5c19-4b21-adef-8a0e1a49be08 tempest-AttachVolumeNegativeTest-1846016150 tempest-AttachVolumeNegativeTest-1846016150-project] Router de8374a5-6442-4cf2-8b75-c49d26ab14a6 has already been hosted by L3 agent c6f44e7c-f5f4-4240-83f3-3c2b6075f9f1 {{(pid=104009) _get_candidates /opt/stack/neutron/neutron/scheduler/l3_agent_scheduler.py:126}}
May 10 21:22:28.040285 dv-cinder-836083-6-smb neutron-server[104009]: DEBUG neutron.pecan_wsgi.hooks.policy_enforcement [req-598537f8-6efd-4a2d-b153-639716ce912a req-5bb0e7d8-13a2-4192-a0e8-d1b3b217bccd service neutron] Attributes excluded by policy engine: ['standard_attr_id'] {{(pid=104009) _exclude_attributes_by_policy /opt/stack/neutron/neutron/pecan_wsgi/hooks/policy_enforcement.py:259}}
May 10 21:22:28.043256 dv-cinder-836083-6-smb neutron-server[104009]: INFO neutron.wsgi [req-598537f8-6efd-4a2d-b153-639716ce912a req-5bb0e7d8-13a2-4192-a0e8-d1b3b217bccd service neutron] 10.222.0.58 "GET /v2.0/ports?device_id=be16febe-492a-4bb5-8970-82c5a12b5475 HTTP/1.1" status: 200 len: 1130 time: 0.0568035
May 10 21:22:28.053761 dv-cinder-836083-6-smb neutron-server[104010]: DEBUG neutron_lib.callbacks.manager [None req-33680fad-60cc-45a3-8238-ea0b73224f95 admin admin] Publish callbacks [] for security_group (e5df55e2-04c9-462a-84fb-b9a64526aa99), precommit_create {{(pid=104010) _notify_loop /usr/local/lib/python3.8/dist-packages/neutron_lib/callbacks/manager.py:176}}
May 10 21:22:28.068254 dv-cinder-836083-6-smb neutron-server[104010]: DEBUG neutron_lib.callbacks.manager [None req-cf9c6009-61d1-4745-839e-d292cc8e6dc2 admin admin] Publish callbacks [] for security_group (d775f5a8-4a84-46c5-92b1-bacc67774e52), precommit_create {{(pid=104010) _notify_loop /usr/local/lib/python3.8/dist-packages/neutron_lib/callbacks/manager.py:176}}
May 10 21:22:28.155971 dv-cinder-836083-6-smb neutron-server[104009]: DEBUG neutron.pecan_wsgi.hooks.policy_enforcement [req-490c781a-b586-4f43-9740-54188db89924 req-fbcb7fd0-f7ec-4c88-a619-9f8a2fd77f77 tempest-ServerRescueNegativeTestJSON-695970702 tempest-ServerRescueNegativeTestJSON-695970702-project] Attributes excluded by policy engine: ['standard_attr_id', 'binding:profile', 'binding:host_id', 'binding:vif_type', 'binding:vif_details'] {{(pid=104009) _exclude_attributes_by_policy /opt/stack/neutron/neutron/pecan_wsgi/hooks/policy_enforcement.py:259}}
May 10 21:22:28.157424 dv-cinder-836083-6-smb neutron-server[104009]: INFO neutron.wsgi [req-490c781a-b586-4f43-9740-54188db89924 req-fbcb7fd0-f7ec-4c88-a619-9f8a2fd77f77 tempest-ServerRescueNegativeTestJSON-695970702 tempest-ServerRescueNegativeTestJSON-695970702-project] 10.222.0.70 "GET /v2.0/ports?device_id=8c70fb0b-c0ae-4fa4-8e10-9728d0db2672 HTTP/1.1" status: 200 len: 946 time: 0.0822380
May 10 21:22:28.181769 dv-cinder-836083-6-smb neutron-server[104010]: DEBUG neutron_lib.callbacks.manager [None req-cf9c6009-61d1-4745-839e-d292cc8e6dc2 admin admin] Publish callbacks ['neutron.plugins.ml2.ovo_rpc._ObjectChangeHandler.handle_event-4057954'] for security_group (d775f5a8-4a84-46c5-92b1-bacc67774e52), after_create {{(pid=104010) _notify_loop /usr/local/lib/python3.8/dist-packages/neutron_lib/callbacks/manager.py:176}}
May 10 21:22:28.189233 dv-cinder-836083-6-smb neutron-server[104010]: DEBUG neutron_lib.callbacks.manager [None req-33680fad-60cc-45a3-8238-ea0b73224f95 admin admin] Publish callbacks ['neutron.plugins.ml2.ovo_rpc._ObjectChangeHandler.handle_event-4057954'] for security_group (e5df55e2-04c9-462a-84fb-b9a64526aa99), after_create {{(pid=104010) _notify_loop /usr/local/lib/python3.8/dist-packages/neutron_lib/callbacks/manager.py:176}}
May 10 21:22:28.212504 dv-cinder-836083-6-smb neutron-server[104009]: INFO neutron.wsgi [req-598537f8-6efd-4a2d-b153-639716ce912a req-5d08a721-94b3-4040-ab84-f412cd2ce1c6 service neutron] 10.222.0.58 "GET /v2.0/security-groups?id=479bac41-a4af-4fb0-9503-749d8691f8ed&fields=id&fields=name HTTP/1.1" status: 200 len: 312 time: 0.1360390
May 10 21:22:28.243203 dv-cinder-836083-6-smb neutron-server[104010]: DEBUG neutron.api.rpc.handlers.resources_rpc [None req-cf9c6009-61d1-4745-839e-d292cc8e6dc2 admin admin] Pushing event updated for resources: {'SecurityGroup': ['ID=d775f5a8-4a84-46c5-92b1-bacc67774e52,revision_number=1']} {{(pid=104010) push /opt/stack/neutron/neutron/api/rpc/handlers/resources_rpc.py:237}}
May 10 21:22:28.250575 dv-cinder-836083-6-smb neutron-server[104010]: INFO neutron.wsgi [None req-cf9c6009-61d1-4745-839e-d292cc8e6dc2 admin admin] 10.222.0.70 "GET /v2.0/security-groups?tenant_id=36b5d94314ee4b3eb7ede86e3b96353c&name=default HTTP/1.1" status: 200 len: 2996 time: 0.5537167
May 10 21:22:28.250575 dv-cinder-836083-6-smb neutron-server[104010]: INFO neutron.wsgi [None req-33680fad-60cc-45a3-8238-ea0b73224f95 admin admin] 10.222.0.70 "GET /v2.0/security-groups?tenant_id=f680cfcdb9a3488ea7017fae357e95ee&name=default HTTP/1.1" status: 200 len: 2996 time: 0.5684936
May 10 21:22:28.251253 dv-cinder-836083-6-smb neutron-server[104010]: DEBUG neutron.wsgi [-] (104010) accepted ('10.222.0.70', 35582) {{(pid=104010) server /usr/local/lib/python3.8/dist-packages/eventlet/wsgi.py:1004}}
May 10 21:22:28.253653 dv-cinder-836083-6-smb neutron-server[104009]: DEBUG neutron.wsgi [-] (104009) accepted ('10.222.0.70', 35584) {{(pid=104009) server /usr/local/lib/python3.8/dist-packages/eventlet/wsgi.py:1004}}
May 10 21:22:28.263492 dv-cinder-836083-6-smb neutron-server[104009]: INFO neutron.wsgi [req-490c781a-b586-4f43-9740-54188db89924 req-6d43ce28-f51f-462b-9bf1-e0fdc41987d9 tempest-ServerRescueNegativeTestJSON-695970702 tempest-ServerRescueNegativeTestJSON-695970702-project] 10.222.0.70 "GET /v2.0/security-groups?id=5fcf3754-072b-4ea1-b1ff-5dbb6fffe1a3&fields=id&fields=name HTTP/1.1" status: 200 len: 286 time: 0.0970769
May 10 21:22:28.264545 dv-cinder-836083-6-smb neutron-server[104009]: DEBUG neutron.api.rpc.agentnotifiers.l3_rpc_agent_api [None req-bede066d-5c19-4b21-adef-8a0e1a49be08 tempest-AttachVolumeNegativeTest-1846016150 tempest-AttachVolumeNegativeTest-1846016150-project] Notify agent at l3_agent.dv-cinder-836083-6-smb the message routers_updated {{(pid=104009) _agent_notification /opt/stack/neutron/neutron/api/rpc/agentnotifiers/l3_rpc_agent_api.py:65}}
May 10 21:22:28.269630 dv-cinder-836083-6-smb neutron-server[104009]: DEBUG neutron_lib.callbacks.manager [None req-bede066d-5c19-4b21-adef-8a0e1a49be08 tempest-AttachVolumeNegativeTest-1846016150 tempest-AttachVolumeNegativeTest-1846016150-project] Publish callbacks ['neutron.notifiers.nova.Notifier._send_nova_notification-47530'] for floatingip (None), before_response {{(pid=104009) _notify_loop /usr/local/lib/python3.8/dist-packages/neutron_lib/callbacks/manager.py:176}}
May 10 21:22:28.283479 dv-cinder-836083-6-smb neutron-server[104014]: DEBUG neutron.api.rpc.handlers.l3_rpc [None req-abfb5652-dd73-441c-9188-9c8190e72c51 None None] Sync routers for ids ['de8374a5-6442-4cf2-8b75-c49d26ab14a6'] in dv-cinder-836083-6-smb {{(pid=104014) sync_routers /opt/stack/neutron/neutron/api/rpc/handlers/l3_rpc.py:125}}
May 10 21:22:28.294113 dv-cinder-836083-6-smb neutron-server[104014]: DEBUG neutron.db.l3_dvrscheduler_db [None req-abfb5652-dd73-441c-9188-9c8190e72c51 None None] Routers {'de8374a5-6442-4cf2-8b75-c49d26ab14a6'} bound to L3 agent in host dv-cinder-836083-6-smb {{(pid=104014) _get_router_ids_for_agent /opt/stack/neutron/neutron/db/l3_dvrscheduler_db.py:421}}
May 10 21:22:28.294830 dv-cinder-836083-6-smb neutron-server[104014]: DEBUG neutron.db.l3_hamode_db [None req-abfb5652-dd73-441c-9188-9c8190e72c51 None None] neutron.services.l3_router.l3_router_plugin.L3RouterPlugin method get_ha_sync_data_for_host called with arguments (, 'dv-cinder-836083-6-smb', Agent(admin_state_up=True,agent_type='L3 agent',availability_zone='nova',binary='neutron-l3-agent',configurations={"agent_mode": "legacy", "ex_gw_ports": 4, "extensions": [], "floating_ips": 0, "handle_internal_only_routers": true, "interface_driver": "openvswitch", "interfaces": 4, "log_agent_heartbeats": false, "routers": 4},created_at=2022-05-10T21:12:47Z,description=,heartbeat_timestamp=2022-05-10T21:22:17Z,host='dv-cinder-836083-6-smb',id=c6f44e7c-f5f4-4240-83f3-3c2b6075f9f1,load=0,resource_versions=,resources_synced=,started_at=2022-05-10T21:12:48Z,topic='l3_agent')) {'router_ids': ['de8374a5-6442-4cf2-8b75-c49d26ab14a6'], 'active': True} {{(pid=104014) wrapper /usr/local/lib/python3.8/dist-packages/oslo_log/helpers.py:65}}
May 10 21:22:28.320414 dv-cinder-836083-6-smb neutron-server[104010]: DEBUG neutron.api.rpc.handlers.resources_rpc [None req-33680fad-60cc-45a3-8238-ea0b73224f95 admin admin] Pushing event updated for resources: {'SecurityGroup': ['ID=e5df55e2-04c9-462a-84fb-b9a64526aa99,revision_number=1']} {{(pid=104010) push /opt/stack/neutron/neutron/api/rpc/handlers/resources_rpc.py:237}}
May 10 21:22:28.345291 dv-cinder-836083-6-smb neutron-server[104010]: DEBUG neutron_lib.callbacks.manager [None req-649de892-cc8b-4263-86c2-78810d103f6b admin admin] Publish callbacks [] for security_group (d775f5a8-4a84-46c5-92b1-bacc67774e52), before_delete {{(pid=104010) _notify_loop /usr/local/lib/python3.8/dist-packages/neutron_lib/callbacks/manager.py:176}}
May 10 21:22:28.351331 dv-cinder-836083-6-smb neutron-server[104009]: INFO neutron.wsgi [None req-bede066d-5c19-4b21-adef-8a0e1a49be08 tempest-AttachVolumeNegativeTest-1846016150 tempest-AttachVolumeNegativeTest-1846016150-project] 10.222.0.70 "PUT /v2.0/floatingips/842d2039-3b81-4e16-8fa5-df5eccda025c HTTP/1.1" status: 200 len: 991 time: 1.9013529
May 10 21:22:28.351331 dv-cinder-836083-6-smb neutron-server[104009]: DEBUG neutron.notifiers.nova [-] Sending events: [{'name': 'network-changed', 'server_uuid': '271c5d12-27c2-41c7-84ae-ac86a8ad60da', 'tag': '1b637bdc-6abc-4619-bc47-c12f93d3dd20'}] {{(pid=104009) send_events /opt/stack/neutron/neutron/notifiers/nova.py:271}}
May 10 21:22:28.352270 dv-cinder-836083-6-smb neutron-server[104009]: DEBUG novaclient.v2.client [-] REQ: curl -g -i --cacert "/opt/stack/data/ca-bundle.pem" -X POST http://10.222.0.70/compute/v2.1/os-server-external-events -H "Accept: application/json" -H "Content-Type: application/json" -H "User-Agent: python-novaclient" -H "X-Auth-Token: {SHA256}8018037d2cee871b5367b40d91800ca99da38365812f77787eceae214e128af8" -H "X-OpenStack-Nova-API-Version: 2.1" -H "X-OpenStack-Request-ID: req-5198a7e7-304d-4ae9-85fd-c7e996f44f80" -d '{"events": [{"name": "network-changed", "server_uuid": "271c5d12-27c2-41c7-84ae-ac86a8ad60da", "tag": "1b637bdc-6abc-4619-bc47-c12f93d3dd20"}]}' {{(pid=104009) _http_log_request /usr/local/lib/python3.8/dist-packages/keystoneauth1/session.py:519}}
May 10 21:22:28.372248 dv-cinder-836083-6-smb neutron-server[104009]: DEBUG neutron_lib.callbacks.manager [None req-76fbec99-b01c-46f9-af7b-2076f57360d5 admin admin] Publish callbacks [] for security_group (e5df55e2-04c9-462a-84fb-b9a64526aa99), before_delete {{(pid=104009) _notify_loop /usr/local/lib/python3.8/dist-packages/neutron_lib/callbacks/manager.py:176}}
May 10 21:22:28.376990 dv-cinder-836083-6-smb neutron-server[104010]: DEBUG neutron_lib.callbacks.manager [None req-649de892-cc8b-4263-86c2-78810d103f6b admin admin] Publish callbacks [] for security_group (d775f5a8-4a84-46c5-92b1-bacc67774e52), precommit_delete {{(pid=104010) _notify_loop /usr/local/lib/python3.8/dist-packages/neutron_lib/callbacks/manager.py:176}}
May 10 21:22:28.412408 dv-cinder-836083-6-smb neutron-server[104009]: DEBUG neutron_lib.callbacks.manager [None req-76fbec99-b01c-46f9-af7b-2076f57360d5 admin admin] Publish callbacks [] for security_group (e5df55e2-04c9-462a-84fb-b9a64526aa99), precommit_delete {{(pid=104009) _notify_loop /usr/local/lib/python3.8/dist-packages/neutron_lib/callbacks/manager.py:176}}
May 10 21:22:28.435529 dv-cinder-836083-6-smb neutron-server[104009]: DEBUG novaclient.v2.client [-] RESP: [200] Connection: close Content-Length: 179 Content-Type: application/json Date: Tue, 10 May 2022 21:22:28 GMT OpenStack-API-Version: compute 2.1 Server: Apache/2.4.41 (Ubuntu) Vary: OpenStack-API-Version,X-OpenStack-Nova-API-Version X-OpenStack-Nova-API-Version: 2.1 x-compute-request-id: req-9a95c463-2504-4d83-ab0a-f8aa51c12eb6 x-openstack-request-id: req-9a95c463-2504-4d83-ab0a-f8aa51c12eb6 {{(pid=104009) _http_log_response /usr/local/lib/python3.8/dist-packages/keystoneauth1/session.py:550}}
May 10 21:22:28.435822 dv-cinder-836083-6-smb neutron-server[104009]: DEBUG novaclient.v2.client [-] RESP BODY: {"events": [{"name": "network-changed", "server_uuid": "271c5d12-27c2-41c7-84ae-ac86a8ad60da", "tag": "1b637bdc-6abc-4619-bc47-c12f93d3dd20", "status": "completed", "code": 200}]} {{(pid=104009) _http_log_response /usr/local/lib/python3.8/dist-packages/keystoneauth1/session.py:582}}
May 10 21:22:28.436078 dv-cinder-836083-6-smb neutron-server[104009]: DEBUG novaclient.v2.client [-] POST call to compute for http://10.222.0.70/compute/v2.1/os-server-external-events used request id req-9a95c463-2504-4d83-ab0a-f8aa51c12eb6 {{(pid=104009) request /usr/local/lib/python3.8/dist-packages/keystoneauth1/session.py:954}}
May 10 21:22:28.443496 dv-cinder-836083-6-smb neutron-server[104009]: INFO neutron.notifiers.nova [-] Nova event matching ['req-9a95c463-2504-4d83-ab0a-f8aa51c12eb6'] response: {'name': 'network-changed', 'server_uuid': '271c5d12-27c2-41c7-84ae-ac86a8ad60da', 'tag': '1b637bdc-6abc-4619-bc47-c12f93d3dd20', 'status': 'completed', 'code': 200}
May 10 21:22:28.491970 dv-cinder-836083-6-smb neutron-server[104014]: DEBUG neutron.db.l3_dvr_db [None req-abfb5652-dd73-441c-9188-9c8190e72c51 None None] Set router de8374a5-6442-4cf2-8b75-c49d26ab14a6 gateway port host: dv-cinder-836083-6-smb {{(pid=104014) _build_routers_list /opt/stack/neutron/neutron/db/l3_dvr_db.py:906}}
May 10 21:22:28.519665 dv-cinder-836083-6-smb neutron-server[104010]: DEBUG neutron_lib.callbacks.manager [None req-649de892-cc8b-4263-86c2-78810d103f6b admin admin] Publish callbacks ['neutron.plugins.ml2.ovo_rpc._ObjectChangeHandler.handle_event-4057954'] for security_group (d775f5a8-4a84-46c5-92b1-bacc67774e52), after_delete {{(pid=104010) _notify_loop /usr/local/lib/python3.8/dist-packages/neutron_lib/callbacks/manager.py:176}}
May 10 21:22:28.523768 dv-cinder-836083-6-smb neutron-server[104010]: DEBUG neutron_lib.callbacks.manager [None req-649de892-cc8b-4263-86c2-78810d103f6b admin admin] Publish callbacks [] for security_group (None), before_response {{(pid=104010) _notify_loop /usr/local/lib/python3.8/dist-packages/neutron_lib/callbacks/manager.py:176}}
May 10 21:22:28.525436 dv-cinder-836083-6-smb neutron-server[104010]: INFO neutron.wsgi [None req-649de892-cc8b-4263-86c2-78810d103f6b admin admin] 10.222.0.70 "DELETE /v2.0/security-groups/d775f5a8-4a84-46c5-92b1-bacc67774e52 HTTP/1.1" status: 204 len: 168 time: 0.2710431
May 10 21:22:28.552849 dv-cinder-836083-6-smb neutron-server[104010]: DEBUG neutron.api.rpc.handlers.resources_rpc [None req-649de892-cc8b-4263-86c2-78810d103f6b admin admin] Pushing event deleted for resources: {'SecurityGroup': ['ID=d775f5a8-4a84-46c5-92b1-bacc67774e52,revision_number=None']} {{(pid=104010) push /opt/stack/neutron/neutron/api/rpc/handlers/resources_rpc.py:237}}
May 10 21:22:28.556854 dv-cinder-836083-6-smb neutron-server[104009]: DEBUG neutron.pecan_wsgi.hooks.policy_enforcement [req-e22da830-83a9-4a11-b579-ed6ff70a4025 req-88c54654-abdb-488a-9852-a92656e1bb7b tempest-AttachVolumeShelveTestJSON-536100479 tempest-AttachVolumeShelveTestJSON-536100479-project] Attributes excluded by policy engine: ['standard_attr_id', 'binding:profile', 'binding:host_id', 'binding:vif_type', 'binding:vif_details'] {{(pid=104009) _exclude_attributes_by_policy /opt/stack/neutron/neutron/pecan_wsgi/hooks/policy_enforcement.py:259}}
May 10 21:22:28.565224 dv-cinder-836083-6-smb neutron-server[104009]: INFO neutron.wsgi [req-e22da830-83a9-4a11-b579-ed6ff70a4025 req-88c54654-abdb-488a-9852-a92656e1bb7b tempest-AttachVolumeShelveTestJSON-536100479 tempest-AttachVolumeShelveTestJSON-536100479-project] 10.222.0.70 "GET /v2.0/ports?device_id=be16febe-492a-4bb5-8970-82c5a12b5475 HTTP/1.1" status: 200 len: 946 time: 0.0875127
May 10 21:22:28.570280 dv-cinder-836083-6-smb neutron-server[104009]: DEBUG neutron_lib.callbacks.manager [None req-76fbec99-b01c-46f9-af7b-2076f57360d5 admin admin] Publish callbacks ['neutron.plugins.ml2.ovo_rpc._ObjectChangeHandler.handle_event-4057954'] for security_group (e5df55e2-04c9-462a-84fb-b9a64526aa99), after_delete {{(pid=104009) _notify_loop /usr/local/lib/python3.8/dist-packages/neutron_lib/callbacks/manager.py:176}}
May 10 21:22:28.573834 dv-cinder-836083-6-smb neutron-server[104009]: DEBUG neutron_lib.callbacks.manager [None req-76fbec99-b01c-46f9-af7b-2076f57360d5 admin admin] Publish callbacks [] for security_group (None), before_response {{(pid=104009) _notify_loop /usr/local/lib/python3.8/dist-packages/neutron_lib/callbacks/manager.py:176}}
May 10 21:22:28.578362 dv-cinder-836083-6-smb neutron-server[104009]: INFO neutron.wsgi [None req-76fbec99-b01c-46f9-af7b-2076f57360d5 admin admin] 10.222.0.70 "DELETE /v2.0/security-groups/e5df55e2-04c9-462a-84fb-b9a64526aa99 HTTP/1.1" status: 204 len: 168 time: 0.3231528
May 10 21:22:28.591169 dv-cinder-836083-6-smb neutron-server[104009]: DEBUG neutron.pecan_wsgi.hooks.policy_enforcement [req-5198a7e7-304d-4ae9-85fd-c7e996f44f80 req-8284de52-674d-42b8-8d28-1d44d8770e12 service neutron] Attributes excluded by policy engine: ['standard_attr_id'] {{(pid=104009) _exclude_attributes_by_policy /opt/stack/neutron/neutron/pecan_wsgi/hooks/policy_enforcement.py:259}}
May 10 21:22:28.592988 dv-cinder-836083-6-smb neutron-server[104009]: INFO neutron.wsgi [req-5198a7e7-304d-4ae9-85fd-c7e996f44f80 req-8284de52-674d-42b8-8d28-1d44d8770e12 service neutron] 10.222.0.58 "GET /v2.0/ports?tenant_id=8659ae5114f34aeb9306c6014a8adc33&device_id=271c5d12-27c2-41c7-84ae-ac86a8ad60da HTTP/1.1" status: 200 len: 1130 time: 0.0875471
May 10 21:22:28.618203 dv-cinder-836083-6-smb neutron-server[104009]: DEBUG neutron.api.rpc.handlers.resources_rpc [None req-76fbec99-b01c-46f9-af7b-2076f57360d5 admin admin] Pushing event deleted for resources: {'SecurityGroup': ['ID=e5df55e2-04c9-462a-84fb-b9a64526aa99,revision_number=None']} {{(pid=104009) push /opt/stack/neutron/neutron/api/rpc/handlers/resources_rpc.py:237}}
May 10 21:22:28.666662 dv-cinder-836083-6-smb neutron-server[104009]: INFO neutron.wsgi [req-e22da830-83a9-4a11-b579-ed6ff70a4025 req-ae6a479f-1e78-4a95-a84d-6939c186cc3d tempest-AttachVolumeShelveTestJSON-536100479 tempest-AttachVolumeShelveTestJSON-536100479-project] 10.222.0.70 "GET /v2.0/security-groups?id=479bac41-a4af-4fb0-9503-749d8691f8ed&fields=id&fields=name HTTP/1.1" status: 200 len: 312 time: 0.1002502
