May 10 21:01:25.696990 dv-cinder-836083-6-iscsi devstack@keystone.service[80454]: DEBUG keystone.common.rbac_enforcer.enforcer [None req-e7863f74-ec94-4123-a224-d5b9a9664d18 None admin] RBAC: Authorizing `identity:get_project(project_id=5149a355272344e6928de24fc5261d16)` {{(pid=80454) enforce_call /opt/stack/keystone/keystone/common/rbac_enforcer/enforcer.py:449}}
May 10 21:01:25.698622 dv-cinder-836083-6-iscsi devstack@keystone.service[80454]: DEBUG keystone.common.rbac_enforcer.enforcer [None req-e7863f74-ec94-4123-a224-d5b9a9664d18 None admin] RBAC: Authorization granted {{(pid=80454) enforce_call /opt/stack/keystone/keystone/common/rbac_enforcer/enforcer.py:457}}
May 10 21:01:25.700754 dv-cinder-836083-6-iscsi devstack@keystone.service[80454]: [pid: 80454|app: 0|req: 131/268] 10.222.0.25 () {56 vars in 1186 bytes} [Tue May 10 21:01:25 2022] GET /identity/v3/projects/5149a355272344e6928de24fc5261d16 => generated 302 bytes in 161 msecs (HTTP/1.1 200) 5 headers in 177 bytes (1 switches on core 0)
May 10 21:01:25.711609 dv-cinder-836083-6-iscsi devstack@keystone.service[80455]: DEBUG keystone.server.flask.request_processing.middleware.auth_context [None req-89c9af32-0e5a-4067-92f4-4ea6ff4353be None admin] Authenticating user token {{(pid=80455) process_request /usr/local/lib/python3.8/dist-packages/keystonemiddleware/auth_token/__init__.py:407}}
May 10 21:01:25.833247 dv-cinder-836083-6-iscsi devstack@keystone.service[80455]: DEBUG keystone.server.flask.request_processing.middleware.auth_context [None req-89c9af32-0e5a-4067-92f4-4ea6ff4353be None admin] Validating token access rules against request {{(pid=80455) validate_allowed_request /usr/local/lib/python3.8/dist-packages/keystonemiddleware/auth_token/__init__.py:545}}
May 10 21:01:25.886137 dv-cinder-836083-6-iscsi devstack@keystone.service[80455]: DEBUG keystone.server.flask.request_processing.middleware.auth_context [None req-95d746d2-8638-43ac-ada3-919b3628882e None admin] RBAC: auth_context: {'token': , 'domain_id': None, 'trust_id': None, 'trustor_id': None, 'trustee_id': None, 'domain_name': None, 'group_ids': [], 'user_id': '94be445c202a4e67aef3505af25af405', 'user_domain_id': 'default', 'system_scope': 'all', 'project_id': None, 'project_domain_id': None, 'roles': ['admin', 'member', 'reader'], 'is_admin_project': True, 'service_user_id': None, 'service_user_domain_id': None, 'service_project_id': None, 'service_project_domain_id': None, 'service_roles': []} {{(pid=80455) fill_context /opt/stack/keystone/keystone/server/flask/request_processing/middleware/auth_context.py:478}}
May 10 21:01:25.886955 dv-cinder-836083-6-iscsi devstack@keystone.service[80455]: DEBUG keystone.server.flask.request_processing.req_logging [None req-95d746d2-8638-43ac-ada3-919b3628882e None admin] REQUEST_METHOD: `GET` {{(pid=80455) log_request_info /opt/stack/keystone/keystone/server/flask/request_processing/req_logging.py:27}}
May 10 21:01:25.887245 dv-cinder-836083-6-iscsi devstack@keystone.service[80455]: DEBUG keystone.server.flask.request_processing.req_logging [None req-95d746d2-8638-43ac-ada3-919b3628882e None admin] SCRIPT_NAME: `/identity` {{(pid=80455) log_request_info /opt/stack/keystone/keystone/server/flask/request_processing/req_logging.py:28}}
May 10 21:01:25.887523 dv-cinder-836083-6-iscsi devstack@keystone.service[80455]: DEBUG keystone.server.flask.request_processing.req_logging [None req-95d746d2-8638-43ac-ada3-919b3628882e None admin] PATH_INFO: `/v3/role_assignments` {{(pid=80455) log_request_info /opt/stack/keystone/keystone/server/flask/request_processing/req_logging.py:29}}
May 10 21:01:25.888362 dv-cinder-836083-6-iscsi devstack@keystone.service[80455]: DEBUG keystone.common.rbac_enforcer.enforcer [None req-95d746d2-8638-43ac-ada3-919b3628882e None admin] RBAC: Adding query filter params (role.id=c1ddef32606649809bb218b686f472c5, scope.project.id=5149a355272344e6928de24fc5261d16, user.id=f2b12f24b2f14af8baff832a876310ba) {{(pid=80455) _extract_filter_values /opt/stack/keystone/keystone/common/rbac_enforcer/enforcer.py:167}}
May 10 21:01:25.888670 dv-cinder-836083-6-iscsi devstack@keystone.service[80455]: DEBUG keystone.common.rbac_enforcer.enforcer [None req-95d746d2-8638-43ac-ada3-919b3628882e None admin] RBAC: Authorizing `identity:list_role_assignments()` {{(pid=80455) enforce_call /opt/stack/keystone/keystone/common/rbac_enforcer/enforcer.py:449}}
May 10 21:01:25.890118 dv-cinder-836083-6-iscsi devstack@keystone.service[80455]: DEBUG keystone.common.rbac_enforcer.enforcer [None req-95d746d2-8638-43ac-ada3-919b3628882e None admin] RBAC: Authorization granted {{(pid=80455) enforce_call /opt/stack/keystone/keystone/common/rbac_enforcer/enforcer.py:457}}
May 10 21:01:25.902606 dv-cinder-836083-6-iscsi devstack@keystone.service[80455]: [pid: 80455|app: 0|req: 138/269] 10.222.0.25 () {56 vars in 1374 bytes} [Tue May 10 21:01:25 2022] GET /identity/v3/role_assignments?user.id=f2b12f24b2f14af8baff832a876310ba&scope.project.id=5149a355272344e6928de24fc5261d16&role.id=c1ddef32606649809bb218b686f472c5 => generated 608 bytes in 186 msecs (HTTP/1.1 200) 5 headers in 177 bytes (1 switches on core 0)
May 10 21:01:26.216270 dv-cinder-836083-6-iscsi devstack@keystone.service[80454]: DEBUG keystone.server.flask.request_processing.req_logging [None req-29ab0b7e-b33d-4fb0-896b-9dca337a7948 None None] REQUEST_METHOD: `GET` {{(pid=80454) log_request_info /opt/stack/keystone/keystone/server/flask/request_processing/req_logging.py:27}}
May 10 21:01:26.216984 dv-cinder-836083-6-iscsi devstack@keystone.service[80454]: DEBUG keystone.server.flask.request_processing.req_logging [None req-29ab0b7e-b33d-4fb0-896b-9dca337a7948 None None] SCRIPT_NAME: `/identity` {{(pid=80454) log_request_info /opt/stack/keystone/keystone/server/flask/request_processing/req_logging.py:28}}
May 10 21:01:26.217476 dv-cinder-836083-6-iscsi devstack@keystone.service[80454]: DEBUG keystone.server.flask.request_processing.req_logging [None req-29ab0b7e-b33d-4fb0-896b-9dca337a7948 None None] PATH_INFO: `/` {{(pid=80454) log_request_info /opt/stack/keystone/keystone/server/flask/request_processing/req_logging.py:29}}
May 10 21:01:26.219147 dv-cinder-836083-6-iscsi devstack@keystone.service[80454]: [pid: 80454|app: 0|req: 132/270] 10.222.0.25 () {54 vars in 926 bytes} [Tue May 10 21:01:26 2022] GET /identity => generated 270 bytes in 4 msecs (HTTP/1.1 300) 6 headers in 234 bytes (1 switches on core 0)
May 10 21:01:26.224866 dv-cinder-836083-6-iscsi devstack@keystone.service[80455]: DEBUG keystone.server.flask.request_processing.req_logging [None req-db6476f2-5fbc-4b0b-9849-aaca6750700d None None] REQUEST_METHOD: `POST` {{(pid=80455) log_request_info /opt/stack/keystone/keystone/server/flask/request_processing/req_logging.py:27}}
May 10 21:01:26.225419 dv-cinder-836083-6-iscsi devstack@keystone.service[80455]: DEBUG keystone.server.flask.request_processing.req_logging [None req-db6476f2-5fbc-4b0b-9849-aaca6750700d None None] SCRIPT_NAME: `/identity` {{(pid=80455) log_request_info /opt/stack/keystone/keystone/server/flask/request_processing/req_logging.py:28}}
May 10 21:01:26.225895 dv-cinder-836083-6-iscsi devstack@keystone.service[80455]: DEBUG keystone.server.flask.request_processing.req_logging [None req-db6476f2-5fbc-4b0b-9849-aaca6750700d None None] PATH_INFO: `/v3/auth/tokens` {{(pid=80455) log_request_info /opt/stack/keystone/keystone/server/flask/request_processing/req_logging.py:29}}
May 10 21:01:26.245423 dv-cinder-836083-6-iscsi devstack@keystone.service[80455]: DEBUG keystone.auth.core [None req-db6476f2-5fbc-4b0b-9849-aaca6750700d None None] MFA Rules not processed for user `94be445c202a4e67aef3505af25af405`. Rule list: `[]` (Enabled: `True`). {{(pid=80455) check_auth_methods_against_rules /opt/stack/keystone/keystone/auth/core.py:438}}
May 10 21:01:26.246966 dv-cinder-836083-6-iscsi devstack@keystone.service[80455]: DEBUG keystone.common.fernet_utils [None req-db6476f2-5fbc-4b0b-9849-aaca6750700d None None] Loaded 2 Fernet keys from /etc/keystone/fernet-keys/, but `[fernet_tokens] max_active_keys = 3`; perhaps there have not been enough key rotations to reach `max_active_keys` yet? {{(pid=80455) load_keys /opt/stack/keystone/keystone/common/fernet_utils.py:286}}
May 10 21:01:26.324545 dv-cinder-836083-6-iscsi devstack@keystone.service[80455]: [pid: 80455|app: 0|req: 139/271] 10.222.0.25 () {58 vars in 1023 bytes} [Tue May 10 21:01:26 2022] POST /identity/v3/auth/tokens => generated 799 bytes in 100 msecs (HTTP/1.1 201) 6 headers in 363 bytes (1 switches on core 0)
May 10 21:01:26.348413 dv-cinder-836083-6-iscsi devstack@keystone.service[80454]: DEBUG keystone.server.flask.request_processing.middleware.auth_context [None req-29ab0b7e-b33d-4fb0-896b-9dca337a7948 None None] Authenticating user token {{(pid=80454) process_request /usr/local/lib/python3.8/dist-packages/keystonemiddleware/auth_token/__init__.py:407}}
May 10 21:01:26.464040 dv-cinder-836083-6-iscsi devstack@keystone.service[80454]: DEBUG keystone.server.flask.request_processing.middleware.auth_context [None req-29ab0b7e-b33d-4fb0-896b-9dca337a7948 None None] Validating token access rules against request {{(pid=80454) validate_allowed_request /usr/local/lib/python3.8/dist-packages/keystonemiddleware/auth_token/__init__.py:545}}
May 10 21:01:26.497446 dv-cinder-836083-6-iscsi devstack@keystone.service[80454]: DEBUG keystone.server.flask.request_processing.middleware.auth_context [None req-10b1332b-2adc-4257-ac01-df629b25bc58 None admin] RBAC: auth_context: {'token': , 'domain_id': None, 'trust_id': None, 'trustor_id': None, 'trustee_id': None, 'domain_name': None, 'group_ids': [], 'user_id': '94be445c202a4e67aef3505af25af405', 'user_domain_id': 'default', 'system_scope': 'all', 'project_id': None, 'project_domain_id': None, 'roles': ['admin', 'member', 'reader'], 'is_admin_project': True, 'service_user_id': None, 'service_user_domain_id': None, 'service_project_id': None, 'service_project_domain_id': None, 'service_roles': []} {{(pid=80454) fill_context /opt/stack/keystone/keystone/server/flask/request_processing/middleware/auth_context.py:478}}
May 10 21:01:26.498177 dv-cinder-836083-6-iscsi devstack@keystone.service[80454]: DEBUG keystone.server.flask.request_processing.req_logging [None req-10b1332b-2adc-4257-ac01-df629b25bc58 None admin] REQUEST_METHOD: `GET` {{(pid=80454) log_request_info /opt/stack/keystone/keystone/server/flask/request_processing/req_logging.py:27}}
May 10 21:01:26.498472 dv-cinder-836083-6-iscsi devstack@keystone.service[80454]: DEBUG keystone.server.flask.request_processing.req_logging [None req-10b1332b-2adc-4257-ac01-df629b25bc58 None admin] SCRIPT_NAME: `/identity` {{(pid=80454) log_request_info /opt/stack/keystone/keystone/server/flask/request_processing/req_logging.py:28}}
May 10 21:01:26.498750 dv-cinder-836083-6-iscsi devstack@keystone.service[80454]: DEBUG keystone.server.flask.request_processing.req_logging [None req-10b1332b-2adc-4257-ac01-df629b25bc58 None admin] PATH_INFO: `/v3/roles/member` {{(pid=80454) log_request_info /opt/stack/keystone/keystone/server/flask/request_processing/req_logging.py:29}}
May 10 21:01:26.511131 dv-cinder-836083-6-iscsi devstack@keystone.service[80454]: DEBUG keystone.common.rbac_enforcer.enforcer [None req-10b1332b-2adc-4257-ac01-df629b25bc58 None admin] Extracting inferred target data resulted in "NOT FOUND (404)". {{(pid=80454) enforce_call /opt/stack/keystone/keystone/common/rbac_enforcer/enforcer.py:409}}
May 10 21:01:26.519315 dv-cinder-836083-6-iscsi devstack@keystone.service[80454]: ERROR keystone.server.flask.application [None req-10b1332b-2adc-4257-ac01-df629b25bc58 None admin] Could not find role: member.: keystone.exception.RoleNotFound: Could not find role: member.
May 10 21:01:26.519315 dv-cinder-836083-6-iscsi devstack@keystone.service[80454]: ERROR keystone.server.flask.application
Traceback (most recent call last):
May 10 21:01:26.519315 dv-cinder-836083-6-iscsi devstack@keystone.service[80454]: ERROR keystone.server.flask.application
File "/usr/local/lib/python3.8/dist-packages/flask/app.py", line 1523, in full_dispatch_request
May 10 21:01:26.519315 dv-cinder-836083-6-iscsi devstack@keystone.service[80454]: ERROR keystone.server.flask.application rv = self.dispatch_request()
May 10 21:01:26.519315 dv-cinder-836083-6-iscsi devstack@keystone.service[80454]: ERROR keystone.server.flask.application
File "/usr/local/lib/python3.8/dist-packages/flask/app.py", line 1509, in dispatch_request
May 10 21:01:26.519315 dv-cinder-836083-6-iscsi devstack@keystone.service[80454]: ERROR keystone.server.flask.application return self.ensure_sync(self.view_functions[rule.endpoint])(**req.view_args)
May 10 21:01:26.519315 dv-cinder-836083-6-iscsi devstack@keystone.service[80454]: ERROR keystone.server.flask.application
File "/usr/local/lib/python3.8/dist-packages/flask_restful/__init__.py", line 467, in wrapper
May 10 21:01:26.519315 dv-cinder-836083-6-iscsi devstack@keystone.service[80454]: ERROR keystone.server.flask.application resp = resource(*args, **kwargs)
May 10 21:01:26.519315 dv-cinder-836083-6-iscsi devstack@keystone.service[80454]: ERROR keystone.server.flask.application
File "/usr/local/lib/python3.8/dist-packages/flask/views.py", line 84, in view
May 10 21:01:26.519315 dv-cinder-836083-6-iscsi devstack@keystone.service[80454]: ERROR keystone.server.flask.application return current_app.ensure_sync(self.dispatch_request)(*args, **kwargs)
May 10 21:01:26.519315 dv-cinder-836083-6-iscsi devstack@keystone.service[80454]: ERROR keystone.server.flask.application
File "/usr/local/lib/python3.8/dist-packages/flask_restful/__init__.py", line 582, in dispatch_request
May 10 21:01:26.519315 dv-cinder-836083-6-iscsi devstack@keystone.service[80454]: ERROR keystone.server.flask.application resp = meth(*args, **kwargs)
May 10 21:01:26.519315 dv-cinder-836083-6-iscsi devstack@keystone.service[80454]: ERROR keystone.server.flask.application
File "/opt/stack/keystone/keystone/api/roles.py", line 50, in get
May 10 21:01:26.519315 dv-cinder-836083-6-iscsi devstack@keystone.service[80454]: ERROR keystone.server.flask.application return self._get_role(role_id)
May 10 21:01:26.519315 dv-cinder-836083-6-iscsi devstack@keystone.service[80454]: ERROR keystone.server.flask.application
File "/opt/stack/keystone/keystone/api/roles.py", line 70, in _get_role
May 10 21:01:26.519315 dv-cinder-836083-6-iscsi devstack@keystone.service[80454]: ERROR keystone.server.flask.application ENFORCER.enforce_call(action='identity:get_role')
May 10 21:01:26.520362 dv-cinder-836083-6-iscsi devstack@keystone.service[80454]: ERROR keystone.server.flask.application
File "/opt/stack/keystone/keystone/common/rbac_enforcer/enforcer.py", line 402, in enforce_call
May 10 21:01:26.520362 dv-cinder-836083-6-iscsi devstack@keystone.service[80454]: ERROR keystone.server.flask.application policy_dict.update(cls._extract_member_target_data(
May 10 21:01:26.520362 dv-cinder-836083-6-iscsi devstack@keystone.service[80454]: ERROR keystone.server.flask.application
File "/opt/stack/keystone/keystone/common/rbac_enforcer/enforcer.py", line 234, in _extract_member_target_data
May 10 21:01:26.520362 dv-cinder-836083-6-iscsi devstack@keystone.service[80454]: ERROR keystone.server.flask.application member_name: func(flask.request.view_args[key])
May 10 21:01:26.520362 dv-cinder-836083-6-iscsi devstack@keystone.service[80454]: ERROR keystone.server.flask.application
File "/opt/stack/keystone/keystone/common/manager.py", line 115, in wrapped
May 10 21:01:26.520362 dv-cinder-836083-6-iscsi devstack@keystone.service[80454]: ERROR keystone.server.flask.application __ret_val = __f(*args, **kwargs)
May 10 21:01:26.520362 dv-cinder-836083-6-iscsi devstack@keystone.service[80454]: ERROR keystone.server.flask.application
File "/usr/local/lib/python3.8/dist-packages/decorator.py", line 232, in fun
May 10 21:01:26.520362 dv-cinder-836083-6-iscsi devstack@keystone.service[80454]: ERROR keystone.server.flask.application return caller(func, *(extras + args), **kw)
May 10 21:01:26.520362 dv-cinder-836083-6-iscsi devstack@keystone.service[80454]: ERROR keystone.server.flask.application
File "/usr/local/lib/python3.8/dist-packages/dogpile/cache/region.py", line 1577, in get_or_create_for_user_func
May 10 21:01:26.520362 dv-cinder-836083-6-iscsi devstack@keystone.service[80454]: ERROR keystone.server.flask.application return self.get_or_create(
May 10 21:01:26.520362 dv-cinder-836083-6-iscsi devstack@keystone.service[80454]: ERROR keystone.server.flask.application
File "/usr/local/lib/python3.8/dist-packages/dogpile/cache/region.py", line 1042, in get_or_create
May 10 21:01:26.520362 dv-cinder-836083-6-iscsi devstack@keystone.service[80454]: ERROR keystone.server.flask.application with Lock(
May 10 21:01:26.520362 dv-cinder-836083-6-iscsi devstack@keystone.service[80454]: ERROR keystone.server.flask.application
File "/usr/local/lib/python3.8/dist-packages/dogpile/lock.py", line 185, in __enter__
May 10 21:01:26.520362 dv-cinder-836083-6-iscsi devstack@keystone.service[80454]: ERROR keystone.server.flask.application return self._enter()
May 10 21:01:26.520362 dv-cinder-836083-6-iscsi devstack@keystone.service[80454]: ERROR keystone.server.flask.application
File "/usr/local/lib/python3.8/dist-packages/dogpile/lock.py", line 94, in _enter
May 10 21:01:26.520362 dv-cinder-836083-6-iscsi devstack@keystone.service[80454]: ERROR keystone.server.flask.application generated = self._enter_create(value, createdtime)
May 10 21:01:26.521583 dv-cinder-836083-6-iscsi devstack@keystone.service[80454]: ERROR keystone.server.flask.application
File "/usr/local/lib/python3.8/dist-packages/dogpile/lock.py", line 178, in _enter_create
May 10 21:01:26.521583 dv-cinder-836083-6-iscsi devstack@keystone.service[80454]: ERROR keystone.server.flask.application return self.creator()
May 10 21:01:26.521583 dv-cinder-836083-6-iscsi devstack@keystone.service[80454]: ERROR keystone.server.flask.application
File "/usr/local/lib/python3.8/dist-packages/dogpile/cache/region.py", line 995, in gen_value
May 10 21:01:26.521583 dv-cinder-836083-6-iscsi devstack@keystone.service[80454]: ERROR keystone.server.flask.application created_value = creator(
May 10 21:01:26.521583 dv-cinder-836083-6-iscsi devstack@keystone.service[80454]: ERROR keystone.server.flask.application
File "/opt/stack/keystone/keystone/assignment/core.py", line 1276, in get_role
May 10 21:01:26.521583 dv-cinder-836083-6-iscsi devstack@keystone.service[80454]: ERROR keystone.server.flask.application return self.driver.get_role(role_id)
May 10 21:01:26.521583 dv-cinder-836083-6-iscsi devstack@keystone.service[80454]: ERROR keystone.server.flask.application
File "/opt/stack/keystone/keystone/assignment/role_backends/sql.py", line 70, in get_role
May 10 21:01:26.521583 dv-cinder-836083-6-iscsi devstack@keystone.service[80454]: ERROR keystone.server.flask.application return self._get_role(session, role_id).to_dict()
May 10 21:01:26.521583 dv-cinder-836083-6-iscsi devstack@keystone.service[80454]: ERROR keystone.server.flask.application
File "/opt/stack/keystone/keystone/assignment/role_backends/sql.py", line 65, in _get_role
May 10 21:01:26.521583 dv-cinder-836083-6-iscsi devstack@keystone.service[80454]: ERROR keystone.server.flask.application raise exception.RoleNotFound(role_id=role_id)
May 10 21:01:26.521583 dv-cinder-836083-6-iscsi devstack@keystone.service[80454]: ERROR keystone.server.flask.application keystone.exception.RoleNotFound: Could not find role: member.
May 10 21:01:26.521583 dv-cinder-836083-6-iscsi devstack@keystone.service[80454]: ERROR keystone.server.flask.application
May 10 21:01:26.521583 dv-cinder-836083-6-iscsi devstack@keystone.service[80454]: [pid: 80454|app: 0|req: 133/272] 10.222.0.25 () {56 vars in 1099 bytes} [Tue May 10 21:01:26 2022] GET /identity/v3/roles/member => generated 84 bytes in 173 msecs (HTTP/1.1 404) 5 headers in 183 bytes (1 switches on core 0)
May 10 21:01:26.527574 dv-cinder-836083-6-iscsi devstack@keystone.service[80455]: DEBUG keystone.server.flask.request_processing.middleware.auth_context [None req-db6476f2-5fbc-4b0b-9849-aaca6750700d None None] Authenticating user token {{(pid=80455) process_request /usr/local/lib/python3.8/dist-packages/keystonemiddleware/auth_token/__init__.py:407}}
May 10 21:01:26.630975 dv-cinder-836083-6-iscsi devstack@keystone.service[80455]: DEBUG keystone.server.flask.request_processing.middleware.auth_context [None req-db6476f2-5fbc-4b0b-9849-aaca6750700d None None] Validating token access rules against request {{(pid=80455) validate_allowed_request /usr/local/lib/python3.8/dist-packages/keystonemiddleware/auth_token/__init__.py:545}}
May 10 21:01:26.667980 dv-cinder-836083-6-iscsi devstack@keystone.service[80455]: DEBUG keystone.server.flask.request_processing.middleware.auth_context [None req-e2139c65-518d-41b5-a87a-9a40bbdc9cc5 None admin] RBAC: auth_context: {'token': , 'domain_id': None, 'trust_id': None, 'trustor_id': None, 'trustee_id': None, 'domain_name': None, 'group_ids': [], 'user_id': '94be445c202a4e67aef3505af25af405', 'user_domain_id': 'default', 'system_scope': 'all', 'project_id': None, 'project_domain_id': None, 'roles': ['admin', 'member', 'reader'], 'is_admin_project': True, 'service_user_id': None, 'service_user_domain_id': None, 'service_project_id': None, 'service_project_domain_id': None, 'service_roles': []} {{(pid=80455) fill_context /opt/stack/keystone/keystone/server/flask/request_processing/middleware/auth_context.py:478}}
May 10 21:01:26.668678 dv-cinder-836083-6-iscsi devstack@keystone.service[80455]: DEBUG keystone.server.flask.request_processing.req_logging [None req-e2139c65-518d-41b5-a87a-9a40bbdc9cc5 None admin] REQUEST_METHOD: `GET` {{(pid=80455) log_request_info /opt/stack/keystone/keystone/server/flask/request_processing/req_logging.py:27}}
May 10 21:01:26.668956 dv-cinder-836083-6-iscsi devstack@keystone.service[80455]: DEBUG keystone.server.flask.request_processing.req_logging [None req-e2139c65-518d-41b5-a87a-9a40bbdc9cc5 None admin] SCRIPT_NAME: `/identity` {{(pid=80455) log_request_info /opt/stack/keystone/keystone/server/flask/request_processing/req_logging.py:28}}
May 10 21:01:26.669229 dv-cinder-836083-6-iscsi devstack@keystone.service[80455]: DEBUG keystone.server.flask.request_processing.req_logging [None req-e2139c65-518d-41b5-a87a-9a40bbdc9cc5 None admin] PATH_INFO: `/v3/roles` {{(pid=80455) log_request_info /opt/stack/keystone/keystone/server/flask/request_processing/req_logging.py:29}}
May 10 21:01:26.669985 dv-cinder-836083-6-iscsi devstack@keystone.service[80455]: DEBUG keystone.common.rbac_enforcer.enforcer [None req-e2139c65-518d-41b5-a87a-9a40bbdc9cc5 None admin] RBAC: Adding query filter params (name=member) {{(pid=80455) _extract_filter_values /opt/stack/keystone/keystone/common/rbac_enforcer/enforcer.py:167}}
May 10 21:01:26.670298 dv-cinder-836083-6-iscsi devstack@keystone.service[80455]: DEBUG keystone.common.rbac_enforcer.enforcer [None req-e2139c65-518d-41b5-a87a-9a40bbdc9cc5 None admin] RBAC: Authorizing `identity:list_roles()` {{(pid=80455) enforce_call /opt/stack/keystone/keystone/common/rbac_enforcer/enforcer.py:449}}
May 10 21:01:26.671719 dv-cinder-836083-6-iscsi devstack@keystone.service[80455]: DEBUG keystone.common.rbac_enforcer.enforcer [None req-e2139c65-518d-41b5-a87a-9a40bbdc9cc5 None admin] RBAC: Authorization granted {{(pid=80455) enforce_call /opt/stack/keystone/keystone/common/rbac_enforcer/enforcer.py:457}}
May 10 21:01:26.682035 dv-cinder-836083-6-iscsi devstack@keystone.service[80455]: [pid: 80455|app: 0|req: 140/273] 10.222.0.25 () {56 vars in 1101 bytes} [Tue May 10 21:01:26 2022] GET /identity/v3/roles?name=member => generated 341 bytes in 156 msecs (HTTP/1.1 200) 5 headers in 177 bytes (2 switches on core 0)
May 10 21:01:26.687472 dv-cinder-836083-6-iscsi devstack@keystone.service[80454]: DEBUG keystone.server.flask.request_processing.middleware.auth_context [None req-10b1332b-2adc-4257-ac01-df629b25bc58 None admin] Authenticating user token {{(pid=80454) process_request /usr/local/lib/python3.8/dist-packages/keystonemiddleware/auth_token/__init__.py:407}}
May 10 21:01:26.720907 dv-cinder-836083-6-iscsi devstack@keystone.service[80455]: DEBUG keystone.server.flask.request_processing.req_logging [None req-b210dfcd-0a79-4ff0-b87b-1ad91cf95c1e None None] REQUEST_METHOD: `GET` {{(pid=80455) log_request_info /opt/stack/keystone/keystone/server/flask/request_processing/req_logging.py:27}}
May 10 21:01:26.721568 dv-cinder-836083-6-iscsi devstack@keystone.service[80455]: DEBUG keystone.server.flask.request_processing.req_logging [None req-b210dfcd-0a79-4ff0-b87b-1ad91cf95c1e None None] SCRIPT_NAME: `/identity` {{(pid=80455) log_request_info /opt/stack/keystone/keystone/server/flask/request_processing/req_logging.py:28}}
May 10 21:01:26.722045 dv-cinder-836083-6-iscsi devstack@keystone.service[80455]: DEBUG keystone.server.flask.request_processing.req_logging [None req-b210dfcd-0a79-4ff0-b87b-1ad91cf95c1e None None] PATH_INFO: `/` {{(pid=80455) log_request_info /opt/stack/keystone/keystone/server/flask/request_processing/req_logging.py:29}}
May 10 21:01:26.723652 dv-cinder-836083-6-iscsi devstack@keystone.service[80455]: [pid: 80455|app: 0|req: 141/274] 10.222.0.25 () {54 vars in 926 bytes} [Tue May 10 21:01:26 2022] GET /identity => generated 270 bytes in 4 msecs (HTTP/1.1 300) 6 headers in 234 bytes (1 switches on core 0)
May 10 21:01:26.730742 dv-cinder-836083-6-iscsi devstack@keystone.service[80455]: DEBUG keystone.server.flask.request_processing.req_logging [None req-efe0e974-a2aa-4b4c-bb9f-a423230fc8dd None None] REQUEST_METHOD: `POST` {{(pid=80455) log_request_info /opt/stack/keystone/keystone/server/flask/request_processing/req_logging.py:27}}
May 10 21:01:26.731035 dv-cinder-836083-6-iscsi devstack@keystone.service[80455]: DEBUG keystone.server.flask.request_processing.req_logging [None req-efe0e974-a2aa-4b4c-bb9f-a423230fc8dd None None] SCRIPT_NAME: `/identity` {{(pid=80455) log_request_info /opt/stack/keystone/keystone/server/flask/request_processing/req_logging.py:28}}
May 10 21:01:26.731324 dv-cinder-836083-6-iscsi devstack@keystone.service[80455]: DEBUG keystone.server.flask.request_processing.req_logging [None req-efe0e974-a2aa-4b4c-bb9f-a423230fc8dd None None] PATH_INFO: `/v3/auth/tokens` {{(pid=80455) log_request_info /opt/stack/keystone/keystone/server/flask/request_processing/req_logging.py:29}}
May 10 21:01:26.749617 dv-cinder-836083-6-iscsi devstack@keystone.service[80455]: DEBUG keystone.auth.core [None req-efe0e974-a2aa-4b4c-bb9f-a423230fc8dd None None] MFA Rules not processed for user `94be445c202a4e67aef3505af25af405`. Rule list: `[]` (Enabled: `True`). {{(pid=80455) check_auth_methods_against_rules /opt/stack/keystone/keystone/auth/core.py:438}}
May 10 21:01:26.750763 dv-cinder-836083-6-iscsi devstack@keystone.service[80455]: DEBUG keystone.common.fernet_utils [None req-efe0e974-a2aa-4b4c-bb9f-a423230fc8dd None None] Loaded 2 Fernet keys from /etc/keystone/fernet-keys/, but `[fernet_tokens] max_active_keys = 3`; perhaps there have not been enough key rotations to reach `max_active_keys` yet? {{(pid=80455) load_keys /opt/stack/keystone/keystone/common/fernet_utils.py:286}}
May 10 21:01:26.804017 dv-cinder-836083-6-iscsi devstack@keystone.service[80454]: DEBUG keystone.server.flask.request_processing.middleware.auth_context [None req-10b1332b-2adc-4257-ac01-df629b25bc58 None admin] Validating token access rules against request {{(pid=80454) validate_allowed_request /usr/local/lib/python3.8/dist-packages/keystonemiddleware/auth_token/__init__.py:545}}
May 10 21:01:26.829460 dv-cinder-836083-6-iscsi devstack@keystone.service[80455]: [pid: 80455|app: 0|req: 142/275] 10.222.0.25 () {58 vars in 1023 bytes} [Tue May 10 21:01:26 2022] POST /identity/v3/auth/tokens => generated 799 bytes in 100 msecs (HTTP/1.1 201) 6 headers in 363 bytes (2 switches on core 0)
May 10 21:01:26.840355 dv-cinder-836083-6-iscsi devstack@keystone.service[80454]: DEBUG keystone.server.flask.request_processing.middleware.auth_context [None req-ead68c25-df72-465b-a0f8-896518cbf428 None admin] RBAC: auth_context: {'token': , 'domain_id': None, 'trust_id': None, 'trustor_id': None, 'trustee_id': None, 'domain_name': None, 'group_ids': [], 'user_id': '94be445c202a4e67aef3505af25af405', 'user_domain_id': 'default', 'system_scope': 'all', 'project_id': None, 'project_domain_id': None, 'roles': ['admin', 'member', 'reader'], 'is_admin_project': True, 'service_user_id': None, 'service_user_domain_id': None, 'service_project_id': None, 'service_project_domain_id': None, 'service_roles': []} {{(pid=80454) fill_context /opt/stack/keystone/keystone/server/flask/request_processing/middleware/auth_context.py:478}}
May 10 21:01:26.841582 dv-cinder-836083-6-iscsi devstack@keystone.service[80454]: DEBUG keystone.server.flask.request_processing.req_logging [None req-ead68c25-df72-465b-a0f8-896518cbf428 None admin] REQUEST_METHOD: `GET` {{(pid=80454) log_request_info /opt/stack/keystone/keystone/server/flask/request_processing/req_logging.py:27}}
May 10 21:01:26.842123 dv-cinder-836083-6-iscsi devstack@keystone.service[80454]: DEBUG keystone.server.flask.request_processing.req_logging [None req-ead68c25-df72-465b-a0f8-896518cbf428 None admin] SCRIPT_NAME: `/identity` {{(pid=80454) log_request_info /opt/stack/keystone/keystone/server/flask/request_processing/req_logging.py:28}}
May 10 21:01:26.846457 dv-cinder-836083-6-iscsi devstack@keystone.service[80454]: DEBUG keystone.server.flask.request_processing.req_logging [None req-ead68c25-df72-465b-a0f8-896518cbf428 None admin] PATH_INFO: `/v3/users/a6e9ee68ee0b49eb8844b80600872523` {{(pid=80454) log_request_info /opt/stack/keystone/keystone/server/flask/request_processing/req_logging.py:29}}
May 10 21:01:26.858459 dv-cinder-836083-6-iscsi devstack@keystone.service[80454]: DEBUG keystone.common.rbac_enforcer.enforcer [None req-ead68c25-df72-465b-a0f8-896518cbf428 None admin] RBAC: Authorizing `identity:get_user(user_id=a6e9ee68ee0b49eb8844b80600872523)` {{(pid=80454) enforce_call /opt/stack/keystone/keystone/common/rbac_enforcer/enforcer.py:449}}
May 10 21:01:26.858459 dv-cinder-836083-6-iscsi devstack@keystone.service[80454]: DEBUG keystone.common.rbac_enforcer.enforcer [None req-ead68c25-df72-465b-a0f8-896518cbf428 None admin] RBAC: Authorization granted {{(pid=80454) enforce_call /opt/stack/keystone/keystone/common/rbac_enforcer/enforcer.py:457}}
May 10 21:01:26.860253 dv-cinder-836083-6-iscsi devstack@keystone.service[80454]: [pid: 80454|app: 0|req: 134/276] 10.222.0.25 () {56 vars in 1177 bytes} [Tue May 10 21:01:26 2022] GET /identity/v3/users/a6e9ee68ee0b49eb8844b80600872523 => generated 293 bytes in 173 msecs (HTTP/1.1 200) 5 headers in 177 bytes (1 switches on core 0)
May 10 21:01:26.863814 dv-cinder-836083-6-iscsi devstack@keystone.service[80455]: DEBUG keystone.server.flask.request_processing.middleware.auth_context [None req-efe0e974-a2aa-4b4c-bb9f-a423230fc8dd None None] Authenticating user token {{(pid=80455) process_request /usr/local/lib/python3.8/dist-packages/keystonemiddleware/auth_token/__init__.py:407}}
May 10 21:01:26.865590 dv-cinder-836083-6-iscsi devstack@keystone.service[80454]: DEBUG keystone.server.flask.request_processing.middleware.auth_context [None req-ead68c25-df72-465b-a0f8-896518cbf428 None admin] Authenticating user token {{(pid=80454) process_request /usr/local/lib/python3.8/dist-packages/keystonemiddleware/auth_token/__init__.py:407}}
May 10 21:01:26.962356 dv-cinder-836083-6-iscsi devstack@keystone.service[80455]: DEBUG keystone.server.flask.request_processing.middleware.auth_context [None req-efe0e974-a2aa-4b4c-bb9f-a423230fc8dd None None] Validating token access rules against request {{(pid=80455) validate_allowed_request /usr/local/lib/python3.8/dist-packages/keystonemiddleware/auth_token/__init__.py:545}}
May 10 21:01:26.965262 dv-cinder-836083-6-iscsi devstack@keystone.service[80454]: DEBUG keystone.server.flask.request_processing.middleware.auth_context [None req-ead68c25-df72-465b-a0f8-896518cbf428 None admin] Validating token access rules against request {{(pid=80454) validate_allowed_request /usr/local/lib/python3.8/dist-packages/keystonemiddleware/auth_token/__init__.py:545}}
May 10 21:01:27.001882 dv-cinder-836083-6-iscsi devstack@keystone.service[80455]: DEBUG keystone.server.flask.request_processing.middleware.auth_context [None req-3270d48f-ff03-48b1-94d0-cb61d39924d2 None admin] RBAC: auth_context: {'token': , 'domain_id': None, 'trust_id': None, 'trustor_id': None, 'trustee_id': None, 'domain_name': None, 'group_ids': [], 'user_id': '94be445c202a4e67aef3505af25af405', 'user_domain_id': 'default', 'system_scope': 'all', 'project_id': None, 'project_domain_id': None, 'roles': ['admin', 'member', 'reader'], 'is_admin_project': True, 'service_user_id': None, 'service_user_domain_id': None, 'service_project_id': None, 'service_project_domain_id': None, 'service_roles': []} {{(pid=80455) fill_context /opt/stack/keystone/keystone/server/flask/request_processing/middleware/auth_context.py:478}}
May 10 21:01:27.003011 dv-cinder-836083-6-iscsi devstack@keystone.service[80455]: DEBUG keystone.server.flask.request_processing.req_logging [None req-3270d48f-ff03-48b1-94d0-cb61d39924d2 None admin] REQUEST_METHOD: `GET` {{(pid=80455) log_request_info /opt/stack/keystone/keystone/server/flask/request_processing/req_logging.py:27}}
May 10 21:01:27.003442 dv-cinder-836083-6-iscsi devstack@keystone.service[80455]: DEBUG keystone.server.flask.request_processing.req_logging [None req-3270d48f-ff03-48b1-94d0-cb61d39924d2 None admin] SCRIPT_NAME: `/identity` {{(pid=80455) log_request_info /opt/stack/keystone/keystone/server/flask/request_processing/req_logging.py:28}}
May 10 21:01:27.003859 dv-cinder-836083-6-iscsi devstack@keystone.service[80455]: DEBUG keystone.server.flask.request_processing.req_logging [None req-3270d48f-ff03-48b1-94d0-cb61d39924d2 None admin] PATH_INFO: `/v3/domains/default` {{(pid=80455) log_request_info /opt/stack/keystone/keystone/server/flask/request_processing/req_logging.py:29}}
May 10 21:01:27.005348 dv-cinder-836083-6-iscsi devstack@keystone.service[80455]: DEBUG keystone.common.rbac_enforcer.enforcer [None req-3270d48f-ff03-48b1-94d0-cb61d39924d2 None admin] RBAC: Authorizing `identity:get_domain(domain_id=default)` {{(pid=80455) enforce_call /opt/stack/keystone/keystone/common/rbac_enforcer/enforcer.py:449}}
May 10 21:01:27.005818 dv-cinder-836083-6-iscsi devstack@keystone.service[80454]: DEBUG keystone.server.flask.request_processing.middleware.auth_context [None req-af59109e-2f38-4c35-8b7a-f826d2361ee5 None admin] RBAC: auth_context: {'token': , 'domain_id': None, 'trust_id': None, 'trustor_id': None, 'trustee_id': None, 'domain_name': None, 'group_ids': [], 'user_id': '94be445c202a4e67aef3505af25af405', 'user_domain_id': 'default', 'system_scope': 'all', 'project_id': None, 'project_domain_id': None, 'roles': ['admin', 'member', 'reader'], 'is_admin_project': True, 'service_user_id': None, 'service_user_domain_id': None, 'service_project_id': None, 'service_project_domain_id': None, 'service_roles': []} {{(pid=80454) fill_context /opt/stack/keystone/keystone/server/flask/request_processing/middleware/auth_context.py:478}}
May 10 21:01:27.006716 dv-cinder-836083-6-iscsi devstack@keystone.service[80454]: DEBUG keystone.server.flask.request_processing.req_logging [None req-af59109e-2f38-4c35-8b7a-f826d2361ee5 None admin] REQUEST_METHOD: `GET` {{(pid=80454) log_request_info /opt/stack/keystone/keystone/server/flask/request_processing/req_logging.py:27}}
May 10 21:01:27.007110 dv-cinder-836083-6-iscsi devstack@keystone.service[80454]: DEBUG keystone.server.flask.request_processing.req_logging [None req-af59109e-2f38-4c35-8b7a-f826d2361ee5 None admin] SCRIPT_NAME: `/identity` {{(pid=80454) log_request_info /opt/stack/keystone/keystone/server/flask/request_processing/req_logging.py:28}}
May 10 21:01:27.007483 dv-cinder-836083-6-iscsi devstack@keystone.service[80454]: DEBUG keystone.server.flask.request_processing.req_logging [None req-af59109e-2f38-4c35-8b7a-f826d2361ee5 None admin] PATH_INFO: `/v3/role_assignments` {{(pid=80454) log_request_info /opt/stack/keystone/keystone/server/flask/request_processing/req_logging.py:29}}
May 10 21:01:27.007773 dv-cinder-836083-6-iscsi devstack@keystone.service[80455]: DEBUG keystone.common.rbac_enforcer.enforcer [None req-3270d48f-ff03-48b1-94d0-cb61d39924d2 None admin] RBAC: Authorization granted {{(pid=80455) enforce_call /opt/stack/keystone/keystone/common/rbac_enforcer/enforcer.py:457}}
May 10 21:01:27.008543 dv-cinder-836083-6-iscsi devstack@keystone.service[80454]: DEBUG keystone.common.rbac_enforcer.enforcer [None req-af59109e-2f38-4c35-8b7a-f826d2361ee5 None admin] RBAC: Adding query filter params (role.id=390d715fbb0f4d029b222894fa3ac65b, user.id=a6e9ee68ee0b49eb8844b80600872523, scope.system=all) {{(pid=80454) _extract_filter_values /opt/stack/keystone/keystone/common/rbac_enforcer/enforcer.py:167}}
May 10 21:01:27.008956 dv-cinder-836083-6-iscsi devstack@keystone.service[80454]: DEBUG keystone.common.rbac_enforcer.enforcer [None req-af59109e-2f38-4c35-8b7a-f826d2361ee5 None admin] RBAC: Authorizing `identity:list_role_assignments()` {{(pid=80454) enforce_call /opt/stack/keystone/keystone/common/rbac_enforcer/enforcer.py:449}}
May 10 21:01:27.011153 dv-cinder-836083-6-iscsi devstack@keystone.service[80454]: DEBUG keystone.common.rbac_enforcer.enforcer [None req-af59109e-2f38-4c35-8b7a-f826d2361ee5 None admin] RBAC: Authorization granted {{(pid=80454) enforce_call /opt/stack/keystone/keystone/common/rbac_enforcer/enforcer.py:457}}
May 10 21:01:27.015537 dv-cinder-836083-6-iscsi devstack@keystone.service[80455]: [pid: 80455|app: 0|req: 143/277] 10.222.0.25 () {56 vars in 1108 bytes} [Tue May 10 21:01:26 2022] GET /identity/v3/domains/default => generated 199 bytes in 148 msecs (HTTP/1.1 200) 5 headers in 177 bytes (1 switches on core 0)
May 10 21:01:27.017119 dv-cinder-836083-6-iscsi devstack@keystone.service[80455]: DEBUG keystone.server.flask.request_processing.middleware.auth_context [None req-3270d48f-ff03-48b1-94d0-cb61d39924d2 None admin] Authenticating user token {{(pid=80455) process_request /usr/local/lib/python3.8/dist-packages/keystonemiddleware/auth_token/__init__.py:407}}
May 10 21:01:27.017797 dv-cinder-836083-6-iscsi devstack@keystone.service[80454]: [pid: 80454|app: 0|req: 135/278] 10.222.0.25 () {56 vars in 1308 bytes} [Tue May 10 21:01:26 2022] GET /identity/v3/role_assignments?user.id=a6e9ee68ee0b49eb8844b80600872523&scope.system=all&role.id=390d715fbb0f4d029b222894fa3ac65b => generated 226 bytes in 152 msecs (HTTP/1.1 200) 5 headers in 177 bytes (1 switches on core 0)
May 10 21:01:27.123313 dv-cinder-836083-6-iscsi devstack@keystone.service[80455]: DEBUG keystone.server.flask.request_processing.middleware.auth_context [None req-3270d48f-ff03-48b1-94d0-cb61d39924d2 None admin] Validating token access rules against request {{(pid=80455) validate_allowed_request /usr/local/lib/python3.8/dist-packages/keystonemiddleware/auth_token/__init__.py:545}}
May 10 21:01:27.160236 dv-cinder-836083-6-iscsi devstack@keystone.service[80455]: DEBUG keystone.server.flask.request_processing.middleware.auth_context [None req-969eccd5-c6b2-471a-b5b8-05f767f23e59 None admin] RBAC: auth_context: {'token': , 'domain_id': None, 'trust_id': None, 'trustor_id': None, 'trustee_id': None, 'domain_name': None, 'group_ids': [], 'user_id': '94be445c202a4e67aef3505af25af405', 'user_domain_id': 'default', 'system_scope': 'all', 'project_id': None, 'project_domain_id': None, 'roles': ['admin', 'member', 'reader'], 'is_admin_project': True, 'service_user_id': None, 'service_user_domain_id': None, 'service_project_id': None, 'service_project_domain_id': None, 'service_roles': []} {{(pid=80455) fill_context /opt/stack/keystone/keystone/server/flask/request_processing/middleware/auth_context.py:478}}
May 10 21:01:27.161359 dv-cinder-836083-6-iscsi devstack@keystone.service[80455]: DEBUG keystone.server.flask.request_processing.req_logging [None req-969eccd5-c6b2-471a-b5b8-05f767f23e59 None admin] REQUEST_METHOD: `POST` {{(pid=80455) log_request_info /opt/stack/keystone/keystone/server/flask/request_processing/req_logging.py:27}}
May 10 21:01:27.161841 dv-cinder-836083-6-iscsi devstack@keystone.service[80455]: DEBUG keystone.server.flask.request_processing.req_logging [None req-969eccd5-c6b2-471a-b5b8-05f767f23e59 None admin] SCRIPT_NAME: `/identity` {{(pid=80455) log_request_info /opt/stack/keystone/keystone/server/flask/request_processing/req_logging.py:28}}
May 10 21:01:27.162311 dv-cinder-836083-6-iscsi devstack@keystone.service[80455]: DEBUG keystone.server.flask.request_processing.req_logging [None req-969eccd5-c6b2-471a-b5b8-05f767f23e59 None admin] PATH_INFO: `/v3/users` {{(pid=80455) log_request_info /opt/stack/keystone/keystone/server/flask/request_processing/req_logging.py:29}}
May 10 21:01:27.163257 dv-cinder-836083-6-iscsi devstack@keystone.service[80455]: DEBUG keystone.common.rbac_enforcer.enforcer [None req-969eccd5-c6b2-471a-b5b8-05f767f23e59 None admin] RBAC: Authorizing `identity:create_user()` {{(pid=80455) enforce_call /opt/stack/keystone/keystone/common/rbac_enforcer/enforcer.py:449}}
May 10 21:01:27.164952 dv-cinder-836083-6-iscsi devstack@keystone.service[80455]: DEBUG keystone.common.rbac_enforcer.enforcer [None req-969eccd5-c6b2-471a-b5b8-05f767f23e59 None admin] RBAC: Authorization granted {{(pid=80455) enforce_call /opt/stack/keystone/keystone/common/rbac_enforcer/enforcer.py:457}}
May 10 21:01:27.174544 dv-cinder-836083-6-iscsi devstack@keystone.service[80454]: DEBUG keystone.server.flask.request_processing.req_logging [None req-76f6c4d8-0f12-4634-b614-81880924f06d None None] REQUEST_METHOD: `GET` {{(pid=80454) log_request_info /opt/stack/keystone/keystone/server/flask/request_processing/req_logging.py:27}}
May 10 21:01:27.175201 dv-cinder-836083-6-iscsi devstack@keystone.service[80454]: DEBUG keystone.server.flask.request_processing.req_logging [None req-76f6c4d8-0f12-4634-b614-81880924f06d None None] SCRIPT_NAME: `/identity` {{(pid=80454) log_request_info /opt/stack/keystone/keystone/server/flask/request_processing/req_logging.py:28}}
May 10 21:01:27.175665 dv-cinder-836083-6-iscsi devstack@keystone.service[80454]: DEBUG keystone.server.flask.request_processing.req_logging [None req-76f6c4d8-0f12-4634-b614-81880924f06d None None] PATH_INFO: `/` {{(pid=80454) log_request_info /opt/stack/keystone/keystone/server/flask/request_processing/req_logging.py:29}}
May 10 21:01:27.177397 dv-cinder-836083-6-iscsi devstack@keystone.service[80454]: [pid: 80454|app: 0|req: 136/279] 10.222.0.25 () {54 vars in 926 bytes} [Tue May 10 21:01:27 2022] GET /identity => generated 270 bytes in 4 msecs (HTTP/1.1 300) 6 headers in 234 bytes (2 switches on core 0)
May 10 21:01:27.183922 dv-cinder-836083-6-iscsi devstack@keystone.service[80454]: DEBUG keystone.server.flask.request_processing.req_logging [None req-a7a7ce04-c4c6-4c18-ae4b-b07e4c21251f None None] REQUEST_METHOD: `POST` {{(pid=80454) log_request_info /opt/stack/keystone/keystone/server/flask/request_processing/req_logging.py:27}}
May 10 21:01:27.184211 dv-cinder-836083-6-iscsi devstack@keystone.service[80454]: DEBUG keystone.server.flask.request_processing.req_logging [None req-a7a7ce04-c4c6-4c18-ae4b-b07e4c21251f None None] SCRIPT_NAME: `/identity` {{(pid=80454) log_request_info /opt/stack/keystone/keystone/server/flask/request_processing/req_logging.py:28}}
May 10 21:01:27.191269 dv-cinder-836083-6-iscsi devstack@keystone.service[80454]: DEBUG keystone.server.flask.request_processing.req_logging [None req-a7a7ce04-c4c6-4c18-ae4b-b07e4c21251f None None] PATH_INFO: `/v3/auth/tokens` {{(pid=80454) log_request_info /opt/stack/keystone/keystone/server/flask/request_processing/req_logging.py:29}}
May 10 21:01:27.202990 dv-cinder-836083-6-iscsi devstack@keystone.service[80454]: DEBUG keystone.auth.core [None req-a7a7ce04-c4c6-4c18-ae4b-b07e4c21251f None None] MFA Rules not processed for user `94be445c202a4e67aef3505af25af405`. Rule list: `[]` (Enabled: `True`). {{(pid=80454) check_auth_methods_against_rules /opt/stack/keystone/keystone/auth/core.py:438}}
May 10 21:01:27.204210 dv-cinder-836083-6-iscsi devstack@keystone.service[80454]: DEBUG keystone.common.fernet_utils [None req-a7a7ce04-c4c6-4c18-ae4b-b07e4c21251f None None] Loaded 2 Fernet keys from /etc/keystone/fernet-keys/, but `[fernet_tokens] max_active_keys = 3`; perhaps there have not been enough key rotations to reach `max_active_keys` yet? {{(pid=80454) load_keys /opt/stack/keystone/keystone/common/fernet_utils.py:286}}
May 10 21:01:27.250323 dv-cinder-836083-6-iscsi devstack@keystone.service[80455]: [pid: 80455|app: 0|req: 144/280] 10.222.0.25 () {60 vars in 1132 bytes} [Tue May 10 21:01:27 2022] POST /identity/v3/users => generated 293 bytes in 234 msecs (HTTP/1.1 201) 5 headers in 182 bytes (2 switches on core 0)
May 10 21:01:27.251790 dv-cinder-836083-6-iscsi devstack@keystone.service[80455]: DEBUG keystone.server.flask.request_processing.req_logging [None req-a2cccaa4-6139-440b-8100-57a158b4d2c4 None None] REQUEST_METHOD: `GET` {{(pid=80455) log_request_info /opt/stack/keystone/keystone/server/flask/request_processing/req_logging.py:27}}
May 10 21:01:27.252200 dv-cinder-836083-6-iscsi devstack@keystone.service[80455]: DEBUG keystone.server.flask.request_processing.req_logging [None req-a2cccaa4-6139-440b-8100-57a158b4d2c4 None None] SCRIPT_NAME: `/identity` {{(pid=80455) log_request_info /opt/stack/keystone/keystone/server/flask/request_processing/req_logging.py:28}}
May 10 21:01:27.252760 dv-cinder-836083-6-iscsi devstack@keystone.service[80455]: DEBUG keystone.server.flask.request_processing.req_logging [None req-a2cccaa4-6139-440b-8100-57a158b4d2c4 None None] PATH_INFO: `/` {{(pid=80455) log_request_info /opt/stack/keystone/keystone/server/flask/request_processing/req_logging.py:29}}
May 10 21:01:27.254349 dv-cinder-836083-6-iscsi devstack@keystone.service[80455]: [pid: 80455|app: 0|req: 145/281] 10.222.0.25 () {54 vars in 926 bytes} [Tue May 10 21:01:27 2022] GET /identity => generated 270 bytes in 3 msecs (HTTP/1.1 300) 6 headers in 234 bytes (1 switches on core 0)
May 10 21:01:27.260028 dv-cinder-836083-6-iscsi devstack@keystone.service[80455]: DEBUG keystone.server.flask.request_processing.req_logging [None req-7c0f8ab2-8743-4cdd-bf80-96670cf0b062 None None] REQUEST_METHOD: `POST` {{(pid=80455) log_request_info /opt/stack/keystone/keystone/server/flask/request_processing/req_logging.py:27}}
May 10 21:01:27.261098 dv-cinder-836083-6-iscsi devstack@keystone.service[80455]: DEBUG keystone.server.flask.request_processing.req_logging [None req-7c0f8ab2-8743-4cdd-bf80-96670cf0b062 None None] SCRIPT_NAME: `/identity` {{(pid=80455) log_request_info /opt/stack/keystone/keystone/server/flask/request_processing/req_logging.py:28}}
May 10 21:01:27.261458 dv-cinder-836083-6-iscsi devstack@keystone.service[80455]: DEBUG keystone.server.flask.request_processing.req_logging [None req-7c0f8ab2-8743-4cdd-bf80-96670cf0b062 None None] PATH_INFO: `/v3/auth/tokens` {{(pid=80455) log_request_info /opt/stack/keystone/keystone/server/flask/request_processing/req_logging.py:29}}
May 10 21:01:27.279913 dv-cinder-836083-6-iscsi devstack@keystone.service[80455]: DEBUG keystone.auth.core [None req-7c0f8ab2-8743-4cdd-bf80-96670cf0b062 None None] MFA Rules not processed for user `94be445c202a4e67aef3505af25af405`. Rule list: `[]` (Enabled: `True`). {{(pid=80455) check_auth_methods_against_rules /opt/stack/keystone/keystone/auth/core.py:438}}
May 10 21:01:27.281208 dv-cinder-836083-6-iscsi devstack@keystone.service[80455]: DEBUG keystone.common.fernet_utils [None req-7c0f8ab2-8743-4cdd-bf80-96670cf0b062 None None] Loaded 2 Fernet keys from /etc/keystone/fernet-keys/, but `[fernet_tokens] max_active_keys = 3`; perhaps there have not been enough key rotations to reach `max_active_keys` yet? {{(pid=80455) load_keys /opt/stack/keystone/keystone/common/fernet_utils.py:286}}
May 10 21:01:27.290403 dv-cinder-836083-6-iscsi devstack@keystone.service[80454]: [pid: 80454|app: 0|req: 137/282] 10.222.0.25 () {58 vars in 1023 bytes} [Tue May 10 21:01:27 2022] POST /identity/v3/auth/tokens => generated 799 bytes in 108 msecs (HTTP/1.1 201) 6 headers in 363 bytes (1 switches on core 0)
May 10 21:01:27.312814 dv-cinder-836083-6-iscsi devstack@keystone.service[80454]: DEBUG keystone.server.flask.request_processing.middleware.auth_context [None req-a7a7ce04-c4c6-4c18-ae4b-b07e4c21251f None None] Authenticating user token {{(pid=80454) process_request /usr/local/lib/python3.8/dist-packages/keystonemiddleware/auth_token/__init__.py:407}}
May 10 21:01:27.373236 dv-cinder-836083-6-iscsi devstack@keystone.service[80455]: [pid: 80455|app: 0|req: 146/283] 10.222.0.25 () {58 vars in 1023 bytes} [Tue May 10 21:01:27 2022] POST /identity/v3/auth/tokens => generated 799 bytes in 114 msecs (HTTP/1.1 201) 6 headers in 363 bytes (2 switches on core 0)
May 10 21:01:27.396406 dv-cinder-836083-6-iscsi devstack@keystone.service[80455]: DEBUG keystone.server.flask.request_processing.middleware.auth_context [None req-7c0f8ab2-8743-4cdd-bf80-96670cf0b062 None None] Authenticating user token {{(pid=80455) process_request /usr/local/lib/python3.8/dist-packages/keystonemiddleware/auth_token/__init__.py:407}}
May 10 21:01:27.443826 dv-cinder-836083-6-iscsi devstack@keystone.service[80454]: DEBUG keystone.server.flask.request_processing.middleware.auth_context [None req-a7a7ce04-c4c6-4c18-ae4b-b07e4c21251f None None] Validating token access rules against request {{(pid=80454) validate_allowed_request /usr/local/lib/python3.8/dist-packages/keystonemiddleware/auth_token/__init__.py:545}}
