Apr 11 15:12:38.147397 dv-cinder-836083-4-smb neutron-server[103536]: DEBUG neutron_lib.callbacks.manager [req-a44afdd5-f0d3-4c1d-92af-0ed2e6334d42 req-ae12cf6e-e75e-4ed0-a9f8-c9eac5acf53a tempest-ServerRescueNegativeTestJSON-1444716551 tempest-ServerRescueNegativeTestJSON-1444716551-project] Publish callbacks ['neutron.notifiers.nova.Notifier._send_nova_notification-27539', 'neutron.api.rpc.agentnotifiers.dhcp_rpc_agent_api.DhcpAgentNotifyAPI._send_dhcp_notification-16314157'] for port (None), before_response {{(pid=103536) _notify_loop /usr/local/lib/python3.8/dist-packages/neutron_lib/callbacks/manager.py:176}}
Apr 11 15:12:38.183305 dv-cinder-836083-4-smb neutron-server[103536]: DEBUG neutron.api.rpc.handlers.resources_rpc [None req-ae12cf6e-e75e-4ed0-a9f8-c9eac5acf53a tempest-ServerRescueNegativeTestJSON-1444716551 tempest-ServerRescueNegativeTestJSON-1444716551-project] Pushing event updated for resources: {'Port': ['ID=535c7e51-22e4-447f-9635-b24fcd6f4e43,revision_number=1']} {{(pid=103536) push /opt/stack/neutron/neutron/api/rpc/handlers/resources_rpc.py:237}}
Apr 11 15:12:38.187665 dv-cinder-836083-4-smb neutron-server[103535]: INFO neutron.wsgi [req-f3666f92-7ca9-4f1c-9444-cdc8434d4d90 req-a3b54326-a054-4550-af6c-dbe3594c813b service neutron] 10.222.0.25 "GET /v2.0/networks/861d2c2f-8287-4c9c-a7e6-4c35ffb28850?fields=segments HTTP/1.1" status: 200 len: 212 time: 0.1661696
Apr 11 15:12:38.201755 dv-cinder-836083-4-smb neutron-server[103536]: DEBUG neutron_lib.callbacks.manager [None req-48f0b63f-52e0-444e-bf17-a69e8dee8dd0 admin admin] Publish callbacks [] for security_group (None), before_create {{(pid=103536) _notify_loop /usr/local/lib/python3.8/dist-packages/neutron_lib/callbacks/manager.py:176}}
Apr 11 15:12:38.215290 dv-cinder-836083-4-smb neutron-server[103536]: INFO neutron.wsgi [req-a44afdd5-f0d3-4c1d-92af-0ed2e6334d42 req-ae12cf6e-e75e-4ed0-a9f8-c9eac5acf53a tempest-ServerRescueNegativeTestJSON-1444716551 tempest-ServerRescueNegativeTestJSON-1444716551-project] 10.222.0.25 "POST /v2.0/ports HTTP/1.1" status: 201 len: 933 time: 1.5576773
Apr 11 15:12:38.286051 dv-cinder-836083-4-smb neutron-server[103536]: DEBUG neutron.api.v2.base [req-a44afdd5-f0d3-4c1d-92af-0ed2e6334d42 req-4c9842ed-850e-4644-9b0d-ef63fecec06d service neutron] Request body: {'port': {'device_id': 'ffe68c68-88d2-4f4d-8c2c-d627ac39ae86', 'device_owner': 'compute:nova', 'binding:host_id': 'hv-cinder-83608'}} {{(pid=103536) prepare_request_body /opt/stack/neutron/neutron/api/v2/base.py:729}}
Apr 11 15:12:38.311819 dv-cinder-836083-4-smb neutron-server[103535]: DEBUG neutron_lib.callbacks.manager [None req-add886b5-b53a-4cda-a9d2-ec8a55234480 admin admin] Publish callbacks [] for security_group (575c58f6-f4d9-4c37-a29c-0ee6ac6283bd), precommit_create {{(pid=103535) _notify_loop /usr/local/lib/python3.8/dist-packages/neutron_lib/callbacks/manager.py:176}}
Apr 11 15:12:38.321651 dv-cinder-836083-4-smb neutron-server[103535]: DEBUG neutron_lib.callbacks.manager [None req-add886b5-b53a-4cda-a9d2-ec8a55234480 admin admin] Publish callbacks ['neutron.plugins.ml2.ovo_rpc._ObjectChangeHandler.handle_event-16302879'] for security_group (575c58f6-f4d9-4c37-a29c-0ee6ac6283bd), after_create {{(pid=103535) _notify_loop /usr/local/lib/python3.8/dist-packages/neutron_lib/callbacks/manager.py:176}}
Apr 11 15:12:38.390517 dv-cinder-836083-4-smb neutron-server[103535]: INFO neutron.wsgi [None req-add886b5-b53a-4cda-a9d2-ec8a55234480 admin admin] 10.222.0.55 "GET /v2.0/security-groups?tenant_id=1ee6c81fd60d489ea70b9677fdc7c594&name=default HTTP/1.1" status: 200 len: 2996 time: 0.5302598
Apr 11 15:12:38.390517 dv-cinder-836083-4-smb neutron-server[103535]: INFO neutron.wsgi [req-f3666f92-7ca9-4f1c-9444-cdc8434d4d90 req-876ade0e-81eb-4e8e-88f5-f0d5cab63943 service neutron] 10.222.0.25 "GET /v2.0/networks/861d2c2f-8287-4c9c-a7e6-4c35ffb28850?fields=provider%3Aphysical_network&fields=provider%3Anetwork_type HTTP/1.1" status: 200 len: 281 time: 0.1928442
Apr 11 15:12:38.390517 dv-cinder-836083-4-smb neutron-server[103535]: DEBUG neutron.api.rpc.handlers.resources_rpc [None req-add886b5-b53a-4cda-a9d2-ec8a55234480 admin admin] Pushing event updated for resources: {'SecurityGroup': ['ID=575c58f6-f4d9-4c37-a29c-0ee6ac6283bd,revision_number=1']} {{(pid=103535) push /opt/stack/neutron/neutron/api/rpc/handlers/resources_rpc.py:237}}
Apr 11 15:12:38.393617 dv-cinder-836083-4-smb neutron-server[103535]: DEBUG neutron.wsgi [-] (103535) accepted ('10.222.0.55', 36842) {{(pid=103535) server /usr/local/lib/python3.8/dist-packages/eventlet/wsgi.py:1004}}
Apr 11 15:12:38.478361 dv-cinder-836083-4-smb neutron-server[103535]: DEBUG neutron_lib.callbacks.manager [None req-9247acdd-7ba4-4677-9085-08e018971d65 admin admin] Publish callbacks [] for security_group (575c58f6-f4d9-4c37-a29c-0ee6ac6283bd), before_delete {{(pid=103535) _notify_loop /usr/local/lib/python3.8/dist-packages/neutron_lib/callbacks/manager.py:176}}
Apr 11 15:12:38.512012 dv-cinder-836083-4-smb neutron-server[103535]: DEBUG neutron_lib.callbacks.manager [None req-9247acdd-7ba4-4677-9085-08e018971d65 admin admin] Publish callbacks [] for security_group (575c58f6-f4d9-4c37-a29c-0ee6ac6283bd), precommit_delete {{(pid=103535) _notify_loop /usr/local/lib/python3.8/dist-packages/neutron_lib/callbacks/manager.py:176}}
Apr 11 15:12:38.583272 dv-cinder-836083-4-smb neutron-server[103535]: DEBUG neutron_lib.callbacks.manager [None req-9247acdd-7ba4-4677-9085-08e018971d65 admin admin] Publish callbacks ['neutron.plugins.ml2.ovo_rpc._ObjectChangeHandler.handle_event-16302879'] for security_group (575c58f6-f4d9-4c37-a29c-0ee6ac6283bd), after_delete {{(pid=103535) _notify_loop /usr/local/lib/python3.8/dist-packages/neutron_lib/callbacks/manager.py:176}}
Apr 11 15:12:38.587342 dv-cinder-836083-4-smb neutron-server[103535]: DEBUG neutron_lib.callbacks.manager [None req-9247acdd-7ba4-4677-9085-08e018971d65 admin admin] Publish callbacks [] for security_group (None), before_response {{(pid=103535) _notify_loop /usr/local/lib/python3.8/dist-packages/neutron_lib/callbacks/manager.py:176}}
Apr 11 15:12:38.589336 dv-cinder-836083-4-smb neutron-server[103535]: INFO neutron.wsgi [None req-9247acdd-7ba4-4677-9085-08e018971d65 admin admin] 10.222.0.55 "DELETE /v2.0/security-groups/575c58f6-f4d9-4c37-a29c-0ee6ac6283bd HTTP/1.1" status: 204 len: 168 time: 0.1945598
Apr 11 15:12:38.601208 dv-cinder-836083-4-smb neutron-server[103535]: DEBUG neutron.api.rpc.handlers.resources_rpc [None req-9247acdd-7ba4-4677-9085-08e018971d65 admin admin] Pushing event deleted for resources: {'SecurityGroup': ['ID=575c58f6-f4d9-4c37-a29c-0ee6ac6283bd,revision_number=None']} {{(pid=103535) push /opt/stack/neutron/neutron/api/rpc/handlers/resources_rpc.py:237}}
Apr 11 15:12:38.603655 dv-cinder-836083-4-smb neutron-server[103536]: DEBUG neutron_lib.callbacks.manager [None req-48f0b63f-52e0-444e-bf17-a69e8dee8dd0 admin admin] Publish callbacks [] for security_group (52e309c8-9aa2-4d68-8b18-934d01a82958), precommit_create {{(pid=103536) _notify_loop /usr/local/lib/python3.8/dist-packages/neutron_lib/callbacks/manager.py:176}}
Apr 11 15:12:38.614446 dv-cinder-836083-4-smb neutron-server[103536]: DEBUG neutron_lib.callbacks.manager [req-a44afdd5-f0d3-4c1d-92af-0ed2e6334d42 req-4c9842ed-850e-4644-9b0d-ef63fecec06d service neutron] Publish callbacks ['neutron.plugins.ml2.plugin.SecurityGroupDbMixin._ensure_default_security_group_handler-731216'] for port (535c7e51-22e4-447f-9635-b24fcd6f4e43), before_update {{(pid=103536) _notify_loop /usr/local/lib/python3.8/dist-packages/neutron_lib/callbacks/manager.py:176}}
Apr 11 15:12:38.616776 dv-cinder-836083-4-smb neutron-server[103536]: DEBUG neutron_lib.callbacks.manager [None req-48f0b63f-52e0-444e-bf17-a69e8dee8dd0 admin admin] Publish callbacks ['neutron.plugins.ml2.ovo_rpc._ObjectChangeHandler.handle_event-16302879'] for security_group (52e309c8-9aa2-4d68-8b18-934d01a82958), after_create {{(pid=103536) _notify_loop /usr/local/lib/python3.8/dist-packages/neutron_lib/callbacks/manager.py:176}}
Apr 11 15:12:38.621102 dv-cinder-836083-4-smb neutron-server[103537]: DEBUG neutron.db.provisioning_blocks [None req-88099152-66ad-4ed9-84b1-a45decd5d608 None None] Provisioning complete for port 535c7e51-22e4-447f-9635-b24fcd6f4e43 triggered by entity DHCP. {{(pid=103537) provisioning_complete /opt/stack/neutron/neutron/db/provisioning_blocks.py:145}}
Apr 11 15:12:38.623053 dv-cinder-836083-4-smb neutron-server[103537]: DEBUG neutron_lib.callbacks.manager [None req-88099152-66ad-4ed9-84b1-a45decd5d608 None None] Publish callbacks ['neutron.plugins.ml2.plugin.Ml2Plugin._port_provisioned-16023643'] for port (535c7e51-22e4-447f-9635-b24fcd6f4e43), provisioning_complete {{(pid=103537) _notify_loop /usr/local/lib/python3.8/dist-packages/neutron_lib/callbacks/manager.py:176}}
Apr 11 15:12:38.681177 dv-cinder-836083-4-smb neutron-server[103536]: DEBUG neutron.pecan_wsgi.hooks.policy_enforcement [req-a5c68e5d-f5d5-4f5e-ad58-8d035462f7c4 req-f5647ad4-8072-4523-9251-0bd2d678e85c tempest-ServerRescueNegativeTestJSON-1444716551 tempest-ServerRescueNegativeTestJSON-1444716551-project] Attributes excluded by policy engine: ['standard_attr_id', 'binding:profile', 'binding:host_id', 'binding:vif_type', 'binding:vif_details'] {{(pid=103536) _exclude_attributes_by_policy /opt/stack/neutron/neutron/pecan_wsgi/hooks/policy_enforcement.py:255}}
Apr 11 15:12:38.683355 dv-cinder-836083-4-smb neutron-server[103536]: INFO neutron.wsgi [req-a5c68e5d-f5d5-4f5e-ad58-8d035462f7c4 req-f5647ad4-8072-4523-9251-0bd2d678e85c tempest-ServerRescueNegativeTestJSON-1444716551 tempest-ServerRescueNegativeTestJSON-1444716551-project] 10.222.0.55 "GET /v2.0/ports?device_id=ffe68c68-88d2-4f4d-8c2c-d627ac39ae86 HTTP/1.1" status: 200 len: 931 time: 0.1660879
Apr 11 15:12:38.698719 dv-cinder-836083-4-smb neutron-server[103536]: DEBUG neutron.api.rpc.handlers.resources_rpc [None req-48f0b63f-52e0-444e-bf17-a69e8dee8dd0 admin admin] Pushing event updated for resources: {'SecurityGroup': ['ID=52e309c8-9aa2-4d68-8b18-934d01a82958,revision_number=1']} {{(pid=103536) push /opt/stack/neutron/neutron/api/rpc/handlers/resources_rpc.py:237}}
Apr 11 15:12:38.721648 dv-cinder-836083-4-smb neutron-server[103537]: DEBUG neutron.plugins.ml2.plugin [None req-88099152-66ad-4ed9-84b1-a45decd5d608 None None] Port 535c7e51-22e4-447f-9635-b24fcd6f4e43 cannot update to ACTIVE because it is not bound. {{(pid=103537) _port_provisioned /opt/stack/neutron/neutron/plugins/ml2/plugin.py:343}}
Apr 11 15:12:38.757604 dv-cinder-836083-4-smb neutron-server[103536]: INFO neutron.wsgi [None req-48f0b63f-52e0-444e-bf17-a69e8dee8dd0 admin admin] 10.222.0.55 "GET /v2.0/security-groups?tenant_id=12d7ec4b803d4965a9921c53abed8b62&name=default HTTP/1.1" status: 200 len: 2996 time: 1.3264225
Apr 11 15:12:38.761376 dv-cinder-836083-4-smb neutron-server[103535]: DEBUG neutron.wsgi [-] (103535) accepted ('10.222.0.55', 36852) {{(pid=103535) server /usr/local/lib/python3.8/dist-packages/eventlet/wsgi.py:1004}}
Apr 11 15:12:38.852350 dv-cinder-836083-4-smb neutron-server[103535]: DEBUG neutron_lib.callbacks.manager [None req-d850a984-b977-491f-a1dd-7da5f1baad69 admin admin] Publish callbacks [] for security_group (52e309c8-9aa2-4d68-8b18-934d01a82958), before_delete {{(pid=103535) _notify_loop /usr/local/lib/python3.8/dist-packages/neutron_lib/callbacks/manager.py:176}}
Apr 11 15:12:38.855015 dv-cinder-836083-4-smb neutron-server[103536]: INFO neutron.wsgi [req-a5c68e5d-f5d5-4f5e-ad58-8d035462f7c4 req-5f84be7f-3f7e-47a9-b0e7-049671b8f48b tempest-ServerRescueNegativeTestJSON-1444716551 tempest-ServerRescueNegativeTestJSON-1444716551-project] 10.222.0.55 "GET /v2.0/security-groups?id=edc0cc67-606e-4d41-b647-9b027e777b99&fields=id&fields=name HTTP/1.1" status: 200 len: 286 time: 0.1525106
Apr 11 15:12:38.888304 dv-cinder-836083-4-smb neutron-server[103535]: DEBUG neutron_lib.callbacks.manager [None req-d850a984-b977-491f-a1dd-7da5f1baad69 admin admin] Publish callbacks [] for security_group (52e309c8-9aa2-4d68-8b18-934d01a82958), precommit_delete {{(pid=103535) _notify_loop /usr/local/lib/python3.8/dist-packages/neutron_lib/callbacks/manager.py:176}}
Apr 11 15:12:38.962217 dv-cinder-836083-4-smb neutron-server[103535]: DEBUG neutron_lib.callbacks.manager [None req-d850a984-b977-491f-a1dd-7da5f1baad69 admin admin] Publish callbacks ['neutron.plugins.ml2.ovo_rpc._ObjectChangeHandler.handle_event-16302879'] for security_group (52e309c8-9aa2-4d68-8b18-934d01a82958), after_delete {{(pid=103535) _notify_loop /usr/local/lib/python3.8/dist-packages/neutron_lib/callbacks/manager.py:176}}
Apr 11 15:12:38.968437 dv-cinder-836083-4-smb neutron-server[103535]: DEBUG neutron_lib.callbacks.manager [None req-d850a984-b977-491f-a1dd-7da5f1baad69 admin admin] Publish callbacks [] for security_group (None), before_response {{(pid=103535) _notify_loop /usr/local/lib/python3.8/dist-packages/neutron_lib/callbacks/manager.py:176}}
Apr 11 15:12:38.969908 dv-cinder-836083-4-smb neutron-server[103535]: INFO neutron.wsgi [None req-d850a984-b977-491f-a1dd-7da5f1baad69 admin admin] 10.222.0.55 "DELETE /v2.0/security-groups/52e309c8-9aa2-4d68-8b18-934d01a82958 HTTP/1.1" status: 204 len: 168 time: 0.2062705
Apr 11 15:12:38.988225 dv-cinder-836083-4-smb neutron-server[103535]: DEBUG neutron.api.rpc.handlers.resources_rpc [None req-d850a984-b977-491f-a1dd-7da5f1baad69 admin admin] Pushing event deleted for resources: {'SecurityGroup': ['ID=52e309c8-9aa2-4d68-8b18-934d01a82958,revision_number=None']} {{(pid=103535) push /opt/stack/neutron/neutron/api/rpc/handlers/resources_rpc.py:237}}
Apr 11 15:12:39.137841 dv-cinder-836083-4-smb neutron-server[103536]: DEBUG neutron.notifiers.nova [req-a44afdd5-f0d3-4c1d-92af-0ed2e6334d42 req-4c9842ed-850e-4644-9b0d-ef63fecec06d service neutron] Ignoring state change previous_port_status: DOWN current_port_status: DOWN port_id 535c7e51-22e4-447f-9635-b24fcd6f4e43 {{(pid=103536) record_port_status_changed /opt/stack/neutron/neutron/notifiers/nova.py:233}}
Apr 11 15:12:39.146362 dv-cinder-836083-4-smb neutron-server[103536]: DEBUG neutron_lib.callbacks.manager [req-a44afdd5-f0d3-4c1d-92af-0ed2e6334d42 req-4c9842ed-850e-4644-9b0d-ef63fecec06d service neutron] Publish callbacks [] for port (535c7e51-22e4-447f-9635-b24fcd6f4e43), precommit_update {{(pid=103536) _notify_loop /usr/local/lib/python3.8/dist-packages/neutron_lib/callbacks/manager.py:176}}
Apr 11 15:12:39.163557 dv-cinder-836083-4-smb neutron-server[103536]: DEBUG neutron.db.provisioning_blocks [req-a44afdd5-f0d3-4c1d-92af-0ed2e6334d42 req-4c9842ed-850e-4644-9b0d-ef63fecec06d service neutron] Transition to ACTIVE for port object 535c7e51-22e4-447f-9635-b24fcd6f4e43 will not be triggered until provisioned by entity L2. {{(pid=103536) add_provisioning_component /opt/stack/neutron/neutron/db/provisioning_blocks.py:75}}
Apr 11 15:12:39.170782 dv-cinder-836083-4-smb neutron-server[103536]: DEBUG neutron_lib.callbacks.manager [req-a44afdd5-f0d3-4c1d-92af-0ed2e6334d42 req-4c9842ed-850e-4644-9b0d-ef63fecec06d service neutron] Publish callbacks ['neutron.plugins.ml2.plugin.SecurityGroupServerNotifierRpcMixin._notify_sg_on_port_change-732082', 'neutron.plugins.ml2.ovo_rpc._ObjectChangeHandler.handle_event-16661245', 'neutron.api.rpc.agentnotifiers.dhcp_rpc_agent_api.DhcpAgentNotifyAPI._native_event_send_dhcp_notification-16314335', 'neutron.db.l3_db.L3RpcNotifierMixin._notify_gateway_port_ip_changed-8783753421087', 'neutron.db.l3_dvrscheduler_db._notify_l3_agent_port_update-8783752944990', 'neutron.db.l3_hascheduler_db._notify_l3_agent_ha_port_update-8783752945008'] for port (535c7e51-22e4-447f-9635-b24fcd6f4e43), after_update {{(pid=103536) _notify_loop /usr/local/lib/python3.8/dist-packages/neutron_lib/callbacks/manager.py:176}}
Apr 11 15:12:39.201005 dv-cinder-836083-4-smb neutron-server[103535]: DEBUG neutron.wsgi [-] (103535) accepted ('10.222.0.55', 36868) {{(pid=103535) server /usr/local/lib/python3.8/dist-packages/eventlet/wsgi.py:1004}}
Apr 11 15:12:39.231630 dv-cinder-836083-4-smb neutron-server[103536]: DEBUG neutron.api.rpc.handlers.resources_rpc [None req-4c9842ed-850e-4644-9b0d-ef63fecec06d service neutron] Pushing event updated for resources: {'Port': ['ID=535c7e51-22e4-447f-9635-b24fcd6f4e43,revision_number=2']} {{(pid=103536) push /opt/stack/neutron/neutron/api/rpc/handlers/resources_rpc.py:237}}
Apr 11 15:12:39.241888 dv-cinder-836083-4-smb neutron-server[103535]: DEBUG neutron_lib.callbacks.manager [None req-2074d590-a1ff-44ee-ac59-cef32ce2fc36 admin admin] Publish callbacks [] for security_group (None), before_create {{(pid=103535) _notify_loop /usr/local/lib/python3.8/dist-packages/neutron_lib/callbacks/manager.py:176}}
Apr 11 15:12:39.274612 dv-cinder-836083-4-smb neutron-server[103536]: DEBUG neutron.plugins.ml2.managers [req-a44afdd5-f0d3-4c1d-92af-0ed2e6334d42 req-4c9842ed-850e-4644-9b0d-ef63fecec06d service neutron] Attempting to bind port 535c7e51-22e4-447f-9635-b24fcd6f4e43 on host hv-cinder-83608 for vnic_type normal with profile {{(pid=103536) bind_port /opt/stack/neutron/neutron/plugins/ml2/managers.py:795}}
Apr 11 15:12:39.276560 dv-cinder-836083-4-smb neutron-server[103536]: DEBUG neutron.plugins.ml2.managers [req-a44afdd5-f0d3-4c1d-92af-0ed2e6334d42 req-4c9842ed-850e-4644-9b0d-ef63fecec06d service neutron] Attempting to bind port 535c7e51-22e4-447f-9635-b24fcd6f4e43 by drivers openvswitch,hyperv on host hv-cinder-83608 at level 0 using segments [{'id': '9f548605-0cc3-4392-9a14-69d10ebf3332', 'network_type': 'vlan', 'physical_network': 'physnet1', 'segmentation_id': 531, 'network_id': '861d2c2f-8287-4c9c-a7e6-4c35ffb28850'}] {{(pid=103536) _bind_port_level /opt/stack/neutron/neutron/plugins/ml2/managers.py:820}}
Apr 11 15:12:39.277109 dv-cinder-836083-4-smb neutron-server[103536]: DEBUG neutron.plugins.ml2.drivers.mech_agent [req-a44afdd5-f0d3-4c1d-92af-0ed2e6334d42 req-4c9842ed-850e-4644-9b0d-ef63fecec06d service neutron] Attempting to bind port 535c7e51-22e4-447f-9635-b24fcd6f4e43 on network 861d2c2f-8287-4c9c-a7e6-4c35ffb28850 {{(pid=103536) bind_port /opt/stack/neutron/neutron/plugins/ml2/drivers/mech_agent.py:91}}
Apr 11 15:12:39.284576 dv-cinder-836083-4-smb neutron-server[103536]: DEBUG neutron.plugins.ml2.drivers.mech_agent [req-a44afdd5-f0d3-4c1d-92af-0ed2e6334d42 req-4c9842ed-850e-4644-9b0d-ef63fecec06d service neutron] Port 535c7e51-22e4-447f-9635-b24fcd6f4e43 on network 861d2c2f-8287-4c9c-a7e6-4c35ffb28850 not bound, no agent of type Open vSwitch agent registered on host hv-cinder-83608 {{(pid=103536) bind_port /opt/stack/neutron/neutron/plugins/ml2/drivers/mech_agent.py:103}}
Apr 11 15:12:39.285844 dv-cinder-836083-4-smb neutron-server[103536]: DEBUG neutron.plugins.ml2.drivers.mech_agent [req-a44afdd5-f0d3-4c1d-92af-0ed2e6334d42 req-4c9842ed-850e-4644-9b0d-ef63fecec06d service neutron] Attempting to bind port 535c7e51-22e4-447f-9635-b24fcd6f4e43 on network 861d2c2f-8287-4c9c-a7e6-4c35ffb28850 {{(pid=103536) bind_port /opt/stack/neutron/neutron/plugins/ml2/drivers/mech_agent.py:91}}
Apr 11 15:12:39.292510 dv-cinder-836083-4-smb neutron-server[103536]: DEBUG neutron.plugins.ml2.drivers.mech_agent [req-a44afdd5-f0d3-4c1d-92af-0ed2e6334d42 req-4c9842ed-850e-4644-9b0d-ef63fecec06d service neutron] Checking agent: {'id': 'fab665bb-52e6-45e4-8eb4-38edf8907c15', 'agent_type': 'HyperV agent', 'binary': 'neutron-hyperv-agent', 'topic': 'N/A', 'host': 'hv-cinder-83608', 'admin_state_up': True, 'created_at': datetime.datetime(2022, 4, 11, 15, 9, 26), 'started_at': datetime.datetime(2022, 4, 11, 15, 9, 26), 'heartbeat_timestamp': datetime.datetime(2022, 4, 11, 15, 12, 26), 'description': None, 'resources_synced': None, 'availability_zone': None, 'alive': True, 'configurations': {'vswitch_mappings': {'physnet1$': 'br-data'}}, 'resource_versions': {}} {{(pid=103536) bind_port /opt/stack/neutron/neutron/plugins/ml2/drivers/mech_agent.py:110}}
Apr 11 15:12:39.293133 dv-cinder-836083-4-smb neutron-server[103536]: DEBUG neutron.plugins.ml2.drivers.mech_agent [req-a44afdd5-f0d3-4c1d-92af-0ed2e6334d42 req-4c9842ed-850e-4644-9b0d-ef63fecec06d service neutron] Checking segment: {'id': '9f548605-0cc3-4392-9a14-69d10ebf3332', 'network_type': 'vlan', 'physical_network': 'physnet1', 'segmentation_id': 531, 'network_id': '861d2c2f-8287-4c9c-a7e6-4c35ffb28850'} for mappings: {'physnet1$': 'br-data'} with network types: ['local', 'flat', 'vlan'] {{(pid=103536) check_segment_for_agent /opt/stack/neutron/neutron/plugins/ml2/drivers/mech_agent.py:373}}
Apr 11 15:12:39.293701 dv-cinder-836083-4-smb neutron-server[103536]: DEBUG neutron.plugins.ml2.drivers.mech_agent [req-a44afdd5-f0d3-4c1d-92af-0ed2e6334d42 req-4c9842ed-850e-4644-9b0d-ef63fecec06d service neutron] Bound using segment: {'id': '9f548605-0cc3-4392-9a14-69d10ebf3332', 'network_type': 'vlan', 'physical_network': 'physnet1', 'segmentation_id': 531, 'network_id': '861d2c2f-8287-4c9c-a7e6-4c35ffb28850'} {{(pid=103536) bind_port /opt/stack/neutron/neutron/plugins/ml2/drivers/mech_agent.py:120}}
Apr 11 15:12:39.294331 dv-cinder-836083-4-smb neutron-server[103536]: DEBUG neutron.plugins.ml2.managers [req-a44afdd5-f0d3-4c1d-92af-0ed2e6334d42 req-4c9842ed-850e-4644-9b0d-ef63fecec06d service neutron] Bound port: 535c7e51-22e4-447f-9635-b24fcd6f4e43, host: hv-cinder-83608, vif_type: hyperv, vif_details: {"connectivity": "legacy", "port_filter": false}, binding_levels: [{'bound_driver': 'hyperv', 'bound_segment': {'id': '9f548605-0cc3-4392-9a14-69d10ebf3332', 'network_type': 'vlan', 'physical_network': 'physnet1', 'segmentation_id': 531, 'network_id': '861d2c2f-8287-4c9c-a7e6-4c35ffb28850'}}] {{(pid=103536) _bind_port_level /opt/stack/neutron/neutron/plugins/ml2/managers.py:932}}
Apr 11 15:12:39.294849 dv-cinder-836083-4-smb neutron-server[103536]: DEBUG neutron_lib.callbacks.manager [req-a44afdd5-f0d3-4c1d-92af-0ed2e6334d42 req-4c9842ed-850e-4644-9b0d-ef63fecec06d service neutron] Publish callbacks ['neutron.plugins.ml2.plugin.SecurityGroupDbMixin._ensure_default_security_group_handler-731216'] for port (535c7e51-22e4-447f-9635-b24fcd6f4e43), before_update {{(pid=103536) _notify_loop /usr/local/lib/python3.8/dist-packages/neutron_lib/callbacks/manager.py:176}}
Apr 11 15:12:39.397181 dv-cinder-836083-4-smb neutron-server[103536]: DEBUG neutron.plugins.ml2.db [req-a44afdd5-f0d3-4c1d-92af-0ed2e6334d42 req-4c9842ed-850e-4644-9b0d-ef63fecec06d service neutron] For port 535c7e51-22e4-447f-9635-b24fcd6f4e43, host hv-cinder-83608, cleared binding levels {{(pid=103536) clear_binding_levels /opt/stack/neutron/neutron/plugins/ml2/db.py:87}}
Apr 11 15:12:39.404198 dv-cinder-836083-4-smb neutron-server[103536]: DEBUG neutron.plugins.ml2.db [req-a44afdd5-f0d3-4c1d-92af-0ed2e6334d42 req-4c9842ed-850e-4644-9b0d-ef63fecec06d service neutron] For port 535c7e51-22e4-447f-9635-b24fcd6f4e43, host hv-cinder-83608, set binding levels [PortBindingLevel(driver='hyperv',host='hv-cinder-83608',level=0,port_id=535c7e51-22e4-447f-9635-b24fcd6f4e43,segment=NetworkSegment(9f548605-0cc3-4392-9a14-69d10ebf3332),segment_id=9f548605-0cc3-4392-9a14-69d10ebf3332)] {{(pid=103536) set_binding_levels /opt/stack/neutron/neutron/plugins/ml2/db.py:59}}
Apr 11 15:12:39.413223 dv-cinder-836083-4-smb neutron-server[103536]: DEBUG neutron_lib.callbacks.manager [req-a44afdd5-f0d3-4c1d-92af-0ed2e6334d42 req-4c9842ed-850e-4644-9b0d-ef63fecec06d service neutron] Publish callbacks ['neutron.plugins.ml2.plugin.SecurityGroupServerNotifierRpcMixin._notify_sg_on_port_change-732082', 'neutron.plugins.ml2.ovo_rpc._ObjectChangeHandler.handle_event-16661245', 'neutron.api.rpc.agentnotifiers.dhcp_rpc_agent_api.DhcpAgentNotifyAPI._native_event_send_dhcp_notification-16314335', 'neutron.db.l3_db.L3RpcNotifierMixin._notify_gateway_port_ip_changed-8783753421087', 'neutron.db.l3_dvrscheduler_db._notify_l3_agent_port_update-8783752944990', 'neutron.db.l3_hascheduler_db._notify_l3_agent_ha_port_update-8783752945008'] for port (535c7e51-22e4-447f-9635-b24fcd6f4e43), after_update {{(pid=103536) _notify_loop /usr/local/lib/python3.8/dist-packages/neutron_lib/callbacks/manager.py:176}}
Apr 11 15:12:39.447229 dv-cinder-836083-4-smb neutron-server[103535]: DEBUG neutron_lib.callbacks.manager [None req-2074d590-a1ff-44ee-ac59-cef32ce2fc36 admin admin] Publish callbacks [] for security_group (77e4a88d-ce60-4a7d-9625-e7bd489db2fa), precommit_create {{(pid=103535) _notify_loop /usr/local/lib/python3.8/dist-packages/neutron_lib/callbacks/manager.py:176}}
Apr 11 15:12:39.450046 dv-cinder-836083-4-smb neutron-server[103535]: DEBUG neutron.pecan_wsgi.hooks.policy_enforcement [req-f2dd109f-a6e2-4348-86e7-a75098da1b29 req-8d1ae8d1-7a9d-4aec-88dd-bea3e14dd444 service neutron] Attributes excluded by policy engine: ['standard_attr_id'] {{(pid=103535) _exclude_attributes_by_policy /opt/stack/neutron/neutron/pecan_wsgi/hooks/policy_enforcement.py:255}}
Apr 11 15:12:39.451311 dv-cinder-836083-4-smb neutron-server[103535]: INFO neutron.wsgi [req-f2dd109f-a6e2-4348-86e7-a75098da1b29 req-8d1ae8d1-7a9d-4aec-88dd-bea3e14dd444 service neutron] 10.222.0.25 "GET /v2.0/ports?tenant_id=17d5aec9ca7c4de88017468b50229bd2&device_id=0a9aa1ef-f82e-41a4-bcbe-a64fb25453ab HTTP/1.1" status: 200 len: 1127 time: 0.0687802
Apr 11 15:12:39.455855 dv-cinder-836083-4-smb neutron-server[103536]: DEBUG neutron.pecan_wsgi.hooks.policy_enforcement [req-a44afdd5-f0d3-4c1d-92af-0ed2e6334d42 req-4c9842ed-850e-4644-9b0d-ef63fecec06d service neutron] Attributes excluded by policy engine: ['standard_attr_id'] {{(pid=103536) _exclude_attributes_by_policy /opt/stack/neutron/neutron/pecan_wsgi/hooks/policy_enforcement.py:255}}
Apr 11 15:12:39.456674 dv-cinder-836083-4-smb neutron-server[103536]: DEBUG neutron_lib.callbacks.manager [req-a44afdd5-f0d3-4c1d-92af-0ed2e6334d42 req-4c9842ed-850e-4644-9b0d-ef63fecec06d service neutron] Publish callbacks ['neutron.notifiers.nova.Notifier._send_nova_notification-27539', 'neutron.api.rpc.agentnotifiers.dhcp_rpc_agent_api.DhcpAgentNotifyAPI._send_dhcp_notification-16314157'] for port (None), before_response {{(pid=103536) _notify_loop /usr/local/lib/python3.8/dist-packages/neutron_lib/callbacks/manager.py:176}}
Apr 11 15:12:39.458086 dv-cinder-836083-4-smb neutron-server[103535]: DEBUG neutron_lib.callbacks.manager [None req-2074d590-a1ff-44ee-ac59-cef32ce2fc36 admin admin] Publish callbacks ['neutron.plugins.ml2.ovo_rpc._ObjectChangeHandler.handle_event-16302879'] for security_group (77e4a88d-ce60-4a7d-9625-e7bd489db2fa), after_create {{(pid=103535) _notify_loop /usr/local/lib/python3.8/dist-packages/neutron_lib/callbacks/manager.py:176}}
Apr 11 15:12:39.458710 dv-cinder-836083-4-smb neutron-server[103536]: INFO neutron.wsgi [req-a44afdd5-f0d3-4c1d-92af-0ed2e6334d42 req-4c9842ed-850e-4644-9b0d-ef63fecec06d service neutron] 10.222.0.25 "PUT /v2.0/ports/535c7e51-22e4-447f-9635-b24fcd6f4e43 HTTP/1.1" status: 200 len: 1093 time: 1.1847301
Apr 11 15:12:39.459366 dv-cinder-836083-4-smb neutron-server[103536]: DEBUG neutron.notifiers.nova [-] Sending events: [{'name': 'network-changed', 'server_uuid': 'ffe68c68-88d2-4f4d-8c2c-d627ac39ae86', 'tag': '535c7e51-22e4-447f-9635-b24fcd6f4e43'}] {{(pid=103536) send_events /opt/stack/neutron/neutron/notifiers/nova.py:271}}
Apr 11 15:12:39.462021 dv-cinder-836083-4-smb neutron-server[103536]: DEBUG novaclient.v2.client [-] REQ: curl -g -i --cacert "/opt/stack/data/ca-bundle.pem" -X POST http://10.222.0.55/compute/v2.1/os-server-external-events -H "Accept: application/json" -H "Content-Type: application/json" -H "User-Agent: python-novaclient" -H "X-Auth-Token: {SHA256}deb6bee51d9d7ab8d8ca5610a96a831b04f296ae93aeb2b360fc478d96fa36ee" -H "X-OpenStack-Nova-API-Version: 2.1" -H "X-OpenStack-Request-ID: req-e35b2e8b-f63e-4be3-a290-97cfe22d251d" -d '{"events": [{"name": "network-changed", "server_uuid": "ffe68c68-88d2-4f4d-8c2c-d627ac39ae86", "tag": "535c7e51-22e4-447f-9635-b24fcd6f4e43"}]}' {{(pid=103536) _http_log_request /usr/local/lib/python3.8/dist-packages/keystoneauth1/session.py:519}}
Apr 11 15:12:39.515472 dv-cinder-836083-4-smb neutron-server[103536]: DEBUG neutron.wsgi [-] (103536) accepted ('10.222.0.55', 36878) {{(pid=103536) server /usr/local/lib/python3.8/dist-packages/eventlet/wsgi.py:1004}}
Apr 11 15:12:39.556003 dv-cinder-836083-4-smb neutron-server[103536]: DEBUG neutron.api.rpc.handlers.resources_rpc [None req-4c9842ed-850e-4644-9b0d-ef63fecec06d service neutron] Pushing event updated for resources: {'Port': ['ID=535c7e51-22e4-447f-9635-b24fcd6f4e43,revision_number=3']} {{(pid=103536) push /opt/stack/neutron/neutron/api/rpc/handlers/resources_rpc.py:237}}
Apr 11 15:12:39.564056 dv-cinder-836083-4-smb neutron-server[103536]: DEBUG novaclient.v2.client [-] RESP: [200] Connection: close Content-Length: 179 Content-Type: application/json Date: Mon, 11 Apr 2022 15:12:39 GMT OpenStack-API-Version: compute 2.1 Server: Apache/2.4.41 (Ubuntu) Vary: OpenStack-API-Version,X-OpenStack-Nova-API-Version X-OpenStack-Nova-API-Version: 2.1 x-compute-request-id: req-3c203503-f0bf-4313-98d2-762fa314aa4b x-openstack-request-id: req-3c203503-f0bf-4313-98d2-762fa314aa4b {{(pid=103536) _http_log_response /usr/local/lib/python3.8/dist-packages/keystoneauth1/session.py:550}}
Apr 11 15:12:39.564481 dv-cinder-836083-4-smb neutron-server[103536]: DEBUG novaclient.v2.client [-] RESP BODY: {"events": [{"name": "network-changed", "server_uuid": "ffe68c68-88d2-4f4d-8c2c-d627ac39ae86", "tag": "535c7e51-22e4-447f-9635-b24fcd6f4e43", "status": "completed", "code": 200}]} {{(pid=103536) _http_log_response /usr/local/lib/python3.8/dist-packages/keystoneauth1/session.py:582}}
Apr 11 15:12:39.564859 dv-cinder-836083-4-smb neutron-server[103536]: DEBUG novaclient.v2.client [-] POST call to compute for http://10.222.0.55/compute/v2.1/os-server-external-events used request id req-3c203503-f0bf-4313-98d2-762fa314aa4b {{(pid=103536) request /usr/local/lib/python3.8/dist-packages/keystoneauth1/session.py:954}}
Apr 11 15:12:39.565628 dv-cinder-836083-4-smb neutron-server[103536]: INFO neutron.notifiers.nova [-] Nova event matching ['req-3c203503-f0bf-4313-98d2-762fa314aa4b'] response: {'name': 'network-changed', 'server_uuid': 'ffe68c68-88d2-4f4d-8c2c-d627ac39ae86', 'tag': '535c7e51-22e4-447f-9635-b24fcd6f4e43', 'status': 'completed', 'code': 200}
Apr 11 15:12:39.611926 dv-cinder-836083-4-smb neutron-server[103535]: INFO neutron.wsgi [None req-2074d590-a1ff-44ee-ac59-cef32ce2fc36 admin admin] 10.222.0.55 "GET /v2.0/security-groups?tenant_id=873409aafd27431182758674d21c4cbb&name=default HTTP/1.1" status: 200 len: 2996 time: 0.4094076
Apr 11 15:12:39.612548 dv-cinder-836083-4-smb neutron-server[103536]: DEBUG neutron_lib.callbacks.manager [None req-ce555fba-61b9-4dbd-aaa0-9fc6779f3ebb admin admin] Publish callbacks [] for security_group (None), before_create {{(pid=103536) _notify_loop /usr/local/lib/python3.8/dist-packages/neutron_lib/callbacks/manager.py:176}}
Apr 11 15:12:39.614823 dv-cinder-836083-4-smb neutron-server[103535]: DEBUG neutron.wsgi [-] (103535) accepted ('10.222.0.55', 36880) {{(pid=103535) server /usr/local/lib/python3.8/dist-packages/eventlet/wsgi.py:1004}}
Apr 11 15:12:39.615399 dv-cinder-836083-4-smb neutron-server[103535]: DEBUG neutron.api.rpc.handlers.resources_rpc [None req-2074d590-a1ff-44ee-ac59-cef32ce2fc36 admin admin] Pushing event updated for resources: {'SecurityGroup': ['ID=77e4a88d-ce60-4a7d-9625-e7bd489db2fa,revision_number=1']} {{(pid=103535) push /opt/stack/neutron/neutron/api/rpc/handlers/resources_rpc.py:237}}
Apr 11 15:12:39.642746 dv-cinder-836083-4-smb neutron-server[103536]: DEBUG neutron.pecan_wsgi.hooks.policy_enforcement [req-a44afdd5-f0d3-4c1d-92af-0ed2e6334d42 req-838916b8-80a0-4233-8919-c7d5fc7b1000 service neutron] Attributes excluded by policy engine: ['standard_attr_id'] {{(pid=103536) _exclude_attributes_by_policy /opt/stack/neutron/neutron/pecan_wsgi/hooks/policy_enforcement.py:255}}
Apr 11 15:12:39.645274 dv-cinder-836083-4-smb neutron-server[103536]: INFO neutron.wsgi [req-a44afdd5-f0d3-4c1d-92af-0ed2e6334d42 req-838916b8-80a0-4233-8919-c7d5fc7b1000 service neutron] 10.222.0.25 "GET /v2.0/ports?tenant_id=17d5aec9ca7c4de88017468b50229bd2&device_id=ffe68c68-88d2-4f4d-8c2c-d627ac39ae86 HTTP/1.1" status: 200 len: 1127 time: 0.0833864
Apr 11 15:12:39.687039 dv-cinder-836083-4-smb neutron-server[103535]: DEBUG neutron.pecan_wsgi.hooks.policy_enforcement [req-f2dd109f-a6e2-4348-86e7-a75098da1b29 req-7d134814-99e6-4d22-a982-d406494d0db7 service neutron] Attributes excluded by policy engine: ['standard_attr_id', 'vlan_transparent'] {{(pid=103535) _exclude_attributes_by_policy /opt/stack/neutron/neutron/pecan_wsgi/hooks/policy_enforcement.py:255}}
Apr 11 15:12:39.688588 dv-cinder-836083-4-smb neutron-server[103535]: INFO neutron.wsgi [req-f2dd109f-a6e2-4348-86e7-a75098da1b29 req-7d134814-99e6-4d22-a982-d406494d0db7 service neutron] 10.222.0.25 "GET /v2.0/networks?id=861d2c2f-8287-4c9c-a7e6-4c35ffb28850 HTTP/1.1" status: 200 len: 919 time: 0.2235804
Apr 11 15:12:39.702677 dv-cinder-836083-4-smb neutron-server[103536]: INFO neutron.wsgi [req-a44afdd5-f0d3-4c1d-92af-0ed2e6334d42 req-332589e9-a368-4694-984d-3662746c770b service neutron] 10.222.0.25 "GET /v2.0/floatingips?fixed_ip_address=172.20.0.7&port_id=535c7e51-22e4-447f-9635-b24fcd6f4e43 HTTP/1.1" status: 200 len: 217 time: 0.0420890
Apr 11 15:12:39.707725 dv-cinder-836083-4-smb neutron-server[103535]: DEBUG neutron_lib.callbacks.manager [None req-5f2e3e84-cfe9-45d1-a5dc-a4113e197659 admin admin] Publish callbacks [] for security_group (77e4a88d-ce60-4a7d-9625-e7bd489db2fa), before_delete {{(pid=103535) _notify_loop /usr/local/lib/python3.8/dist-packages/neutron_lib/callbacks/manager.py:176}}
Apr 11 15:12:39.740953 dv-cinder-836083-4-smb neutron-server[103535]: INFO neutron.wsgi [req-f2dd109f-a6e2-4348-86e7-a75098da1b29 req-24805a68-dbb6-4252-8d58-ca9c8bc70122 service neutron] 10.222.0.25 "GET /v2.0/floatingips?fixed_ip_address=172.20.0.6&port_id=45266432-8d41-4133-87b0-c049681730a1 HTTP/1.1" status: 200 len: 217 time: 0.0443358
Apr 11 15:12:39.783484 dv-cinder-836083-4-smb neutron-server[103536]: DEBUG neutron.pecan_wsgi.hooks.policy_enforcement [req-a44afdd5-f0d3-4c1d-92af-0ed2e6334d42 req-29892722-40ab-4eb3-a773-451af9e4d572 service neutron] Attributes excluded by policy engine: ['standard_attr_id', 'shared'] {{(pid=103536) _exclude_attributes_by_policy /opt/stack/neutron/neutron/pecan_wsgi/hooks/policy_enforcement.py:255}}
Apr 11 15:12:39.785665 dv-cinder-836083-4-smb neutron-server[103536]: INFO neutron.wsgi [req-a44afdd5-f0d3-4c1d-92af-0ed2e6334d42 req-29892722-40ab-4eb3-a773-451af9e4d572 service neutron] 10.222.0.25 "GET /v2.0/subnets?id=498aa855-ecdf-4260-822c-723c0015fc82 HTTP/1.1" status: 200 len: 857 time: 0.0757451
Apr 11 15:12:39.797168 dv-cinder-836083-4-smb neutron-server[103535]: DEBUG neutron_lib.callbacks.manager [None req-5f2e3e84-cfe9-45d1-a5dc-a4113e197659 admin admin] Publish callbacks [] for security_group (77e4a88d-ce60-4a7d-9625-e7bd489db2fa), precommit_delete {{(pid=103535) _notify_loop /usr/local/lib/python3.8/dist-packages/neutron_lib/callbacks/manager.py:176}}
Apr 11 15:12:39.846521 dv-cinder-836083-4-smb neutron-server[103535]: DEBUG neutron.pecan_wsgi.hooks.policy_enforcement [req-f2dd109f-a6e2-4348-86e7-a75098da1b29 req-4ae2d33e-643e-4aef-8525-a21acdbdfab3 service neutron] Attributes excluded by policy engine: ['standard_attr_id', 'shared', 'segment_id'] {{(pid=103535) _exclude_attributes_by_policy /opt/stack/neutron/neutron/pecan_wsgi/hooks/policy_enforcement.py:255}}
Apr 11 15:12:39.848213 dv-cinder-836083-4-smb neutron-server[103535]: INFO neutron.wsgi [req-f2dd109f-a6e2-4348-86e7-a75098da1b29 req-4ae2d33e-643e-4aef-8525-a21acdbdfab3 service neutron] 10.222.0.25 "GET /v2.0/subnets?id=498aa855-ecdf-4260-822c-723c0015fc82 HTTP/1.1" status: 200 len: 857 time: 0.0963857
Apr 11 15:12:39.866181 dv-cinder-836083-4-smb neutron-server[103536]: DEBUG neutron.pecan_wsgi.hooks.policy_enforcement [req-a44afdd5-f0d3-4c1d-92af-0ed2e6334d42 req-1f9b783f-7fb5-44b7-9223-619934eedd7e service neutron] Attributes excluded by policy engine: ['standard_attr_id'] {{(pid=103536) _exclude_attributes_by_policy /opt/stack/neutron/neutron/pecan_wsgi/hooks/policy_enforcement.py:255}}
Apr 11 15:12:39.868228 dv-cinder-836083-4-smb neutron-server[103536]: INFO neutron.wsgi [req-a44afdd5-f0d3-4c1d-92af-0ed2e6334d42 req-1f9b783f-7fb5-44b7-9223-619934eedd7e service neutron] 10.222.0.25 "GET /v2.0/ports?network_id=861d2c2f-8287-4c9c-a7e6-4c35ffb28850&device_owner=network%3Adhcp HTTP/1.1" status: 200 len: 1210 time: 0.0707488
Apr 11 15:12:39.876807 dv-cinder-836083-4-smb neutron-server[103536]: DEBUG neutron_lib.callbacks.manager [None req-ce555fba-61b9-4dbd-aaa0-9fc6779f3ebb admin admin] Publish callbacks [] for security_group (7f97e215-f0a2-4a98-9d10-8426a4099853), precommit_create {{(pid=103536) _notify_loop /usr/local/lib/python3.8/dist-packages/neutron_lib/callbacks/manager.py:176}}
Apr 11 15:12:39.890228 dv-cinder-836083-4-smb neutron-server[103536]: DEBUG neutron_lib.callbacks.manager [None req-ce555fba-61b9-4dbd-aaa0-9fc6779f3ebb admin admin] Publish callbacks ['neutron.plugins.ml2.ovo_rpc._ObjectChangeHandler.handle_event-16302879'] for security_group (7f97e215-f0a2-4a98-9d10-8426a4099853), after_create {{(pid=103536) _notify_loop /usr/local/lib/python3.8/dist-packages/neutron_lib/callbacks/manager.py:176}}
Apr 11 15:12:39.927163 dv-cinder-836083-4-smb neutron-server[103536]: INFO neutron.wsgi [None req-ce555fba-61b9-4dbd-aaa0-9fc6779f3ebb admin admin] 10.222.0.55 "GET /v2.0/security-groups?tenant_id=00d81c83dd93403281b95a70f29af626&name=default HTTP/1.1" status: 200 len: 2996 time: 0.4088120
Apr 11 15:12:39.931269 dv-cinder-836083-4-smb neutron-server[103535]: DEBUG neutron.wsgi [-] (103535) accepted ('10.222.0.55', 36888) {{(pid=103535) server /usr/local/lib/python3.8/dist-packages/eventlet/wsgi.py:1004}}
Apr 11 15:12:39.934781 dv-cinder-836083-4-smb neutron-server[103535]: DEBUG neutron.pecan_wsgi.hooks.policy_enforcement [req-f2dd109f-a6e2-4348-86e7-a75098da1b29 req-e9f529a4-5c06-4f96-8a3a-23be09752729 service neutron] Attributes excluded by policy engine: ['standard_attr_id'] {{(pid=103535) _exclude_attributes_by_policy /opt/stack/neutron/neutron/pecan_wsgi/hooks/policy_enforcement.py:255}}
Apr 11 15:12:39.936644 dv-cinder-836083-4-smb neutron-server[103535]: INFO neutron.wsgi [req-f2dd109f-a6e2-4348-86e7-a75098da1b29 req-e9f529a4-5c06-4f96-8a3a-23be09752729 service neutron] 10.222.0.25 "GET /v2.0/ports?network_id=861d2c2f-8287-4c9c-a7e6-4c35ffb28850&device_owner=network%3Adhcp HTTP/1.1" status: 200 len: 1210 time: 0.0736489
Apr 11 15:12:39.987921 dv-cinder-836083-4-smb neutron-server[103535]: DEBUG neutron_lib.callbacks.manager [None req-5f2e3e84-cfe9-45d1-a5dc-a4113e197659 admin admin] Publish callbacks ['neutron.plugins.ml2.ovo_rpc._ObjectChangeHandler.handle_event-16302879'] for security_group (77e4a88d-ce60-4a7d-9625-e7bd489db2fa), after_delete {{(pid=103535) _notify_loop /usr/local/lib/python3.8/dist-packages/neutron_lib/callbacks/manager.py:176}}
Apr 11 15:12:39.990579 dv-cinder-836083-4-smb neutron-server[103535]: DEBUG neutron_lib.callbacks.manager [None req-5f2e3e84-cfe9-45d1-a5dc-a4113e197659 admin admin] Publish callbacks [] for security_group (None), before_response {{(pid=103535) _notify_loop /usr/local/lib/python3.8/dist-packages/neutron_lib/callbacks/manager.py:176}}
Apr 11 15:12:39.991700 dv-cinder-836083-4-smb neutron-server[103535]: INFO neutron.wsgi [None req-5f2e3e84-cfe9-45d1-a5dc-a4113e197659 admin admin] 10.222.0.55 "DELETE /v2.0/security-groups/77e4a88d-ce60-4a7d-9625-e7bd489db2fa HTTP/1.1" status: 204 len: 168 time: 0.3734903
Apr 11 15:12:40.022863 dv-cinder-836083-4-smb neutron-server[103535]: DEBUG neutron.api.rpc.handlers.resources_rpc [None req-5f2e3e84-cfe9-45d1-a5dc-a4113e197659 admin admin] Pushing event deleted for resources: {'SecurityGroup': ['ID=77e4a88d-ce60-4a7d-9625-e7bd489db2fa,revision_number=None']} {{(pid=103535) push /opt/stack/neutron/neutron/api/rpc/handlers/resources_rpc.py:237}}
Apr 11 15:12:40.047117 dv-cinder-836083-4-smb neutron-server[103536]: DEBUG neutron.api.rpc.handlers.resources_rpc [None req-ce555fba-61b9-4dbd-aaa0-9fc6779f3ebb admin admin] Pushing event updated for resources: {'SecurityGroup': ['ID=7f97e215-f0a2-4a98-9d10-8426a4099853,revision_number=1']} {{(pid=103536) push /opt/stack/neutron/neutron/api/rpc/handlers/resources_rpc.py:237}}
Apr 11 15:12:40.051029 dv-cinder-836083-4-smb neutron-server[103536]: INFO neutron.wsgi [req-a44afdd5-f0d3-4c1d-92af-0ed2e6334d42 req-ab20e064-e35a-4a1a-a7ea-adc9c5d731dd service neutron] 10.222.0.25 "GET /v2.0/networks/861d2c2f-8287-4c9c-a7e6-4c35ffb28850?fields=segments HTTP/1.1" status: 200 len: 212 time: 0.1726041
Apr 11 15:12:40.077929 dv-cinder-836083-4-smb neutron-server[103535]: DEBUG neutron_lib.callbacks.manager [None req-4b376f3b-3949-4974-80ca-80ea5cee51a1 admin admin] Publish callbacks [] for security_group (7f97e215-f0a2-4a98-9d10-8426a4099853), before_delete {{(pid=103535) _notify_loop /usr/local/lib/python3.8/dist-packages/neutron_lib/callbacks/manager.py:176}}
Apr 11 15:12:40.116423 dv-cinder-836083-4-smb neutron-server[103535]: DEBUG neutron_lib.callbacks.manager [None req-4b376f3b-3949-4974-80ca-80ea5cee51a1 admin admin] Publish callbacks [] for security_group (7f97e215-f0a2-4a98-9d10-8426a4099853), precommit_delete {{(pid=103535) _notify_loop /usr/local/lib/python3.8/dist-packages/neutron_lib/callbacks/manager.py:176}}
Apr 11 15:12:40.130209 dv-cinder-836083-4-smb neutron-server[103535]: INFO neutron.wsgi [req-f2dd109f-a6e2-4348-86e7-a75098da1b29 req-520c33f9-93e0-4031-a84f-c2dfe06d9d88 service neutron] 10.222.0.25 "GET /v2.0/networks/861d2c2f-8287-4c9c-a7e6-4c35ffb28850?fields=segments HTTP/1.1" status: 200 len: 212 time: 0.1609464
Apr 11 15:12:40.130599 dv-cinder-836083-4-smb neutron-server[103536]: DEBUG neutron.pecan_wsgi.hooks.policy_enforcement [req-4141465a-67bf-40b3-843a-b15d5fb0a389 req-7c551f09-6916-41f8-9d52-c84f43f2c8aa tempest-ServerRescueNegativeTestJSON-1444716551 tempest-ServerRescueNegativeTestJSON-1444716551-project] Attributes excluded by policy engine: ['standard_attr_id', 'binding:profile', 'binding:host_id', 'binding:vif_type', 'binding:vif_details'] {{(pid=103536) _exclude_attributes_by_policy /opt/stack/neutron/neutron/pecan_wsgi/hooks/policy_enforcement.py:255}}
Apr 11 15:12:40.132280 dv-cinder-836083-4-smb neutron-server[103536]: INFO neutron.wsgi [req-4141465a-67bf-40b3-843a-b15d5fb0a389 req-7c551f09-6916-41f8-9d52-c84f43f2c8aa tempest-ServerRescueNegativeTestJSON-1444716551 tempest-ServerRescueNegativeTestJSON-1444716551-project] 10.222.0.55 "GET /v2.0/ports?device_id=ffe68c68-88d2-4f4d-8c2c-d627ac39ae86 HTTP/1.1" status: 200 len: 943 time: 0.1415064
Apr 11 15:12:40.257388 dv-cinder-836083-4-smb neutron-server[103536]: INFO neutron.wsgi [req-4141465a-67bf-40b3-843a-b15d5fb0a389 req-6096362d-e270-4af1-82bd-34e4386866cf tempest-ServerRescueNegativeTestJSON-1444716551 tempest-ServerRescueNegativeTestJSON-1444716551-project] 10.222.0.55 "GET /v2.0/security-groups?id=edc0cc67-606e-4d41-b647-9b027e777b99&fields=id&fields=name HTTP/1.1" status: 200 len: 286 time: 0.0669727
Apr 11 15:12:40.277296 dv-cinder-836083-4-smb neutron-server[103535]: DEBUG neutron_lib.callbacks.manager [None req-4b376f3b-3949-4974-80ca-80ea5cee51a1 admin admin] Publish callbacks ['neutron.plugins.ml2.ovo_rpc._ObjectChangeHandler.handle_event-16302879'] for security_group (7f97e215-f0a2-4a98-9d10-8426a4099853), after_delete {{(pid=103535) _notify_loop /usr/local/lib/python3.8/dist-packages/neutron_lib/callbacks/manager.py:176}}
Apr 11 15:12:40.279747 dv-cinder-836083-4-smb neutron-server[103535]: DEBUG neutron_lib.callbacks.manager [None req-4b376f3b-3949-4974-80ca-80ea5cee51a1 admin admin] Publish callbacks [] for security_group (None), before_response {{(pid=103535) _notify_loop /usr/local/lib/python3.8/dist-packages/neutron_lib/callbacks/manager.py:176}}
Apr 11 15:12:40.279907 dv-cinder-836083-4-smb neutron-server[103536]: INFO neutron.wsgi [req-a44afdd5-f0d3-4c1d-92af-0ed2e6334d42 req-5486546e-a082-4280-b252-f662f4ba57c4 service neutron] 10.222.0.25 "GET /v2.0/networks/861d2c2f-8287-4c9c-a7e6-4c35ffb28850?fields=provider%3Aphysical_network&fields=provider%3Anetwork_type HTTP/1.1" status: 200 len: 281 time: 0.1994421
Apr 11 15:12:40.280927 dv-cinder-836083-4-smb neutron-server[103535]: INFO neutron.wsgi [None req-4b376f3b-3949-4974-80ca-80ea5cee51a1 admin admin] 10.222.0.55 "DELETE /v2.0/security-groups/7f97e215-f0a2-4a98-9d10-8426a4099853 HTTP/1.1" status: 204 len: 168 time: 0.3479476
Apr 11 15:12:40.296204 dv-cinder-836083-4-smb neutron-server[103535]: DEBUG neutron.api.rpc.handlers.resources_rpc [None req-4b376f3b-3949-4974-80ca-80ea5cee51a1 admin admin] Pushing event deleted for resources: {'SecurityGroup': ['ID=7f97e215-f0a2-4a98-9d10-8426a4099853,revision_number=None']} {{(pid=103535) push /opt/stack/neutron/neutron/api/rpc/handlers/resources_rpc.py:237}}
Apr 11 15:12:40.360122 dv-cinder-836083-4-smb neutron-server[103535]: INFO neutron.wsgi [req-f2dd109f-a6e2-4348-86e7-a75098da1b29 req-023dbc4f-3ab8-4396-adb1-772640d686c2 service neutron] 10.222.0.25 "GET /v2.0/networks/861d2c2f-8287-4c9c-a7e6-4c35ffb28850?fields=provider%3Aphysical_network&fields=provider%3Anetwork_type HTTP/1.1" status: 200 len: 281 time: 0.2203376
Apr 11 15:12:40.457749 dv-cinder-836083-4-smb neutron-server[103536]: DEBUG neutron.wsgi [-] (103536) accepted ('10.222.0.55', 36912) {{(pid=103536) server /usr/local/lib/python3.8/dist-packages/eventlet/wsgi.py:1004}}
Apr 11 15:12:40.491932 dv-cinder-836083-4-smb neutron-server[103536]: DEBUG neutron_lib.callbacks.manager [None req-793bebd7-334f-468b-8792-db70dc6d5cb8 admin admin] Publish callbacks [] for security_group (None), before_create {{(pid=103536) _notify_loop /usr/local/lib/python3.8/dist-packages/neutron_lib/callbacks/manager.py:176}}
Apr 11 15:12:40.608059 dv-cinder-836083-4-smb neutron-server[103536]: DEBUG neutron_lib.callbacks.manager [None req-793bebd7-334f-468b-8792-db70dc6d5cb8 admin admin] Publish callbacks [] for security_group (fc86cc28-2301-4063-b5fe-78bc8ecf33df), precommit_create {{(pid=103536) _notify_loop /usr/local/lib/python3.8/dist-packages/neutron_lib/callbacks/manager.py:176}}
Apr 11 15:12:40.613651 dv-cinder-836083-4-smb neutron-server[103536]: DEBUG neutron_lib.callbacks.manager [None req-793bebd7-334f-468b-8792-db70dc6d5cb8 admin admin] Publish callbacks ['neutron.plugins.ml2.ovo_rpc._ObjectChangeHandler.handle_event-16302879'] for security_group (fc86cc28-2301-4063-b5fe-78bc8ecf33df), after_create {{(pid=103536) _notify_loop /usr/local/lib/python3.8/dist-packages/neutron_lib/callbacks/manager.py:176}}
Apr 11 15:12:40.659144 dv-cinder-836083-4-smb neutron-server[103536]: INFO neutron.wsgi [None req-793bebd7-334f-468b-8792-db70dc6d5cb8 admin admin] 10.222.0.55 "GET /v2.0/security-groups?tenant_id=ccbb652c49364870aebf5f561d201920&name=default HTTP/1.1" status: 200 len: 2996 time: 0.2001820
Apr 11 15:12:40.660398 dv-cinder-836083-4-smb neutron-server[103536]: DEBUG neutron.api.rpc.handlers.resources_rpc [None req-793bebd7-334f-468b-8792-db70dc6d5cb8 admin admin] Pushing event updated for resources: {'SecurityGroup': ['ID=fc86cc28-2301-4063-b5fe-78bc8ecf33df,revision_number=1']} {{(pid=103536) push /opt/stack/neutron/neutron/api/rpc/handlers/resources_rpc.py:237}}
Apr 11 15:12:40.662123 dv-cinder-836083-4-smb neutron-server[103535]: DEBUG neutron.wsgi [-] (103535) accepted ('10.222.0.55', 36922) {{(pid=103535) server /usr/local/lib/python3.8/dist-packages/eventlet/wsgi.py:1004}}
Apr 11 15:12:40.686274 dv-cinder-836083-4-smb neutron-server[103537]: DEBUG neutron.plugins.ml2.rpc [None req-0261b525-81d4-4c2d-9b19-27b501e39126 None None] Device 45266432-8d41-4133-87b0-c049681730a1 details requested by agent hyperv_hv-cinder-83608 with host hv-cinder-83608 {{(pid=103537) get_device_details /opt/stack/neutron/neutron/plugins/ml2/rpc.py:102}}
Apr 11 15:12:40.707390 dv-cinder-836083-4-smb neutron-server[103536]: DEBUG neutron.wsgi [-] (103536) accepted ('10.222.0.55', 36924) {{(pid=103536) server /usr/local/lib/python3.8/dist-packages/eventlet/wsgi.py:1004}}
Apr 11 15:12:40.724642 dv-cinder-836083-4-smb neutron-server[103536]: DEBUG neutron_lib.callbacks.manager [None req-3de1e731-a127-48a2-9f32-05c20ca8d251 admin admin] Publish callbacks [] for security_group (None), before_create {{(pid=103536) _notify_loop /usr/local/lib/python3.8/dist-packages/neutron_lib/callbacks/manager.py:176}}
Apr 11 15:12:40.728668 dv-cinder-836083-4-smb neutron-server[103535]: DEBUG neutron_lib.callbacks.manager [None req-950d23a9-0d33-41b3-a185-988e169acfaa admin admin] Publish callbacks [] for security_group (fc86cc28-2301-4063-b5fe-78bc8ecf33df), before_delete {{(pid=103535) _notify_loop /usr/local/lib/python3.8/dist-packages/neutron_lib/callbacks/manager.py:176}}
Apr 11 15:12:40.773405 dv-cinder-836083-4-smb neutron-server[103535]: DEBUG neutron_lib.callbacks.manager [None req-950d23a9-0d33-41b3-a185-988e169acfaa admin admin] Publish callbacks [] for security_group (fc86cc28-2301-4063-b5fe-78bc8ecf33df), precommit_delete {{(pid=103535) _notify_loop /usr/local/lib/python3.8/dist-packages/neutron_lib/callbacks/manager.py:176}}
Apr 11 15:12:40.814866 dv-cinder-836083-4-smb neutron-server[103537]: DEBUG neutron.plugins.ml2.db [None req-0261b525-81d4-4c2d-9b19-27b501e39126 None None] For port 45266432-8d41-4133-87b0-c049681730a1, host hv-cinder-83608, got binding levels [PortBindingLevel(driver='hyperv',host='hv-cinder-83608',level=0,port_id=45266432-8d41-4133-87b0-c049681730a1,segment=NetworkSegment(9f548605-0cc3-4392-9a14-69d10ebf3332),segment_id=9f548605-0cc3-4392-9a14-69d10ebf3332)] {{(pid=103537) get_binding_level_objs /opt/stack/neutron/neutron/plugins/ml2/db.py:74}}
