Apr 11 13:10:53.334948 dv-cinder-836083-3-smb neutron-server[103972]: DEBUG neutron_lib.callbacks.manager [None req-86d3a16c-6c92-439c-b0ce-ffc9516f6e56 admin admin] Publish callbacks [] for security_group (None), before_response {{(pid=103972) _notify_loop /usr/local/lib/python3.8/dist-packages/neutron_lib/callbacks/manager.py:176}}
Apr 11 13:10:53.336573 dv-cinder-836083-3-smb neutron-server[103972]: INFO neutron.wsgi [None req-86d3a16c-6c92-439c-b0ce-ffc9516f6e56 admin admin] 10.222.0.47 "DELETE /v2.0/security-groups/716f1f95-4418-489f-a7ba-e74949944551 HTTP/1.1" status: 204 len: 168 time: 1.3352933
Apr 11 13:10:53.345400 dv-cinder-836083-3-smb neutron-server[103971]: DEBUG neutron_lib.callbacks.manager [None req-675e20dd-6955-4de4-9de9-4e737d70746b admin admin] Subscribe: > segment before_delete 55550000 {{(pid=103971) subscribe /usr/local/lib/python3.8/dist-packages/neutron_lib/callbacks/manager.py:45}}
Apr 11 13:10:53.345799 dv-cinder-836083-3-smb neutron-server[103971]: DEBUG neutron_lib.callbacks.manager [None req-675e20dd-6955-4de4-9de9-4e737d70746b admin admin] Subscribe: > subnet precommit_delete_associations 55550000 {{(pid=103971) subscribe /usr/local/lib/python3.8/dist-packages/neutron_lib/callbacks/manager.py:45}}
Apr 11 13:10:53.346560 dv-cinder-836083-3-smb neutron-server[103971]: DEBUG neutron_lib.callbacks.manager [None req-675e20dd-6955-4de4-9de9-4e737d70746b admin admin] Subscribe: > segment_host_mapping after_create 55550000 {{(pid=103971) subscribe /usr/local/lib/python3.8/dist-packages/neutron_lib/callbacks/manager.py:45}}
Apr 11 13:10:53.346917 dv-cinder-836083-3-smb neutron-server[103971]: DEBUG neutron_lib.callbacks.manager [None req-675e20dd-6955-4de4-9de9-4e737d70746b admin admin] Subscribe: > port after_create 55550000 {{(pid=103971) subscribe /usr/local/lib/python3.8/dist-packages/neutron_lib/callbacks/manager.py:45}}
Apr 11 13:10:53.347242 dv-cinder-836083-3-smb neutron-server[103971]: DEBUG neutron_lib.callbacks.manager [None req-675e20dd-6955-4de4-9de9-4e737d70746b admin admin] Subscribe: > port after_delete 55550000 {{(pid=103971) subscribe /usr/local/lib/python3.8/dist-packages/neutron_lib/callbacks/manager.py:45}}
Apr 11 13:10:53.347602 dv-cinder-836083-3-smb neutron-server[103971]: DEBUG neutron_lib.callbacks.manager [None req-675e20dd-6955-4de4-9de9-4e737d70746b admin admin] Subscribe: > port after_update 55550000 {{(pid=103971) subscribe /usr/local/lib/python3.8/dist-packages/neutron_lib/callbacks/manager.py:45}}
Apr 11 13:10:53.347965 dv-cinder-836083-3-smb neutron-server[103971]: DEBUG neutron_lib.callbacks.manager [None req-675e20dd-6955-4de4-9de9-4e737d70746b admin admin] Subscribe: > segment after_delete 55550000 {{(pid=103971) subscribe /usr/local/lib/python3.8/dist-packages/neutron_lib/callbacks/manager.py:45}}
Apr 11 13:10:53.348266 dv-cinder-836083-3-smb neutron-server[103971]: DEBUG neutron_lib.callbacks.manager [None req-675e20dd-6955-4de4-9de9-4e737d70746b admin admin] Subscribe: > subnet after_create 55550000 {{(pid=103971) subscribe /usr/local/lib/python3.8/dist-packages/neutron_lib/callbacks/manager.py:45}}
Apr 11 13:10:53.348603 dv-cinder-836083-3-smb neutron-server[103971]: DEBUG neutron_lib.callbacks.manager [None req-675e20dd-6955-4de4-9de9-4e737d70746b admin admin] Subscribe: > subnet after_delete 55550000 {{(pid=103971) subscribe /usr/local/lib/python3.8/dist-packages/neutron_lib/callbacks/manager.py:45}}
Apr 11 13:10:53.348928 dv-cinder-836083-3-smb neutron-server[103971]: DEBUG neutron_lib.callbacks.manager [None req-675e20dd-6955-4de4-9de9-4e737d70746b admin admin] Subscribe: > subnet after_update 55550000 {{(pid=103971) subscribe /usr/local/lib/python3.8/dist-packages/neutron_lib/callbacks/manager.py:45}}
Apr 11 13:10:53.391835 dv-cinder-836083-3-smb neutron-server[103973]: DEBUG neutron.db.l3_dvr_db [None req-b798ed5b-cf45-4d0c-8ca5-5c9e748abc42 None None] Set router 5c03e42c-4ac8-483a-a866-f5a6589a3e7a gateway port host: dv-cinder-836083-3-smb {{(pid=103973) _build_routers_list /opt/stack/neutron/neutron/db/l3_dvr_db.py:906}}
Apr 11 13:10:53.466235 dv-cinder-836083-3-smb neutron-server[103972]: DEBUG neutron.api.rpc.handlers.resources_rpc [None req-86d3a16c-6c92-439c-b0ce-ffc9516f6e56 admin admin] Pushing event deleted for resources: {'SecurityGroup': ['ID=716f1f95-4418-489f-a7ba-e74949944551,revision_number=None']} {{(pid=103972) push /opt/stack/neutron/neutron/api/rpc/handlers/resources_rpc.py:237}}
Apr 11 13:10:53.506664 dv-cinder-836083-3-smb neutron-server[103971]: DEBUG neutron_lib.callbacks.manager [None req-675e20dd-6955-4de4-9de9-4e737d70746b admin admin] Subscribe: > subnet after_create 55550000 {{(pid=103971) subscribe /usr/local/lib/python3.8/dist-packages/neutron_lib/callbacks/manager.py:45}}
Apr 11 13:10:53.507302 dv-cinder-836083-3-smb neutron-server[103971]: DEBUG neutron_lib.callbacks.manager [None req-675e20dd-6955-4de4-9de9-4e737d70746b admin admin] Subscribe: > subnet after_delete 55550000 {{(pid=103971) subscribe /usr/local/lib/python3.8/dist-packages/neutron_lib/callbacks/manager.py:45}}
Apr 11 13:10:53.510407 dv-cinder-836083-3-smb neutron-server[103971]: DEBUG neutron_lib.callbacks.manager [None req-675e20dd-6955-4de4-9de9-4e737d70746b admin admin] Subscribe: > subnet before_create 55550000 {{(pid=103971) subscribe /usr/local/lib/python3.8/dist-packages/neutron_lib/callbacks/manager.py:45}}
Apr 11 13:10:53.510407 dv-cinder-836083-3-smb neutron-server[103971]: DEBUG neutron_lib.callbacks.manager [None req-675e20dd-6955-4de4-9de9-4e737d70746b admin admin] Subscribe: > subnet before_update 55550000 {{(pid=103971) subscribe /usr/local/lib/python3.8/dist-packages/neutron_lib/callbacks/manager.py:45}}
Apr 11 13:10:53.510407 dv-cinder-836083-3-smb neutron-server[103971]: DEBUG neutron.services.segments.db [None req-675e20dd-6955-4de4-9de9-4e737d70746b admin admin] neutron.services.segments.plugin.Plugin method get_segments called with arguments (,) {'filters': {'network_id': ['e9161537-61db-415c-9e67-72ce2460fec5']}} {{(pid=103971) wrapper /usr/local/lib/python3.8/dist-packages/oslo_log/helpers.py:65}}
Apr 11 13:10:53.545310 dv-cinder-836083-3-smb neutron-server[103971]: DEBUG neutron.services.segments.db [None req-675e20dd-6955-4de4-9de9-4e737d70746b admin admin] neutron.services.segments.plugin.Plugin method delete_segment called with arguments (, '3f4e6d56-b83f-41aa-9be2-a303ba0d418c') {'for_net_delete': True} {{(pid=103971) wrapper /usr/local/lib/python3.8/dist-packages/oslo_log/helpers.py:65}}
Apr 11 13:10:53.545856 dv-cinder-836083-3-smb neutron-server[103971]: DEBUG neutron.services.segments.db [None req-675e20dd-6955-4de4-9de9-4e737d70746b admin admin] neutron.services.segments.plugin.Plugin method get_segment called with arguments (, '3f4e6d56-b83f-41aa-9be2-a303ba0d418c') {} {{(pid=103971) wrapper /usr/local/lib/python3.8/dist-packages/oslo_log/helpers.py:65}}
Apr 11 13:10:53.560874 dv-cinder-836083-3-smb neutron-server[103972]: DEBUG neutron.api.rpc.agentnotifiers.l3_rpc_agent_api [None req-9895aa68-a501-44e5-a134-87ee6c66883c admin admin] Notify agent at l3_agent.dv-cinder-836083-3-smb the message routers_updated {{(pid=103972) _agent_notification /opt/stack/neutron/neutron/api/rpc/agentnotifiers/l3_rpc_agent_api.py:65}}
Apr 11 13:10:53.572380 dv-cinder-836083-3-smb neutron-server[103974]: DEBUG neutron.api.rpc.handlers.l3_rpc [None req-53387b99-aafe-4cd8-8ab3-b88566d77306 None None] Sync routers for ids ['4e015ccb-a24a-44c9-b675-4a1c1617b0c2'] in dv-cinder-836083-3-smb {{(pid=103974) sync_routers /opt/stack/neutron/neutron/api/rpc/handlers/l3_rpc.py:125}}
Apr 11 13:10:53.595722 dv-cinder-836083-3-smb neutron-server[103972]: INFO neutron.wsgi [None req-9895aa68-a501-44e5-a134-87ee6c66883c admin admin] 10.222.0.47 "PUT /v2.0/routers/4e015ccb-a24a-44c9-b675-4a1c1617b0c2/add_router_interface HTTP/1.1" status: 200 len: 503 time: 10.3914168
Apr 11 13:10:53.603640 dv-cinder-836083-3-smb neutron-server[103971]: DEBUG neutron_lib.callbacks.manager [None req-675e20dd-6955-4de4-9de9-4e737d70746b admin admin] Publish callbacks ['neutron.plugins.ml2.db._prevent_segment_delete_with_port_bound-8748582417336', 'neutron.services.segments.plugin.Plugin._prevent_segment_delete_with_subnet_associated-529580776'] for segment (3f4e6d56-b83f-41aa-9be2-a303ba0d418c), before_delete {{(pid=103971) _notify_loop /usr/local/lib/python3.8/dist-packages/neutron_lib/callbacks/manager.py:176}}
Apr 11 13:10:53.606721 dv-cinder-836083-3-smb neutron-server[103974]: DEBUG neutron.db.l3_dvrscheduler_db [None req-53387b99-aafe-4cd8-8ab3-b88566d77306 None None] Routers {'4e015ccb-a24a-44c9-b675-4a1c1617b0c2'} bound to L3 agent in host dv-cinder-836083-3-smb {{(pid=103974) _get_router_ids_for_agent /opt/stack/neutron/neutron/db/l3_dvrscheduler_db.py:421}}
Apr 11 13:10:53.608652 dv-cinder-836083-3-smb neutron-server[103974]: DEBUG neutron.db.l3_hamode_db [None req-53387b99-aafe-4cd8-8ab3-b88566d77306 None None] neutron.services.l3_router.l3_router_plugin.L3RouterPlugin method get_ha_sync_data_for_host called with arguments (, 'dv-cinder-836083-3-smb', Agent(admin_state_up=True,agent_type='L3 agent',availability_zone='nova',binary='neutron-l3-agent',configurations={"agent_mode": "legacy", "ex_gw_ports": 1, "extensions": [], "floating_ips": 0, "handle_internal_only_routers": true, "interface_driver": "openvswitch", "interfaces": 1, "log_agent_heartbeats": false, "routers": 1},created_at=2022-04-11T13:01:28Z,description=,heartbeat_timestamp=2022-04-11T13:10:28Z,host='dv-cinder-836083-3-smb',id=a2349f8b-35e1-4571-affa-5b02ebfd8cc8,load=0,resource_versions=,resources_synced=,started_at=2022-04-11T13:01:28Z,topic='l3_agent')) {'router_ids': ['4e015ccb-a24a-44c9-b675-4a1c1617b0c2'], 'active': True} {{(pid=103974) wrapper /usr/local/lib/python3.8/dist-packages/oslo_log/helpers.py:65}}
Apr 11 13:10:53.671204 dv-cinder-836083-3-smb neutron-server[103972]: DEBUG neutron_lib.callbacks.manager [None req-0bc885d1-3f17-4b8f-b93d-9d607b033790 admin admin] Publish callbacks [] for port (df7dc774-f9d4-43cf-a218-70180df5f3ee), precommit_update {{(pid=103972) _notify_loop /usr/local/lib/python3.8/dist-packages/neutron_lib/callbacks/manager.py:176}}
Apr 11 13:10:53.673428 dv-cinder-836083-3-smb neutron-server[103971]: DEBUG neutron_lib.callbacks.manager [None req-675e20dd-6955-4de4-9de9-4e737d70746b admin admin] Publish callbacks ['neutron.plugins.ml2.plugin.Ml2Plugin._handle_segment_change-680894'] for segment (3f4e6d56-b83f-41aa-9be2-a303ba0d418c), precommit_delete {{(pid=103971) _notify_loop /usr/local/lib/python3.8/dist-packages/neutron_lib/callbacks/manager.py:176}}
Apr 11 13:10:53.698528 dv-cinder-836083-3-smb neutron-server[103971]: DEBUG neutron.plugins.ml2.drivers.type_vlan [None req-675e20dd-6955-4de4-9de9-4e737d70746b admin admin] Releasing vlan 506 on physical network physnet1 to pool {{(pid=103971) release_segment /opt/stack/neutron/neutron/plugins/ml2/drivers/type_vlan.py:304}}
Apr 11 13:10:53.699620 dv-cinder-836083-3-smb neutron-server[103971]: DEBUG neutron_lib.callbacks.manager [None req-675e20dd-6955-4de4-9de9-4e737d70746b admin admin] Publish callbacks ['neutron.plugins.ml2.plugin.Ml2Plugin._handle_segment_change-680894', 'neutron.services.segments.plugin.NovaSegmentNotifier._notify_segment_deleted-530026201'] for segment (3f4e6d56-b83f-41aa-9be2-a303ba0d418c), after_delete {{(pid=103971) _notify_loop /usr/local/lib/python3.8/dist-packages/neutron_lib/callbacks/manager.py:176}}
Apr 11 13:10:53.733598 dv-cinder-836083-3-smb neutron-server[103971]: /usr/lib/python3/dist-packages/secretstorage/dhcrypto.py:15: CryptographyDeprecationWarning: int_from_bytes is deprecated, use int.from_bytes instead
Apr 11 13:10:53.733598 dv-cinder-836083-3-smb neutron-server[103971]: from cryptography.utils import int_from_bytes
Apr 11 13:10:53.733598 dv-cinder-836083-3-smb neutron-server[103971]: /usr/lib/python3/dist-packages/secretstorage/util.py:19: CryptographyDeprecationWarning: int_from_bytes is deprecated, use int.from_bytes instead
Apr 11 13:10:53.733598 dv-cinder-836083-3-smb neutron-server[103971]: from cryptography.utils import int_from_bytes
Apr 11 13:10:53.733598 dv-cinder-836083-3-smb neutron-server[103971]: Traceback (most recent call last):
Apr 11 13:10:53.733598 dv-cinder-836083-3-smb neutron-server[103971]: File "/usr/local/lib/python3.8/dist-packages/eventlet/hubs/hub.py", line 476, in fire_timers
Apr 11 13:10:53.733598 dv-cinder-836083-3-smb neutron-server[103971]: timer()
Apr 11 13:10:53.733598 dv-cinder-836083-3-smb neutron-server[103971]: File "/usr/local/lib/python3.8/dist-packages/eventlet/hubs/timer.py", line 59, in __call__
Apr 11 13:10:53.733598 dv-cinder-836083-3-smb neutron-server[103971]: cb(*args, **kw)
Apr 11 13:10:53.733598 dv-cinder-836083-3-smb neutron-server[103971]: File "/opt/stack/neutron/neutron/common/utils.py", line 921, in wrapper
Apr 11 13:10:53.733598 dv-cinder-836083-3-smb neutron-server[103971]: return func(*args, **kwargs)
Apr 11 13:10:53.733598 dv-cinder-836083-3-smb neutron-server[103971]: File "/opt/stack/neutron/neutron/notifiers/batch_notifier.py", line 58, in synced_send
Apr 11 13:10:53.733598 dv-cinder-836083-3-smb neutron-server[103971]: self._notify()
Apr 11 13:10:53.733598 dv-cinder-836083-3-smb neutron-server[103971]: File "/opt/stack/neutron/neutron/notifiers/batch_notifier.py", line 69, in _notify
Apr 11 13:10:53.733598 dv-cinder-836083-3-smb neutron-server[103971]: self.callback(batched_events)
Apr 11 13:10:53.733598 dv-cinder-836083-3-smb neutron-server[103971]: File "/opt/stack/neutron/neutron/services/segments/plugin.py", line 211, in _send_notifications
Apr 11 13:10:53.733598 dv-cinder-836083-3-smb neutron-server[103971]: event.method(event)
Apr 11 13:10:53.733598 dv-cinder-836083-3-smb neutron-server[103971]: File "/opt/stack/neutron/neutron/services/segments/plugin.py", line 383, in _delete_nova_inventory
Apr 11 13:10:53.733598 dv-cinder-836083-3-smb neutron-server[103971]: aggregate_id = self._get_aggregate_id(event.segment_id)
Apr 11 13:10:53.733598 dv-cinder-836083-3-smb neutron-server[103971]: File "/opt/stack/neutron/neutron/services/segments/plugin.py", line 370, in _get_aggregate_id
Apr 11 13:10:53.733598 dv-cinder-836083-3-smb neutron-server[103971]: aggregate_uuid = self.p_client.list_aggregates(
Apr 11 13:10:53.733598 dv-cinder-836083-3-smb neutron-server[103971]: File "/usr/local/lib/python3.8/dist-packages/neutron_lib/placement/client.py", line 58, in wrapper
Apr 11 13:10:53.733598 dv-cinder-836083-3-smb neutron-server[103971]: return f(self, *a, **k)
Apr 11 13:10:53.733598 dv-cinder-836083-3-smb neutron-server[103971]: File "/usr/local/lib/python3.8/dist-packages/neutron_lib/placement/client.py", line 554, in list_aggregates
Apr 11 13:10:53.733598 dv-cinder-836083-3-smb neutron-server[103971]: return self._get(url).json()
Apr 11 13:10:53.733598 dv-cinder-836083-3-smb neutron-server[103971]: File "/usr/local/lib/python3.8/dist-packages/neutron_lib/placement/client.py", line 190, in _get
Apr 11 13:10:53.733598 dv-cinder-836083-3-smb neutron-server[103971]: return self._client.get(url, endpoint_filter=self._ks_filter,
Apr 11 13:10:53.733598 dv-cinder-836083-3-smb neutron-server[103971]: File "/usr/local/lib/python3.8/dist-packages/keystoneauth1/session.py", line 1141, in get
Apr 11 13:10:53.733598 dv-cinder-836083-3-smb neutron-server[103971]: return self.request(url, 'GET', **kwargs)
Apr 11 13:10:53.733598 dv-cinder-836083-3-smb neutron-server[103971]: File "/usr/local/lib/python3.8/dist-packages/keystoneauth1/session.py", line 811, in request
Apr 11 13:10:53.733598 dv-cinder-836083-3-smb neutron-server[103971]: base_url = self.get_endpoint(auth, allow=allow,
Apr 11 13:10:53.733598 dv-cinder-836083-3-smb neutron-server[103971]: File "/usr/local/lib/python3.8/dist-packages/keystoneauth1/session.py", line 1241, in get_endpoint
Apr 11 13:10:53.733598 dv-cinder-836083-3-smb neutron-server[103971]: auth = self._auth_required(auth, 'determine endpoint URL')
Apr 11 13:10:53.733598 dv-cinder-836083-3-smb neutron-server[103971]: File "/usr/local/lib/python3.8/dist-packages/keystoneauth1/session.py", line 1181, in _auth_required
Apr 11 13:10:53.733598 dv-cinder-836083-3-smb neutron-server[103971]: raise exceptions.MissingAuthPlugin(msg_fmt % msg)
Apr 11 13:10:53.733598 dv-cinder-836083-3-smb neutron-server[103971]: keystoneauth1.exceptions.auth_plugins.MissingAuthPlugin: An auth plugin is required to determine endpoint URL
Apr 11 13:10:53.803813 dv-cinder-836083-3-smb neutron-server[103972]: DEBUG neutron_lib.callbacks.manager [None req-0bc885d1-3f17-4b8f-b93d-9d607b033790 admin admin] Publish callbacks ['neutron.plugins.ml2.plugin.SecurityGroupServerNotifierRpcMixin._notify_sg_on_port_change-751550', 'neutron.plugins.ml2.ovo_rpc._ObjectChangeHandler.handle_event-484998', 'neutron.api.rpc.agentnotifiers.dhcp_rpc_agent_api.DhcpAgentNotifyAPI._native_event_send_dhcp_notification-3674827', 'neutron.db.l3_db.L3RpcNotifierMixin._notify_gateway_port_ip_changed-8748582444831', 'neutron.db.l3_dvrscheduler_db._notify_l3_agent_port_update-8748581921356', 'neutron.db.l3_hascheduler_db._notify_l3_agent_ha_port_update-8748581921374'] for port (df7dc774-f9d4-43cf-a218-70180df5f3ee), after_update {{(pid=103972) _notify_loop /usr/local/lib/python3.8/dist-packages/neutron_lib/callbacks/manager.py:176}}
Apr 11 13:10:53.804477 dv-cinder-836083-3-smb neutron-server[103972]: DEBUG neutron_lib.callbacks.manager [None req-0bc885d1-3f17-4b8f-b93d-9d607b033790 admin admin] Publish callbacks ['neutron.api.rpc.agentnotifiers.dhcp_rpc_agent_api.DhcpAgentNotifyAPI._after_router_interface_created-3674853', 'neutron.services.l3_router.l3_router_plugin.DVRResourceOperationHandler._update_snat_v6_addrs_after_intf_update-3700127'] for router_interface (f02c91bf-ca0c-4477-9f5b-78a8721e7898), after_create {{(pid=103972) _notify_loop /usr/local/lib/python3.8/dist-packages/neutron_lib/callbacks/manager.py:176}}
Apr 11 13:10:53.804968 dv-cinder-836083-3-smb neutron-server[103973]: DEBUG neutron.db.l3_hamode_db [None req-b798ed5b-cf45-4d0c-8ca5-5c9e748abc42 None None] neutron.services.l3_router.l3_router_plugin.L3RouterPlugin method _process_sync_ha_data called with arguments (, [{'id': '5c03e42c-4ac8-483a-a866-f5a6589a3e7a', 'name': 'tempest-ServerRescueNegativeTestJSON-1488229379-router', 'tenant_id': '5561bffa9ce949c2a6582794514fd655', 'admin_state_up': True, 'status': 'ACTIVE', 'external_gateway_info': {'network_id': '8395243b-0b38-4aca-9ed0-1f70095a8701', 'external_fixed_ips': [{'subnet_id': 'e7db3d6f-fe7b-4f35-8a62-73d8bfe7b240', 'ip_address': '172.28.1.134'}], 'enable_snat': True}, 'gw_port_id': '5aa09795-6a41-4ca5-bdf6-7a07c3d51378', 'description': '', 'availability_zones': ['nova'], 'distributed': False, 'ha': False, 'ha_vr_id': 0, 'availability_zone_hints': [], 'routes': [], 'flavor_id': None, 'tags': [], 'created_at': '2022-04-11T13:10:35Z', 'updated_at': '2022-04-11T13:10:47Z', 'revision_number': 4, 'project_id': '5561bffa9ce949c2a6582794514fd655', 'gw_port': {'id': '5aa09795-6a41-4ca5-bdf6-7a07c3d51378', 'name': '', 'network_id': '8395243b-0b38-4aca-9ed0-1f70095a8701', 'tenant_id': '', 'mac_address': 'fa:16:3e:2a:ac:d8', 'admin_state_up': True, 'status': 'ACTIVE', 'device_id': '5c03e42c-4ac8-483a-a866-f5a6589a3e7a', 'device_owner': 'network:router_gateway', 'standard_attr_id': 74, 'fixed_ips': [{'subnet_id': 'e7db3d6f-fe7b-4f35-8a62-73d8bfe7b240', 'ip_address': '172.28.1.134', 'prefixlen': 24}], 'allowed_address_pairs': [], 'extra_dhcp_opts': [], 'security_groups': [], 'description': '', 'binding:vnic_type': 'normal', 'binding:profile': {}, 'binding:host_id': 'dv-cinder-836083-3-smb', 'binding:vif_type': 'ovs', 'binding:vif_details': {'connectivity': 'l2', 'port_filter': True, 'ovs_hybrid_plug': False, 'datapath_type': 'system', 'bridge_name': 'br-int', 'bound_drivers': {'0': 'openvswitch'}}, 'port_security_enabled': False, 'tags': [], 'created_at': '2022-04-11T13:10:37Z', 'updated_at': '2022-04-11T13:10:47Z', 'revision_number': 4, 'project_id': '', 'subnets': [{'id': 'e7db3d6f-fe7b-4f35-8a62-73d8bfe7b240', 'cidr': '172.28.1.0/24', 'gateway_ip': '172.28.1.1', 'dns_nameservers': [], 'ipv6_ra_mode': None, 'subnetpool_id': None}], 'extra_subnets': [], 'address_scopes': {4: None, 6: None}, 'mtu': 1500}, 'enable_snat': True, 'gw_port_host': 'dv-cinder-836083-3-smb', '_interfaces': [{'id': '71315727-25c6-44d7-8707-e494e340d428', 'name': '', 'network_id': '6c86a839-727d-4a84-a168-c88c0f51b57f', 'tenant_id': '5561bffa9ce949c2a6582794514fd655', 'mac_address': 'fa:16:3e:3f:f4:07', 'admin_state_up': True, 'status': 'DOWN', 'device_id': '5c03e42c-4ac8-483a-a866-f5a6589a3e7a', 'device_owner': 'network:router_interface', 'standard_attr_id': 91, 'fixed_ips': [{'subnet_id': 'eba3f06b-3eb1-4af8-9176-c0cfb513af85', 'ip_address': '172.20.0.1', 'prefixlen': 28}], 'allowed_address_pairs': [], 'extra_dhcp_opts': [], 'security_groups': [], 'description': '', 'binding:vnic_type': 'normal', 'binding:profile': {}, 'binding:host_id': '', 'binding:vif_type': 'unbound', 'binding:vif_details': {}, 'port_security_enabled': False, 'tags': [], 'created_at': '2022-04-11T13:10:44Z', 'updated_at': '2022-04-11T13:10:49Z', 'revision_number': 2, 'project_id': '5561bffa9ce949c2a6582794514fd655', 'subnets': [{'id': 'eba3f06b-3eb1-4af8-9176-c0cfb513af85', 'cidr': '172.20.0.0/28', 'gateway_ip': '172.20.0.1', 'dns_nameservers': [], 'ipv6_ra_mode': None, 'subnetpool_id': None}], 'extra_subnets': [], 'address_scopes': {4: None, 6: None}, 'mtu': 1500}]}], 'dv-cinder-836083-3-smb', False) {} {{(pid=103973) wrapper /usr/local/lib/python3.8/dist-packages/oslo_log/helpers.py:65}}
Apr 11 13:10:53.851646 dv-cinder-836083-3-smb neutron-server[103974]: DEBUG neutron.db.l3_dvr_db [None req-53387b99-aafe-4cd8-8ab3-b88566d77306 None None] Set router 4e015ccb-a24a-44c9-b675-4a1c1617b0c2 gateway port host: dv-cinder-836083-3-smb {{(pid=103974) _build_routers_list /opt/stack/neutron/neutron/db/l3_dvr_db.py:906}}
Apr 11 13:10:53.866272 dv-cinder-836083-3-smb neutron-server[103973]: DEBUG neutron.api.rpc.handlers.l3_rpc [None req-b798ed5b-cf45-4d0c-8ca5-5c9e748abc42 None None] Checking router: 5c03e42c-4ac8-483a-a866-f5a6589a3e7a for host: dv-cinder-836083-3-smb {{(pid=103973) _ensure_host_set_on_ports /opt/stack/neutron/neutron/api/rpc/handlers/l3_rpc.py:155}}
Apr 11 13:10:53.866639 dv-cinder-836083-3-smb neutron-server[103973]: DEBUG neutron.api.rpc.handlers.l3_rpc [None req-b798ed5b-cf45-4d0c-8ca5-5c9e748abc42 None None] Updating router 5c03e42c-4ac8-483a-a866-f5a6589a3e7a port 71315727-25c6-44d7-8707-e494e340d428 binding host dv-cinder-836083-3-smb {{(pid=103973) _ensure_host_set_on_port /opt/stack/neutron/neutron/api/rpc/handlers/l3_rpc.py:205}}
Apr 11 13:10:53.944688 dv-cinder-836083-3-smb neutron-server[103973]: DEBUG neutron_lib.callbacks.manager [None req-b798ed5b-cf45-4d0c-8ca5-5c9e748abc42 None None] Publish callbacks ['neutron.plugins.ml2.plugin.SecurityGroupDbMixin._ensure_default_security_group_handler-750428'] for port (71315727-25c6-44d7-8707-e494e340d428), before_update {{(pid=103973) _notify_loop /usr/local/lib/python3.8/dist-packages/neutron_lib/callbacks/manager.py:176}}
Apr 11 13:10:53.967254 dv-cinder-836083-3-smb neutron-server[103971]: DEBUG neutron_lib.callbacks.manager [None req-675e20dd-6955-4de4-9de9-4e737d70746b admin admin] Publish callbacks ['neutron.plugins.ml2.plugin.Ml2Plugin._network_delete_after_delete_handler-693681', 'neutron.plugins.ml2.ovo_rpc._ObjectChangeHandler.handle_event-3904464', 'neutron.api.rpc.agentnotifiers.dhcp_rpc_agent_api.DhcpAgentNotifyAPI._native_event_send_dhcp_notification-3674827', 'neutron.services.l3_router.l3_router_plugin.DVRResourceOperationHandler.delete_fip_namespaces_for_ext_net-3698836'] for network (e9161537-61db-415c-9e67-72ce2460fec5), after_delete {{(pid=103971) _notify_loop /usr/local/lib/python3.8/dist-packages/neutron_lib/callbacks/manager.py:176}}
Apr 11 13:10:54.011380 dv-cinder-836083-3-smb neutron-server[103971]: DEBUG neutron_lib.callbacks.manager [None req-675e20dd-6955-4de4-9de9-4e737d70746b admin admin] Publish callbacks ['neutron.api.rpc.agentnotifiers.dhcp_rpc_agent_api.DhcpAgentNotifyAPI._send_dhcp_notification-3674681'] for network (None), before_response {{(pid=103971) _notify_loop /usr/local/lib/python3.8/dist-packages/neutron_lib/callbacks/manager.py:176}}
Apr 11 13:10:54.022635 dv-cinder-836083-3-smb neutron-server[103972]: DEBUG neutron.api.rpc.handlers.resources_rpc [None req-0bc885d1-3f17-4b8f-b93d-9d607b033790 admin admin] Pushing event updated for resources: {'Port': ['ID=df7dc774-f9d4-43cf-a218-70180df5f3ee,revision_number=2']} {{(pid=103972) push /opt/stack/neutron/neutron/api/rpc/handlers/resources_rpc.py:237}}
Apr 11 13:10:54.031715 dv-cinder-836083-3-smb neutron-server[103972]: DEBUG neutron.wsgi [-] (103972) accepted ('10.222.0.47', 35258) {{(pid=103972) server /usr/local/lib/python3.8/dist-packages/eventlet/wsgi.py:1004}}
Apr 11 13:10:54.032390 dv-cinder-836083-3-smb neutron-server[103971]: INFO neutron.wsgi [None req-675e20dd-6955-4de4-9de9-4e737d70746b admin admin] 10.222.0.47 "DELETE /v2.0/networks/e9161537-61db-415c-9e67-72ce2460fec5 HTTP/1.1" status: 204 len: 168 time: 1.0232568
Apr 11 13:10:54.110397 dv-cinder-836083-3-smb neutron-server[103971]: DEBUG neutron.api.rpc.handlers.resources_rpc [None req-675e20dd-6955-4de4-9de9-4e737d70746b admin admin] Pushing event deleted for resources: {'Network': ['ID=e9161537-61db-415c-9e67-72ce2460fec5,revision_number=None']} {{(pid=103971) push /opt/stack/neutron/neutron/api/rpc/handlers/resources_rpc.py:237}}
Apr 11 13:10:54.124073 dv-cinder-836083-3-smb neutron-server[103971]: DEBUG neutron.pecan_wsgi.hooks.policy_enforcement [req-5e3780ef-96d7-43ec-a0b0-74fd3d7f8c13 req-98598f13-973e-4722-93ac-8017a5ef5d16 tempest-DeleteServersTestJSON-523598127 tempest-DeleteServersTestJSON-523598127-project] Attributes excluded by policy engine: ['standard_attr_id', 'binding:profile', 'binding:host_id', 'binding:vif_type', 'binding:vif_details'] {{(pid=103971) _exclude_attributes_by_policy /opt/stack/neutron/neutron/pecan_wsgi/hooks/policy_enforcement.py:255}}
Apr 11 13:10:54.126341 dv-cinder-836083-3-smb neutron-server[103971]: INFO neutron.wsgi [req-5e3780ef-96d7-43ec-a0b0-74fd3d7f8c13 req-98598f13-973e-4722-93ac-8017a5ef5d16 tempest-DeleteServersTestJSON-523598127 tempest-DeleteServersTestJSON-523598127-project] 10.222.0.47 "GET /v2.0/ports?device_id=753ce1c6-e51f-46a8-950a-35c45b68ae65 HTTP/1.1" status: 200 len: 944 time: 0.2161565
Apr 11 13:10:54.269889 dv-cinder-836083-3-smb neutron-server[103972]: DEBUG neutron.db.db_base_plugin_v2 [None req-6a9e4262-0fb8-4966-93ab-6ce0fd5e721b admin admin] Deleting subnet 7acfb983-a05d-46c3-909e-0e0c44f0a11a {{(pid=103972) delete_subnet /opt/stack/neutron/neutron/db/db_base_plugin_v2.py:1067}}
Apr 11 13:10:54.279319 dv-cinder-836083-3-smb neutron-server[103971]: INFO neutron.wsgi [req-5e3780ef-96d7-43ec-a0b0-74fd3d7f8c13 req-8d3e4374-f594-44ad-9aac-e39571e52266 tempest-DeleteServersTestJSON-523598127 tempest-DeleteServersTestJSON-523598127-project] 10.222.0.47 "GET /v2.0/security-groups?id=666c6379-5fa4-4c6f-b71e-12b3aa1d2ce1&fields=id&fields=name HTTP/1.1" status: 200 len: 286 time: 0.1443026
Apr 11 13:10:54.334758 dv-cinder-836083-3-smb neutron-server[103972]: DEBUG neutron_lib.callbacks.manager [None req-6a9e4262-0fb8-4966-93ab-6ce0fd5e721b admin admin] Publish callbacks [] for subnet (7acfb983-a05d-46c3-909e-0e0c44f0a11a), before_delete {{(pid=103972) _notify_loop /usr/local/lib/python3.8/dist-packages/neutron_lib/callbacks/manager.py:176}}
Apr 11 13:10:54.475861 dv-cinder-836083-3-smb neutron-server[103972]: DEBUG neutron_lib.callbacks.manager [None req-6a9e4262-0fb8-4966-93ab-6ce0fd5e721b admin admin] Publish callbacks [] for subnet (7acfb983-a05d-46c3-909e-0e0c44f0a11a), precommit_delete_associations {{(pid=103972) _notify_loop /usr/local/lib/python3.8/dist-packages/neutron_lib/callbacks/manager.py:176}}
Apr 11 13:10:54.490475 dv-cinder-836083-3-smb neutron-server[103972]: DEBUG neutron_lib.callbacks.manager [None req-6a9e4262-0fb8-4966-93ab-6ce0fd5e721b admin admin] Publish callbacks ['neutron.plugins.ml2.plugin.Ml2Plugin._subnet_delete_precommit_handler-681011'] for subnet (7acfb983-a05d-46c3-909e-0e0c44f0a11a), precommit_delete {{(pid=103972) _notify_loop /usr/local/lib/python3.8/dist-packages/neutron_lib/callbacks/manager.py:176}}
Apr 11 13:10:54.501277 dv-cinder-836083-3-smb neutron-server[103974]: DEBUG neutron.db.l3_hamode_db [None req-53387b99-aafe-4cd8-8ab3-b88566d77306 None None] neutron.services.l3_router.l3_router_plugin.L3RouterPlugin method _process_sync_ha_data called with arguments (, [{'id': '4e015ccb-a24a-44c9-b675-4a1c1617b0c2', 'name': 'tempest-AttachVolumeTestJSON-1687383411-router', 'tenant_id': 'f91a25c6876d40b68f38098e3e75a35b', 'admin_state_up': True, 'status': 'ACTIVE', 'external_gateway_info': {'network_id': '8395243b-0b38-4aca-9ed0-1f70095a8701', 'external_fixed_ips': [{'subnet_id': 'e7db3d6f-fe7b-4f35-8a62-73d8bfe7b240', 'ip_address': '172.28.1.67'}], 'enable_snat': True}, 'gw_port_id': '8e327dd9-8aae-4409-9295-65bdcb7a3b24', 'description': '', 'availability_zones': ['nova'], 'distributed': False, 'ha': False, 'ha_vr_id': 0, 'availability_zone_hints': [], 'routes': [], 'flavor_id': None, 'tags': [], 'created_at': '2022-04-11T13:10:36Z', 'updated_at': '2022-04-11T13:10:50Z', 'revision_number': 4, 'project_id': 'f91a25c6876d40b68f38098e3e75a35b', 'gw_port': {'id': '8e327dd9-8aae-4409-9295-65bdcb7a3b24', 'name': '', 'network_id': '8395243b-0b38-4aca-9ed0-1f70095a8701', 'tenant_id': '', 'mac_address': 'fa:16:3e:7c:0d:c9', 'admin_state_up': True, 'status': 'ACTIVE', 'device_id': '4e015ccb-a24a-44c9-b675-4a1c1617b0c2', 'device_owner': 'network:router_gateway', 'standard_attr_id': 75, 'fixed_ips': [{'subnet_id': 'e7db3d6f-fe7b-4f35-8a62-73d8bfe7b240', 'ip_address': '172.28.1.67', 'prefixlen': 24}], 'allowed_address_pairs': [], 'extra_dhcp_opts': [], 'security_groups': [], 'description': '', 'binding:vnic_type': 'normal', 'binding:profile': {}, 'binding:host_id': 'dv-cinder-836083-3-smb', 'binding:vif_type': 'ovs', 'binding:vif_details': {'connectivity': 'l2', 'port_filter': True, 'ovs_hybrid_plug': False, 'datapath_type': 'system', 'bridge_name': 'br-int', 'bound_drivers': {'0': 'openvswitch'}}, 'port_security_enabled': False, 'tags': [], 'created_at': '2022-04-11T13:10:37Z', 'updated_at': '2022-04-11T13:10:49Z', 'revision_number': 4, 'project_id': '', 'subnets': [{'id': 'e7db3d6f-fe7b-4f35-8a62-73d8bfe7b240', 'cidr': '172.28.1.0/24', 'gateway_ip': '172.28.1.1', 'dns_nameservers': [], 'ipv6_ra_mode': None, 'subnetpool_id': None}], 'extra_subnets': [], 'address_scopes': {4: None, 6: None}, 'mtu': 1500}, 'enable_snat': True, 'gw_port_host': 'dv-cinder-836083-3-smb', '_interfaces': [{'id': '74e10938-bde9-4501-b00f-94ec23930a64', 'name': '', 'network_id': 'a134716f-4caf-4427-88bc-4b3831f064d9', 'tenant_id': 'f91a25c6876d40b68f38098e3e75a35b', 'mac_address': 'fa:16:3e:f8:23:e5', 'admin_state_up': True, 'status': 'DOWN', 'device_id': '4e015ccb-a24a-44c9-b675-4a1c1617b0c2', 'device_owner': 'network:router_interface', 'standard_attr_id': 92, 'fixed_ips': [{'subnet_id': 'a94532cd-980c-4709-a6ec-787c67116b32', 'ip_address': '172.20.0.1', 'prefixlen': 28}], 'allowed_address_pairs': [], 'extra_dhcp_opts': [], 'security_groups': [], 'description': '', 'binding:vnic_type': 'normal', 'binding:profile': {}, 'binding:host_id': '', 'binding:vif_type': 'unbound', 'binding:vif_details': {}, 'port_security_enabled': False, 'tags': [], 'created_at': '2022-04-11T13:10:45Z', 'updated_at': '2022-04-11T13:10:50Z', 'revision_number': 2, 'project_id': 'f91a25c6876d40b68f38098e3e75a35b', 'subnets': [{'id': 'a94532cd-980c-4709-a6ec-787c67116b32', 'cidr': '172.20.0.0/28', 'gateway_ip': '172.20.0.1', 'dns_nameservers': [], 'ipv6_ra_mode': None, 'subnetpool_id': None}], 'extra_subnets': [], 'address_scopes': {4: None, 6: None}, 'mtu': 1500}]}], 'dv-cinder-836083-3-smb', False) {} {{(pid=103974) wrapper /usr/local/lib/python3.8/dist-packages/oslo_log/helpers.py:65}}
Apr 11 13:10:54.536030 dv-cinder-836083-3-smb neutron-server[103972]: DEBUG neutron.scheduler.dhcp_agent_scheduler [None req-0bc885d1-3f17-4b8f-b93d-9d607b033790 admin admin] Network 954cde72-3fce-42cc-b326-861c33bef1ed is already hosted by enough agents. {{(pid=103972) _get_dhcp_agents_hosting_network /opt/stack/neutron/neutron/scheduler/dhcp_agent_scheduler.py:275}}
Apr 11 13:10:54.539413 dv-cinder-836083-3-smb neutron-server[103972]: DEBUG neutron.scheduler.base_scheduler [None req-0bc885d1-3f17-4b8f-b93d-9d607b033790 admin admin] Resources bound (agent type, host, resource id): {{(pid=103972) schedule /opt/stack/neutron/neutron/scheduler/base_scheduler.py:57}}
Apr 11 13:10:54.593818 dv-cinder-836083-3-smb neutron-server[103974]: DEBUG neutron.api.rpc.handlers.l3_rpc [None req-53387b99-aafe-4cd8-8ab3-b88566d77306 None None] Checking router: 4e015ccb-a24a-44c9-b675-4a1c1617b0c2 for host: dv-cinder-836083-3-smb {{(pid=103974) _ensure_host_set_on_ports /opt/stack/neutron/neutron/api/rpc/handlers/l3_rpc.py:155}}
Apr 11 13:10:54.595217 dv-cinder-836083-3-smb neutron-server[103974]: DEBUG neutron.api.rpc.handlers.l3_rpc [None req-53387b99-aafe-4cd8-8ab3-b88566d77306 None None] Updating router 4e015ccb-a24a-44c9-b675-4a1c1617b0c2 port 74e10938-bde9-4501-b00f-94ec23930a64 binding host dv-cinder-836083-3-smb {{(pid=103974) _ensure_host_set_on_port /opt/stack/neutron/neutron/api/rpc/handlers/l3_rpc.py:205}}
Apr 11 13:10:54.642220 dv-cinder-836083-3-smb neutron-server[103974]: DEBUG neutron_lib.callbacks.manager [None req-53387b99-aafe-4cd8-8ab3-b88566d77306 None None] Publish callbacks ['neutron.plugins.ml2.plugin.SecurityGroupDbMixin._ensure_default_security_group_handler-750428'] for port (74e10938-bde9-4501-b00f-94ec23930a64), before_update {{(pid=103974) _notify_loop /usr/local/lib/python3.8/dist-packages/neutron_lib/callbacks/manager.py:176}}
Apr 11 13:10:54.774308 dv-cinder-836083-3-smb neutron-server[103971]: DEBUG neutron.pecan_wsgi.hooks.policy_enforcement [req-d549327e-4199-4ac3-8a1e-4e160629bbf5 req-f5fc66b1-db70-45f3-9d07-a8f8cf26ef00 tempest-ServerRescueNegativeTestJSON-246956957 tempest-ServerRescueNegativeTestJSON-246956957-project] Attributes excluded by policy engine: ['standard_attr_id', 'vlan_transparent', 'provider:network_type', 'provider:physical_network', 'provider:segmentation_id'] {{(pid=103971) _exclude_attributes_by_policy /opt/stack/neutron/neutron/pecan_wsgi/hooks/policy_enforcement.py:255}}
Apr 11 13:10:54.786347 dv-cinder-836083-3-smb neutron-server[103972]: DEBUG neutron.scheduler.l3_agent_scheduler [None req-0bc885d1-3f17-4b8f-b93d-9d607b033790 admin admin] Router f02c91bf-ca0c-4477-9f5b-78a8721e7898 has already been hosted by L3 agent a2349f8b-35e1-4571-affa-5b02ebfd8cc8 {{(pid=103972) _get_candidates /opt/stack/neutron/neutron/scheduler/l3_agent_scheduler.py:126}}
Apr 11 13:10:54.787763 dv-cinder-836083-3-smb neutron-server[103971]: INFO neutron.wsgi [req-d549327e-4199-4ac3-8a1e-4e160629bbf5 req-f5fc66b1-db70-45f3-9d07-a8f8cf26ef00 tempest-ServerRescueNegativeTestJSON-246956957 tempest-ServerRescueNegativeTestJSON-246956957-project] 10.222.0.47 "GET /v2.0/networks?id=6c86a839-727d-4a84-a168-c88c0f51b57f HTTP/1.1" status: 200 len: 819 time: 0.3272300
Apr 11 13:10:54.837830 dv-cinder-836083-3-smb neutron-server[103971]: INFO neutron.wsgi [req-d549327e-4199-4ac3-8a1e-4e160629bbf5 req-ac8a720a-1ced-4c03-b198-9932432b3d9d tempest-ServerRescueNegativeTestJSON-246956957 tempest-ServerRescueNegativeTestJSON-246956957-project] 10.222.0.47 "GET /v2.0/quotas/5561bffa9ce949c2a6582794514fd655 HTTP/1.1" status: 200 len: 375 time: 0.0428491
Apr 11 13:10:54.917211 dv-cinder-836083-3-smb neutron-server[103973]: DEBUG neutron.plugins.ml2.rpc [None req-42bcf2c4-522b-423a-a7ce-3850d21bc1d8 None None] Device 777a5acc-12ec-4881-96e0-6d58a92d8a0b up at agent ovs-agent-dv-cinder-836083-3-smb {{(pid=103973) update_device_up /opt/stack/neutron/neutron/plugins/ml2/rpc.py:296}}
Apr 11 13:10:54.935103 dv-cinder-836083-3-smb neutron-server[103972]: DEBUG neutron_lib.callbacks.manager [None req-6a9e4262-0fb8-4966-93ab-6ce0fd5e721b admin admin] Publish callbacks ['neutron.plugins.ml2.plugin.Ml2Plugin._subnet_delete_after_delete_handler-680970', 'neutron.plugins.ml2.ovo_rpc._ObjectChangeHandler.handle_event-3929609', 'neutron.api.rpc.agentnotifiers.dhcp_rpc_agent_api.DhcpAgentNotifyAPI._native_event_send_dhcp_notification-3674827'] for subnet (7acfb983-a05d-46c3-909e-0e0c44f0a11a), after_delete {{(pid=103972) _notify_loop /usr/local/lib/python3.8/dist-packages/neutron_lib/callbacks/manager.py:176}}
Apr 11 13:10:54.969872 dv-cinder-836083-3-smb neutron-server[103971]: DEBUG neutron.wsgi [-] (103971) accepted ('10.222.0.47', 35274) {{(pid=103971) server /usr/local/lib/python3.8/dist-packages/eventlet/wsgi.py:1004}}
Apr 11 13:10:55.040063 dv-cinder-836083-3-smb neutron-server[103973]: DEBUG neutron_lib.callbacks.manager [None req-b798ed5b-cf45-4d0c-8ca5-5c9e748abc42 None None] Publish callbacks [] for port (71315727-25c6-44d7-8707-e494e340d428), precommit_update {{(pid=103973) _notify_loop /usr/local/lib/python3.8/dist-packages/neutron_lib/callbacks/manager.py:176}}
Apr 11 13:10:55.050442 dv-cinder-836083-3-smb neutron-server[103971]: DEBUG neutron_lib.callbacks.manager [None req-9eff5476-885a-43c1-b929-0616dc5ba0f0 admin admin] Publish callbacks [] for security_group (None), before_create {{(pid=103971) _notify_loop /usr/local/lib/python3.8/dist-packages/neutron_lib/callbacks/manager.py:176}}
Apr 11 13:10:55.070437 dv-cinder-836083-3-smb neutron-server[103972]: DEBUG neutron_lib.callbacks.manager [None req-6a9e4262-0fb8-4966-93ab-6ce0fd5e721b admin admin] Publish callbacks [] for subnet (None), before_response {{(pid=103972) _notify_loop /usr/local/lib/python3.8/dist-packages/neutron_lib/callbacks/manager.py:176}}
Apr 11 13:10:55.079532 dv-cinder-836083-3-smb neutron-server[103972]: INFO neutron.wsgi [None req-6a9e4262-0fb8-4966-93ab-6ce0fd5e721b admin admin] 10.222.0.47 "DELETE /v2.0/subnets/7acfb983-a05d-46c3-909e-0e0c44f0a11a HTTP/1.1" status: 204 len: 168 time: 1.0441084
Apr 11 13:10:55.081989 dv-cinder-836083-3-smb neutron-server[103973]: DEBUG neutron_lib.callbacks.manager [None req-04721213-348f-4775-8fe2-fc41870e15a5 None None] Publish callbacks ['neutron.services.segments.db._update_segment_host_mapping_for_agent-8748582416797', 'neutron.plugins.ml2.plugin.Ml2Plugin._retry_binding_revived_agents-691449'] for agent (a29fca6f-cace-4d36-9278-50842658f0f5), after_update {{(pid=103973) _notify_loop /usr/local/lib/python3.8/dist-packages/neutron_lib/callbacks/manager.py:176}}
Apr 11 13:10:55.082118 dv-cinder-836083-3-smb neutron-server[103972]: DEBUG neutron.wsgi [-] (103972) accepted ('10.222.0.47', 35278) {{(pid=103972) server /usr/local/lib/python3.8/dist-packages/eventlet/wsgi.py:1004}}
Apr 11 13:10:55.091982 dv-cinder-836083-3-smb neutron-server[103971]: INFO neutron.wsgi [req-d549327e-4199-4ac3-8a1e-4e160629bbf5 req-a5b20d8d-ecb2-4968-af4c-cb8f48667c01 tempest-ServerRescueNegativeTestJSON-246956957 tempest-ServerRescueNegativeTestJSON-246956957-project] 10.222.0.47 "GET /v2.0/ports?tenant_id=5561bffa9ce949c2a6582794514fd655&fields=id HTTP/1.1" status: 200 len: 302 time: 0.2513442
Apr 11 13:10:55.109415 dv-cinder-836083-3-smb neutron-server[103972]: DEBUG neutron.api.rpc.handlers.resources_rpc [None req-6a9e4262-0fb8-4966-93ab-6ce0fd5e721b admin admin] Pushing event deleted for resources: {'Subnet': ['ID=7acfb983-a05d-46c3-909e-0e0c44f0a11a,revision_number=None']} {{(pid=103972) push /opt/stack/neutron/neutron/api/rpc/handlers/resources_rpc.py:237}}
Apr 11 13:10:55.194739 dv-cinder-836083-3-smb neutron-server[103973]: DEBUG neutron_lib.callbacks.manager [None req-b798ed5b-cf45-4d0c-8ca5-5c9e748abc42 None None] Publish callbacks ['neutron.plugins.ml2.plugin.SecurityGroupServerNotifierRpcMixin._notify_sg_on_port_change-751550', 'neutron.plugins.ml2.ovo_rpc._ObjectChangeHandler.handle_event-484998', 'neutron.api.rpc.agentnotifiers.dhcp_rpc_agent_api.DhcpAgentNotifyAPI._native_event_send_dhcp_notification-3674827', 'neutron.db.l3_db.L3RpcNotifierMixin._notify_gateway_port_ip_changed-8748582444831', 'neutron.db.l3_dvrscheduler_db._notify_l3_agent_port_update-8748581921356', 'neutron.db.l3_hascheduler_db._notify_l3_agent_ha_port_update-8748581921374'] for port (71315727-25c6-44d7-8707-e494e340d428), after_update {{(pid=103973) _notify_loop /usr/local/lib/python3.8/dist-packages/neutron_lib/callbacks/manager.py:176}}
Apr 11 13:10:55.219717 dv-cinder-836083-3-smb neutron-server[103973]: DEBUG neutron.db.provisioning_blocks [None req-5471b448-07d0-4b5b-824d-6df7e621cf27 None None] Provisioning complete for port df7dc774-f9d4-43cf-a218-70180df5f3ee triggered by entity DHCP. {{(pid=103973) provisioning_complete /opt/stack/neutron/neutron/db/provisioning_blocks.py:145}}
Apr 11 13:10:55.221354 dv-cinder-836083-3-smb neutron-server[103973]: DEBUG neutron_lib.callbacks.manager [None req-5471b448-07d0-4b5b-824d-6df7e621cf27 None None] Publish callbacks ['neutron.plugins.ml2.plugin.Ml2Plugin._port_provisioned-691287'] for port (df7dc774-f9d4-43cf-a218-70180df5f3ee), provisioning_complete {{(pid=103973) _notify_loop /usr/local/lib/python3.8/dist-packages/neutron_lib/callbacks/manager.py:176}}
Apr 11 13:10:55.374077 dv-cinder-836083-3-smb neutron-server[103973]: DEBUG neutron.plugins.ml2.plugin [None req-5471b448-07d0-4b5b-824d-6df7e621cf27 None None] Port df7dc774-f9d4-43cf-a218-70180df5f3ee cannot update to ACTIVE because it is not bound. {{(pid=103973) _port_provisioned /opt/stack/neutron/neutron/plugins/ml2/plugin.py:343}}
Apr 11 13:10:55.412502 dv-cinder-836083-3-smb neutron-server[103973]: DEBUG neutron_lib.callbacks.manager [None req-2f1e59d3-b79f-4099-b271-1c36dcd09c40 None None] Publish callbacks ['neutron.services.segments.db._update_segment_host_mapping_for_agent-8748582416797', 'neutron.plugins.ml2.plugin.Ml2Plugin._retry_binding_revived_agents-691449'] for agent (a8b92dcc-639e-4d98-bbce-f6f59d58e557), after_update {{(pid=103973) _notify_loop /usr/local/lib/python3.8/dist-packages/neutron_lib/callbacks/manager.py:176}}
Apr 11 13:10:55.498337 dv-cinder-836083-3-smb neutron-server[103972]: DEBUG neutron_lib.callbacks.manager [None req-63fe431e-1aea-486d-9eee-7719ae950953 admin admin] Publish callbacks ['neutron.plugins.ml2.plugin.External_net_db_mixin._before_network_delete_handler-755552'] for network (4e96d26f-c2f2-4624-86f9-98092b181af7), before_delete {{(pid=103972) _notify_loop /usr/local/lib/python3.8/dist-packages/neutron_lib/callbacks/manager.py:176}}
Apr 11 13:10:55.558179 dv-cinder-836083-3-smb neutron-server[103972]: DEBUG neutron.api.rpc.agentnotifiers.l3_rpc_agent_api [None req-0bc885d1-3f17-4b8f-b93d-9d607b033790 admin admin] Notify agent at l3_agent.dv-cinder-836083-3-smb the message routers_updated {{(pid=103972) _agent_notification /opt/stack/neutron/neutron/api/rpc/agentnotifiers/l3_rpc_agent_api.py:65}}
Apr 11 13:10:55.578055 dv-cinder-836083-3-smb neutron-server[103972]: INFO neutron.wsgi [None req-0bc885d1-3f17-4b8f-b93d-9d607b033790 admin admin] 10.222.0.47 "PUT /v2.0/routers/f02c91bf-ca0c-4477-9f5b-78a8721e7898/add_router_interface HTTP/1.1" status: 200 len: 503 time: 9.7454114
Apr 11 13:10:55.620181 dv-cinder-836083-3-smb neutron-server[103971]: INFO neutron.wsgi [req-d549327e-4199-4ac3-8a1e-4e160629bbf5 req-bf770994-f013-465d-888a-3d46da30fed4 service neutron] 10.222.0.47 "GET /v2.0/networks/6c86a839-727d-4a84-a168-c88c0f51b57f?fields=segments HTTP/1.1" status: 200 len: 212 time: 0.5101113
Apr 11 13:10:55.626535 dv-cinder-836083-3-smb neutron-server[103973]: DEBUG neutron.api.rpc.handlers.l3_rpc [None req-cb024793-5a51-4202-9506-64bf29d86101 None None] Sync routers for ids ['f02c91bf-ca0c-4477-9f5b-78a8721e7898'] in dv-cinder-836083-3-smb {{(pid=103973) sync_routers /opt/stack/neutron/neutron/api/rpc/handlers/l3_rpc.py:125}}
Apr 11 13:10:55.641273 dv-cinder-836083-3-smb neutron-server[103974]: DEBUG neutron_lib.callbacks.manager [None req-53387b99-aafe-4cd8-8ab3-b88566d77306 None None] Publish callbacks [] for port (74e10938-bde9-4501-b00f-94ec23930a64), precommit_update {{(pid=103974) _notify_loop /usr/local/lib/python3.8/dist-packages/neutron_lib/callbacks/manager.py:176}}
Apr 11 13:10:55.715032 dv-cinder-836083-3-smb neutron-server[103974]: DEBUG neutron_lib.callbacks.manager [None req-53387b99-aafe-4cd8-8ab3-b88566d77306 None None] Publish callbacks ['neutron.plugins.ml2.plugin.SecurityGroupServerNotifierRpcMixin._notify_sg_on_port_change-751550', 'neutron.plugins.ml2.ovo_rpc._ObjectChangeHandler.handle_event-484998', 'neutron.api.rpc.agentnotifiers.dhcp_rpc_agent_api.DhcpAgentNotifyAPI._native_event_send_dhcp_notification-3674827', 'neutron.db.l3_db.L3RpcNotifierMixin._notify_gateway_port_ip_changed-8748582444831', 'neutron.db.l3_dvrscheduler_db._notify_l3_agent_port_update-8748581921356', 'neutron.db.l3_hascheduler_db._notify_l3_agent_ha_port_update-8748581921374'] for port (74e10938-bde9-4501-b00f-94ec23930a64), after_update {{(pid=103974) _notify_loop /usr/local/lib/python3.8/dist-packages/neutron_lib/callbacks/manager.py:176}}
Apr 11 13:10:55.802019 dv-cinder-836083-3-smb neutron-server[103973]: DEBUG neutron.db.provisioning_blocks [None req-42bcf2c4-522b-423a-a7ce-3850d21bc1d8 None None] Provisioning complete for port 777a5acc-12ec-4881-96e0-6d58a92d8a0b triggered by entity L2. {{(pid=103973) provisioning_complete /opt/stack/neutron/neutron/db/provisioning_blocks.py:145}}
Apr 11 13:10:55.806042 dv-cinder-836083-3-smb neutron-server[103973]: DEBUG neutron_lib.callbacks.manager [None req-42bcf2c4-522b-423a-a7ce-3850d21bc1d8 None None] Publish callbacks ['neutron.plugins.ml2.plugin.Ml2Plugin._port_provisioned-691287'] for port (777a5acc-12ec-4881-96e0-6d58a92d8a0b), provisioning_complete {{(pid=103973) _notify_loop /usr/local/lib/python3.8/dist-packages/neutron_lib/callbacks/manager.py:176}}
Apr 11 13:10:55.819548 dv-cinder-836083-3-smb neutron-server[103974]: DEBUG neutron.api.rpc.handlers.resources_rpc [None req-40378a79-8265-40e2-ac8b-5795c03d58bb None None] Pushing event updated for resources: {'Port': ['ID=74e10938-bde9-4501-b00f-94ec23930a64,revision_number=3']} {{(pid=103974) push /opt/stack/neutron/neutron/api/rpc/handlers/resources_rpc.py:237}}
Apr 11 13:10:55.830382 dv-cinder-836083-3-smb neutron-server[103973]: DEBUG neutron.api.rpc.handlers.resources_rpc [None req-3a955f6d-76f0-44a2-bc87-8efeff9d3350 None None] Pushing event updated for resources: {'Port': ['ID=71315727-25c6-44d7-8707-e494e340d428,revision_number=3']} {{(pid=103973) push /opt/stack/neutron/neutron/api/rpc/handlers/resources_rpc.py:237}}
Apr 11 13:10:55.897647 dv-cinder-836083-3-smb neutron-server[103972]: DEBUG neutron_lib.callbacks.manager [None req-63fe431e-1aea-486d-9eee-7719ae950953 admin admin] Publish callbacks ['neutron.plugins.ml2.plugin.Ml2Plugin._network_delete_precommit_handler-693694', 'neutron.services.segments.db._delete_segments_for_network-8748582416815'] for network (4e96d26f-c2f2-4624-86f9-98092b181af7), precommit_delete {{(pid=103972) _notify_loop /usr/local/lib/python3.8/dist-packages/neutron_lib/callbacks/manager.py:176}}
Apr 11 13:10:55.961984 dv-cinder-836083-3-smb neutron-server[103972]: DEBUG neutron_lib.callbacks.manager [None req-63fe431e-1aea-486d-9eee-7719ae950953 admin admin] Subscribe: > segment before_delete 55550000 {{(pid=103972) subscribe /usr/local/lib/python3.8/dist-packages/neutron_lib/callbacks/manager.py:45}}
Apr 11 13:10:55.962538 dv-cinder-836083-3-smb neutron-server[103972]: DEBUG neutron_lib.callbacks.manager [None req-63fe431e-1aea-486d-9eee-7719ae950953 admin admin] Subscribe: > subnet precommit_delete_associations 55550000 {{(pid=103972) subscribe /usr/local/lib/python3.8/dist-packages/neutron_lib/callbacks/manager.py:45}}
Apr 11 13:10:55.963527 dv-cinder-836083-3-smb neutron-server[103972]: DEBUG neutron_lib.callbacks.manager [None req-63fe431e-1aea-486d-9eee-7719ae950953 admin admin] Subscribe: > segment_host_mapping after_create 55550000 {{(pid=103972) subscribe /usr/local/lib/python3.8/dist-packages/neutron_lib/callbacks/manager.py:45}}
Apr 11 13:10:55.963822 dv-cinder-836083-3-smb neutron-server[103972]: DEBUG neutron_lib.callbacks.manager [None req-63fe431e-1aea-486d-9eee-7719ae950953 admin admin] Subscribe: > port after_create 55550000 {{(pid=103972) subscribe /usr/local/lib/python3.8/dist-packages/neutron_lib/callbacks/manager.py:45}}
Apr 11 13:10:55.964154 dv-cinder-836083-3-smb neutron-server[103972]: DEBUG neutron_lib.callbacks.manager [None req-63fe431e-1aea-486d-9eee-7719ae950953 admin admin] Subscribe: > port after_delete 55550000 {{(pid=103972) subscribe /usr/local/lib/python3.8/dist-packages/neutron_lib/callbacks/manager.py:45}}
Apr 11 13:10:55.964479 dv-cinder-836083-3-smb neutron-server[103972]: DEBUG neutron_lib.callbacks.manager [None req-63fe431e-1aea-486d-9eee-7719ae950953 admin admin] Subscribe: > port after_update 55550000 {{(pid=103972) subscribe /usr/local/lib/python3.8/dist-packages/neutron_lib/callbacks/manager.py:45}}
Apr 11 13:10:55.964845 dv-cinder-836083-3-smb neutron-server[103972]: DEBUG neutron_lib.callbacks.manager [None req-63fe431e-1aea-486d-9eee-7719ae950953 admin admin] Subscribe: > segment after_delete 55550000 {{(pid=103972) subscribe /usr/local/lib/python3.8/dist-packages/neutron_lib/callbacks/manager.py:45}}
Apr 11 13:10:55.965402 dv-cinder-836083-3-smb neutron-server[103972]: DEBUG neutron_lib.callbacks.manager [None req-63fe431e-1aea-486d-9eee-7719ae950953 admin admin] Subscribe: > subnet after_create 55550000 {{(pid=103972) subscribe /usr/local/lib/python3.8/dist-packages/neutron_lib/callbacks/manager.py:45}}
