Apr 11 12:58:30.021725 dv-cinder-836083-3-iscsi devstack@c-api.service[110117]: INFO cinder.volume.api [None req-a59c8be0-4709-49dd-aa98-454794961c58 tempest-GroupSnapshotsTest-1708017595 tempest-GroupSnapshotsTest-1708017595-project] Availability Zones retrieved successfully.
Apr 11 12:58:30.075034 dv-cinder-836083-3-iscsi devstack@c-api.service[110117]: DEBUG cinder.volume.api [None req-a59c8be0-4709-49dd-aa98-454794961c58 tempest-GroupSnapshotsTest-1708017595 tempest-GroupSnapshotsTest-1708017595-project] Flow 'volume_create_api' (04b864b2-8729-4929-9107-514b5d73a5b2) transitioned into state 'RUNNING' from state 'PENDING' {{(pid=110117) _flow_receiver /usr/local/lib/python3.8/dist-packages/taskflow/listeners/logging.py:141}}
Apr 11 12:58:30.080857 dv-cinder-836083-3-iscsi devstack@c-api.service[110117]: DEBUG cinder.volume.api [None req-a59c8be0-4709-49dd-aa98-454794961c58 tempest-GroupSnapshotsTest-1708017595 tempest-GroupSnapshotsTest-1708017595-project] Task 'cinder.volume.flows.api.create_volume.ExtractVolumeRequestTask;volume:create' (67d5b018-05b7-470a-a9d6-9d14e2895913) transitioned into state 'RUNNING' from state 'PENDING' {{(pid=110117) _task_receiver /usr/local/lib/python3.8/dist-packages/taskflow/listeners/logging.py:190}}
Apr 11 12:58:30.084131 dv-cinder-836083-3-iscsi devstack@c-api.service[110117]: /usr/local/lib/python3.8/dist-packages/oslo_context/context.py:100: DeprecationWarning: Policy enforcement is depending on the value of is_admin. This key is deprecated. Please update your policy file to use the standard policy values.
Apr 11 12:58:30.084131 dv-cinder-836083-3-iscsi devstack@c-api.service[110117]: warnings.warn('Policy enforcement is depending on the value of '
Apr 11 12:58:30.090358 dv-cinder-836083-3-iscsi devstack@c-api.service[110117]: DEBUG cinder.volume.flows.api.create_volume [None req-a59c8be0-4709-49dd-aa98-454794961c58 tempest-GroupSnapshotsTest-1708017595 tempest-GroupSnapshotsTest-1708017595-project] Validating volume size '1' using validate_int {{(pid=110117) _extract_size /opt/stack/cinder/cinder/volume/flows/api/create_volume.py:225}}
Apr 11 12:58:30.148544 dv-cinder-836083-3-iscsi devstack@c-api.service[110117]: DEBUG cinder.volume.api [None req-a59c8be0-4709-49dd-aa98-454794961c58 tempest-GroupSnapshotsTest-1708017595 tempest-GroupSnapshotsTest-1708017595-project] Task 'cinder.volume.flows.api.create_volume.ExtractVolumeRequestTask;volume:create' (67d5b018-05b7-470a-a9d6-9d14e2895913) transitioned into state 'SUCCESS' from state 'RUNNING' with result '{'size': 1, 'snapshot_id': None, 'source_volid': None, 'volume_type': VolumeType(created_at=2022-04-11T12:58:25Z,deleted=False,deleted_at=None,description=None,extra_specs={},id=6b38fffe-8577-4988-a429-bebc8f12d6b2,is_public=True,name='tempest-GroupSnapshotsTest-volume-type-707958299',projects=[],qos_specs=,qos_specs_id=None,updated_at=None), 'volume_type_id': '6b38fffe-8577-4988-a429-bebc8f12d6b2', 'encryption_key_id': None, 'qos_specs': None, 'consistencygroup_id': None, 'cgsnapshot_id': None, 'group_id': '6884ea0b-571e-4401-94a8-f9fc9ae5f3b4', 'replication_status': 'disabled', 'refresh_az': False, 'backup_id': None, 'multiattach': False, 'availability_zones': ['nova']}' {{(pid=110117) _task_receiver /usr/local/lib/python3.8/dist-packages/taskflow/listeners/logging.py:178}}
Apr 11 12:58:30.158306 dv-cinder-836083-3-iscsi devstack@c-api.service[110117]: DEBUG cinder.volume.api [None req-a59c8be0-4709-49dd-aa98-454794961c58 tempest-GroupSnapshotsTest-1708017595 tempest-GroupSnapshotsTest-1708017595-project] Task 'cinder.volume.flows.api.create_volume.QuotaReserveTask;volume:create' (6d2063e3-f397-4f0e-a602-3af5610fad13) transitioned into state 'RUNNING' from state 'PENDING' {{(pid=110117) _task_receiver /usr/local/lib/python3.8/dist-packages/taskflow/listeners/logging.py:190}}
Apr 11 12:58:30.243665 dv-cinder-836083-3-iscsi devstack@c-api.service[110117]: DEBUG cinder.quota [None req-a59c8be0-4709-49dd-aa98-454794961c58 tempest-GroupSnapshotsTest-1708017595 tempest-GroupSnapshotsTest-1708017595-project] Created reservations ['309fd4c2-f769-4078-ab07-99f86271127b', '1c5dc9bf-1fc3-47b9-8dad-4bcff82d3ae4', 'bc9b70b9-4f31-4487-8aa4-93e7da18f97f', '7301bba0-72e5-4509-bde0-a497828ab724'] {{(pid=110117) reserve /opt/stack/cinder/cinder/quota.py:755}}
Apr 11 12:58:30.246905 dv-cinder-836083-3-iscsi devstack@c-api.service[110117]: DEBUG cinder.volume.api [None req-a59c8be0-4709-49dd-aa98-454794961c58 tempest-GroupSnapshotsTest-1708017595 tempest-GroupSnapshotsTest-1708017595-project] Task 'cinder.volume.flows.api.create_volume.QuotaReserveTask;volume:create' (6d2063e3-f397-4f0e-a602-3af5610fad13) transitioned into state 'SUCCESS' from state 'RUNNING' with result '{'reservations': ['309fd4c2-f769-4078-ab07-99f86271127b', '1c5dc9bf-1fc3-47b9-8dad-4bcff82d3ae4', 'bc9b70b9-4f31-4487-8aa4-93e7da18f97f', '7301bba0-72e5-4509-bde0-a497828ab724']}' {{(pid=110117) _task_receiver /usr/local/lib/python3.8/dist-packages/taskflow/listeners/logging.py:178}}
Apr 11 12:58:30.249297 dv-cinder-836083-3-iscsi devstack@c-api.service[110117]: DEBUG cinder.volume.api [None req-a59c8be0-4709-49dd-aa98-454794961c58 tempest-GroupSnapshotsTest-1708017595 tempest-GroupSnapshotsTest-1708017595-project] Task 'cinder.volume.flows.api.create_volume.EntryCreateTask;volume:create' (46e01d6c-c9e7-4270-8530-a652f531e8a4) transitioned into state 'RUNNING' from state 'PENDING' {{(pid=110117) _task_receiver /usr/local/lib/python3.8/dist-packages/taskflow/listeners/logging.py:190}}
Apr 11 12:58:30.282730 dv-cinder-836083-3-iscsi devstack@c-api.service[110117]: DEBUG cinder.volume.api [None req-a59c8be0-4709-49dd-aa98-454794961c58 tempest-GroupSnapshotsTest-1708017595 tempest-GroupSnapshotsTest-1708017595-project] Task 'cinder.volume.flows.api.create_volume.EntryCreateTask;volume:create' (46e01d6c-c9e7-4270-8530-a652f531e8a4) transitioned into state 'SUCCESS' from state 'RUNNING' with result '{'volume_id': 'b6c6be73-8d32-4b48-9c82-2c3889308a29', 'volume_properties': VolumeProperties(attach_status='detached',availability_zone='nova',cgsnapshot_id=None,consistencygroup_id=None,display_description=None,display_name='tempest-GroupSnapshotsTest-Volume-916612450',encryption_key_id=None,group_id=6884ea0b-571e-4401-94a8-f9fc9ae5f3b4,group_type_id=,metadata={},multiattach=False,project_id='4f487402b2c24e5d8bf0eb0505ea84fa',qos_specs=None,replication_status=,reservations=['309fd4c2-f769-4078-ab07-99f86271127b','1c5dc9bf-1fc3-47b9-8dad-4bcff82d3ae4','bc9b70b9-4f31-4487-8aa4-93e7da18f97f','7301bba0-72e5-4509-bde0-a497828ab724'],size=1,snapshot_id=None,source_replicaid=,source_volid=None,status='creating',user_id='97a8032b309143b4972756ad4c8bba80',volume_type_id=6b38fffe-8577-4988-a429-bebc8f12d6b2), 'volume': Volume(_name_id=None,admin_metadata=,attach_status='detached',availability_zone='nova',bootable=False,cluster=,cluster_name=None,consistencygroup=,consistencygroup_id=None,created_at=2022-04-11T12:58:30Z,deleted=False,deleted_at=None,display_description=None,display_name='tempest-GroupSnapshotsTest-Volume-916612450',ec2_id=None,encryption_key_id=None,glance_metadata=,group=,group_id=6884ea0b-571e-4401-94a8-f9fc9ae5f3b4,host=None,id=b6c6be73-8d32-4b48-9c82-2c3889308a29,launched_at=None,metadata={},migration_status=None,multiattach=False,previous_status=None,project_id='4f487402b2c24e5d8bf0eb0505ea84fa',provider_auth=None,provider_geometry=None,provider_id=None,provider_location=None,replication_driver_data=None,replication_extended_status=None,replication_status=None,scheduled_at=None,service_uuid=None,shared_targets=True,size=1,snapshot_id=None,snapshots=,source_volid=None,status='creating',terminated_at=None,updated_at=None,use_quota=True,user_id='97a8032b309143b4972756ad4c8bba80',volume_attachment=VolumeAttachmentList,volume_type=VolumeType(6b38fffe-8577-4988-a429-bebc8f12d6b2),volume_type_id=6b38fffe-8577-4988-a429-bebc8f12d6b2)}' {{(pid=110117) _task_receiver /usr/local/lib/python3.8/dist-packages/taskflow/listeners/logging.py:178}}
Apr 11 12:58:30.287784 dv-cinder-836083-3-iscsi devstack@c-api.service[110117]: DEBUG cinder.volume.api [None req-a59c8be0-4709-49dd-aa98-454794961c58 tempest-GroupSnapshotsTest-1708017595 tempest-GroupSnapshotsTest-1708017595-project] Task 'cinder.volume.flows.api.create_volume.QuotaCommitTask;volume:create' (cf437465-78db-4c30-af87-519ce3ccdcce) transitioned into state 'RUNNING' from state 'PENDING' {{(pid=110117) _task_receiver /usr/local/lib/python3.8/dist-packages/taskflow/listeners/logging.py:190}}
Apr 11 12:58:30.372515 dv-cinder-836083-3-iscsi devstack@c-api.service[110117]: DEBUG cinder.volume.api [None req-a59c8be0-4709-49dd-aa98-454794961c58 tempest-GroupSnapshotsTest-1708017595 tempest-GroupSnapshotsTest-1708017595-project] Task 'cinder.volume.flows.api.create_volume.QuotaCommitTask;volume:create' (cf437465-78db-4c30-af87-519ce3ccdcce) transitioned into state 'SUCCESS' from state 'RUNNING' with result '{'volume_properties': VolumeProperties(attach_status='detached',availability_zone='nova',cgsnapshot_id=None,consistencygroup_id=None,display_description=None,display_name='tempest-GroupSnapshotsTest-Volume-916612450',encryption_key_id=None,group_id=6884ea0b-571e-4401-94a8-f9fc9ae5f3b4,group_type_id=,metadata={},multiattach=False,project_id='4f487402b2c24e5d8bf0eb0505ea84fa',qos_specs=None,replication_status=,reservations=['309fd4c2-f769-4078-ab07-99f86271127b','1c5dc9bf-1fc3-47b9-8dad-4bcff82d3ae4','bc9b70b9-4f31-4487-8aa4-93e7da18f97f','7301bba0-72e5-4509-bde0-a497828ab724'],size=1,snapshot_id=None,source_replicaid=,source_volid=None,status='creating',user_id='97a8032b309143b4972756ad4c8bba80',volume_type_id=6b38fffe-8577-4988-a429-bebc8f12d6b2)}' {{(pid=110117) _task_receiver /usr/local/lib/python3.8/dist-packages/taskflow/listeners/logging.py:178}}
Apr 11 12:58:30.380709 dv-cinder-836083-3-iscsi devstack@c-api.service[110117]: DEBUG cinder.volume.api [None req-a59c8be0-4709-49dd-aa98-454794961c58 tempest-GroupSnapshotsTest-1708017595 tempest-GroupSnapshotsTest-1708017595-project] Task 'cinder.volume.flows.api.create_volume.VolumeCastTask;volume:create' (28bbcba6-ab80-4b1b-836f-b73f8cd8f57c) transitioned into state 'RUNNING' from state 'PENDING' {{(pid=110117) _task_receiver /usr/local/lib/python3.8/dist-packages/taskflow/listeners/logging.py:190}}
Apr 11 12:58:30.435142 dv-cinder-836083-3-iscsi devstack@c-api.service[110117]: DEBUG cinder.volume.api [None req-a59c8be0-4709-49dd-aa98-454794961c58 tempest-GroupSnapshotsTest-1708017595 tempest-GroupSnapshotsTest-1708017595-project] Task 'cinder.volume.flows.api.create_volume.VolumeCastTask;volume:create' (28bbcba6-ab80-4b1b-836f-b73f8cd8f57c) transitioned into state 'SUCCESS' from state 'RUNNING' with result 'None' {{(pid=110117) _task_receiver /usr/local/lib/python3.8/dist-packages/taskflow/listeners/logging.py:178}}
Apr 11 12:58:30.437631 dv-cinder-836083-3-iscsi devstack@c-api.service[110117]: DEBUG cinder.volume.api [None req-a59c8be0-4709-49dd-aa98-454794961c58 tempest-GroupSnapshotsTest-1708017595 tempest-GroupSnapshotsTest-1708017595-project] Flow 'volume_create_api' (04b864b2-8729-4929-9107-514b5d73a5b2) transitioned into state 'SUCCESS' from state 'RUNNING' {{(pid=110117) _flow_receiver /usr/local/lib/python3.8/dist-packages/taskflow/listeners/logging.py:141}}
Apr 11 12:58:30.444067 dv-cinder-836083-3-iscsi devstack@c-api.service[110117]: INFO cinder.volume.api [None req-a59c8be0-4709-49dd-aa98-454794961c58 tempest-GroupSnapshotsTest-1708017595 tempest-GroupSnapshotsTest-1708017595-project] Create volume request issued successfully.
Apr 11 12:58:30.445862 dv-cinder-836083-3-iscsi devstack@c-api.service[110117]: WARNING stevedore.named [None req-a59c8be0-4709-49dd-aa98-454794961c58 tempest-GroupSnapshotsTest-1708017595 tempest-GroupSnapshotsTest-1708017595-project] Could not load cinder.keymgr.conf_key_mgr.ConfKeyManager
Apr 11 12:58:30.446083 dv-cinder-836083-3-iscsi devstack@c-api.service[110117]: WARNING castellan.key_manager [None req-a59c8be0-4709-49dd-aa98-454794961c58 tempest-GroupSnapshotsTest-1708017595 tempest-GroupSnapshotsTest-1708017595-project] Deprecation Warning : cinder.keymgr.conf_key_mgr.ConfKeyManager is not a stevedore based driver, trying to load it as a class: stevedore.exception.NoMatches: No 'castellan.drivers' driver found, looking for 'cinder.keymgr.conf_key_mgr.ConfKeyManager'
Apr 11 12:58:30.466046 dv-cinder-836083-3-iscsi devstack@c-api.service[110117]: DEBUG oslo_db.sqlalchemy.engines [None req-a59c8be0-4709-49dd-aa98-454794961c58 tempest-GroupSnapshotsTest-1708017595 tempest-GroupSnapshotsTest-1708017595-project] MySQL server mode set to STRICT_TRANS_TABLES,STRICT_ALL_TABLES,NO_ZERO_IN_DATE,NO_ZERO_DATE,ERROR_FOR_DIVISION_BY_ZERO,TRADITIONAL,NO_ENGINE_SUBSTITUTION {{(pid=110117) _check_effective_sql_mode /usr/local/lib/python3.8/dist-packages/oslo_db/sqlalchemy/engines.py:314}}
Apr 11 12:58:30.471995 dv-cinder-836083-3-iscsi devstack@c-api.service[110117]: /usr/local/lib/python3.8/dist-packages/oslo_context/context.py:100: DeprecationWarning: Policy enforcement is depending on the value of is_admin. This key is deprecated. Please update your policy file to use the standard policy values.
Apr 11 12:58:30.471995 dv-cinder-836083-3-iscsi devstack@c-api.service[110117]: warnings.warn('Policy enforcement is depending on the value of '
Apr 11 12:58:30.491265 dv-cinder-836083-3-iscsi devstack@c-api.service[110117]: INFO cinder.api.openstack.wsgi [None req-a59c8be0-4709-49dd-aa98-454794961c58 tempest-GroupSnapshotsTest-1708017595 tempest-GroupSnapshotsTest-1708017595-project] http://10.222.0.26/volume/v3/4f487402b2c24e5d8bf0eb0505ea84fa/volumes returned with HTTP 202
Apr 11 12:58:30.491265 dv-cinder-836083-3-iscsi devstack@c-api.service[110117]: [pid: 110117|app: 0|req: 48/107] 10.222.0.26 () {62 vars in 1276 bytes} [Mon Apr 11 12:58:29 2022] POST /volume/v3/4f487402b2c24e5d8bf0eb0505ea84fa/volumes => generated 906 bytes in 560 msecs (HTTP/1.1 202) 7 headers in 292 bytes (1 switches on core 0)
Apr 11 12:58:30.503008 dv-cinder-836083-3-iscsi devstack@c-api.service[110118]: DEBUG cinder.api.middleware.request_id [None req-42dccc82-1a80-4350-9ad1-c7c3b0b051d6 None None] RequestId filter calling following filter/app {{(pid=110118) _context_setter /opt/stack/cinder/cinder/api/middleware/request_id.py:62}}
Apr 11 12:58:30.508325 dv-cinder-836083-3-iscsi devstack@c-api.service[110118]: INFO cinder.api.openstack.wsgi [None req-42dccc82-1a80-4350-9ad1-c7c3b0b051d6 tempest-GroupSnapshotsTest-1708017595 tempest-GroupSnapshotsTest-1708017595-project] GET http://10.222.0.26/volume/v3/4f487402b2c24e5d8bf0eb0505ea84fa/volumes/b6c6be73-8d32-4b48-9c82-2c3889308a29
Apr 11 12:58:30.508871 dv-cinder-836083-3-iscsi devstack@c-api.service[110118]: DEBUG cinder.api.openstack.wsgi [None req-42dccc82-1a80-4350-9ad1-c7c3b0b051d6 tempest-GroupSnapshotsTest-1708017595 tempest-GroupSnapshotsTest-1708017595-project] Empty body provided in request {{(pid=110118) get_body /opt/stack/cinder/cinder/api/openstack/wsgi.py:715}}
Apr 11 12:58:30.509422 dv-cinder-836083-3-iscsi devstack@c-api.service[110118]: DEBUG cinder.api.openstack.wsgi [None req-42dccc82-1a80-4350-9ad1-c7c3b0b051d6 tempest-GroupSnapshotsTest-1708017595 tempest-GroupSnapshotsTest-1708017595-project] Calling method 'show' {{(pid=110118) _process_stack /opt/stack/cinder/cinder/api/openstack/wsgi.py:868}}
Apr 11 12:58:30.552715 dv-cinder-836083-3-iscsi devstack@c-api.service[110118]: /usr/local/lib/python3.8/dist-packages/oslo_context/context.py:100: DeprecationWarning: Policy enforcement is depending on the value of is_admin. This key is deprecated. Please update your policy file to use the standard policy values.
Apr 11 12:58:30.552715 dv-cinder-836083-3-iscsi devstack@c-api.service[110118]: warnings.warn('Policy enforcement is depending on the value of '
Apr 11 12:58:30.571211 dv-cinder-836083-3-iscsi devstack@c-api.service[110118]: INFO cinder.volume.api [None req-42dccc82-1a80-4350-9ad1-c7c3b0b051d6 tempest-GroupSnapshotsTest-1708017595 tempest-GroupSnapshotsTest-1708017595-project] Volume info retrieved successfully.
Apr 11 12:58:30.575192 dv-cinder-836083-3-iscsi devstack@c-api.service[110118]: WARNING stevedore.named [None req-42dccc82-1a80-4350-9ad1-c7c3b0b051d6 tempest-GroupSnapshotsTest-1708017595 tempest-GroupSnapshotsTest-1708017595-project] Could not load cinder.keymgr.conf_key_mgr.ConfKeyManager
Apr 11 12:58:30.575595 dv-cinder-836083-3-iscsi devstack@c-api.service[110118]: WARNING castellan.key_manager [None req-42dccc82-1a80-4350-9ad1-c7c3b0b051d6 tempest-GroupSnapshotsTest-1708017595 tempest-GroupSnapshotsTest-1708017595-project] Deprecation Warning : cinder.keymgr.conf_key_mgr.ConfKeyManager is not a stevedore based driver, trying to load it as a class: stevedore.exception.NoMatches: No 'castellan.drivers' driver found, looking for 'cinder.keymgr.conf_key_mgr.ConfKeyManager'
Apr 11 12:58:30.596829 dv-cinder-836083-3-iscsi devstack@c-api.service[110118]: DEBUG oslo_db.sqlalchemy.engines [None req-42dccc82-1a80-4350-9ad1-c7c3b0b051d6 tempest-GroupSnapshotsTest-1708017595 tempest-GroupSnapshotsTest-1708017595-project] MySQL server mode set to STRICT_TRANS_TABLES,STRICT_ALL_TABLES,NO_ZERO_IN_DATE,NO_ZERO_DATE,ERROR_FOR_DIVISION_BY_ZERO,TRADITIONAL,NO_ENGINE_SUBSTITUTION {{(pid=110118) _check_effective_sql_mode /usr/local/lib/python3.8/dist-packages/oslo_db/sqlalchemy/engines.py:314}}
Apr 11 12:58:30.611628 dv-cinder-836083-3-iscsi devstack@c-api.service[110118]: /usr/local/lib/python3.8/dist-packages/oslo_context/context.py:100: DeprecationWarning: Policy enforcement is depending on the value of is_admin. This key is deprecated. Please update your policy file to use the standard policy values.
Apr 11 12:58:30.611628 dv-cinder-836083-3-iscsi devstack@c-api.service[110118]: warnings.warn('Policy enforcement is depending on the value of '
Apr 11 12:58:30.685488 dv-cinder-836083-3-iscsi devstack@c-api.service[110118]: INFO cinder.api.openstack.wsgi [None req-42dccc82-1a80-4350-9ad1-c7c3b0b051d6 tempest-GroupSnapshotsTest-1708017595 tempest-GroupSnapshotsTest-1708017595-project] http://10.222.0.26/volume/v3/4f487402b2c24e5d8bf0eb0505ea84fa/volumes/b6c6be73-8d32-4b48-9c82-2c3889308a29 returned with HTTP 200
Apr 11 12:58:30.702176 dv-cinder-836083-3-iscsi devstack@c-api.service[110118]: [pid: 110118|app: 0|req: 60/108] 10.222.0.26 () {60 vars in 1365 bytes} [Mon Apr 11 12:58:30 2022] GET /volume/v3/4f487402b2c24e5d8bf0eb0505ea84fa/volumes/b6c6be73-8d32-4b48-9c82-2c3889308a29 => generated 974 bytes in 192 msecs (HTTP/1.1 200) 7 headers in 286 bytes (1 switches on core 0)
Apr 11 12:58:30.925952 dv-cinder-836083-3-iscsi devstack@c-api.service[110117]: DEBUG cinder.api.middleware.request_id [None req-7dc1a565-d0ae-483d-9294-167edd38fdb1 None None] RequestId filter calling following filter/app {{(pid=110117) _context_setter /opt/stack/cinder/cinder/api/middleware/request_id.py:62}}
Apr 11 12:58:30.934284 dv-cinder-836083-3-iscsi devstack@c-api.service[110117]: INFO cinder.api.openstack.wsgi [None req-7dc1a565-d0ae-483d-9294-167edd38fdb1 tempest-SnapshotsActionsTest-293063315 tempest-SnapshotsActionsTest-293063315-project] GET http://10.222.0.26/volume/v3/55f408b27b474a958ad6d5f3852fb835/snapshots/f292e1fa-7049-468b-a366-452168f08d83
Apr 11 12:58:30.935230 dv-cinder-836083-3-iscsi devstack@c-api.service[110117]: DEBUG cinder.api.openstack.wsgi [None req-7dc1a565-d0ae-483d-9294-167edd38fdb1 tempest-SnapshotsActionsTest-293063315 tempest-SnapshotsActionsTest-293063315-project] Empty body provided in request {{(pid=110117) get_body /opt/stack/cinder/cinder/api/openstack/wsgi.py:715}}
Apr 11 12:58:30.936141 dv-cinder-836083-3-iscsi devstack@c-api.service[110117]: DEBUG cinder.api.openstack.wsgi [None req-7dc1a565-d0ae-483d-9294-167edd38fdb1 tempest-SnapshotsActionsTest-293063315 tempest-SnapshotsActionsTest-293063315-project] Calling method 'show' {{(pid=110117) _process_stack /opt/stack/cinder/cinder/api/openstack/wsgi.py:868}}
Apr 11 12:58:30.958126 dv-cinder-836083-3-iscsi devstack@c-api.service[110117]: /usr/local/lib/python3.8/dist-packages/oslo_context/context.py:100: DeprecationWarning: Policy enforcement is depending on the value of is_admin. This key is deprecated. Please update your policy file to use the standard policy values.
Apr 11 12:58:30.958126 dv-cinder-836083-3-iscsi devstack@c-api.service[110117]: warnings.warn('Policy enforcement is depending on the value of '
Apr 11 12:58:30.960131 dv-cinder-836083-3-iscsi devstack@c-api.service[110117]: INFO cinder.volume.api [None req-7dc1a565-d0ae-483d-9294-167edd38fdb1 tempest-SnapshotsActionsTest-293063315 tempest-SnapshotsActionsTest-293063315-project] Snapshot retrieved successfully.
Apr 11 12:58:30.962951 dv-cinder-836083-3-iscsi devstack@c-api.service[110117]: INFO cinder.api.openstack.wsgi [None req-7dc1a565-d0ae-483d-9294-167edd38fdb1 tempest-SnapshotsActionsTest-293063315 tempest-SnapshotsActionsTest-293063315-project] http://10.222.0.26/volume/v3/55f408b27b474a958ad6d5f3852fb835/snapshots/f292e1fa-7049-468b-a366-452168f08d83 returned with HTTP 200
Apr 11 12:58:30.964255 dv-cinder-836083-3-iscsi devstack@c-api.service[110117]: [pid: 110117|app: 0|req: 49/109] 10.222.0.26 () {58 vars in 1330 bytes} [Mon Apr 11 12:58:30 2022] GET /volume/v3/55f408b27b474a958ad6d5f3852fb835/snapshots/f292e1fa-7049-468b-a366-452168f08d83 => generated 439 bytes in 40 msecs (HTTP/1.1 200) 7 headers in 285 bytes (1 switches on core 0)
Apr 11 12:58:31.706818 dv-cinder-836083-3-iscsi devstack@c-api.service[110118]: DEBUG cinder.api.middleware.request_id [None req-704798f8-eaea-403a-885c-dcc9cea45384 None None] RequestId filter calling following filter/app {{(pid=110118) _context_setter /opt/stack/cinder/cinder/api/middleware/request_id.py:62}}
Apr 11 12:58:31.713061 dv-cinder-836083-3-iscsi devstack@c-api.service[110118]: INFO cinder.api.openstack.wsgi [None req-704798f8-eaea-403a-885c-dcc9cea45384 tempest-GroupSnapshotsTest-1708017595 tempest-GroupSnapshotsTest-1708017595-project] GET http://10.222.0.26/volume/v3/4f487402b2c24e5d8bf0eb0505ea84fa/volumes/b6c6be73-8d32-4b48-9c82-2c3889308a29
Apr 11 12:58:31.713951 dv-cinder-836083-3-iscsi devstack@c-api.service[110118]: DEBUG cinder.api.openstack.wsgi [None req-704798f8-eaea-403a-885c-dcc9cea45384 tempest-GroupSnapshotsTest-1708017595 tempest-GroupSnapshotsTest-1708017595-project] Empty body provided in request {{(pid=110118) get_body /opt/stack/cinder/cinder/api/openstack/wsgi.py:715}}
Apr 11 12:58:31.714838 dv-cinder-836083-3-iscsi devstack@c-api.service[110118]: DEBUG cinder.api.openstack.wsgi [None req-704798f8-eaea-403a-885c-dcc9cea45384 tempest-GroupSnapshotsTest-1708017595 tempest-GroupSnapshotsTest-1708017595-project] Calling method 'show' {{(pid=110118) _process_stack /opt/stack/cinder/cinder/api/openstack/wsgi.py:868}}
Apr 11 12:58:31.740813 dv-cinder-836083-3-iscsi devstack@c-api.service[110118]: /usr/local/lib/python3.8/dist-packages/oslo_context/context.py:100: DeprecationWarning: Policy enforcement is depending on the value of is_admin. This key is deprecated. Please update your policy file to use the standard policy values.
Apr 11 12:58:31.740813 dv-cinder-836083-3-iscsi devstack@c-api.service[110118]: warnings.warn('Policy enforcement is depending on the value of '
Apr 11 12:58:31.757883 dv-cinder-836083-3-iscsi devstack@c-api.service[110118]: INFO cinder.volume.api [None req-704798f8-eaea-403a-885c-dcc9cea45384 tempest-GroupSnapshotsTest-1708017595 tempest-GroupSnapshotsTest-1708017595-project] Volume info retrieved successfully.
Apr 11 12:58:31.760188 dv-cinder-836083-3-iscsi devstack@c-api.service[110118]: WARNING stevedore.named [None req-704798f8-eaea-403a-885c-dcc9cea45384 tempest-GroupSnapshotsTest-1708017595 tempest-GroupSnapshotsTest-1708017595-project] Could not load cinder.keymgr.conf_key_mgr.ConfKeyManager
Apr 11 12:58:31.767211 dv-cinder-836083-3-iscsi devstack@c-api.service[110118]: WARNING castellan.key_manager [None req-704798f8-eaea-403a-885c-dcc9cea45384 tempest-GroupSnapshotsTest-1708017595 tempest-GroupSnapshotsTest-1708017595-project] Deprecation Warning : cinder.keymgr.conf_key_mgr.ConfKeyManager is not a stevedore based driver, trying to load it as a class: stevedore.exception.NoMatches: No 'castellan.drivers' driver found, looking for 'cinder.keymgr.conf_key_mgr.ConfKeyManager'
Apr 11 12:58:31.807629 dv-cinder-836083-3-iscsi devstack@c-api.service[110118]: DEBUG oslo_db.sqlalchemy.engines [None req-704798f8-eaea-403a-885c-dcc9cea45384 tempest-GroupSnapshotsTest-1708017595 tempest-GroupSnapshotsTest-1708017595-project] MySQL server mode set to STRICT_TRANS_TABLES,STRICT_ALL_TABLES,NO_ZERO_IN_DATE,NO_ZERO_DATE,ERROR_FOR_DIVISION_BY_ZERO,TRADITIONAL,NO_ENGINE_SUBSTITUTION {{(pid=110118) _check_effective_sql_mode /usr/local/lib/python3.8/dist-packages/oslo_db/sqlalchemy/engines.py:314}}
Apr 11 12:58:31.826984 dv-cinder-836083-3-iscsi devstack@c-api.service[110118]: /usr/local/lib/python3.8/dist-packages/oslo_context/context.py:100: DeprecationWarning: Policy enforcement is depending on the value of is_admin. This key is deprecated. Please update your policy file to use the standard policy values.
Apr 11 12:58:31.826984 dv-cinder-836083-3-iscsi devstack@c-api.service[110118]: warnings.warn('Policy enforcement is depending on the value of '
Apr 11 12:58:31.888672 dv-cinder-836083-3-iscsi devstack@c-api.service[110118]: INFO cinder.api.openstack.wsgi [None req-704798f8-eaea-403a-885c-dcc9cea45384 tempest-GroupSnapshotsTest-1708017595 tempest-GroupSnapshotsTest-1708017595-project] http://10.222.0.26/volume/v3/4f487402b2c24e5d8bf0eb0505ea84fa/volumes/b6c6be73-8d32-4b48-9c82-2c3889308a29 returned with HTTP 200
Apr 11 12:58:31.889837 dv-cinder-836083-3-iscsi devstack@c-api.service[110118]: [pid: 110118|app: 0|req: 61/110] 10.222.0.26 () {60 vars in 1365 bytes} [Mon Apr 11 12:58:31 2022] GET /volume/v3/4f487402b2c24e5d8bf0eb0505ea84fa/volumes/b6c6be73-8d32-4b48-9c82-2c3889308a29 => generated 998 bytes in 184 msecs (HTTP/1.1 200) 7 headers in 286 bytes (1 switches on core 0)
Apr 11 12:58:31.973412 dv-cinder-836083-3-iscsi devstack@c-api.service[110117]: DEBUG cinder.api.middleware.request_id [None req-3181674b-e28e-41bc-b947-745cebe2cbe4 None None] RequestId filter calling following filter/app {{(pid=110117) _context_setter /opt/stack/cinder/cinder/api/middleware/request_id.py:62}}
Apr 11 12:58:31.989889 dv-cinder-836083-3-iscsi devstack@c-api.service[110117]: INFO cinder.api.openstack.wsgi [None req-3181674b-e28e-41bc-b947-745cebe2cbe4 tempest-SnapshotsActionsTest-293063315 tempest-SnapshotsActionsTest-293063315-project] GET http://10.222.0.26/volume/v3/55f408b27b474a958ad6d5f3852fb835/snapshots/f292e1fa-7049-468b-a366-452168f08d83
Apr 11 12:58:31.991112 dv-cinder-836083-3-iscsi devstack@c-api.service[110117]: DEBUG cinder.api.openstack.wsgi [None req-3181674b-e28e-41bc-b947-745cebe2cbe4 tempest-SnapshotsActionsTest-293063315 tempest-SnapshotsActionsTest-293063315-project] Empty body provided in request {{(pid=110117) get_body /opt/stack/cinder/cinder/api/openstack/wsgi.py:715}}
Apr 11 12:58:31.993413 dv-cinder-836083-3-iscsi devstack@c-api.service[110117]: DEBUG cinder.api.openstack.wsgi [None req-3181674b-e28e-41bc-b947-745cebe2cbe4 tempest-SnapshotsActionsTest-293063315 tempest-SnapshotsActionsTest-293063315-project] Calling method 'show' {{(pid=110117) _process_stack /opt/stack/cinder/cinder/api/openstack/wsgi.py:868}}
Apr 11 12:58:32.014361 dv-cinder-836083-3-iscsi devstack@c-api.service[110117]: /usr/local/lib/python3.8/dist-packages/oslo_context/context.py:100: DeprecationWarning: Policy enforcement is depending on the value of is_admin. This key is deprecated. Please update your policy file to use the standard policy values.
Apr 11 12:58:32.014361 dv-cinder-836083-3-iscsi devstack@c-api.service[110117]: warnings.warn('Policy enforcement is depending on the value of '
Apr 11 12:58:32.018717 dv-cinder-836083-3-iscsi devstack@c-api.service[110117]: INFO cinder.volume.api [None req-3181674b-e28e-41bc-b947-745cebe2cbe4 tempest-SnapshotsActionsTest-293063315 tempest-SnapshotsActionsTest-293063315-project] Snapshot retrieved successfully.
Apr 11 12:58:32.055708 dv-cinder-836083-3-iscsi devstack@c-api.service[110117]: INFO cinder.api.openstack.wsgi [None req-3181674b-e28e-41bc-b947-745cebe2cbe4 tempest-SnapshotsActionsTest-293063315 tempest-SnapshotsActionsTest-293063315-project] http://10.222.0.26/volume/v3/55f408b27b474a958ad6d5f3852fb835/snapshots/f292e1fa-7049-468b-a366-452168f08d83 returned with HTTP 200
Apr 11 12:58:32.062506 dv-cinder-836083-3-iscsi devstack@c-api.service[110117]: [pid: 110117|app: 0|req: 50/111] 10.222.0.26 () {58 vars in 1330 bytes} [Mon Apr 11 12:58:31 2022] GET /volume/v3/55f408b27b474a958ad6d5f3852fb835/snapshots/f292e1fa-7049-468b-a366-452168f08d83 => generated 439 bytes in 91 msecs (HTTP/1.1 200) 7 headers in 285 bytes (1 switches on core 0)
Apr 11 12:58:32.904978 dv-cinder-836083-3-iscsi devstack@c-api.service[110118]: DEBUG cinder.api.middleware.request_id [None req-09e39c5a-24c7-4e0f-a265-5daf39a18393 None None] RequestId filter calling following filter/app {{(pid=110118) _context_setter /opt/stack/cinder/cinder/api/middleware/request_id.py:62}}
Apr 11 12:58:32.912459 dv-cinder-836083-3-iscsi devstack@c-api.service[110118]: INFO cinder.api.openstack.wsgi [None req-09e39c5a-24c7-4e0f-a265-5daf39a18393 tempest-GroupSnapshotsTest-1708017595 tempest-GroupSnapshotsTest-1708017595-project] GET http://10.222.0.26/volume/v3/4f487402b2c24e5d8bf0eb0505ea84fa/volumes/b6c6be73-8d32-4b48-9c82-2c3889308a29
Apr 11 12:58:32.913634 dv-cinder-836083-3-iscsi devstack@c-api.service[110118]: DEBUG cinder.api.openstack.wsgi [None req-09e39c5a-24c7-4e0f-a265-5daf39a18393 tempest-GroupSnapshotsTest-1708017595 tempest-GroupSnapshotsTest-1708017595-project] Empty body provided in request {{(pid=110118) get_body /opt/stack/cinder/cinder/api/openstack/wsgi.py:715}}
Apr 11 12:58:32.914276 dv-cinder-836083-3-iscsi devstack@c-api.service[110118]: DEBUG cinder.api.openstack.wsgi [None req-09e39c5a-24c7-4e0f-a265-5daf39a18393 tempest-GroupSnapshotsTest-1708017595 tempest-GroupSnapshotsTest-1708017595-project] Calling method 'show' {{(pid=110118) _process_stack /opt/stack/cinder/cinder/api/openstack/wsgi.py:868}}
Apr 11 12:58:32.944330 dv-cinder-836083-3-iscsi devstack@c-api.service[110118]: /usr/local/lib/python3.8/dist-packages/oslo_context/context.py:100: DeprecationWarning: Policy enforcement is depending on the value of is_admin. This key is deprecated. Please update your policy file to use the standard policy values.
Apr 11 12:58:32.944330 dv-cinder-836083-3-iscsi devstack@c-api.service[110118]: warnings.warn('Policy enforcement is depending on the value of '
Apr 11 12:58:32.986270 dv-cinder-836083-3-iscsi devstack@c-api.service[110118]: INFO cinder.volume.api [None req-09e39c5a-24c7-4e0f-a265-5daf39a18393 tempest-GroupSnapshotsTest-1708017595 tempest-GroupSnapshotsTest-1708017595-project] Volume info retrieved successfully.
Apr 11 12:58:32.987630 dv-cinder-836083-3-iscsi devstack@c-api.service[110118]: WARNING stevedore.named [None req-09e39c5a-24c7-4e0f-a265-5daf39a18393 tempest-GroupSnapshotsTest-1708017595 tempest-GroupSnapshotsTest-1708017595-project] Could not load cinder.keymgr.conf_key_mgr.ConfKeyManager
Apr 11 12:58:32.988032 dv-cinder-836083-3-iscsi devstack@c-api.service[110118]: WARNING castellan.key_manager [None req-09e39c5a-24c7-4e0f-a265-5daf39a18393 tempest-GroupSnapshotsTest-1708017595 tempest-GroupSnapshotsTest-1708017595-project] Deprecation Warning : cinder.keymgr.conf_key_mgr.ConfKeyManager is not a stevedore based driver, trying to load it as a class: stevedore.exception.NoMatches: No 'castellan.drivers' driver found, looking for 'cinder.keymgr.conf_key_mgr.ConfKeyManager'
Apr 11 12:58:33.002202 dv-cinder-836083-3-iscsi devstack@c-api.service[110118]: DEBUG oslo_db.sqlalchemy.engines [None req-09e39c5a-24c7-4e0f-a265-5daf39a18393 tempest-GroupSnapshotsTest-1708017595 tempest-GroupSnapshotsTest-1708017595-project] MySQL server mode set to STRICT_TRANS_TABLES,STRICT_ALL_TABLES,NO_ZERO_IN_DATE,NO_ZERO_DATE,ERROR_FOR_DIVISION_BY_ZERO,TRADITIONAL,NO_ENGINE_SUBSTITUTION {{(pid=110118) _check_effective_sql_mode /usr/local/lib/python3.8/dist-packages/oslo_db/sqlalchemy/engines.py:314}}
Apr 11 12:58:33.012149 dv-cinder-836083-3-iscsi devstack@c-api.service[110118]: /usr/local/lib/python3.8/dist-packages/oslo_context/context.py:100: DeprecationWarning: Policy enforcement is depending on the value of is_admin. This key is deprecated. Please update your policy file to use the standard policy values.
Apr 11 12:58:33.012149 dv-cinder-836083-3-iscsi devstack@c-api.service[110118]: warnings.warn('Policy enforcement is depending on the value of '
Apr 11 12:58:33.071894 dv-cinder-836083-3-iscsi devstack@c-api.service[110117]: DEBUG cinder.api.middleware.request_id [None req-7a69d4f9-9393-4a31-8928-02bfc4ef5181 None None] RequestId filter calling following filter/app {{(pid=110117) _context_setter /opt/stack/cinder/cinder/api/middleware/request_id.py:62}}
Apr 11 12:58:33.076133 dv-cinder-836083-3-iscsi devstack@c-api.service[110117]: INFO cinder.api.openstack.wsgi [None req-7a69d4f9-9393-4a31-8928-02bfc4ef5181 tempest-SnapshotsActionsTest-293063315 tempest-SnapshotsActionsTest-293063315-project] GET http://10.222.0.26/volume/v3/55f408b27b474a958ad6d5f3852fb835/snapshots/f292e1fa-7049-468b-a366-452168f08d83
Apr 11 12:58:33.077101 dv-cinder-836083-3-iscsi devstack@c-api.service[110117]: DEBUG cinder.api.openstack.wsgi [None req-7a69d4f9-9393-4a31-8928-02bfc4ef5181 tempest-SnapshotsActionsTest-293063315 tempest-SnapshotsActionsTest-293063315-project] Empty body provided in request {{(pid=110117) get_body /opt/stack/cinder/cinder/api/openstack/wsgi.py:715}}
Apr 11 12:58:33.077765 dv-cinder-836083-3-iscsi devstack@c-api.service[110117]: DEBUG cinder.api.openstack.wsgi [None req-7a69d4f9-9393-4a31-8928-02bfc4ef5181 tempest-SnapshotsActionsTest-293063315 tempest-SnapshotsActionsTest-293063315-project] Calling method 'show' {{(pid=110117) _process_stack /opt/stack/cinder/cinder/api/openstack/wsgi.py:868}}
Apr 11 12:58:33.097201 dv-cinder-836083-3-iscsi devstack@c-api.service[110118]: INFO cinder.api.openstack.wsgi [None req-09e39c5a-24c7-4e0f-a265-5daf39a18393 tempest-GroupSnapshotsTest-1708017595 tempest-GroupSnapshotsTest-1708017595-project] http://10.222.0.26/volume/v3/4f487402b2c24e5d8bf0eb0505ea84fa/volumes/b6c6be73-8d32-4b48-9c82-2c3889308a29 returned with HTTP 200
Apr 11 12:58:33.103352 dv-cinder-836083-3-iscsi devstack@c-api.service[110118]: [pid: 110118|app: 0|req: 62/112] 10.222.0.26 () {60 vars in 1365 bytes} [Mon Apr 11 12:58:32 2022] GET /volume/v3/4f487402b2c24e5d8bf0eb0505ea84fa/volumes/b6c6be73-8d32-4b48-9c82-2c3889308a29 => generated 999 bytes in 199 msecs (HTTP/1.1 200) 7 headers in 286 bytes (1 switches on core 0)
Apr 11 12:58:33.107912 dv-cinder-836083-3-iscsi devstack@c-api.service[110117]: /usr/local/lib/python3.8/dist-packages/oslo_context/context.py:100: DeprecationWarning: Policy enforcement is depending on the value of is_admin. This key is deprecated. Please update your policy file to use the standard policy values.
Apr 11 12:58:33.107912 dv-cinder-836083-3-iscsi devstack@c-api.service[110117]: warnings.warn('Policy enforcement is depending on the value of '
Apr 11 12:58:33.109407 dv-cinder-836083-3-iscsi devstack@c-api.service[110117]: INFO cinder.volume.api [None req-7a69d4f9-9393-4a31-8928-02bfc4ef5181 tempest-SnapshotsActionsTest-293063315 tempest-SnapshotsActionsTest-293063315-project] Snapshot retrieved successfully.
Apr 11 12:58:33.111500 dv-cinder-836083-3-iscsi devstack@c-api.service[110117]: INFO cinder.api.openstack.wsgi [None req-7a69d4f9-9393-4a31-8928-02bfc4ef5181 tempest-SnapshotsActionsTest-293063315 tempest-SnapshotsActionsTest-293063315-project] http://10.222.0.26/volume/v3/55f408b27b474a958ad6d5f3852fb835/snapshots/f292e1fa-7049-468b-a366-452168f08d83 returned with HTTP 200
Apr 11 12:58:33.112439 dv-cinder-836083-3-iscsi devstack@c-api.service[110118]: DEBUG cinder.api.middleware.request_id [None req-d9674fc9-463e-4fc4-b1ed-6066f2d70d45 None None] RequestId filter calling following filter/app {{(pid=110118) _context_setter /opt/stack/cinder/cinder/api/middleware/request_id.py:62}}
Apr 11 12:58:33.115752 dv-cinder-836083-3-iscsi devstack@c-api.service[110117]: [pid: 110117|app: 0|req: 51/113] 10.222.0.26 () {58 vars in 1330 bytes} [Mon Apr 11 12:58:33 2022] GET /volume/v3/55f408b27b474a958ad6d5f3852fb835/snapshots/f292e1fa-7049-468b-a366-452168f08d83 => generated 466 bytes in 46 msecs (HTTP/1.1 200) 7 headers in 285 bytes (1 switches on core 0)
Apr 11 12:58:33.124175 dv-cinder-836083-3-iscsi devstack@c-api.service[110117]: DEBUG cinder.api.middleware.request_id [None req-3756f98f-15aa-4bc6-a175-750d303155d2 None None] RequestId filter calling following filter/app {{(pid=110117) _context_setter /opt/stack/cinder/cinder/api/middleware/request_id.py:62}}
Apr 11 12:58:33.130736 dv-cinder-836083-3-iscsi devstack@c-api.service[110118]: INFO cinder.api.openstack.wsgi [None req-d9674fc9-463e-4fc4-b1ed-6066f2d70d45 tempest-GroupSnapshotsTest-1708017595 tempest-GroupSnapshotsTest-1708017595-project] PUT http://10.222.0.26/volume/v3/4f487402b2c24e5d8bf0eb0505ea84fa/groups/6884ea0b-571e-4401-94a8-f9fc9ae5f3b4
Apr 11 12:58:33.131501 dv-cinder-836083-3-iscsi devstack@c-api.service[110118]: DEBUG cinder.api.openstack.wsgi [None req-d9674fc9-463e-4fc4-b1ed-6066f2d70d45 tempest-GroupSnapshotsTest-1708017595 tempest-GroupSnapshotsTest-1708017595-project] Action: 'update', calling method: version_select, body: {"group": {"remove_volumes": "29e7c2bf-c27c-4e8e-b273-e1cebf317910"}} {{(pid=110118) _process_stack /opt/stack/cinder/cinder/api/openstack/wsgi.py:866}}
Apr 11 12:58:33.132508 dv-cinder-836083-3-iscsi devstack@c-api.service[110118]: DEBUG cinder.api.v3.groups [None req-d9674fc9-463e-4fc4-b1ed-6066f2d70d45 tempest-GroupSnapshotsTest-1708017595 tempest-GroupSnapshotsTest-1708017595-project] Update called for group 6884ea0b-571e-4401-94a8-f9fc9ae5f3b4. {{(pid=110118) update /opt/stack/cinder/cinder/api/v3/groups.py:302}}
Apr 11 12:58:33.132763 dv-cinder-836083-3-iscsi devstack@c-api.service[110118]: INFO cinder.api.v3.groups [None req-d9674fc9-463e-4fc4-b1ed-6066f2d70d45 tempest-GroupSnapshotsTest-1708017595 tempest-GroupSnapshotsTest-1708017595-project] Updating group 6884ea0b-571e-4401-94a8-f9fc9ae5f3b4 with name None description: None add_volumes: None remove_volumes: 29e7c2bf-c27c-4e8e-b273-e1cebf317910.
Apr 11 12:58:33.134118 dv-cinder-836083-3-iscsi devstack@c-api.service[110117]: INFO cinder.api.openstack.wsgi [None req-3756f98f-15aa-4bc6-a175-750d303155d2 tempest-SnapshotsActionsTest-715965754 tempest-SnapshotsActionsTest-715965754-project-admin] POST http://10.222.0.26/volume/v3/d556cb0e406e4b7bb924ab0844db9b2b/snapshots/f292e1fa-7049-468b-a366-452168f08d83/action
Apr 11 12:58:33.135197 dv-cinder-836083-3-iscsi devstack@c-api.service[110117]: DEBUG cinder.api.openstack.wsgi [None req-3756f98f-15aa-4bc6-a175-750d303155d2 tempest-SnapshotsActionsTest-715965754 tempest-SnapshotsActionsTest-715965754-project-admin] Action body: b'{"os-reset_status": {"status": "creating"}}' {{(pid=110117) get_method /opt/stack/cinder/cinder/api/openstack/wsgi.py:983}}
Apr 11 12:58:33.135526 dv-cinder-836083-3-iscsi devstack@c-api.service[110117]: DEBUG cinder.api.openstack.wsgi [None req-3756f98f-15aa-4bc6-a175-750d303155d2 tempest-SnapshotsActionsTest-715965754 tempest-SnapshotsActionsTest-715965754-project-admin] Action: 'action', calling method: _reset_status, body: {"os-reset_status": {"status": "creating"}} {{(pid=110117) _process_stack /opt/stack/cinder/cinder/api/openstack/wsgi.py:866}}
Apr 11 12:58:33.136376 dv-cinder-836083-3-iscsi devstack@c-api.service[110117]: DEBUG cinder.api.contrib.admin_actions [None req-3756f98f-15aa-4bc6-a175-750d303155d2 tempest-SnapshotsActionsTest-715965754 tempest-SnapshotsActionsTest-715965754-project-admin] Updating snapshot 'f292e1fa-7049-468b-a366-452168f08d83' with '{'status': 'creating'}' {{(pid=110117) _reset_status /opt/stack/cinder/cinder/api/contrib/admin_actions.py:100}}
Apr 11 12:58:33.186995 dv-cinder-836083-3-iscsi devstack@c-api.service[110118]: /usr/local/lib/python3.8/dist-packages/oslo_context/context.py:100: DeprecationWarning: Policy enforcement is depending on the value of is_admin. This key is deprecated. Please update your policy file to use the standard policy values.
Apr 11 12:58:33.186995 dv-cinder-836083-3-iscsi devstack@c-api.service[110118]: warnings.warn('Policy enforcement is depending on the value of '
Apr 11 12:58:33.197259 dv-cinder-836083-3-iscsi devstack@c-api.service[110117]: /usr/local/lib/python3.8/dist-packages/oslo_context/context.py:100: DeprecationWarning: Policy enforcement is depending on the value of is_admin. This key is deprecated. Please update your policy file to use the standard policy values.
Apr 11 12:58:33.197259 dv-cinder-836083-3-iscsi devstack@c-api.service[110117]: warnings.warn('Policy enforcement is depending on the value of '
Apr 11 12:58:33.257470 dv-cinder-836083-3-iscsi devstack@c-api.service[110118]: INFO cinder.api.openstack.wsgi [None req-d9674fc9-463e-4fc4-b1ed-6066f2d70d45 tempest-GroupSnapshotsTest-1708017595 tempest-GroupSnapshotsTest-1708017595-project] http://10.222.0.26/volume/v3/4f487402b2c24e5d8bf0eb0505ea84fa/groups/6884ea0b-571e-4401-94a8-f9fc9ae5f3b4 returned with HTTP 202
Apr 11 12:58:33.262114 dv-cinder-836083-3-iscsi devstack@c-api.service[110118]: [pid: 110118|app: 0|req: 63/114] 10.222.0.26 () {62 vars in 1382 bytes} [Mon Apr 11 12:58:33 2022] PUT /volume/v3/4f487402b2c24e5d8bf0eb0505ea84fa/groups/6884ea0b-571e-4401-94a8-f9fc9ae5f3b4 => generated 0 bytes in 148 msecs (HTTP/1.1 202) 6 headers in 234 bytes (1 switches on core 0)
Apr 11 12:58:33.268960 dv-cinder-836083-3-iscsi devstack@c-api.service[110118]: DEBUG cinder.api.middleware.request_id [None req-05cbc1a7-0f88-4d88-96ce-a13ffdd7895e None None] RequestId filter calling following filter/app {{(pid=110118) _context_setter /opt/stack/cinder/cinder/api/middleware/request_id.py:62}}
Apr 11 12:58:33.269302 dv-cinder-836083-3-iscsi devstack@c-api.service[110117]: INFO cinder.api.openstack.wsgi [None req-3756f98f-15aa-4bc6-a175-750d303155d2 tempest-SnapshotsActionsTest-715965754 tempest-SnapshotsActionsTest-715965754-project-admin] http://10.222.0.26/volume/v3/d556cb0e406e4b7bb924ab0844db9b2b/snapshots/f292e1fa-7049-468b-a366-452168f08d83/action returned with HTTP 202
Apr 11 12:58:33.272477 dv-cinder-836083-3-iscsi devstack@c-api.service[110117]: [pid: 110117|app: 0|req: 52/115] 10.222.0.26 () {60 vars in 1372 bytes} [Mon Apr 11 12:58:33 2022] POST /volume/v3/d556cb0e406e4b7bb924ab0844db9b2b/snapshots/f292e1fa-7049-468b-a366-452168f08d83/action => generated 0 bytes in 149 msecs (HTTP/1.1 202) 7 headers in 289 bytes (1 switches on core 0)
Apr 11 12:58:33.274914 dv-cinder-836083-3-iscsi devstack@c-api.service[110117]: DEBUG cinder.api.middleware.request_id [None req-4eaaf13f-933a-42dc-8fbc-b4504f1a02a8 None None] RequestId filter calling following filter/app {{(pid=110117) _context_setter /opt/stack/cinder/cinder/api/middleware/request_id.py:62}}
Apr 11 12:58:33.279583 dv-cinder-836083-3-iscsi devstack@c-api.service[110118]: INFO cinder.api.openstack.wsgi [None req-05cbc1a7-0f88-4d88-96ce-a13ffdd7895e tempest-GroupSnapshotsTest-1708017595 tempest-GroupSnapshotsTest-1708017595-project] GET http://10.222.0.26/volume/v3/4f487402b2c24e5d8bf0eb0505ea84fa/groups/6884ea0b-571e-4401-94a8-f9fc9ae5f3b4
Apr 11 12:58:33.282869 dv-cinder-836083-3-iscsi devstack@c-api.service[110118]: DEBUG cinder.api.openstack.wsgi [None req-05cbc1a7-0f88-4d88-96ce-a13ffdd7895e tempest-GroupSnapshotsTest-1708017595 tempest-GroupSnapshotsTest-1708017595-project] Empty body provided in request {{(pid=110118) get_body /opt/stack/cinder/cinder/api/openstack/wsgi.py:715}}
Apr 11 12:58:33.283342 dv-cinder-836083-3-iscsi devstack@c-api.service[110118]: DEBUG cinder.api.openstack.wsgi [None req-05cbc1a7-0f88-4d88-96ce-a13ffdd7895e tempest-GroupSnapshotsTest-1708017595 tempest-GroupSnapshotsTest-1708017595-project] Calling method 'version_select' {{(pid=110118) _process_stack /opt/stack/cinder/cinder/api/openstack/wsgi.py:868}}
Apr 11 12:58:33.287500 dv-cinder-836083-3-iscsi devstack@c-api.service[110118]: DEBUG cinder.api.v3.groups [None req-05cbc1a7-0f88-4d88-96ce-a13ffdd7895e tempest-GroupSnapshotsTest-1708017595 tempest-GroupSnapshotsTest-1708017595-project] show called for member 6884ea0b-571e-4401-94a8-f9fc9ae5f3b4 {{(pid=110118) show /opt/stack/cinder/cinder/api/v3/groups.py:58}}
Apr 11 12:58:33.294066 dv-cinder-836083-3-iscsi devstack@c-api.service[110117]: INFO cinder.api.openstack.wsgi [None req-4eaaf13f-933a-42dc-8fbc-b4504f1a02a8 tempest-SnapshotsActionsTest-293063315 tempest-SnapshotsActionsTest-293063315-project] GET http://10.222.0.26/volume/v3/55f408b27b474a958ad6d5f3852fb835/snapshots/f292e1fa-7049-468b-a366-452168f08d83
Apr 11 12:58:33.294549 dv-cinder-836083-3-iscsi devstack@c-api.service[110117]: DEBUG cinder.api.openstack.wsgi [None req-4eaaf13f-933a-42dc-8fbc-b4504f1a02a8 tempest-SnapshotsActionsTest-293063315 tempest-SnapshotsActionsTest-293063315-project] Empty body provided in request {{(pid=110117) get_body /opt/stack/cinder/cinder/api/openstack/wsgi.py:715}}
Apr 11 12:58:33.295020 dv-cinder-836083-3-iscsi devstack@c-api.service[110117]: DEBUG cinder.api.openstack.wsgi [None req-4eaaf13f-933a-42dc-8fbc-b4504f1a02a8 tempest-SnapshotsActionsTest-293063315 tempest-SnapshotsActionsTest-293063315-project] Calling method 'show' {{(pid=110117) _process_stack /opt/stack/cinder/cinder/api/openstack/wsgi.py:868}}
Apr 11 12:58:33.304711 dv-cinder-836083-3-iscsi devstack@c-api.service[110118]: /usr/local/lib/python3.8/dist-packages/oslo_context/context.py:100: DeprecationWarning: Policy enforcement is depending on the value of is_admin. This key is deprecated. Please update your policy file to use the standard policy values.
Apr 11 12:58:33.304711 dv-cinder-836083-3-iscsi devstack@c-api.service[110118]: warnings.warn('Policy enforcement is depending on the value of '
Apr 11 12:58:33.331272 dv-cinder-836083-3-iscsi devstack@c-api.service[110117]: /usr/local/lib/python3.8/dist-packages/oslo_context/context.py:100: DeprecationWarning: Policy enforcement is depending on the value of is_admin. This key is deprecated. Please update your policy file to use the standard policy values.
Apr 11 12:58:33.331272 dv-cinder-836083-3-iscsi devstack@c-api.service[110117]: warnings.warn('Policy enforcement is depending on the value of '
Apr 11 12:58:33.332325 dv-cinder-836083-3-iscsi devstack@c-api.service[110117]: INFO cinder.volume.api [None req-4eaaf13f-933a-42dc-8fbc-b4504f1a02a8 tempest-SnapshotsActionsTest-293063315 tempest-SnapshotsActionsTest-293063315-project] Snapshot retrieved successfully.
Apr 11 12:58:33.334209 dv-cinder-836083-3-iscsi devstack@c-api.service[110117]: INFO cinder.api.openstack.wsgi [None req-4eaaf13f-933a-42dc-8fbc-b4504f1a02a8 tempest-SnapshotsActionsTest-293063315 tempest-SnapshotsActionsTest-293063315-project] http://10.222.0.26/volume/v3/55f408b27b474a958ad6d5f3852fb835/snapshots/f292e1fa-7049-468b-a366-452168f08d83 returned with HTTP 200
Apr 11 12:58:33.334893 dv-cinder-836083-3-iscsi devstack@c-api.service[110117]: [pid: 110117|app: 0|req: 53/116] 10.222.0.26 () {58 vars in 1330 bytes} [Mon Apr 11 12:58:33 2022] GET /volume/v3/55f408b27b474a958ad6d5f3852fb835/snapshots/f292e1fa-7049-468b-a366-452168f08d83 => generated 465 bytes in 61 msecs (HTTP/1.1 200) 7 headers in 285 bytes (1 switches on core 0)
Apr 11 12:58:33.350427 dv-cinder-836083-3-iscsi devstack@c-api.service[110118]: INFO cinder.api.openstack.wsgi [None req-05cbc1a7-0f88-4d88-96ce-a13ffdd7895e tempest-GroupSnapshotsTest-1708017595 tempest-GroupSnapshotsTest-1708017595-project] http://10.222.0.26/volume/v3/4f487402b2c24e5d8bf0eb0505ea84fa/groups/6884ea0b-571e-4401-94a8-f9fc9ae5f3b4 returned with HTTP 200
Apr 11 12:58:33.355932 dv-cinder-836083-3-iscsi devstack@c-api.service[110118]: [pid: 110118|app: 0|req: 64/117] 10.222.0.26 () {60 vars in 1362 bytes} [Mon Apr 11 12:58:33 2022] GET /volume/v3/4f487402b2c24e5d8bf0eb0505ea84fa/groups/6884ea0b-571e-4401-94a8-f9fc9ae5f3b4 => generated 391 bytes in 89 msecs (HTTP/1.1 200) 7 headers in 286 bytes (1 switches on core 0)
Apr 11 12:58:33.356275 dv-cinder-836083-3-iscsi devstack@c-api.service[110117]: DEBUG cinder.api.middleware.request_id [None req-ec37709d-4d0c-494f-b488-9af92a28b256 None None] RequestId filter calling following filter/app {{(pid=110117) _context_setter /opt/stack/cinder/cinder/api/middleware/request_id.py:62}}
Apr 11 12:58:33.391599 dv-cinder-836083-3-iscsi devstack@c-api.service[110117]: INFO cinder.api.openstack.wsgi [None req-ec37709d-4d0c-494f-b488-9af92a28b256 tempest-SnapshotsActionsTest-715965754 tempest-SnapshotsActionsTest-715965754-project-admin] POST http://10.222.0.26/volume/v3/d556cb0e406e4b7bb924ab0844db9b2b/snapshots/f292e1fa-7049-468b-a366-452168f08d83/action
Apr 11 12:58:33.394053 dv-cinder-836083-3-iscsi devstack@c-api.service[110117]: DEBUG cinder.api.openstack.wsgi [None req-ec37709d-4d0c-494f-b488-9af92a28b256 tempest-SnapshotsActionsTest-715965754 tempest-SnapshotsActionsTest-715965754-project-admin] Action body: b'{"os-force_delete": {}}' {{(pid=110117) get_method /opt/stack/cinder/cinder/api/openstack/wsgi.py:983}}
Apr 11 12:58:33.397393 dv-cinder-836083-3-iscsi devstack@c-api.service[110117]: DEBUG cinder.api.openstack.wsgi [None req-ec37709d-4d0c-494f-b488-9af92a28b256 tempest-SnapshotsActionsTest-715965754 tempest-SnapshotsActionsTest-715965754-project-admin] Action: 'action', calling method: _force_delete, body: {"os-force_delete": {}} {{(pid=110117) _process_stack /opt/stack/cinder/cinder/api/openstack/wsgi.py:866}}
