Apr 01 13:02:08.671159 dv-cinder-836083-2-smb neutron-server[110153]: INFO neutron.wsgi [req-10333271-02a1-4641-89fa-af6c7a151433 req-96f5fe00-4162-4417-b516-3892bf3de02a service neutron] 10.222.0.60 "GET /v2.0/ports?network_id=f4680f4e-5e27-41f8-a910-dfca370968d8&device_owner=network%3Adhcp HTTP/1.1" status: 200 len: 1210 time: 0.1737137
Apr 01 13:02:08.704252 dv-cinder-836083-2-smb neutron-server[110152]: DEBUG neutron_lib.callbacks.manager [None req-ed05c737-1a11-46c3-ae27-8d31a2145ec9 admin admin] Subscribe: > subnet after_create 55550000 {{(pid=110152) subscribe /usr/local/lib/python3.8/dist-packages/neutron_lib/callbacks/manager.py:45}}
Apr 01 13:02:08.705359 dv-cinder-836083-2-smb neutron-server[110152]: DEBUG neutron_lib.callbacks.manager [None req-ed05c737-1a11-46c3-ae27-8d31a2145ec9 admin admin] Subscribe: > subnet after_delete 55550000 {{(pid=110152) subscribe /usr/local/lib/python3.8/dist-packages/neutron_lib/callbacks/manager.py:45}}
Apr 01 13:02:08.705713 dv-cinder-836083-2-smb neutron-server[110152]: DEBUG neutron_lib.callbacks.manager [None req-ed05c737-1a11-46c3-ae27-8d31a2145ec9 admin admin] Subscribe: > subnet before_create 55550000 {{(pid=110152) subscribe /usr/local/lib/python3.8/dist-packages/neutron_lib/callbacks/manager.py:45}}
Apr 01 13:02:08.706058 dv-cinder-836083-2-smb neutron-server[110152]: DEBUG neutron_lib.callbacks.manager [None req-ed05c737-1a11-46c3-ae27-8d31a2145ec9 admin admin] Subscribe: > subnet before_update 55550000 {{(pid=110152) subscribe /usr/local/lib/python3.8/dist-packages/neutron_lib/callbacks/manager.py:45}}
Apr 01 13:02:08.706471 dv-cinder-836083-2-smb neutron-server[110152]: DEBUG neutron.services.segments.db [None req-ed05c737-1a11-46c3-ae27-8d31a2145ec9 admin admin] neutron.services.segments.plugin.Plugin method get_segments called with arguments (,) {'filters': {'network_id': ['55f057ef-b98b-44c7-afb2-0032cd3a9e53']}} {{(pid=110152) wrapper /usr/local/lib/python3.8/dist-packages/oslo_log/helpers.py:65}}
Apr 01 13:02:08.720259 dv-cinder-836083-2-smb neutron-server[110153]: DEBUG neutron_lib.callbacks.manager [None req-1add3a31-a184-4148-ad59-0730233934a5 admin admin] Publish callbacks [] for security_group (98458b37-b99e-49f1-8062-1bbd61fe63f8), before_delete {{(pid=110153) _notify_loop /usr/local/lib/python3.8/dist-packages/neutron_lib/callbacks/manager.py:176}}
Apr 01 13:02:08.730113 dv-cinder-836083-2-smb neutron-server[110152]: DEBUG neutron.services.segments.db [None req-ed05c737-1a11-46c3-ae27-8d31a2145ec9 admin admin] neutron.services.segments.plugin.Plugin method delete_segment called with arguments (, 'd2fcdb3a-a69a-4825-8e18-a2e33a46ba6e') {'for_net_delete': True} {{(pid=110152) wrapper /usr/local/lib/python3.8/dist-packages/oslo_log/helpers.py:65}}
Apr 01 13:02:08.730654 dv-cinder-836083-2-smb neutron-server[110152]: DEBUG neutron.services.segments.db [None req-ed05c737-1a11-46c3-ae27-8d31a2145ec9 admin admin] neutron.services.segments.plugin.Plugin method get_segment called with arguments (, 'd2fcdb3a-a69a-4825-8e18-a2e33a46ba6e') {} {{(pid=110152) wrapper /usr/local/lib/python3.8/dist-packages/oslo_log/helpers.py:65}}
Apr 01 13:02:08.756159 dv-cinder-836083-2-smb neutron-server[110152]: DEBUG neutron_lib.callbacks.manager [None req-ed05c737-1a11-46c3-ae27-8d31a2145ec9 admin admin] Publish callbacks ['neutron.plugins.ml2.db._prevent_segment_delete_with_port_bound-8739740516163', 'neutron.services.segments.plugin.Plugin._prevent_segment_delete_with_subnet_associated-27543578'] for segment (d2fcdb3a-a69a-4825-8e18-a2e33a46ba6e), before_delete {{(pid=110152) _notify_loop /usr/local/lib/python3.8/dist-packages/neutron_lib/callbacks/manager.py:176}}
Apr 01 13:02:08.791955 dv-cinder-836083-2-smb neutron-server[110153]: DEBUG neutron_lib.callbacks.manager [None req-1add3a31-a184-4148-ad59-0730233934a5 admin admin] Publish callbacks [] for security_group (98458b37-b99e-49f1-8062-1bbd61fe63f8), precommit_delete {{(pid=110153) _notify_loop /usr/local/lib/python3.8/dist-packages/neutron_lib/callbacks/manager.py:176}}
Apr 01 13:02:08.811518 dv-cinder-836083-2-smb neutron-server[110152]: DEBUG neutron_lib.callbacks.manager [None req-ed05c737-1a11-46c3-ae27-8d31a2145ec9 admin admin] Publish callbacks ['neutron.plugins.ml2.plugin.Ml2Plugin._handle_segment_change-3337812'] for segment (d2fcdb3a-a69a-4825-8e18-a2e33a46ba6e), precommit_delete {{(pid=110152) _notify_loop /usr/local/lib/python3.8/dist-packages/neutron_lib/callbacks/manager.py:176}}
Apr 01 13:02:08.831187 dv-cinder-836083-2-smb neutron-server[110152]: DEBUG neutron.plugins.ml2.drivers.type_vlan [None req-ed05c737-1a11-46c3-ae27-8d31a2145ec9 admin admin] Releasing vlan 624 on physical network physnet1 to pool {{(pid=110152) release_segment /opt/stack/neutron/neutron/plugins/ml2/drivers/type_vlan.py:304}}
Apr 01 13:02:08.831833 dv-cinder-836083-2-smb neutron-server[110152]: DEBUG neutron_lib.callbacks.manager [None req-ed05c737-1a11-46c3-ae27-8d31a2145ec9 admin admin] Publish callbacks ['neutron.plugins.ml2.plugin.Ml2Plugin._handle_segment_change-3337812', 'neutron.services.segments.plugin.NovaSegmentNotifier._notify_segment_deleted-27873922'] for segment (d2fcdb3a-a69a-4825-8e18-a2e33a46ba6e), after_delete {{(pid=110152) _notify_loop /usr/local/lib/python3.8/dist-packages/neutron_lib/callbacks/manager.py:176}}
Apr 01 13:02:08.912057 dv-cinder-836083-2-smb neutron-server[110153]: INFO neutron.wsgi [req-10333271-02a1-4641-89fa-af6c7a151433 req-bea18163-1775-4af4-b441-3576443b8aa4 service neutron] 10.222.0.60 "GET /v2.0/networks/f4680f4e-5e27-41f8-a910-dfca370968d8?fields=segments HTTP/1.1" status: 200 len: 212 time: 0.2288041
Apr 01 13:02:08.918664 dv-cinder-836083-2-smb neutron-server[110152]: /usr/lib/python3/dist-packages/secretstorage/dhcrypto.py:15: CryptographyDeprecationWarning: int_from_bytes is deprecated, use int.from_bytes instead
Apr 01 13:02:08.918664 dv-cinder-836083-2-smb neutron-server[110152]: from cryptography.utils import int_from_bytes
Apr 01 13:02:08.918664 dv-cinder-836083-2-smb neutron-server[110152]: /usr/lib/python3/dist-packages/secretstorage/util.py:19: CryptographyDeprecationWarning: int_from_bytes is deprecated, use int.from_bytes instead
Apr 01 13:02:08.918664 dv-cinder-836083-2-smb neutron-server[110152]: from cryptography.utils import int_from_bytes
Apr 01 13:02:08.918664 dv-cinder-836083-2-smb neutron-server[110152]: Traceback (most recent call last):
Apr 01 13:02:08.918664 dv-cinder-836083-2-smb neutron-server[110152]: File "/usr/local/lib/python3.8/dist-packages/eventlet/hubs/hub.py", line 476, in fire_timers
Apr 01 13:02:08.918664 dv-cinder-836083-2-smb neutron-server[110152]: timer()
Apr 01 13:02:08.918664 dv-cinder-836083-2-smb neutron-server[110152]: File "/usr/local/lib/python3.8/dist-packages/eventlet/hubs/timer.py", line 59, in __call__
Apr 01 13:02:08.918664 dv-cinder-836083-2-smb neutron-server[110152]: cb(*args, **kw)
Apr 01 13:02:08.918664 dv-cinder-836083-2-smb neutron-server[110152]: File "/opt/stack/neutron/neutron/common/utils.py", line 921, in wrapper
Apr 01 13:02:08.918664 dv-cinder-836083-2-smb neutron-server[110152]: return func(*args, **kwargs)
Apr 01 13:02:08.918664 dv-cinder-836083-2-smb neutron-server[110152]: File "/opt/stack/neutron/neutron/notifiers/batch_notifier.py", line 58, in synced_send
Apr 01 13:02:08.918664 dv-cinder-836083-2-smb neutron-server[110152]: self._notify()
Apr 01 13:02:08.918664 dv-cinder-836083-2-smb neutron-server[110152]: File "/opt/stack/neutron/neutron/notifiers/batch_notifier.py", line 69, in _notify
Apr 01 13:02:08.918664 dv-cinder-836083-2-smb neutron-server[110152]: self.callback(batched_events)
Apr 01 13:02:08.918664 dv-cinder-836083-2-smb neutron-server[110152]: File "/opt/stack/neutron/neutron/services/segments/plugin.py", line 211, in _send_notifications
Apr 01 13:02:08.918664 dv-cinder-836083-2-smb neutron-server[110152]: event.method(event)
Apr 01 13:02:08.918664 dv-cinder-836083-2-smb neutron-server[110152]: File "/opt/stack/neutron/neutron/services/segments/plugin.py", line 383, in _delete_nova_inventory
Apr 01 13:02:08.918664 dv-cinder-836083-2-smb neutron-server[110152]: aggregate_id = self._get_aggregate_id(event.segment_id)
Apr 01 13:02:08.918664 dv-cinder-836083-2-smb neutron-server[110152]: File "/opt/stack/neutron/neutron/services/segments/plugin.py", line 370, in _get_aggregate_id
Apr 01 13:02:08.918664 dv-cinder-836083-2-smb neutron-server[110152]: aggregate_uuid = self.p_client.list_aggregates(
Apr 01 13:02:08.918664 dv-cinder-836083-2-smb neutron-server[110152]: File "/usr/local/lib/python3.8/dist-packages/neutron_lib/placement/client.py", line 58, in wrapper
Apr 01 13:02:08.918664 dv-cinder-836083-2-smb neutron-server[110152]: return f(self, *a, **k)
Apr 01 13:02:08.918664 dv-cinder-836083-2-smb neutron-server[110152]: File "/usr/local/lib/python3.8/dist-packages/neutron_lib/placement/client.py", line 554, in list_aggregates
Apr 01 13:02:08.918664 dv-cinder-836083-2-smb neutron-server[110152]: return self._get(url).json()
Apr 01 13:02:08.918664 dv-cinder-836083-2-smb neutron-server[110152]: File "/usr/local/lib/python3.8/dist-packages/neutron_lib/placement/client.py", line 190, in _get
Apr 01 13:02:08.918664 dv-cinder-836083-2-smb neutron-server[110152]: return self._client.get(url, endpoint_filter=self._ks_filter,
Apr 01 13:02:08.918664 dv-cinder-836083-2-smb neutron-server[110152]: File "/usr/local/lib/python3.8/dist-packages/keystoneauth1/session.py", line 1141, in get
Apr 01 13:02:08.918664 dv-cinder-836083-2-smb neutron-server[110152]: return self.request(url, 'GET', **kwargs)
Apr 01 13:02:08.918664 dv-cinder-836083-2-smb neutron-server[110152]: File "/usr/local/lib/python3.8/dist-packages/keystoneauth1/session.py", line 811, in request
Apr 01 13:02:08.918664 dv-cinder-836083-2-smb neutron-server[110152]: base_url = self.get_endpoint(auth, allow=allow,
Apr 01 13:02:08.918664 dv-cinder-836083-2-smb neutron-server[110152]: File "/usr/local/lib/python3.8/dist-packages/keystoneauth1/session.py", line 1241, in get_endpoint
Apr 01 13:02:08.918664 dv-cinder-836083-2-smb neutron-server[110152]: auth = self._auth_required(auth, 'determine endpoint URL')
Apr 01 13:02:08.918664 dv-cinder-836083-2-smb neutron-server[110152]: File "/usr/local/lib/python3.8/dist-packages/keystoneauth1/session.py", line 1181, in _auth_required
Apr 01 13:02:08.918664 dv-cinder-836083-2-smb neutron-server[110152]: raise exceptions.MissingAuthPlugin(msg_fmt % msg)
Apr 01 13:02:08.918664 dv-cinder-836083-2-smb neutron-server[110152]: keystoneauth1.exceptions.auth_plugins.MissingAuthPlugin: An auth plugin is required to determine endpoint URL
Apr 01 13:02:08.984633 dv-cinder-836083-2-smb neutron-server[110152]: INFO neutron.wsgi [req-dbdebf23-efb5-4ff3-b7ba-8963d9d9bd5d req-2c392011-50d8-4f71-8ab8-c3becf2ce308 tempest-AttachVolumeNegativeTest-1237076312 tempest-AttachVolumeNegativeTest-1237076312-project] 10.222.0.48 "GET /v2.0/ports?device_id=e4b49f40-c16b-4422-b063-f637b99eaa20 HTTP/1.1" status: 200 len: 210 time: 0.0629826
Apr 01 13:02:08.986198 dv-cinder-836083-2-smb neutron-server[110152]: INFO neutron.wsgi [req-df3ce9f8-3e6d-493f-b5bf-315d20544039 req-3d075213-5bfb-4800-9c1f-8ef1b1c8d9dd tempest-ServerRescueNegativeTestJSON-653235128 tempest-ServerRescueNegativeTestJSON-653235128-project] 10.222.0.48 "GET /v2.0/ports?device_id=9b13bce5-4915-491f-b2ed-9454ad960d05 HTTP/1.1" status: 200 len: 210 time: 0.0637519
Apr 01 13:02:08.988659 dv-cinder-836083-2-smb neutron-server[110153]: DEBUG neutron.wsgi [-] (110153) accepted ('10.222.0.60', 49925) {{(pid=110153) server /usr/local/lib/python3.8/dist-packages/eventlet/wsgi.py:1004}}
Apr 01 13:02:09.086556 dv-cinder-836083-2-smb neutron-server[110153]: DEBUG neutron_lib.callbacks.manager [None req-1add3a31-a184-4148-ad59-0730233934a5 admin admin] Publish callbacks ['neutron.plugins.ml2.ovo_rpc._ObjectChangeHandler.handle_event-3686617'] for security_group (98458b37-b99e-49f1-8062-1bbd61fe63f8), after_delete {{(pid=110153) _notify_loop /usr/local/lib/python3.8/dist-packages/neutron_lib/callbacks/manager.py:176}}
Apr 01 13:02:09.089772 dv-cinder-836083-2-smb neutron-server[110153]: DEBUG neutron_lib.callbacks.manager [None req-1add3a31-a184-4148-ad59-0730233934a5 admin admin] Publish callbacks [] for security_group (None), before_response {{(pid=110153) _notify_loop /usr/local/lib/python3.8/dist-packages/neutron_lib/callbacks/manager.py:176}}
Apr 01 13:02:09.090993 dv-cinder-836083-2-smb neutron-server[110153]: INFO neutron.wsgi [None req-1add3a31-a184-4148-ad59-0730233934a5 admin admin] 10.222.0.48 "DELETE /v2.0/security-groups/98458b37-b99e-49f1-8062-1bbd61fe63f8 HTTP/1.1" status: 204 len: 168 time: 0.5831788
Apr 01 13:02:09.107520 dv-cinder-836083-2-smb neutron-server[110153]: INFO neutron.wsgi [req-10333271-02a1-4641-89fa-af6c7a151433 req-67e6af9c-620f-4f65-ae55-390ad4e99cca service neutron] 10.222.0.60 "GET /v2.0/networks/f4680f4e-5e27-41f8-a910-dfca370968d8?fields=provider%3Aphysical_network&fields=provider%3Anetwork_type HTTP/1.1" status: 200 len: 281 time: 0.1784556
Apr 01 13:02:09.117336 dv-cinder-836083-2-smb neutron-server[110153]: DEBUG neutron.api.rpc.handlers.resources_rpc [None req-1add3a31-a184-4148-ad59-0730233934a5 admin admin] Pushing event deleted for resources: {'SecurityGroup': ['ID=98458b37-b99e-49f1-8062-1bbd61fe63f8,revision_number=None']} {{(pid=110153) push /opt/stack/neutron/neutron/api/rpc/handlers/resources_rpc.py:237}}
Apr 01 13:02:09.122019 dv-cinder-836083-2-smb neutron-server[110152]: DEBUG neutron.pecan_wsgi.hooks.policy_enforcement [req-402d9558-a8b7-45bd-8652-b811a4423d13 req-bb1caa69-1f6d-441e-85c6-240853777ad0 tempest-DeleteServersTestJSON-183732494 tempest-DeleteServersTestJSON-183732494-project] Attributes excluded by policy engine: ['standard_attr_id', 'binding:profile', 'binding:host_id', 'binding:vif_type', 'binding:vif_details'] {{(pid=110152) _exclude_attributes_by_policy /opt/stack/neutron/neutron/pecan_wsgi/hooks/policy_enforcement.py:255}}
Apr 01 13:02:09.132907 dv-cinder-836083-2-smb neutron-server[110152]: INFO neutron.wsgi [req-402d9558-a8b7-45bd-8652-b811a4423d13 req-bb1caa69-1f6d-441e-85c6-240853777ad0 tempest-DeleteServersTestJSON-183732494 tempest-DeleteServersTestJSON-183732494-project] 10.222.0.48 "GET /v2.0/ports?device_id=1ed8a9d1-d0e5-4f7e-bfc6-153bfbd33527 HTTP/1.1" status: 200 len: 944 time: 0.0738847
Apr 01 13:02:09.151821 dv-cinder-836083-2-smb neutron-server[110153]: DEBUG neutron.pecan_wsgi.hooks.policy_enforcement [req-ec512187-45f5-4568-9f1e-d4e799ed509e req-8e3b4242-885c-4b64-9f1d-31a90151a95a tempest-ServerRescueNegativeTestJSON-653235128 tempest-ServerRescueNegativeTestJSON-653235128-project] Attributes excluded by policy engine: ['standard_attr_id', 'vlan_transparent', 'provider:network_type', 'provider:physical_network', 'provider:segmentation_id'] {{(pid=110153) _exclude_attributes_by_policy /opt/stack/neutron/neutron/pecan_wsgi/hooks/policy_enforcement.py:255}}
Apr 01 13:02:09.155010 dv-cinder-836083-2-smb neutron-server[110153]: INFO neutron.wsgi [req-ec512187-45f5-4568-9f1e-d4e799ed509e req-8e3b4242-885c-4b64-9f1d-31a90151a95a tempest-ServerRescueNegativeTestJSON-653235128 tempest-ServerRescueNegativeTestJSON-653235128-project] 10.222.0.60 "GET /v2.0/networks?id=f4680f4e-5e27-41f8-a910-dfca370968d8 HTTP/1.1" status: 200 len: 818 time: 0.1617975
Apr 01 13:02:09.155343 dv-cinder-836083-2-smb neutron-server[110152]: DEBUG neutron_lib.callbacks.manager [None req-ed05c737-1a11-46c3-ae27-8d31a2145ec9 admin admin] Publish callbacks ['neutron.plugins.ml2.plugin.Ml2Plugin._network_delete_after_delete_handler-3284705', 'neutron.plugins.ml2.ovo_rpc._ObjectChangeHandler.handle_event-3686454', 'neutron.api.rpc.agentnotifiers.dhcp_rpc_agent_api.DhcpAgentNotifyAPI._native_event_send_dhcp_notification-3713095', 'neutron.services.l3_router.l3_router_plugin.DVRResourceOperationHandler.delete_fip_namespaces_for_ext_net-3719785'] for network (55f057ef-b98b-44c7-afb2-0032cd3a9e53), after_delete {{(pid=110152) _notify_loop /usr/local/lib/python3.8/dist-packages/neutron_lib/callbacks/manager.py:176}}
Apr 01 13:02:09.165648 dv-cinder-836083-2-smb neutron-server[110152]: DEBUG neutron_lib.callbacks.manager [None req-ed05c737-1a11-46c3-ae27-8d31a2145ec9 admin admin] Publish callbacks ['neutron.api.rpc.agentnotifiers.dhcp_rpc_agent_api.DhcpAgentNotifyAPI._send_dhcp_notification-3713137'] for network (None), before_response {{(pid=110152) _notify_loop /usr/local/lib/python3.8/dist-packages/neutron_lib/callbacks/manager.py:176}}
Apr 01 13:02:09.172338 dv-cinder-836083-2-smb neutron-server[110152]: INFO neutron.wsgi [None req-ed05c737-1a11-46c3-ae27-8d31a2145ec9 admin admin] 10.222.0.48 "DELETE /v2.0/networks/55f057ef-b98b-44c7-afb2-0032cd3a9e53 HTTP/1.1" status: 204 len: 168 time: 1.1448381
Apr 01 13:02:09.183338 dv-cinder-836083-2-smb neutron-server[110153]: DEBUG neutron.api.v2.base [req-ec512187-45f5-4568-9f1e-d4e799ed509e req-b4303ac0-3142-478b-98a0-70299913aa1f tempest-ServerRescueNegativeTestJSON-653235128 tempest-ServerRescueNegativeTestJSON-653235128-project] Request body: {'port': {'device_id': '9b13bce5-4915-491f-b2ed-9454ad960d05', 'network_id': 'f4680f4e-5e27-41f8-a910-dfca370968d8', 'admin_state_up': True, 'tenant_id': 'c771f611bcc34a9a8e487d9d821be604'}} {{(pid=110153) prepare_request_body /opt/stack/neutron/neutron/api/v2/base.py:729}}
Apr 01 13:02:09.188366 dv-cinder-836083-2-smb neutron-server[110152]: DEBUG neutron.api.rpc.handlers.resources_rpc [None req-ed05c737-1a11-46c3-ae27-8d31a2145ec9 admin admin] Pushing event deleted for resources: {'Network': ['ID=55f057ef-b98b-44c7-afb2-0032cd3a9e53,revision_number=None']} {{(pid=110152) push /opt/stack/neutron/neutron/api/rpc/handlers/resources_rpc.py:237}}
Apr 01 13:02:09.224040 dv-cinder-836083-2-smb neutron-server[110152]: INFO neutron.wsgi [req-402d9558-a8b7-45bd-8652-b811a4423d13 req-9a06d2a3-b367-4be6-9299-b7a1c4b05489 tempest-DeleteServersTestJSON-183732494 tempest-DeleteServersTestJSON-183732494-project] 10.222.0.48 "GET /v2.0/security-groups?id=6cacc977-8e9d-4c36-ad61-8e7a28b806f4&fields=id&fields=name HTTP/1.1" status: 200 len: 286 time: 0.0895779
Apr 01 13:02:09.421433 dv-cinder-836083-2-smb neutron-server[110153]: DEBUG neutron.pecan_wsgi.hooks.quota_enforcement [req-ec512187-45f5-4568-9f1e-d4e799ed509e req-b4303ac0-3142-478b-98a0-70299913aa1f tempest-ServerRescueNegativeTestJSON-653235128 tempest-ServerRescueNegativeTestJSON-653235128-project] Made reservation on behalf of c771f611bcc34a9a8e487d9d821be604 for: {'port': 1} {{(pid=110153) before /opt/stack/neutron/neutron/pecan_wsgi/hooks/quota_enforcement.py:53}}
Apr 01 13:02:09.425578 dv-cinder-836083-2-smb neutron-server[110153]: DEBUG neutron_lib.callbacks.manager [req-ec512187-45f5-4568-9f1e-d4e799ed509e req-b4303ac0-3142-478b-98a0-70299913aa1f tempest-ServerRescueNegativeTestJSON-653235128 tempest-ServerRescueNegativeTestJSON-653235128-project] Publish callbacks ['neutron.plugins.ml2.plugin.SecurityGroupDbMixin._ensure_default_security_group_handler-820081'] for port (None), before_create {{(pid=110153) _notify_loop /usr/local/lib/python3.8/dist-packages/neutron_lib/callbacks/manager.py:176}}
Apr 01 13:02:09.581335 dv-cinder-836083-2-smb neutron-server[110152]: DEBUG neutron.wsgi [-] (110152) accepted ('10.222.0.48', 60204) {{(pid=110152) server /usr/local/lib/python3.8/dist-packages/eventlet/wsgi.py:1004}}
Apr 01 13:02:09.662063 dv-cinder-836083-2-smb neutron-server[110152]: INFO neutron.wsgi [None req-26072899-f929-4883-bc90-bb94b93cf48e admin admin] 10.222.0.48 "GET /v2.0/security-groups?tenant_id=32cf9d4b7e034b28a3225f456f7bfa3a&name=default HTTP/1.1" status: 200 len: 2996 time: 0.0796371
Apr 01 13:02:09.664412 dv-cinder-836083-2-smb neutron-server[110152]: DEBUG neutron.wsgi [-] (110152) accepted ('10.222.0.48', 60208) {{(pid=110152) server /usr/local/lib/python3.8/dist-packages/eventlet/wsgi.py:1004}}
Apr 01 13:02:09.687693 dv-cinder-836083-2-smb neutron-server[110153]: DEBUG neutron.pecan_wsgi.hooks.policy_enforcement [req-90fd10b3-2519-4065-ae0f-911b187e1a36 req-b2c14de3-e484-4748-9b44-991e9159676e tempest-AttachVolumeNegativeTest-1237076312 tempest-AttachVolumeNegativeTest-1237076312-project] Attributes excluded by policy engine: ['standard_attr_id', 'vlan_transparent', 'provider:network_type', 'provider:physical_network', 'provider:segmentation_id'] {{(pid=110153) _exclude_attributes_by_policy /opt/stack/neutron/neutron/pecan_wsgi/hooks/policy_enforcement.py:255}}
Apr 01 13:02:09.687693 dv-cinder-836083-2-smb neutron-server[110153]: INFO neutron.wsgi [req-90fd10b3-2519-4065-ae0f-911b187e1a36 req-b2c14de3-e484-4748-9b44-991e9159676e tempest-AttachVolumeNegativeTest-1237076312 tempest-AttachVolumeNegativeTest-1237076312-project] 10.222.0.60 "GET /v2.0/networks?id=e165fe2e-95c9-49b7-9080-ea363a50ca52 HTTP/1.1" status: 200 len: 814 time: 0.2686045
Apr 01 13:02:09.713757 dv-cinder-836083-2-smb neutron-server[110153]: DEBUG neutron.db.db_base_plugin_common [req-ec512187-45f5-4568-9f1e-d4e799ed509e req-b4303ac0-3142-478b-98a0-70299913aa1f tempest-ServerRescueNegativeTestJSON-653235128 tempest-ServerRescueNegativeTestJSON-653235128-project] Allocated IP 172.20.0.7 (f4680f4e-5e27-41f8-a910-dfca370968d8/2a8feda7-2f8f-4f74-af6e-bc83dbdf98b5/46358a3a-9fdf-4995-8d01-1bf4a0092ea3) {{(pid=110153) _store_ip_allocation /opt/stack/neutron/neutron/db/db_base_plugin_common.py:131}}
Apr 01 13:02:09.736331 dv-cinder-836083-2-smb neutron-server[110152]: DEBUG neutron_lib.callbacks.manager [None req-b6d66a8c-cb8c-45bf-978f-ed353386c768 admin admin] Publish callbacks [] for security_group (27672038-fa4f-4985-a4c7-a461f1dcc150), before_delete {{(pid=110152) _notify_loop /usr/local/lib/python3.8/dist-packages/neutron_lib/callbacks/manager.py:176}}
Apr 01 13:02:09.766424 dv-cinder-836083-2-smb neutron-server[110152]: DEBUG neutron_lib.callbacks.manager [None req-b6d66a8c-cb8c-45bf-978f-ed353386c768 admin admin] Publish callbacks [] for security_group (27672038-fa4f-4985-a4c7-a461f1dcc150), precommit_delete {{(pid=110152) _notify_loop /usr/local/lib/python3.8/dist-packages/neutron_lib/callbacks/manager.py:176}}
Apr 01 13:02:09.801826 dv-cinder-836083-2-smb neutron-server[110153]: INFO neutron.wsgi [req-90fd10b3-2519-4065-ae0f-911b187e1a36 req-10721f18-0f18-4268-af27-4f343eba7a31 tempest-AttachVolumeNegativeTest-1237076312 tempest-AttachVolumeNegativeTest-1237076312-project] 10.222.0.60 "GET /v2.0/security-groups?fields=id&fields=name&tenant_id=e26e49dbabe84e7484696ac8d98d18a1 HTTP/1.1" status: 200 len: 380 time: 0.1070967
Apr 01 13:02:09.819179 dv-cinder-836083-2-smb neutron-server[110153]: DEBUG neutron.api.v2.base [req-90fd10b3-2519-4065-ae0f-911b187e1a36 req-e65019ff-5efb-4a96-9077-b7cb47ac7456 tempest-AttachVolumeNegativeTest-1237076312 tempest-AttachVolumeNegativeTest-1237076312-project] Request body: {'port': {'device_id': 'e4b49f40-c16b-4422-b063-f637b99eaa20', 'network_id': 'e165fe2e-95c9-49b7-9080-ea363a50ca52', 'admin_state_up': True, 'tenant_id': 'e26e49dbabe84e7484696ac8d98d18a1', 'security_groups': ['a7494ce2-1eaa-41ac-936e-f79c3a8e11b5']}} {{(pid=110153) prepare_request_body /opt/stack/neutron/neutron/api/v2/base.py:729}}
Apr 01 13:02:09.926848 dv-cinder-836083-2-smb neutron-server[110152]: DEBUG neutron_lib.callbacks.manager [None req-b6d66a8c-cb8c-45bf-978f-ed353386c768 admin admin] Publish callbacks ['neutron.plugins.ml2.ovo_rpc._ObjectChangeHandler.handle_event-3686617'] for security_group (27672038-fa4f-4985-a4c7-a461f1dcc150), after_delete {{(pid=110152) _notify_loop /usr/local/lib/python3.8/dist-packages/neutron_lib/callbacks/manager.py:176}}
Apr 01 13:02:09.928654 dv-cinder-836083-2-smb neutron-server[110152]: DEBUG neutron_lib.callbacks.manager [None req-b6d66a8c-cb8c-45bf-978f-ed353386c768 admin admin] Publish callbacks [] for security_group (None), before_response {{(pid=110152) _notify_loop /usr/local/lib/python3.8/dist-packages/neutron_lib/callbacks/manager.py:176}}
Apr 01 13:02:09.930321 dv-cinder-836083-2-smb neutron-server[110152]: INFO neutron.wsgi [None req-b6d66a8c-cb8c-45bf-978f-ed353386c768 admin admin] 10.222.0.48 "DELETE /v2.0/security-groups/27672038-fa4f-4985-a4c7-a461f1dcc150 HTTP/1.1" status: 204 len: 168 time: 0.2642431
Apr 01 13:02:09.940378 dv-cinder-836083-2-smb neutron-server[110152]: DEBUG neutron.api.rpc.handlers.resources_rpc [None req-b6d66a8c-cb8c-45bf-978f-ed353386c768 admin admin] Pushing event deleted for resources: {'SecurityGroup': ['ID=27672038-fa4f-4985-a4c7-a461f1dcc150,revision_number=None']} {{(pid=110152) push /opt/stack/neutron/neutron/api/rpc/handlers/resources_rpc.py:237}}
Apr 01 13:02:09.945399 dv-cinder-836083-2-smb neutron-server[110154]: DEBUG neutron.plugins.ml2.rpc [None req-0279a7c9-2349-4399-bd62-812e1e03e2c6 None None] Device 612a8b17-6c09-454f-b521-0203382fd182 up at agent hyperv_hv-cinder-83608 {{(pid=110154) update_device_up /opt/stack/neutron/neutron/plugins/ml2/rpc.py:296}}
Apr 01 13:02:09.988087 dv-cinder-836083-2-smb neutron-server[110152]: DEBUG neutron.wsgi [-] (110152) accepted ('10.222.0.48', 60218) {{(pid=110152) server /usr/local/lib/python3.8/dist-packages/eventlet/wsgi.py:1004}}
Apr 01 13:02:10.013551 dv-cinder-836083-2-smb neutron-server[110152]: DEBUG neutron_lib.callbacks.manager [None req-cdbc905e-f105-43d9-b1ba-64d48c27ecf8 admin admin] Publish callbacks [] for security_group (None), before_create {{(pid=110152) _notify_loop /usr/local/lib/python3.8/dist-packages/neutron_lib/callbacks/manager.py:176}}
Apr 01 13:02:10.168950 dv-cinder-836083-2-smb neutron-server[110152]: INFO neutron.wsgi [req-7567ed8e-544b-412e-88d2-c0f6b960b410 req-b9c50257-da3e-4b06-94e8-0b74a07bafaf tempest-AttachVolumeNegativeTest-1237076312 tempest-AttachVolumeNegativeTest-1237076312-project] 10.222.0.48 "GET /v2.0/ports?device_id=e4b49f40-c16b-4422-b063-f637b99eaa20 HTTP/1.1" status: 200 len: 210 time: 0.0459232
Apr 01 13:02:10.176109 dv-cinder-836083-2-smb neutron-server[110154]: DEBUG neutron.db.provisioning_blocks [None req-0279a7c9-2349-4399-bd62-812e1e03e2c6 None None] Provisioning for port 612a8b17-6c09-454f-b521-0203382fd182 completed by entity L2. {{(pid=110154) provisioning_complete /opt/stack/neutron/neutron/db/provisioning_blocks.py:134}}
Apr 01 13:02:10.186087 dv-cinder-836083-2-smb neutron-server[110154]: DEBUG neutron.db.provisioning_blocks [None req-0279a7c9-2349-4399-bd62-812e1e03e2c6 None None] Provisioning complete for port 612a8b17-6c09-454f-b521-0203382fd182 triggered by entity L2. {{(pid=110154) provisioning_complete /opt/stack/neutron/neutron/db/provisioning_blocks.py:140}}
Apr 01 13:02:10.186087 dv-cinder-836083-2-smb neutron-server[110154]: DEBUG neutron_lib.callbacks.manager [None req-0279a7c9-2349-4399-bd62-812e1e03e2c6 None None] Publish callbacks ['neutron.plugins.ml2.plugin.Ml2Plugin._port_provisioned-3282059'] for port (612a8b17-6c09-454f-b521-0203382fd182), provisioning_complete {{(pid=110154) _notify_loop /usr/local/lib/python3.8/dist-packages/neutron_lib/callbacks/manager.py:176}}
Apr 01 13:02:10.197111 dv-cinder-836083-2-smb neutron-server[110152]: INFO neutron.wsgi [req-48deed14-0224-4696-ba3b-5cd681b96388 req-ce7b7c33-73a8-4ac2-90f3-8fcd4ce6b86d tempest-ServerRescueNegativeTestJSON-653235128 tempest-ServerRescueNegativeTestJSON-653235128-project] 10.222.0.48 "GET /v2.0/ports?device_id=9b13bce5-4915-491f-b2ed-9454ad960d05 HTTP/1.1" status: 200 len: 210 time: 0.0706844
Apr 01 13:02:10.221095 dv-cinder-836083-2-smb neutron-server[110153]: DEBUG neutron_lib.callbacks.manager [req-ec512187-45f5-4568-9f1e-d4e799ed509e req-b4303ac0-3142-478b-98a0-70299913aa1f tempest-ServerRescueNegativeTestJSON-653235128 tempest-ServerRescueNegativeTestJSON-653235128-project] Publish callbacks [] for port (46358a3a-9fdf-4995-8d01-1bf4a0092ea3), precommit_create {{(pid=110153) _notify_loop /usr/local/lib/python3.8/dist-packages/neutron_lib/callbacks/manager.py:176}}
Apr 01 13:02:10.277038 dv-cinder-836083-2-smb neutron-server[110152]: DEBUG neutron_lib.callbacks.manager [None req-cdbc905e-f105-43d9-b1ba-64d48c27ecf8 admin admin] Publish callbacks [] for security_group (22617fd6-5501-4068-8986-3a242233bea5), precommit_create {{(pid=110152) _notify_loop /usr/local/lib/python3.8/dist-packages/neutron_lib/callbacks/manager.py:176}}
Apr 01 13:02:10.325130 dv-cinder-836083-2-smb neutron-server[110153]: DEBUG neutron.pecan_wsgi.hooks.quota_enforcement [req-90fd10b3-2519-4065-ae0f-911b187e1a36 req-e65019ff-5efb-4a96-9077-b7cb47ac7456 tempest-AttachVolumeNegativeTest-1237076312 tempest-AttachVolumeNegativeTest-1237076312-project] Made reservation on behalf of e26e49dbabe84e7484696ac8d98d18a1 for: {'port': 1} {{(pid=110153) before /opt/stack/neutron/neutron/pecan_wsgi/hooks/quota_enforcement.py:53}}
Apr 01 13:02:10.329697 dv-cinder-836083-2-smb neutron-server[110153]: DEBUG neutron_lib.callbacks.manager [req-90fd10b3-2519-4065-ae0f-911b187e1a36 req-e65019ff-5efb-4a96-9077-b7cb47ac7456 tempest-AttachVolumeNegativeTest-1237076312 tempest-AttachVolumeNegativeTest-1237076312-project] Publish callbacks ['neutron.plugins.ml2.plugin.SecurityGroupDbMixin._ensure_default_security_group_handler-820081'] for port (None), before_create {{(pid=110153) _notify_loop /usr/local/lib/python3.8/dist-packages/neutron_lib/callbacks/manager.py:176}}
Apr 01 13:02:10.355710 dv-cinder-836083-2-smb neutron-server[110152]: DEBUG neutron.pecan_wsgi.hooks.policy_enforcement [req-4444365b-6c86-4a09-a689-0ab32f1b17dc req-bef87296-dbf5-4509-9539-cf5108e538ae tempest-DeleteServersTestJSON-183732494 tempest-DeleteServersTestJSON-183732494-project] Attributes excluded by policy engine: ['standard_attr_id', 'binding:profile', 'binding:host_id', 'binding:vif_type', 'binding:vif_details'] {{(pid=110152) _exclude_attributes_by_policy /opt/stack/neutron/neutron/pecan_wsgi/hooks/policy_enforcement.py:255}}
Apr 01 13:02:10.356687 dv-cinder-836083-2-smb neutron-server[110153]: DEBUG neutron_lib.callbacks.manager [req-ec512187-45f5-4568-9f1e-d4e799ed509e req-b4303ac0-3142-478b-98a0-70299913aa1f tempest-ServerRescueNegativeTestJSON-653235128 tempest-ServerRescueNegativeTestJSON-653235128-project] Publish callbacks ['neutron.plugins.ml2.plugin.SecurityGroupServerNotifierRpcMixin._notify_sg_on_port_change-820016', 'neutron.plugins.ml2.ovo_rpc._ObjectChangeHandler.handle_event-92644', 'neutron.api.rpc.agentnotifiers.dhcp_rpc_agent_api.DhcpAgentNotifyAPI._native_event_send_dhcp_notification-3713095', 'neutron.db.l3_dvrscheduler_db._notify_l3_agent_new_port-8739739990541', 'neutron.services.segments.plugin.NovaSegmentNotifier._notify_port_created_or_deleted-29315874'] for port (46358a3a-9fdf-4995-8d01-1bf4a0092ea3), after_create {{(pid=110153) _notify_loop /usr/local/lib/python3.8/dist-packages/neutron_lib/callbacks/manager.py:176}}
Apr 01 13:02:10.357343 dv-cinder-836083-2-smb neutron-server[110152]: INFO neutron.wsgi [req-4444365b-6c86-4a09-a689-0ab32f1b17dc req-bef87296-dbf5-4509-9539-cf5108e538ae tempest-DeleteServersTestJSON-183732494 tempest-DeleteServersTestJSON-183732494-project] 10.222.0.48 "GET /v2.0/ports?device_id=1ed8a9d1-d0e5-4f7e-bfc6-153bfbd33527 HTTP/1.1" status: 200 len: 944 time: 0.0646484
Apr 01 13:02:10.359232 dv-cinder-836083-2-smb neutron-server[110152]: DEBUG neutron_lib.callbacks.manager [None req-cdbc905e-f105-43d9-b1ba-64d48c27ecf8 admin admin] Publish callbacks ['neutron.plugins.ml2.ovo_rpc._ObjectChangeHandler.handle_event-3686617'] for security_group (22617fd6-5501-4068-8986-3a242233bea5), after_create {{(pid=110152) _notify_loop /usr/local/lib/python3.8/dist-packages/neutron_lib/callbacks/manager.py:176}}
Apr 01 13:02:10.421553 dv-cinder-836083-2-smb neutron-server[110152]: DEBUG neutron.api.rpc.handlers.resources_rpc [None req-cdbc905e-f105-43d9-b1ba-64d48c27ecf8 admin admin] Pushing event updated for resources: {'SecurityGroup': ['ID=22617fd6-5501-4068-8986-3a242233bea5,revision_number=1']} {{(pid=110152) push /opt/stack/neutron/neutron/api/rpc/handlers/resources_rpc.py:237}}
Apr 01 13:02:10.431197 dv-cinder-836083-2-smb neutron-server[110152]: INFO neutron.wsgi [None req-cdbc905e-f105-43d9-b1ba-64d48c27ecf8 admin admin] 10.222.0.48 "GET /v2.0/security-groups?tenant_id=064ccaf7cebe4126bae2df09b4d2f79c&name=default HTTP/1.1" status: 200 len: 2996 time: 0.4416118
Apr 01 13:02:10.432129 dv-cinder-836083-2-smb neutron-server[110153]: DEBUG neutron.scheduler.dhcp_agent_scheduler [req-ec512187-45f5-4568-9f1e-d4e799ed509e req-b4303ac0-3142-478b-98a0-70299913aa1f tempest-ServerRescueNegativeTestJSON-653235128 tempest-ServerRescueNegativeTestJSON-653235128-project] Network f4680f4e-5e27-41f8-a910-dfca370968d8 is already hosted by enough agents. {{(pid=110153) _get_dhcp_agents_hosting_network /opt/stack/neutron/neutron/scheduler/dhcp_agent_scheduler.py:275}}
Apr 01 13:02:10.435078 dv-cinder-836083-2-smb neutron-server[110153]: DEBUG neutron.wsgi [-] (110153) accepted ('10.222.0.48', 60230) {{(pid=110153) server /usr/local/lib/python3.8/dist-packages/eventlet/wsgi.py:1004}}
Apr 01 13:02:10.447787 dv-cinder-836083-2-smb neutron-server[110152]: INFO neutron.wsgi [req-4444365b-6c86-4a09-a689-0ab32f1b17dc req-56b0b525-e415-4d05-b8e9-c7eaca875ecd tempest-DeleteServersTestJSON-183732494 tempest-DeleteServersTestJSON-183732494-project] 10.222.0.48 "GET /v2.0/security-groups?id=6cacc977-8e9d-4c36-ad61-8e7a28b806f4&fields=id&fields=name HTTP/1.1" status: 200 len: 286 time: 0.0831182
Apr 01 13:02:10.462376 dv-cinder-836083-2-smb neutron-server[110154]: DEBUG neutron.plugins.ml2.plugin [None req-0279a7c9-2349-4399-bd62-812e1e03e2c6 None None] Current status of the port 612a8b17-6c09-454f-b521-0203382fd182 is: BUILD; New status is: ACTIVE {{(pid=110154) _update_individual_port_db_status /opt/stack/neutron/neutron/plugins/ml2/plugin.py:2256}}
Apr 01 13:02:10.463423 dv-cinder-836083-2-smb neutron-server[110154]: DEBUG neutron_lib.callbacks.manager [None req-0279a7c9-2349-4399-bd62-812e1e03e2c6 None None] Publish callbacks ['neutron.plugins.ml2.plugin.SecurityGroupDbMixin._ensure_default_security_group_handler-820081'] for port (612a8b17-6c09-454f-b521-0203382fd182), before_update {{(pid=110154) _notify_loop /usr/local/lib/python3.8/dist-packages/neutron_lib/callbacks/manager.py:176}}
Apr 01 13:02:10.468783 dv-cinder-836083-2-smb neutron-server[110153]: DEBUG neutron.scheduler.base_scheduler [req-ec512187-45f5-4568-9f1e-d4e799ed509e req-b4303ac0-3142-478b-98a0-70299913aa1f tempest-ServerRescueNegativeTestJSON-653235128 tempest-ServerRescueNegativeTestJSON-653235128-project] Resources bound (agent type, host, resource id): {{(pid=110153) schedule /opt/stack/neutron/neutron/scheduler/base_scheduler.py:57}}
Apr 01 13:02:10.505051 dv-cinder-836083-2-smb neutron-server[110153]: DEBUG neutron.db.l3_dvrscheduler_db [req-ec512187-45f5-4568-9f1e-d4e799ed509e req-b4303ac0-3142-478b-98a0-70299913aa1f tempest-ServerRescueNegativeTestJSON-653235128 tempest-ServerRescueNegativeTestJSON-653235128-project] Received port after_create {{(pid=110153) _notify_l3_agent_new_port /opt/stack/neutron/neutron/db/l3_dvrscheduler_db.py:536}}
Apr 01 13:02:10.509410 dv-cinder-836083-2-smb neutron-server[110154]: DEBUG neutron.plugins.ml2.db [None req-0279a7c9-2349-4399-bd62-812e1e03e2c6 None None] For port 612a8b17-6c09-454f-b521-0203382fd182, host hv-cinder-83608, got binding levels [PortBindingLevel(driver='hyperv',host='hv-cinder-83608',level=0,port_id=612a8b17-6c09-454f-b521-0203382fd182,segment=NetworkSegment(8e56264b-36c1-44b3-86cd-4bf40a01cfd2),segment_id=8e56264b-36c1-44b3-86cd-4bf40a01cfd2)] {{(pid=110154) get_binding_level_objs /opt/stack/neutron/neutron/plugins/ml2/db.py:74}}
Apr 01 13:02:10.510586 dv-cinder-836083-2-smb neutron-server[110154]: DEBUG neutron.notifiers.nova [-] Sending events: [{'server_uuid': '1ed8a9d1-d0e5-4f7e-bfc6-153bfbd33527', 'name': 'network-vif-plugged', 'status': 'completed', 'tag': '612a8b17-6c09-454f-b521-0203382fd182'}] {{(pid=110154) send_events /opt/stack/neutron/neutron/notifiers/nova.py:271}}
Apr 01 13:02:10.531333 dv-cinder-836083-2-smb neutron-server[110153]: DEBUG neutron.api.rpc.handlers.resources_rpc [None req-b4303ac0-3142-478b-98a0-70299913aa1f tempest-ServerRescueNegativeTestJSON-653235128 tempest-ServerRescueNegativeTestJSON-653235128-project] Pushing event updated for resources: {'Port': ['ID=46358a3a-9fdf-4995-8d01-1bf4a0092ea3,revision_number=1']} {{(pid=110153) push /opt/stack/neutron/neutron/api/rpc/handlers/resources_rpc.py:237}}
Apr 01 13:02:10.588663 dv-cinder-836083-2-smb neutron-server[110154]: DEBUG neutron_lib.callbacks.manager [None req-0279a7c9-2349-4399-bd62-812e1e03e2c6 None None] Publish callbacks ['neutron.plugins.ml2.plugin.SecurityGroupServerNotifierRpcMixin._notify_sg_on_port_change-820016', 'neutron.plugins.ml2.ovo_rpc._ObjectChangeHandler.handle_event-92644', 'neutron.api.rpc.agentnotifiers.dhcp_rpc_agent_api.DhcpAgentNotifyAPI._native_event_send_dhcp_notification-3713095', 'neutron.db.l3_db.L3RpcNotifierMixin._notify_gateway_port_ip_changed-8739740557963', 'neutron.db.l3_dvrscheduler_db._notify_l3_agent_port_update-8739739990559', 'neutron.db.l3_hascheduler_db._notify_l3_agent_ha_port_update-8739739990577'] for port (612a8b17-6c09-454f-b521-0203382fd182), after_update {{(pid=110154) _notify_loop /usr/local/lib/python3.8/dist-packages/neutron_lib/callbacks/manager.py:176}}
Apr 01 13:02:10.646324 dv-cinder-836083-2-smb neutron-server[110153]: DEBUG neutron_lib.callbacks.manager [None req-bd3c081c-0a2b-4620-a5fa-f2c067dbea30 admin admin] Publish callbacks [] for security_group (22617fd6-5501-4068-8986-3a242233bea5), before_delete {{(pid=110153) _notify_loop /usr/local/lib/python3.8/dist-packages/neutron_lib/callbacks/manager.py:176}}
Apr 01 13:02:10.659894 dv-cinder-836083-2-smb neutron-server[110154]: DEBUG neutron.api.rpc.handlers.resources_rpc [None req-0279a7c9-2349-4399-bd62-812e1e03e2c6 None None] Pushing event updated for resources: {'Port': ['ID=612a8b17-6c09-454f-b521-0203382fd182,revision_number=5']} {{(pid=110154) push /opt/stack/neutron/neutron/api/rpc/handlers/resources_rpc.py:237}}
Apr 01 13:02:10.752039 dv-cinder-836083-2-smb neutron-server[110153]: DEBUG neutron.pecan_wsgi.hooks.policy_enforcement [req-ec512187-45f5-4568-9f1e-d4e799ed509e req-b4303ac0-3142-478b-98a0-70299913aa1f tempest-ServerRescueNegativeTestJSON-653235128 tempest-ServerRescueNegativeTestJSON-653235128-project] Attributes excluded by policy engine: ['standard_attr_id', 'binding:profile', 'binding:host_id', 'binding:vif_type', 'binding:vif_details', 'network'] {{(pid=110153) _exclude_attributes_by_policy /opt/stack/neutron/neutron/pecan_wsgi/hooks/policy_enforcement.py:255}}
Apr 01 13:02:10.752806 dv-cinder-836083-2-smb neutron-server[110153]: DEBUG neutron_lib.callbacks.manager [req-ec512187-45f5-4568-9f1e-d4e799ed509e req-b4303ac0-3142-478b-98a0-70299913aa1f tempest-ServerRescueNegativeTestJSON-653235128 tempest-ServerRescueNegativeTestJSON-653235128-project] Publish callbacks ['neutron.notifiers.nova.Notifier._send_nova_notification-4145886', 'neutron.api.rpc.agentnotifiers.dhcp_rpc_agent_api.DhcpAgentNotifyAPI._send_dhcp_notification-3713137'] for port (None), before_response {{(pid=110153) _notify_loop /usr/local/lib/python3.8/dist-packages/neutron_lib/callbacks/manager.py:176}}
Apr 01 13:02:10.765468 dv-cinder-836083-2-smb neutron-server[110154]: DEBUG novaclient.v2.client [-] REQ: curl -g -i --cacert "/opt/stack/data/ca-bundle.pem" -X POST http://10.222.0.48/compute/v2.1/os-server-external-events -H "Accept: application/json" -H "Content-Type: application/json" -H "User-Agent: python-novaclient" -H "X-Auth-Token: {SHA256}964bf863834ca90b564390bab648650ba403cefdadab403bcc1f406569c8789c" -H "X-OpenStack-Nova-API-Version: 2.1" -H "X-OpenStack-Request-ID: req-09b17409-4a23-4f8c-8c6a-4a0f685f63e0" -d '{"events": [{"server_uuid": "1ed8a9d1-d0e5-4f7e-bfc6-153bfbd33527", "name": "network-vif-plugged", "status": "completed", "tag": "612a8b17-6c09-454f-b521-0203382fd182"}]}' {{(pid=110154) _http_log_request /usr/local/lib/python3.8/dist-packages/keystoneauth1/session.py:519}}
Apr 01 13:02:10.777438 dv-cinder-836083-2-smb neutron-server[110153]: DEBUG neutron_lib.callbacks.manager [None req-bd3c081c-0a2b-4620-a5fa-f2c067dbea30 admin admin] Publish callbacks [] for security_group (22617fd6-5501-4068-8986-3a242233bea5), precommit_delete {{(pid=110153) _notify_loop /usr/local/lib/python3.8/dist-packages/neutron_lib/callbacks/manager.py:176}}
Apr 01 13:02:10.783996 dv-cinder-836083-2-smb neutron-server[110153]: DEBUG neutron.db.db_base_plugin_common [req-90fd10b3-2519-4065-ae0f-911b187e1a36 req-e65019ff-5efb-4a96-9077-b7cb47ac7456 tempest-AttachVolumeNegativeTest-1237076312 tempest-AttachVolumeNegativeTest-1237076312-project] Allocated IP 172.20.0.9 (e165fe2e-95c9-49b7-9080-ea363a50ca52/747fcdcc-f7f3-4a9e-862f-3b4e186b1b7c/4ebc5a5b-d241-4296-8ce0-0795709b9df4) {{(pid=110153) _store_ip_allocation /opt/stack/neutron/neutron/db/db_base_plugin_common.py:131}}
Apr 01 13:02:10.861851 dv-cinder-836083-2-smb neutron-server[110154]: DEBUG neutron.db.provisioning_blocks [None req-49344336-484c-43f2-a223-696194dba093 None None] Provisioning complete for port 46358a3a-9fdf-4995-8d01-1bf4a0092ea3 triggered by entity DHCP. {{(pid=110154) provisioning_complete /opt/stack/neutron/neutron/db/provisioning_blocks.py:140}}
Apr 01 13:02:10.862389 dv-cinder-836083-2-smb neutron-server[110154]: DEBUG neutron_lib.callbacks.manager [None req-49344336-484c-43f2-a223-696194dba093 None None] Publish callbacks ['neutron.plugins.ml2.plugin.Ml2Plugin._port_provisioned-3282059'] for port (46358a3a-9fdf-4995-8d01-1bf4a0092ea3), provisioning_complete {{(pid=110154) _notify_loop /usr/local/lib/python3.8/dist-packages/neutron_lib/callbacks/manager.py:176}}
Apr 01 13:02:10.898174 dv-cinder-836083-2-smb neutron-server[110154]: DEBUG neutron.plugins.ml2.plugin [None req-49344336-484c-43f2-a223-696194dba093 None None] Port 46358a3a-9fdf-4995-8d01-1bf4a0092ea3 cannot update to ACTIVE because it is not bound. {{(pid=110154) _port_provisioned /opt/stack/neutron/neutron/plugins/ml2/plugin.py:343}}
Apr 01 13:02:10.912694 dv-cinder-836083-2-smb neutron-server[110154]: DEBUG novaclient.v2.client [-] RESP: [200] Connection: close Content-Length: 183 Content-Type: application/json Date: Fri, 01 Apr 2022 13:02:10 GMT OpenStack-API-Version: compute 2.1 Server: Apache/2.4.41 (Ubuntu) Vary: OpenStack-API-Version,X-OpenStack-Nova-API-Version X-OpenStack-Nova-API-Version: 2.1 x-compute-request-id: req-16181257-db48-418a-a066-c3185e384492 x-openstack-request-id: req-16181257-db48-418a-a066-c3185e384492 {{(pid=110154) _http_log_response /usr/local/lib/python3.8/dist-packages/keystoneauth1/session.py:550}}
Apr 01 13:02:10.913018 dv-cinder-836083-2-smb neutron-server[110154]: DEBUG novaclient.v2.client [-] RESP BODY: {"events": [{"server_uuid": "1ed8a9d1-d0e5-4f7e-bfc6-153bfbd33527", "name": "network-vif-plugged", "status": "completed", "tag": "612a8b17-6c09-454f-b521-0203382fd182", "code": 200}]} {{(pid=110154) _http_log_response /usr/local/lib/python3.8/dist-packages/keystoneauth1/session.py:582}}
Apr 01 13:02:10.913288 dv-cinder-836083-2-smb neutron-server[110154]: DEBUG novaclient.v2.client [-] POST call to compute for http://10.222.0.48/compute/v2.1/os-server-external-events used request id req-16181257-db48-418a-a066-c3185e384492 {{(pid=110154) request /usr/local/lib/python3.8/dist-packages/keystoneauth1/session.py:954}}
Apr 01 13:02:10.913748 dv-cinder-836083-2-smb neutron-server[110154]: INFO neutron.notifiers.nova [-] Nova event matching ['req-16181257-db48-418a-a066-c3185e384492'] response: {'server_uuid': '1ed8a9d1-d0e5-4f7e-bfc6-153bfbd33527', 'name': 'network-vif-plugged', 'status': 'completed', 'tag': '612a8b17-6c09-454f-b521-0203382fd182', 'code': 200}
Apr 01 13:02:10.954772 dv-cinder-836083-2-smb neutron-server[110153]: INFO neutron.wsgi [req-ec512187-45f5-4568-9f1e-d4e799ed509e req-b4303ac0-3142-478b-98a0-70299913aa1f tempest-ServerRescueNegativeTestJSON-653235128 tempest-ServerRescueNegativeTestJSON-653235128-project] 10.222.0.60 "POST /v2.0/ports HTTP/1.1" status: 201 len: 933 time: 1.7879100
Apr 01 13:02:10.967159 dv-cinder-836083-2-smb neutron-server[110153]: DEBUG neutron_lib.callbacks.manager [req-90fd10b3-2519-4065-ae0f-911b187e1a36 req-e65019ff-5efb-4a96-9077-b7cb47ac7456 tempest-AttachVolumeNegativeTest-1237076312 tempest-AttachVolumeNegativeTest-1237076312-project] Publish callbacks [] for port (4ebc5a5b-d241-4296-8ce0-0795709b9df4), precommit_create {{(pid=110153) _notify_loop /usr/local/lib/python3.8/dist-packages/neutron_lib/callbacks/manager.py:176}}
Apr 01 13:02:10.974077 dv-cinder-836083-2-smb neutron-server[110153]: DEBUG neutron.api.v2.base [req-ec512187-45f5-4568-9f1e-d4e799ed509e req-9948245e-26fa-4386-9c10-b3278e401f04 service neutron] Request body: {'port': {'device_id': '9b13bce5-4915-491f-b2ed-9454ad960d05', 'device_owner': 'compute:nova', 'binding:host_id': 'hv-cinder-83608'}} {{(pid=110153) prepare_request_body /opt/stack/neutron/neutron/api/v2/base.py:729}}
Apr 01 13:02:10.997216 dv-cinder-836083-2-smb neutron-server[110153]: DEBUG neutron_lib.callbacks.manager [None req-bd3c081c-0a2b-4620-a5fa-f2c067dbea30 admin admin] Publish callbacks ['neutron.plugins.ml2.ovo_rpc._ObjectChangeHandler.handle_event-3686617'] for security_group (22617fd6-5501-4068-8986-3a242233bea5), after_delete {{(pid=110153) _notify_loop /usr/local/lib/python3.8/dist-packages/neutron_lib/callbacks/manager.py:176}}
Apr 01 13:02:11.004055 dv-cinder-836083-2-smb neutron-server[110153]: DEBUG neutron_lib.callbacks.manager [None req-bd3c081c-0a2b-4620-a5fa-f2c067dbea30 admin admin] Publish callbacks [] for security_group (None), before_response {{(pid=110153) _notify_loop /usr/local/lib/python3.8/dist-packages/neutron_lib/callbacks/manager.py:176}}
Apr 01 13:02:11.004055 dv-cinder-836083-2-smb neutron-server[110153]: INFO neutron.wsgi [None req-bd3c081c-0a2b-4620-a5fa-f2c067dbea30 admin admin] 10.222.0.48 "DELETE /v2.0/security-groups/22617fd6-5501-4068-8986-3a242233bea5 HTTP/1.1" status: 204 len: 168 time: 0.5651364
Apr 01 13:02:11.019692 dv-cinder-836083-2-smb neutron-server[110153]: DEBUG neutron.api.rpc.handlers.resources_rpc [None req-bd3c081c-0a2b-4620-a5fa-f2c067dbea30 admin admin] Pushing event deleted for resources: {'SecurityGroup': ['ID=22617fd6-5501-4068-8986-3a242233bea5,revision_number=None']} {{(pid=110153) push /opt/stack/neutron/neutron/api/rpc/handlers/resources_rpc.py:237}}
Apr 01 13:02:11.068386 dv-cinder-836083-2-smb neutron-server[110153]: DEBUG neutron_lib.callbacks.manager [req-ec512187-45f5-4568-9f1e-d4e799ed509e req-9948245e-26fa-4386-9c10-b3278e401f04 service neutron] Publish callbacks ['neutron.plugins.ml2.plugin.SecurityGroupDbMixin._ensure_default_security_group_handler-820081'] for port (46358a3a-9fdf-4995-8d01-1bf4a0092ea3), before_update {{(pid=110153) _notify_loop /usr/local/lib/python3.8/dist-packages/neutron_lib/callbacks/manager.py:176}}
Apr 01 13:02:11.163206 dv-cinder-836083-2-smb neutron-server[110152]: DEBUG neutron.wsgi [-] (110152) accepted ('10.222.0.48', 60258) {{(pid=110152) server /usr/local/lib/python3.8/dist-packages/eventlet/wsgi.py:1004}}
Apr 01 13:02:11.182998 dv-cinder-836083-2-smb neutron-server[110153]: DEBUG neutron_lib.callbacks.manager [req-90fd10b3-2519-4065-ae0f-911b187e1a36 req-e65019ff-5efb-4a96-9077-b7cb47ac7456 tempest-AttachVolumeNegativeTest-1237076312 tempest-AttachVolumeNegativeTest-1237076312-project] Publish callbacks ['neutron.plugins.ml2.plugin.SecurityGroupServerNotifierRpcMixin._notify_sg_on_port_change-820016', 'neutron.plugins.ml2.ovo_rpc._ObjectChangeHandler.handle_event-92644', 'neutron.api.rpc.agentnotifiers.dhcp_rpc_agent_api.DhcpAgentNotifyAPI._native_event_send_dhcp_notification-3713095', 'neutron.db.l3_dvrscheduler_db._notify_l3_agent_new_port-8739739990541', 'neutron.services.segments.plugin.NovaSegmentNotifier._notify_port_created_or_deleted-29315874'] for port (4ebc5a5b-d241-4296-8ce0-0795709b9df4), after_create {{(pid=110153) _notify_loop /usr/local/lib/python3.8/dist-packages/neutron_lib/callbacks/manager.py:176}}
Apr 01 13:02:11.212201 dv-cinder-836083-2-smb neutron-server[110152]: INFO neutron.wsgi [None req-9a1f46ef-6818-4592-b9fe-368fe646d287 admin admin] 10.222.0.48 "GET /v2.0/security-groups?tenant_id=7c2e9cffe33a446baa11c493d9390709&name=default HTTP/1.1" status: 200 len: 2996 time: 0.0478041
Apr 01 13:02:11.214811 dv-cinder-836083-2-smb neutron-server[110152]: DEBUG neutron.wsgi [-] (110152) accepted ('10.222.0.48', 60262) {{(pid=110152) server /usr/local/lib/python3.8/dist-packages/eventlet/wsgi.py:1004}}
Apr 01 13:02:11.260524 dv-cinder-836083-2-smb neutron-server[110152]: DEBUG neutron.wsgi [-] (110152) accepted ('10.222.0.60', 49933) {{(pid=110152) server /usr/local/lib/python3.8/dist-packages/eventlet/wsgi.py:1004}}
Apr 01 13:02:11.297831 dv-cinder-836083-2-smb neutron-server[110153]: DEBUG neutron.scheduler.dhcp_agent_scheduler [req-90fd10b3-2519-4065-ae0f-911b187e1a36 req-e65019ff-5efb-4a96-9077-b7cb47ac7456 tempest-AttachVolumeNegativeTest-1237076312 tempest-AttachVolumeNegativeTest-1237076312-project] Network e165fe2e-95c9-49b7-9080-ea363a50ca52 is already hosted by enough agents. {{(pid=110153) _get_dhcp_agents_hosting_network /opt/stack/neutron/neutron/scheduler/dhcp_agent_scheduler.py:275}}
Apr 01 13:02:11.306134 dv-cinder-836083-2-smb neutron-server[110153]: DEBUG neutron.scheduler.base_scheduler [req-90fd10b3-2519-4065-ae0f-911b187e1a36 req-e65019ff-5efb-4a96-9077-b7cb47ac7456 tempest-AttachVolumeNegativeTest-1237076312 tempest-AttachVolumeNegativeTest-1237076312-project] Resources bound (agent type, host, resource id): {{(pid=110153) schedule /opt/stack/neutron/neutron/scheduler/base_scheduler.py:57}}
