Apr 01 13:00:56.589826 dv-cinder-836083-2-iscsi devstack@c-api.service[110505]: DEBUG cinder.volume.api [None req-7d9a76f5-de80-42bf-93a1-210f908b82fd tempest-GroupsV314Test-1588296632 tempest-GroupsV314Test-1588296632-project] Flow 'volume_create_api' (38f76414-3a99-44f2-8cff-0b4738af453c) transitioned into state 'SUCCESS' from state 'RUNNING' {{(pid=110505) _flow_receiver /usr/local/lib/python3.8/dist-packages/taskflow/listeners/logging.py:141}}
Apr 01 13:00:56.590243 dv-cinder-836083-2-iscsi devstack@c-api.service[110506]: DEBUG cinder.api.v3.volumes [None req-ecca193a-38a9-45bb-bd02-5373a5bd2838 tempest-VolumeQuotasAdminTestJSON-317504081 tempest-VolumeQuotasAdminTestJSON-317504081-project] Create volume request body: {'volume': {'size': 1, 'name': 'tempest-VolumeQuotasAdminTestJSON-Volume-1089258863'}} {{(pid=110506) create /opt/stack/cinder/cinder/api/v3/volumes.py:298}}
Apr 01 13:00:56.590525 dv-cinder-836083-2-iscsi devstack@c-api.service[110505]: INFO cinder.volume.api [None req-7d9a76f5-de80-42bf-93a1-210f908b82fd tempest-GroupsV314Test-1588296632 tempest-GroupsV314Test-1588296632-project] Create volume request issued successfully.
Apr 01 13:00:56.590619 dv-cinder-836083-2-iscsi devstack@c-api.service[110506]: INFO cinder.api.v3.volumes [None req-ecca193a-38a9-45bb-bd02-5373a5bd2838 tempest-VolumeQuotasAdminTestJSON-317504081 tempest-VolumeQuotasAdminTestJSON-317504081-project] Create volume of 1 GB
Apr 01 13:00:56.591904 dv-cinder-836083-2-iscsi devstack@c-api.service[110505]: WARNING stevedore.named [None req-7d9a76f5-de80-42bf-93a1-210f908b82fd tempest-GroupsV314Test-1588296632 tempest-GroupsV314Test-1588296632-project] Could not load cinder.keymgr.conf_key_mgr.ConfKeyManager
Apr 01 13:00:56.594310 dv-cinder-836083-2-iscsi devstack@c-api.service[110505]: WARNING castellan.key_manager [None req-7d9a76f5-de80-42bf-93a1-210f908b82fd tempest-GroupsV314Test-1588296632 tempest-GroupsV314Test-1588296632-project] Deprecation Warning : cinder.keymgr.conf_key_mgr.ConfKeyManager is not a stevedore based driver, trying to load it as a class: stevedore.exception.NoMatches: No 'castellan.drivers' driver found, looking for 'cinder.keymgr.conf_key_mgr.ConfKeyManager'
Apr 01 13:00:56.600665 dv-cinder-836083-2-iscsi devstack@c-api.service[110506]: INFO cinder.volume.api [None req-ecca193a-38a9-45bb-bd02-5373a5bd2838 tempest-VolumeQuotasAdminTestJSON-317504081 tempest-VolumeQuotasAdminTestJSON-317504081-project] Availability Zones retrieved successfully.
Apr 01 13:00:56.602897 dv-cinder-836083-2-iscsi devstack@c-api.service[110505]: DEBUG oslo_db.sqlalchemy.engines [None req-7d9a76f5-de80-42bf-93a1-210f908b82fd tempest-GroupsV314Test-1588296632 tempest-GroupsV314Test-1588296632-project] MySQL server mode set to STRICT_TRANS_TABLES,STRICT_ALL_TABLES,NO_ZERO_IN_DATE,NO_ZERO_DATE,ERROR_FOR_DIVISION_BY_ZERO,TRADITIONAL,NO_ENGINE_SUBSTITUTION {{(pid=110505) _check_effective_sql_mode /usr/local/lib/python3.8/dist-packages/oslo_db/sqlalchemy/engines.py:314}}
Apr 01 13:00:56.608383 dv-cinder-836083-2-iscsi devstack@c-api.service[110505]: /usr/local/lib/python3.8/dist-packages/oslo_context/context.py:100: DeprecationWarning: Policy enforcement is depending on the value of is_admin. This key is deprecated. Please update your policy file to use the standard policy values.
Apr 01 13:00:56.608383 dv-cinder-836083-2-iscsi devstack@c-api.service[110505]: warnings.warn('Policy enforcement is depending on the value of '
Apr 01 13:00:56.614523 dv-cinder-836083-2-iscsi devstack@c-api.service[110505]: INFO cinder.api.openstack.wsgi [None req-7d9a76f5-de80-42bf-93a1-210f908b82fd tempest-GroupsV314Test-1588296632 tempest-GroupsV314Test-1588296632-project] http://10.222.0.43/volume/v3/4c63ba76230b4f78bc1f66065e492ae7/volumes returned with HTTP 202
Apr 01 13:00:56.625739 dv-cinder-836083-2-iscsi devstack@c-api.service[110505]: [pid: 110505|app: 0|req: 163/305] 10.222.0.43 () {62 vars in 1276 bytes} [Fri Apr 1 13:00:55 2022] POST /volume/v3/4c63ba76230b4f78bc1f66065e492ae7/volumes => generated 899 bytes in 675 msecs (HTTP/1.1 202) 7 headers in 292 bytes (2 switches on core 0)
Apr 01 13:00:56.625739 dv-cinder-836083-2-iscsi devstack@c-api.service[110505]: DEBUG cinder.api.middleware.request_id [None req-a71fd984-8366-4aca-bc01-74c413aefa28 None None] RequestId filter calling following filter/app {{(pid=110505) _context_setter /opt/stack/cinder/cinder/api/middleware/request_id.py:62}}
Apr 01 13:00:56.625967 dv-cinder-836083-2-iscsi devstack@c-api.service[110506]: DEBUG cinder.volume.api [None req-ecca193a-38a9-45bb-bd02-5373a5bd2838 tempest-VolumeQuotasAdminTestJSON-317504081 tempest-VolumeQuotasAdminTestJSON-317504081-project] Flow 'volume_create_api' (dae1a3d4-cb85-4e7a-ae25-c9ce89daf863) transitioned into state 'RUNNING' from state 'PENDING' {{(pid=110506) _flow_receiver /usr/local/lib/python3.8/dist-packages/taskflow/listeners/logging.py:141}}
Apr 01 13:00:56.625967 dv-cinder-836083-2-iscsi devstack@c-api.service[110506]: DEBUG cinder.volume.api [None req-ecca193a-38a9-45bb-bd02-5373a5bd2838 tempest-VolumeQuotasAdminTestJSON-317504081 tempest-VolumeQuotasAdminTestJSON-317504081-project] Task 'cinder.volume.flows.api.create_volume.ExtractVolumeRequestTask;volume:create' (ae997b23-f18a-4f52-af5a-02ac45579202) transitioned into state 'RUNNING' from state 'PENDING' {{(pid=110506) _task_receiver /usr/local/lib/python3.8/dist-packages/taskflow/listeners/logging.py:190}}
Apr 01 13:00:56.626171 dv-cinder-836083-2-iscsi devstack@c-api.service[110505]: INFO cinder.api.openstack.wsgi [None req-a71fd984-8366-4aca-bc01-74c413aefa28 tempest-SnapshotMetadataTestJSON-1086435792 tempest-SnapshotMetadataTestJSON-1086435792-project] PUT http://10.222.0.43/volume/v3/4704da371c0b4f7c86a55ed59e61c3c8/snapshots/7b5b270d-1c5f-4d44-b2d0-307614b8c491/metadata
Apr 01 13:00:56.626171 dv-cinder-836083-2-iscsi devstack@c-api.service[110505]: DEBUG cinder.api.openstack.wsgi [None req-a71fd984-8366-4aca-bc01-74c413aefa28 tempest-SnapshotMetadataTestJSON-1086435792 tempest-SnapshotMetadataTestJSON-1086435792-project] Action: 'update_all', calling method: update_all, body: {"metadata": {}} {{(pid=110505) _process_stack /opt/stack/cinder/cinder/api/openstack/wsgi.py:866}}
Apr 01 13:00:56.626333 dv-cinder-836083-2-iscsi devstack@c-api.service[110506]: DEBUG cinder.volume.flows.api.create_volume [None req-ecca193a-38a9-45bb-bd02-5373a5bd2838 tempest-VolumeQuotasAdminTestJSON-317504081 tempest-VolumeQuotasAdminTestJSON-317504081-project] Validating volume size '1' using validate_int {{(pid=110506) _extract_size /opt/stack/cinder/cinder/volume/flows/api/create_volume.py:225}}
Apr 01 13:00:56.631527 dv-cinder-836083-2-iscsi devstack@c-api.service[110505]: /usr/local/lib/python3.8/dist-packages/oslo_context/context.py:100: DeprecationWarning: Policy enforcement is depending on the value of is_admin. This key is deprecated. Please update your policy file to use the standard policy values.
Apr 01 13:00:56.631527 dv-cinder-836083-2-iscsi devstack@c-api.service[110505]: warnings.warn('Policy enforcement is depending on the value of '
Apr 01 13:00:56.632553 dv-cinder-836083-2-iscsi devstack@c-api.service[110505]: INFO cinder.volume.api [None req-a71fd984-8366-4aca-bc01-74c413aefa28 tempest-SnapshotMetadataTestJSON-1086435792 tempest-SnapshotMetadataTestJSON-1086435792-project] Snapshot retrieved successfully.
Apr 01 13:00:56.655294 dv-cinder-836083-2-iscsi devstack@c-api.service[110506]: DEBUG cinder.volume.api [None req-ecca193a-38a9-45bb-bd02-5373a5bd2838 tempest-VolumeQuotasAdminTestJSON-317504081 tempest-VolumeQuotasAdminTestJSON-317504081-project] Task 'cinder.volume.flows.api.create_volume.ExtractVolumeRequestTask;volume:create' (ae997b23-f18a-4f52-af5a-02ac45579202) transitioned into state 'SUCCESS' from state 'RUNNING' with result '{'size': 1, 'snapshot_id': None, 'source_volid': None, 'volume_type': VolumeType(created_at=2022-04-01T12:44:51Z,deleted=False,deleted_at=None,description='Default Volume Type',extra_specs={},id=a99bee4d-812e-4192-88a1-bd5cd9cc515c,is_public=True,name='__DEFAULT__',projects=[],qos_specs=,qos_specs_id=None,updated_at=2022-04-01T12:44:51Z), 'volume_type_id': 'a99bee4d-812e-4192-88a1-bd5cd9cc515c', 'encryption_key_id': None, 'qos_specs': None, 'consistencygroup_id': None, 'cgsnapshot_id': None, 'group_id': None, 'replication_status': 'disabled', 'refresh_az': False, 'backup_id': None, 'multiattach': False, 'availability_zones': ['nova']}' {{(pid=110506) _task_receiver /usr/local/lib/python3.8/dist-packages/taskflow/listeners/logging.py:178}}
Apr 01 13:00:56.657952 dv-cinder-836083-2-iscsi devstack@c-api.service[110506]: DEBUG cinder.volume.api [None req-ecca193a-38a9-45bb-bd02-5373a5bd2838 tempest-VolumeQuotasAdminTestJSON-317504081 tempest-VolumeQuotasAdminTestJSON-317504081-project] Task 'cinder.volume.flows.api.create_volume.QuotaReserveTask;volume:create' (a81b9d80-9ee3-4664-906b-3e0a50a5a12a) transitioned into state 'RUNNING' from state 'PENDING' {{(pid=110506) _task_receiver /usr/local/lib/python3.8/dist-packages/taskflow/listeners/logging.py:190}}
Apr 01 13:00:56.768663 dv-cinder-836083-2-iscsi devstack@c-api.service[110506]: DEBUG cinder.quota [None req-ecca193a-38a9-45bb-bd02-5373a5bd2838 tempest-VolumeQuotasAdminTestJSON-317504081 tempest-VolumeQuotasAdminTestJSON-317504081-project] Created reservations ['621f041b-44d4-4a54-b5f0-10f44f59540c', 'c3384b19-33bf-4845-ba23-49bec06a513d', 'ab5cc09f-9e93-4be3-8fa1-9a8671ad6636', 'a086eb67-36b4-4ecf-ad0d-69f8c23b7216'] {{(pid=110506) reserve /opt/stack/cinder/cinder/quota.py:755}}
Apr 01 13:00:56.770764 dv-cinder-836083-2-iscsi devstack@c-api.service[110506]: DEBUG cinder.volume.api [None req-ecca193a-38a9-45bb-bd02-5373a5bd2838 tempest-VolumeQuotasAdminTestJSON-317504081 tempest-VolumeQuotasAdminTestJSON-317504081-project] Task 'cinder.volume.flows.api.create_volume.QuotaReserveTask;volume:create' (a81b9d80-9ee3-4664-906b-3e0a50a5a12a) transitioned into state 'SUCCESS' from state 'RUNNING' with result '{'reservations': ['621f041b-44d4-4a54-b5f0-10f44f59540c', 'c3384b19-33bf-4845-ba23-49bec06a513d', 'ab5cc09f-9e93-4be3-8fa1-9a8671ad6636', 'a086eb67-36b4-4ecf-ad0d-69f8c23b7216']}' {{(pid=110506) _task_receiver /usr/local/lib/python3.8/dist-packages/taskflow/listeners/logging.py:178}}
Apr 01 13:00:56.772768 dv-cinder-836083-2-iscsi devstack@c-api.service[110506]: DEBUG cinder.volume.api [None req-ecca193a-38a9-45bb-bd02-5373a5bd2838 tempest-VolumeQuotasAdminTestJSON-317504081 tempest-VolumeQuotasAdminTestJSON-317504081-project] Task 'cinder.volume.flows.api.create_volume.EntryCreateTask;volume:create' (e4a8c60c-c451-4742-ad73-a7f9781a883b) transitioned into state 'RUNNING' from state 'PENDING' {{(pid=110506) _task_receiver /usr/local/lib/python3.8/dist-packages/taskflow/listeners/logging.py:190}}
Apr 01 13:00:56.796923 dv-cinder-836083-2-iscsi devstack@c-api.service[110505]: INFO cinder.volume.api [None req-a71fd984-8366-4aca-bc01-74c413aefa28 tempest-SnapshotMetadataTestJSON-1086435792 tempest-SnapshotMetadataTestJSON-1086435792-project] Update snapshot metadata completed successfully.
Apr 01 13:00:56.797594 dv-cinder-836083-2-iscsi devstack@c-api.service[110505]: INFO cinder.api.openstack.wsgi [None req-a71fd984-8366-4aca-bc01-74c413aefa28 tempest-SnapshotMetadataTestJSON-1086435792 tempest-SnapshotMetadataTestJSON-1086435792-project] http://10.222.0.43/volume/v3/4704da371c0b4f7c86a55ed59e61c3c8/snapshots/7b5b270d-1c5f-4d44-b2d0-307614b8c491/metadata returned with HTTP 200
Apr 01 13:00:56.798620 dv-cinder-836083-2-iscsi devstack@c-api.service[110505]: [pid: 110505|app: 0|req: 164/306] 10.222.0.43 () {60 vars in 1377 bytes} [Fri Apr 1 13:00:56 2022] PUT /volume/v3/4704da371c0b4f7c86a55ed59e61c3c8/snapshots/7b5b270d-1c5f-4d44-b2d0-307614b8c491/metadata => generated 16 bytes in 183 msecs (HTTP/1.1 200) 7 headers in 284 bytes (1 switches on core 0)
Apr 01 13:00:56.800085 dv-cinder-836083-2-iscsi devstack@c-api.service[110505]: DEBUG cinder.api.middleware.request_id [None req-d83773a2-448c-4589-ab4d-3f5044ba7917 None None] RequestId filter calling following filter/app {{(pid=110505) _context_setter /opt/stack/cinder/cinder/api/middleware/request_id.py:62}}
Apr 01 13:00:56.804583 dv-cinder-836083-2-iscsi devstack@c-api.service[110505]: INFO cinder.api.openstack.wsgi [None req-d83773a2-448c-4589-ab4d-3f5044ba7917 tempest-DeleteServersTestJSON-76474014 tempest-DeleteServersTestJSON-76474014-project] GET http://10.222.0.43/volume/v3/3cfdb3b7b99847b78d108d62acd28b48/volumes/3d15cdf0-a93f-4283-8e98-99c0b3b049e4
Apr 01 13:00:56.805035 dv-cinder-836083-2-iscsi devstack@c-api.service[110505]: DEBUG cinder.api.openstack.wsgi [None req-d83773a2-448c-4589-ab4d-3f5044ba7917 tempest-DeleteServersTestJSON-76474014 tempest-DeleteServersTestJSON-76474014-project] Empty body provided in request {{(pid=110505) get_body /opt/stack/cinder/cinder/api/openstack/wsgi.py:715}}
Apr 01 13:00:56.806554 dv-cinder-836083-2-iscsi devstack@c-api.service[110505]: DEBUG cinder.api.openstack.wsgi [None req-d83773a2-448c-4589-ab4d-3f5044ba7917 tempest-DeleteServersTestJSON-76474014 tempest-DeleteServersTestJSON-76474014-project] Calling method 'show' {{(pid=110505) _process_stack /opt/stack/cinder/cinder/api/openstack/wsgi.py:868}}
Apr 01 13:00:56.823501 dv-cinder-836083-2-iscsi devstack@c-api.service[110505]: /usr/local/lib/python3.8/dist-packages/oslo_context/context.py:100: DeprecationWarning: Policy enforcement is depending on the value of is_admin. This key is deprecated. Please update your policy file to use the standard policy values.
Apr 01 13:00:56.823501 dv-cinder-836083-2-iscsi devstack@c-api.service[110505]: warnings.warn('Policy enforcement is depending on the value of '
Apr 01 13:00:56.830907 dv-cinder-836083-2-iscsi devstack@c-api.service[110505]: INFO cinder.volume.api [None req-d83773a2-448c-4589-ab4d-3f5044ba7917 tempest-DeleteServersTestJSON-76474014 tempest-DeleteServersTestJSON-76474014-project] Volume info retrieved successfully.
Apr 01 13:00:56.840164 dv-cinder-836083-2-iscsi devstack@c-api.service[110505]: INFO cinder.api.openstack.wsgi [None req-d83773a2-448c-4589-ab4d-3f5044ba7917 tempest-DeleteServersTestJSON-76474014 tempest-DeleteServersTestJSON-76474014-project] http://10.222.0.43/volume/v3/3cfdb3b7b99847b78d108d62acd28b48/volumes/3d15cdf0-a93f-4283-8e98-99c0b3b049e4 returned with HTTP 200
Apr 01 13:00:56.840895 dv-cinder-836083-2-iscsi devstack@c-api.service[110505]: [pid: 110505|app: 0|req: 165/307] 10.222.0.43 () {58 vars in 1324 bytes} [Fri Apr 1 13:00:56 2022] GET /volume/v3/3cfdb3b7b99847b78d108d62acd28b48/volumes/3d15cdf0-a93f-4283-8e98-99c0b3b049e4 => generated 1205 bytes in 42 msecs (HTTP/1.1 200) 7 headers in 286 bytes (1 switches on core 0)
Apr 01 13:00:56.842074 dv-cinder-836083-2-iscsi devstack@c-api.service[110505]: DEBUG cinder.api.middleware.request_id [None req-0872ce9b-5c33-4139-9083-a4c0939bfed3 None None] RequestId filter calling following filter/app {{(pid=110505) _context_setter /opt/stack/cinder/cinder/api/middleware/request_id.py:62}}
Apr 01 13:00:56.845527 dv-cinder-836083-2-iscsi devstack@c-api.service[110505]: INFO cinder.api.openstack.wsgi [None req-0872ce9b-5c33-4139-9083-a4c0939bfed3 tempest-VolumesListTestJSON-1363459669 tempest-VolumesListTestJSON-1363459669-project] GET http://10.222.0.43/volume/v3/fad4c67d66934ed9a66c1e31c59e8f46/volumes/58595bd3-ec5d-4802-86ee-ad478b99f843
Apr 01 13:00:56.845981 dv-cinder-836083-2-iscsi devstack@c-api.service[110505]: DEBUG cinder.api.openstack.wsgi [None req-0872ce9b-5c33-4139-9083-a4c0939bfed3 tempest-VolumesListTestJSON-1363459669 tempest-VolumesListTestJSON-1363459669-project] Empty body provided in request {{(pid=110505) get_body /opt/stack/cinder/cinder/api/openstack/wsgi.py:715}}
Apr 01 13:00:56.846427 dv-cinder-836083-2-iscsi devstack@c-api.service[110505]: DEBUG cinder.api.openstack.wsgi [None req-0872ce9b-5c33-4139-9083-a4c0939bfed3 tempest-VolumesListTestJSON-1363459669 tempest-VolumesListTestJSON-1363459669-project] Calling method 'show' {{(pid=110505) _process_stack /opt/stack/cinder/cinder/api/openstack/wsgi.py:868}}
Apr 01 13:00:56.861304 dv-cinder-836083-2-iscsi devstack@c-api.service[110505]: /usr/local/lib/python3.8/dist-packages/oslo_context/context.py:100: DeprecationWarning: Policy enforcement is depending on the value of is_admin. This key is deprecated. Please update your policy file to use the standard policy values.
Apr 01 13:00:56.861304 dv-cinder-836083-2-iscsi devstack@c-api.service[110505]: warnings.warn('Policy enforcement is depending on the value of '
Apr 01 13:00:56.868550 dv-cinder-836083-2-iscsi devstack@c-api.service[110506]: DEBUG cinder.volume.api [None req-ecca193a-38a9-45bb-bd02-5373a5bd2838 tempest-VolumeQuotasAdminTestJSON-317504081 tempest-VolumeQuotasAdminTestJSON-317504081-project] Task 'cinder.volume.flows.api.create_volume.EntryCreateTask;volume:create' (e4a8c60c-c451-4742-ad73-a7f9781a883b) transitioned into state 'SUCCESS' from state 'RUNNING' with result '{'volume_id': 'ebc7cb91-ac0b-4d31-a077-6ed5d3073039', 'volume_properties': VolumeProperties(attach_status='detached',availability_zone='nova',cgsnapshot_id=None,consistencygroup_id=None,display_description=None,display_name='tempest-VolumeQuotasAdminTestJSON-Volume-1089258863',encryption_key_id=None,group_id=None,group_type_id=,metadata={},multiattach=False,project_id='7c56065bbdd4446ea7e66cb109e6277a',qos_specs=None,replication_status=,reservations=['621f041b-44d4-4a54-b5f0-10f44f59540c','c3384b19-33bf-4845-ba23-49bec06a513d','ab5cc09f-9e93-4be3-8fa1-9a8671ad6636','a086eb67-36b4-4ecf-ad0d-69f8c23b7216'],size=1,snapshot_id=None,source_replicaid=,source_volid=None,status='creating',user_id='e5dd6572f64b4bf0980cd259aac6bfc3',volume_type_id=a99bee4d-812e-4192-88a1-bd5cd9cc515c), 'volume': Volume(_name_id=None,admin_metadata=,attach_status='detached',availability_zone='nova',bootable=False,cluster=,cluster_name=None,consistencygroup=,consistencygroup_id=None,created_at=2022-04-01T13:00:56Z,deleted=False,deleted_at=None,display_description=None,display_name='tempest-VolumeQuotasAdminTestJSON-Volume-1089258863',ec2_id=None,encryption_key_id=None,glance_metadata=,group=,group_id=None,host=None,id=ebc7cb91-ac0b-4d31-a077-6ed5d3073039,launched_at=None,metadata={},migration_status=None,multiattach=False,previous_status=None,project_id='7c56065bbdd4446ea7e66cb109e6277a',provider_auth=None,provider_geometry=None,provider_id=None,provider_location=None,replication_driver_data=None,replication_extended_status=None,replication_status=None,scheduled_at=None,service_uuid=None,shared_targets=True,size=1,snapshot_id=None,snapshots=,source_volid=None,status='creating',terminated_at=None,updated_at=None,use_quota=True,user_id='e5dd6572f64b4bf0980cd259aac6bfc3',volume_attachment=VolumeAttachmentList,volume_type=VolumeType(a99bee4d-812e-4192-88a1-bd5cd9cc515c),volume_type_id=a99bee4d-812e-4192-88a1-bd5cd9cc515c)}' {{(pid=110506) _task_receiver /usr/local/lib/python3.8/dist-packages/taskflow/listeners/logging.py:178}}
Apr 01 13:00:56.869156 dv-cinder-836083-2-iscsi devstack@c-api.service[110505]: INFO cinder.volume.api [None req-0872ce9b-5c33-4139-9083-a4c0939bfed3 tempest-VolumesListTestJSON-1363459669 tempest-VolumesListTestJSON-1363459669-project] Volume info retrieved successfully.
Apr 01 13:00:56.870610 dv-cinder-836083-2-iscsi devstack@c-api.service[110506]: DEBUG cinder.volume.api [None req-ecca193a-38a9-45bb-bd02-5373a5bd2838 tempest-VolumeQuotasAdminTestJSON-317504081 tempest-VolumeQuotasAdminTestJSON-317504081-project] Task 'cinder.volume.flows.api.create_volume.QuotaCommitTask;volume:create' (61b33219-40ff-465f-9d06-edacb1107963) transitioned into state 'RUNNING' from state 'PENDING' {{(pid=110506) _task_receiver /usr/local/lib/python3.8/dist-packages/taskflow/listeners/logging.py:190}}
Apr 01 13:00:56.881134 dv-cinder-836083-2-iscsi devstack@c-api.service[110505]: INFO cinder.api.openstack.wsgi [None req-0872ce9b-5c33-4139-9083-a4c0939bfed3 tempest-VolumesListTestJSON-1363459669 tempest-VolumesListTestJSON-1363459669-project] http://10.222.0.43/volume/v3/fad4c67d66934ed9a66c1e31c59e8f46/volumes/58595bd3-ec5d-4802-86ee-ad478b99f843 returned with HTTP 200
Apr 01 13:00:56.892475 dv-cinder-836083-2-iscsi devstack@c-api.service[110505]: [pid: 110505|app: 0|req: 166/308] 10.222.0.43 () {58 vars in 1324 bytes} [Fri Apr 1 13:00:56 2022] GET /volume/v3/fad4c67d66934ed9a66c1e31c59e8f46/volumes/58595bd3-ec5d-4802-86ee-ad478b99f843 => generated 926 bytes in 51 msecs (HTTP/1.1 200) 7 headers in 285 bytes (1 switches on core 0)
Apr 01 13:00:56.894115 dv-cinder-836083-2-iscsi devstack@c-api.service[110505]: DEBUG cinder.api.middleware.request_id [None req-4083884a-c462-4419-a9a0-fa09a521f1ac None None] RequestId filter calling following filter/app {{(pid=110505) _context_setter /opt/stack/cinder/cinder/api/middleware/request_id.py:62}}
Apr 01 13:00:56.897980 dv-cinder-836083-2-iscsi devstack@c-api.service[110505]: INFO cinder.api.openstack.wsgi [None req-4083884a-c462-4419-a9a0-fa09a521f1ac tempest-GroupsV314Test-1588296632 tempest-GroupsV314Test-1588296632-project] GET http://10.222.0.43/volume/v3/4c63ba76230b4f78bc1f66065e492ae7/volumes/f94abe88-5e4a-4331-98db-ae650ae89be8
Apr 01 13:00:56.898463 dv-cinder-836083-2-iscsi devstack@c-api.service[110505]: DEBUG cinder.api.openstack.wsgi [None req-4083884a-c462-4419-a9a0-fa09a521f1ac tempest-GroupsV314Test-1588296632 tempest-GroupsV314Test-1588296632-project] Empty body provided in request {{(pid=110505) get_body /opt/stack/cinder/cinder/api/openstack/wsgi.py:715}}
Apr 01 13:00:56.898905 dv-cinder-836083-2-iscsi devstack@c-api.service[110505]: DEBUG cinder.api.openstack.wsgi [None req-4083884a-c462-4419-a9a0-fa09a521f1ac tempest-GroupsV314Test-1588296632 tempest-GroupsV314Test-1588296632-project] Calling method 'show' {{(pid=110505) _process_stack /opt/stack/cinder/cinder/api/openstack/wsgi.py:868}}
Apr 01 13:00:56.912880 dv-cinder-836083-2-iscsi devstack@c-api.service[110505]: /usr/local/lib/python3.8/dist-packages/oslo_context/context.py:100: DeprecationWarning: Policy enforcement is depending on the value of is_admin. This key is deprecated. Please update your policy file to use the standard policy values.
Apr 01 13:00:56.912880 dv-cinder-836083-2-iscsi devstack@c-api.service[110505]: warnings.warn('Policy enforcement is depending on the value of '
Apr 01 13:00:56.921349 dv-cinder-836083-2-iscsi devstack@c-api.service[110505]: INFO cinder.volume.api [None req-4083884a-c462-4419-a9a0-fa09a521f1ac tempest-GroupsV314Test-1588296632 tempest-GroupsV314Test-1588296632-project] Volume info retrieved successfully.
Apr 01 13:00:56.922810 dv-cinder-836083-2-iscsi devstack@c-api.service[110505]: WARNING stevedore.named [None req-4083884a-c462-4419-a9a0-fa09a521f1ac tempest-GroupsV314Test-1588296632 tempest-GroupsV314Test-1588296632-project] Could not load cinder.keymgr.conf_key_mgr.ConfKeyManager
Apr 01 13:00:56.923189 dv-cinder-836083-2-iscsi devstack@c-api.service[110505]: WARNING castellan.key_manager [None req-4083884a-c462-4419-a9a0-fa09a521f1ac tempest-GroupsV314Test-1588296632 tempest-GroupsV314Test-1588296632-project] Deprecation Warning : cinder.keymgr.conf_key_mgr.ConfKeyManager is not a stevedore based driver, trying to load it as a class: stevedore.exception.NoMatches: No 'castellan.drivers' driver found, looking for 'cinder.keymgr.conf_key_mgr.ConfKeyManager'
Apr 01 13:00:56.929703 dv-cinder-836083-2-iscsi devstack@c-api.service[110505]: DEBUG oslo_db.sqlalchemy.engines [None req-4083884a-c462-4419-a9a0-fa09a521f1ac tempest-GroupsV314Test-1588296632 tempest-GroupsV314Test-1588296632-project] MySQL server mode set to STRICT_TRANS_TABLES,STRICT_ALL_TABLES,NO_ZERO_IN_DATE,NO_ZERO_DATE,ERROR_FOR_DIVISION_BY_ZERO,TRADITIONAL,NO_ENGINE_SUBSTITUTION {{(pid=110505) _check_effective_sql_mode /usr/local/lib/python3.8/dist-packages/oslo_db/sqlalchemy/engines.py:314}}
Apr 01 13:00:56.934881 dv-cinder-836083-2-iscsi devstack@c-api.service[110505]: /usr/local/lib/python3.8/dist-packages/oslo_context/context.py:100: DeprecationWarning: Policy enforcement is depending on the value of is_admin. This key is deprecated. Please update your policy file to use the standard policy values.
Apr 01 13:00:56.934881 dv-cinder-836083-2-iscsi devstack@c-api.service[110505]: warnings.warn('Policy enforcement is depending on the value of '
Apr 01 13:00:56.948856 dv-cinder-836083-2-iscsi devstack@c-api.service[110505]: INFO cinder.api.openstack.wsgi [None req-4083884a-c462-4419-a9a0-fa09a521f1ac tempest-GroupsV314Test-1588296632 tempest-GroupsV314Test-1588296632-project] http://10.222.0.43/volume/v3/4c63ba76230b4f78bc1f66065e492ae7/volumes/f94abe88-5e4a-4331-98db-ae650ae89be8 returned with HTTP 200
Apr 01 13:00:56.949621 dv-cinder-836083-2-iscsi devstack@c-api.service[110505]: [pid: 110505|app: 0|req: 167/309] 10.222.0.43 () {60 vars in 1365 bytes} [Fri Apr 1 13:00:56 2022] GET /volume/v3/4c63ba76230b4f78bc1f66065e492ae7/volumes/f94abe88-5e4a-4331-98db-ae650ae89be8 => generated 991 bytes in 57 msecs (HTTP/1.1 200) 7 headers in 286 bytes (1 switches on core 0)
Apr 01 13:00:56.950993 dv-cinder-836083-2-iscsi devstack@c-api.service[110505]: DEBUG cinder.api.middleware.request_id [None req-b50354eb-1638-401f-bda5-d99cd28678ca None None] RequestId filter calling following filter/app {{(pid=110505) _context_setter /opt/stack/cinder/cinder/api/middleware/request_id.py:62}}
Apr 01 13:00:56.956008 dv-cinder-836083-2-iscsi devstack@c-api.service[110505]: INFO cinder.api.openstack.wsgi [None req-b50354eb-1638-401f-bda5-d99cd28678ca tempest-SnapshotMetadataTestJSON-1086435792 tempest-SnapshotMetadataTestJSON-1086435792-project] POST http://10.222.0.43/volume/v3/4704da371c0b4f7c86a55ed59e61c3c8/snapshots/7b5b270d-1c5f-4d44-b2d0-307614b8c491/metadata
Apr 01 13:00:56.956597 dv-cinder-836083-2-iscsi devstack@c-api.service[110505]: DEBUG cinder.api.openstack.wsgi [None req-b50354eb-1638-401f-bda5-d99cd28678ca tempest-SnapshotMetadataTestJSON-1086435792 tempest-SnapshotMetadataTestJSON-1086435792-project] Action: 'create', calling method: create, body: {"metadata": {"key1": "value1", "key2": "value2", "key3": "value3"}} {{(pid=110505) _process_stack /opt/stack/cinder/cinder/api/openstack/wsgi.py:866}}
Apr 01 13:00:56.965561 dv-cinder-836083-2-iscsi devstack@c-api.service[110505]: /usr/local/lib/python3.8/dist-packages/oslo_context/context.py:100: DeprecationWarning: Policy enforcement is depending on the value of is_admin. This key is deprecated. Please update your policy file to use the standard policy values.
Apr 01 13:00:56.965561 dv-cinder-836083-2-iscsi devstack@c-api.service[110505]: warnings.warn('Policy enforcement is depending on the value of '
Apr 01 13:00:56.966519 dv-cinder-836083-2-iscsi devstack@c-api.service[110505]: INFO cinder.volume.api [None req-b50354eb-1638-401f-bda5-d99cd28678ca tempest-SnapshotMetadataTestJSON-1086435792 tempest-SnapshotMetadataTestJSON-1086435792-project] Snapshot retrieved successfully.
Apr 01 13:00:56.987281 dv-cinder-836083-2-iscsi devstack@c-api.service[110506]: DEBUG cinder.volume.api [None req-ecca193a-38a9-45bb-bd02-5373a5bd2838 tempest-VolumeQuotasAdminTestJSON-317504081 tempest-VolumeQuotasAdminTestJSON-317504081-project] Task 'cinder.volume.flows.api.create_volume.QuotaCommitTask;volume:create' (61b33219-40ff-465f-9d06-edacb1107963) transitioned into state 'SUCCESS' from state 'RUNNING' with result '{'volume_properties': VolumeProperties(attach_status='detached',availability_zone='nova',cgsnapshot_id=None,consistencygroup_id=None,display_description=None,display_name='tempest-VolumeQuotasAdminTestJSON-Volume-1089258863',encryption_key_id=None,group_id=None,group_type_id=,metadata={},multiattach=False,project_id='7c56065bbdd4446ea7e66cb109e6277a',qos_specs=None,replication_status=,reservations=['621f041b-44d4-4a54-b5f0-10f44f59540c','c3384b19-33bf-4845-ba23-49bec06a513d','ab5cc09f-9e93-4be3-8fa1-9a8671ad6636','a086eb67-36b4-4ecf-ad0d-69f8c23b7216'],size=1,snapshot_id=None,source_replicaid=,source_volid=None,status='creating',user_id='e5dd6572f64b4bf0980cd259aac6bfc3',volume_type_id=a99bee4d-812e-4192-88a1-bd5cd9cc515c)}' {{(pid=110506) _task_receiver /usr/local/lib/python3.8/dist-packages/taskflow/listeners/logging.py:178}}
Apr 01 13:00:56.989053 dv-cinder-836083-2-iscsi devstack@c-api.service[110506]: DEBUG cinder.volume.api [None req-ecca193a-38a9-45bb-bd02-5373a5bd2838 tempest-VolumeQuotasAdminTestJSON-317504081 tempest-VolumeQuotasAdminTestJSON-317504081-project] Task 'cinder.volume.flows.api.create_volume.VolumeCastTask;volume:create' (d2999840-f1bf-4aa7-96cd-3fa58664ca76) transitioned into state 'RUNNING' from state 'PENDING' {{(pid=110506) _task_receiver /usr/local/lib/python3.8/dist-packages/taskflow/listeners/logging.py:190}}
Apr 01 13:00:57.080765 dv-cinder-836083-2-iscsi devstack@c-api.service[110505]: INFO cinder.volume.api [None req-b50354eb-1638-401f-bda5-d99cd28678ca tempest-SnapshotMetadataTestJSON-1086435792 tempest-SnapshotMetadataTestJSON-1086435792-project] Update snapshot metadata completed successfully.
Apr 01 13:00:57.081308 dv-cinder-836083-2-iscsi devstack@c-api.service[110505]: INFO cinder.api.openstack.wsgi [None req-b50354eb-1638-401f-bda5-d99cd28678ca tempest-SnapshotMetadataTestJSON-1086435792 tempest-SnapshotMetadataTestJSON-1086435792-project] http://10.222.0.43/volume/v3/4704da371c0b4f7c86a55ed59e61c3c8/snapshots/7b5b270d-1c5f-4d44-b2d0-307614b8c491/metadata returned with HTTP 200
Apr 01 13:00:57.082131 dv-cinder-836083-2-iscsi devstack@c-api.service[110505]: [pid: 110505|app: 0|req: 168/310] 10.222.0.43 () {60 vars in 1378 bytes} [Fri Apr 1 13:00:56 2022] POST /volume/v3/4704da371c0b4f7c86a55ed59e61c3c8/snapshots/7b5b270d-1c5f-4d44-b2d0-307614b8c491/metadata => generated 68 bytes in 132 msecs (HTTP/1.1 200) 7 headers in 284 bytes (1 switches on core 0)
Apr 01 13:00:57.083540 dv-cinder-836083-2-iscsi devstack@c-api.service[110505]: DEBUG cinder.api.middleware.request_id [None req-3c8ee128-0d03-4a6a-8f90-2d7f11cb2a6c None None] RequestId filter calling following filter/app {{(pid=110505) _context_setter /opt/stack/cinder/cinder/api/middleware/request_id.py:62}}
Apr 01 13:00:57.087043 dv-cinder-836083-2-iscsi devstack@c-api.service[110505]: INFO cinder.api.openstack.wsgi [None req-3c8ee128-0d03-4a6a-8f90-2d7f11cb2a6c tempest-VolumesListTestJSON-1363459669 tempest-VolumesListTestJSON-1363459669-project] POST http://10.222.0.43/volume/v3/fad4c67d66934ed9a66c1e31c59e8f46/volumes
Apr 01 13:00:57.087743 dv-cinder-836083-2-iscsi devstack@c-api.service[110505]: DEBUG cinder.api.openstack.wsgi [None req-3c8ee128-0d03-4a6a-8f90-2d7f11cb2a6c tempest-VolumesListTestJSON-1363459669 tempest-VolumesListTestJSON-1363459669-project] Action: 'create', calling method: create, body: {"volume": {"metadata": {"Type": "work"}, "size": 1, "name": "tempest-VolumesListTestJSON-Volume-1367112752"}} {{(pid=110505) _process_stack /opt/stack/cinder/cinder/api/openstack/wsgi.py:866}}
Apr 01 13:00:57.088756 dv-cinder-836083-2-iscsi devstack@c-api.service[110505]: DEBUG cinder.api.v3.volumes [None req-3c8ee128-0d03-4a6a-8f90-2d7f11cb2a6c tempest-VolumesListTestJSON-1363459669 tempest-VolumesListTestJSON-1363459669-project] Create volume request body: {'volume': {'metadata': {'Type': 'work'}, 'size': 1, 'name': 'tempest-VolumesListTestJSON-Volume-1367112752'}} {{(pid=110505) create /opt/stack/cinder/cinder/api/v3/volumes.py:298}}
Apr 01 13:00:57.089064 dv-cinder-836083-2-iscsi devstack@c-api.service[110505]: INFO cinder.api.v3.volumes [None req-3c8ee128-0d03-4a6a-8f90-2d7f11cb2a6c tempest-VolumesListTestJSON-1363459669 tempest-VolumesListTestJSON-1363459669-project] Create volume of 1 GB
Apr 01 13:00:57.095252 dv-cinder-836083-2-iscsi devstack@c-api.service[110505]: INFO cinder.volume.api [None req-3c8ee128-0d03-4a6a-8f90-2d7f11cb2a6c tempest-VolumesListTestJSON-1363459669 tempest-VolumesListTestJSON-1363459669-project] Availability Zones retrieved successfully.
Apr 01 13:00:57.112371 dv-cinder-836083-2-iscsi devstack@c-api.service[110505]: DEBUG cinder.volume.api [None req-3c8ee128-0d03-4a6a-8f90-2d7f11cb2a6c tempest-VolumesListTestJSON-1363459669 tempest-VolumesListTestJSON-1363459669-project] Flow 'volume_create_api' (8d55e350-d4f4-43cf-8d84-ddaa2a633f87) transitioned into state 'RUNNING' from state 'PENDING' {{(pid=110505) _flow_receiver /usr/local/lib/python3.8/dist-packages/taskflow/listeners/logging.py:141}}
Apr 01 13:00:57.115475 dv-cinder-836083-2-iscsi devstack@c-api.service[110505]: DEBUG cinder.volume.api [None req-3c8ee128-0d03-4a6a-8f90-2d7f11cb2a6c tempest-VolumesListTestJSON-1363459669 tempest-VolumesListTestJSON-1363459669-project] Task 'cinder.volume.flows.api.create_volume.ExtractVolumeRequestTask;volume:create' (4de269d6-de96-4387-af1a-b74c5c4e0fe8) transitioned into state 'RUNNING' from state 'PENDING' {{(pid=110505) _task_receiver /usr/local/lib/python3.8/dist-packages/taskflow/listeners/logging.py:190}}
Apr 01 13:00:57.117997 dv-cinder-836083-2-iscsi devstack@c-api.service[110505]: DEBUG cinder.volume.flows.api.create_volume [None req-3c8ee128-0d03-4a6a-8f90-2d7f11cb2a6c tempest-VolumesListTestJSON-1363459669 tempest-VolumesListTestJSON-1363459669-project] Validating volume size '1' using validate_int {{(pid=110505) _extract_size /opt/stack/cinder/cinder/volume/flows/api/create_volume.py:225}}
Apr 01 13:00:57.119249 dv-cinder-836083-2-iscsi devstack@c-api.service[110506]: DEBUG cinder.volume.api [None req-ecca193a-38a9-45bb-bd02-5373a5bd2838 tempest-VolumeQuotasAdminTestJSON-317504081 tempest-VolumeQuotasAdminTestJSON-317504081-project] Task 'cinder.volume.flows.api.create_volume.VolumeCastTask;volume:create' (d2999840-f1bf-4aa7-96cd-3fa58664ca76) transitioned into state 'SUCCESS' from state 'RUNNING' with result 'None' {{(pid=110506) _task_receiver /usr/local/lib/python3.8/dist-packages/taskflow/listeners/logging.py:178}}
Apr 01 13:00:57.122832 dv-cinder-836083-2-iscsi devstack@c-api.service[110506]: DEBUG cinder.volume.api [None req-ecca193a-38a9-45bb-bd02-5373a5bd2838 tempest-VolumeQuotasAdminTestJSON-317504081 tempest-VolumeQuotasAdminTestJSON-317504081-project] Flow 'volume_create_api' (dae1a3d4-cb85-4e7a-ae25-c9ce89daf863) transitioned into state 'SUCCESS' from state 'RUNNING' {{(pid=110506) _flow_receiver /usr/local/lib/python3.8/dist-packages/taskflow/listeners/logging.py:141}}
Apr 01 13:00:57.123546 dv-cinder-836083-2-iscsi devstack@c-api.service[110506]: INFO cinder.volume.api [None req-ecca193a-38a9-45bb-bd02-5373a5bd2838 tempest-VolumeQuotasAdminTestJSON-317504081 tempest-VolumeQuotasAdminTestJSON-317504081-project] Create volume request issued successfully.
Apr 01 13:00:57.125060 dv-cinder-836083-2-iscsi devstack@c-api.service[110506]: INFO cinder.api.openstack.wsgi [None req-ecca193a-38a9-45bb-bd02-5373a5bd2838 tempest-VolumeQuotasAdminTestJSON-317504081 tempest-VolumeQuotasAdminTestJSON-317504081-project] http://10.222.0.43/volume/v3/7c56065bbdd4446ea7e66cb109e6277a/volumes returned with HTTP 202
Apr 01 13:00:57.127384 dv-cinder-836083-2-iscsi devstack@c-api.service[110506]: [pid: 110506|app: 0|req: 143/311] 10.222.0.43 () {60 vars in 1234 bytes} [Fri Apr 1 13:00:56 2022] POST /volume/v3/7c56065bbdd4446ea7e66cb109e6277a/volumes => generated 825 bytes in 543 msecs (HTTP/1.1 202) 7 headers in 291 bytes (1 switches on core 0)
Apr 01 13:00:57.129448 dv-cinder-836083-2-iscsi devstack@c-api.service[110506]: DEBUG cinder.api.middleware.request_id [None req-6d183bf7-6d85-4290-a935-82022e4cb7b8 None None] RequestId filter calling following filter/app {{(pid=110506) _context_setter /opt/stack/cinder/cinder/api/middleware/request_id.py:62}}
Apr 01 13:00:57.136645 dv-cinder-836083-2-iscsi devstack@c-api.service[110506]: INFO cinder.api.openstack.wsgi [None req-6d183bf7-6d85-4290-a935-82022e4cb7b8 tempest-SnapshotMetadataTestJSON-1086435792 tempest-SnapshotMetadataTestJSON-1086435792-project] GET http://10.222.0.43/volume/v3/4704da371c0b4f7c86a55ed59e61c3c8/snapshots/7b5b270d-1c5f-4d44-b2d0-307614b8c491/metadata
Apr 01 13:00:57.137371 dv-cinder-836083-2-iscsi devstack@c-api.service[110506]: DEBUG cinder.api.openstack.wsgi [None req-6d183bf7-6d85-4290-a935-82022e4cb7b8 tempest-SnapshotMetadataTestJSON-1086435792 tempest-SnapshotMetadataTestJSON-1086435792-project] Empty body provided in request {{(pid=110506) get_body /opt/stack/cinder/cinder/api/openstack/wsgi.py:715}}
Apr 01 13:00:57.137853 dv-cinder-836083-2-iscsi devstack@c-api.service[110506]: DEBUG cinder.api.openstack.wsgi [None req-6d183bf7-6d85-4290-a935-82022e4cb7b8 tempest-SnapshotMetadataTestJSON-1086435792 tempest-SnapshotMetadataTestJSON-1086435792-project] Calling method 'index' {{(pid=110506) _process_stack /opt/stack/cinder/cinder/api/openstack/wsgi.py:868}}
Apr 01 13:00:57.148433 dv-cinder-836083-2-iscsi devstack@c-api.service[110506]: /usr/local/lib/python3.8/dist-packages/oslo_context/context.py:100: DeprecationWarning: Policy enforcement is depending on the value of is_admin. This key is deprecated. Please update your policy file to use the standard policy values.
Apr 01 13:00:57.148433 dv-cinder-836083-2-iscsi devstack@c-api.service[110506]: warnings.warn('Policy enforcement is depending on the value of '
Apr 01 13:00:57.149464 dv-cinder-836083-2-iscsi devstack@c-api.service[110506]: INFO cinder.volume.api [None req-6d183bf7-6d85-4290-a935-82022e4cb7b8 tempest-SnapshotMetadataTestJSON-1086435792 tempest-SnapshotMetadataTestJSON-1086435792-project] Snapshot retrieved successfully.
Apr 01 13:00:57.151413 dv-cinder-836083-2-iscsi devstack@c-api.service[110506]: INFO cinder.volume.api [None req-6d183bf7-6d85-4290-a935-82022e4cb7b8 tempest-SnapshotMetadataTestJSON-1086435792 tempest-SnapshotMetadataTestJSON-1086435792-project] Get snapshot metadata completed successfully.
Apr 01 13:00:57.151931 dv-cinder-836083-2-iscsi devstack@c-api.service[110506]: INFO cinder.api.openstack.wsgi [None req-6d183bf7-6d85-4290-a935-82022e4cb7b8 tempest-SnapshotMetadataTestJSON-1086435792 tempest-SnapshotMetadataTestJSON-1086435792-project] http://10.222.0.43/volume/v3/4704da371c0b4f7c86a55ed59e61c3c8/snapshots/7b5b270d-1c5f-4d44-b2d0-307614b8c491/metadata returned with HTTP 200
Apr 01 13:00:57.152661 dv-cinder-836083-2-iscsi devstack@c-api.service[110506]: [pid: 110506|app: 0|req: 144/312] 10.222.0.43 () {58 vars in 1357 bytes} [Fri Apr 1 13:00:57 2022] GET /volume/v3/4704da371c0b4f7c86a55ed59e61c3c8/snapshots/7b5b270d-1c5f-4d44-b2d0-307614b8c491/metadata => generated 68 bytes in 25 msecs (HTTP/1.1 200) 7 headers in 284 bytes (1 switches on core 0)
Apr 01 13:00:57.153949 dv-cinder-836083-2-iscsi devstack@c-api.service[110506]: DEBUG cinder.api.middleware.request_id [None req-8ada8af7-93eb-4454-ac4c-772cf4e0e898 None None] RequestId filter calling following filter/app {{(pid=110506) _context_setter /opt/stack/cinder/cinder/api/middleware/request_id.py:62}}
Apr 01 13:00:57.157767 dv-cinder-836083-2-iscsi devstack@c-api.service[110506]: INFO cinder.api.openstack.wsgi [None req-8ada8af7-93eb-4454-ac4c-772cf4e0e898 tempest-VolumeQuotasAdminTestJSON-317504081 tempest-VolumeQuotasAdminTestJSON-317504081-project] GET http://10.222.0.43/volume/v3/7c56065bbdd4446ea7e66cb109e6277a/volumes/ebc7cb91-ac0b-4d31-a077-6ed5d3073039
Apr 01 13:00:57.158214 dv-cinder-836083-2-iscsi devstack@c-api.service[110506]: DEBUG cinder.api.openstack.wsgi [None req-8ada8af7-93eb-4454-ac4c-772cf4e0e898 tempest-VolumeQuotasAdminTestJSON-317504081 tempest-VolumeQuotasAdminTestJSON-317504081-project] Empty body provided in request {{(pid=110506) get_body /opt/stack/cinder/cinder/api/openstack/wsgi.py:715}}
Apr 01 13:00:57.158674 dv-cinder-836083-2-iscsi devstack@c-api.service[110506]: DEBUG cinder.api.openstack.wsgi [None req-8ada8af7-93eb-4454-ac4c-772cf4e0e898 tempest-VolumeQuotasAdminTestJSON-317504081 tempest-VolumeQuotasAdminTestJSON-317504081-project] Calling method 'show' {{(pid=110506) _process_stack /opt/stack/cinder/cinder/api/openstack/wsgi.py:868}}
Apr 01 13:00:57.163695 dv-cinder-836083-2-iscsi devstack@c-api.service[110505]: DEBUG cinder.volume.api [None req-3c8ee128-0d03-4a6a-8f90-2d7f11cb2a6c tempest-VolumesListTestJSON-1363459669 tempest-VolumesListTestJSON-1363459669-project] Task 'cinder.volume.flows.api.create_volume.ExtractVolumeRequestTask;volume:create' (4de269d6-de96-4387-af1a-b74c5c4e0fe8) transitioned into state 'SUCCESS' from state 'RUNNING' with result '{'size': 1, 'snapshot_id': None, 'source_volid': None, 'volume_type': VolumeType(created_at=2022-04-01T12:44:51Z,deleted=False,deleted_at=None,description='Default Volume Type',extra_specs={},id=a99bee4d-812e-4192-88a1-bd5cd9cc515c,is_public=True,name='__DEFAULT__',projects=[],qos_specs=,qos_specs_id=None,updated_at=2022-04-01T12:44:51Z), 'volume_type_id': 'a99bee4d-812e-4192-88a1-bd5cd9cc515c', 'encryption_key_id': None, 'qos_specs': None, 'consistencygroup_id': None, 'cgsnapshot_id': None, 'group_id': None, 'replication_status': 'disabled', 'refresh_az': False, 'backup_id': None, 'multiattach': False, 'availability_zones': ['nova']}' {{(pid=110505) _task_receiver /usr/local/lib/python3.8/dist-packages/taskflow/listeners/logging.py:178}}
Apr 01 13:00:57.165789 dv-cinder-836083-2-iscsi devstack@c-api.service[110505]: DEBUG cinder.volume.api [None req-3c8ee128-0d03-4a6a-8f90-2d7f11cb2a6c tempest-VolumesListTestJSON-1363459669 tempest-VolumesListTestJSON-1363459669-project] Task 'cinder.volume.flows.api.create_volume.QuotaReserveTask;volume:create' (6019679a-f3e8-43f0-a529-30a6356e977b) transitioned into state 'RUNNING' from state 'PENDING' {{(pid=110505) _task_receiver /usr/local/lib/python3.8/dist-packages/taskflow/listeners/logging.py:190}}
Apr 01 13:00:57.172162 dv-cinder-836083-2-iscsi devstack@c-api.service[110506]: /usr/local/lib/python3.8/dist-packages/oslo_context/context.py:100: DeprecationWarning: Policy enforcement is depending on the value of is_admin. This key is deprecated. Please update your policy file to use the standard policy values.
Apr 01 13:00:57.172162 dv-cinder-836083-2-iscsi devstack@c-api.service[110506]: warnings.warn('Policy enforcement is depending on the value of '
Apr 01 13:00:57.180065 dv-cinder-836083-2-iscsi devstack@c-api.service[110506]: INFO cinder.volume.api [None req-8ada8af7-93eb-4454-ac4c-772cf4e0e898 tempest-VolumeQuotasAdminTestJSON-317504081 tempest-VolumeQuotasAdminTestJSON-317504081-project] Volume info retrieved successfully.
Apr 01 13:00:57.189060 dv-cinder-836083-2-iscsi devstack@c-api.service[110506]: INFO cinder.api.openstack.wsgi [None req-8ada8af7-93eb-4454-ac4c-772cf4e0e898 tempest-VolumeQuotasAdminTestJSON-317504081 tempest-VolumeQuotasAdminTestJSON-317504081-project] http://10.222.0.43/volume/v3/7c56065bbdd4446ea7e66cb109e6277a/volumes/ebc7cb91-ac0b-4d31-a077-6ed5d3073039 returned with HTTP 200
Apr 01 13:00:57.189882 dv-cinder-836083-2-iscsi devstack@c-api.service[110506]: [pid: 110506|app: 0|req: 145/313] 10.222.0.43 () {58 vars in 1324 bytes} [Fri Apr 1 13:00:57 2022] GET /volume/v3/7c56065bbdd4446ea7e66cb109e6277a/volumes/ebc7cb91-ac0b-4d31-a077-6ed5d3073039 => generated 893 bytes in 37 msecs (HTTP/1.1 200) 7 headers in 285 bytes (1 switches on core 0)
Apr 01 13:00:57.191150 dv-cinder-836083-2-iscsi devstack@c-api.service[110506]: DEBUG cinder.api.middleware.request_id [None req-1f73ece0-32e4-40f1-afcf-bde7543e30bf None None] RequestId filter calling following filter/app {{(pid=110506) _context_setter /opt/stack/cinder/cinder/api/middleware/request_id.py:62}}
Apr 01 13:00:57.195253 dv-cinder-836083-2-iscsi devstack@c-api.service[110506]: INFO cinder.api.openstack.wsgi [None req-1f73ece0-32e4-40f1-afcf-bde7543e30bf tempest-SnapshotMetadataTestJSON-1086435792 tempest-SnapshotMetadataTestJSON-1086435792-project] PUT http://10.222.0.43/volume/v3/4704da371c0b4f7c86a55ed59e61c3c8/snapshots/7b5b270d-1c5f-4d44-b2d0-307614b8c491/metadata/key3
Apr 01 13:00:57.195982 dv-cinder-836083-2-iscsi devstack@c-api.service[110506]: DEBUG cinder.api.openstack.wsgi [None req-1f73ece0-32e4-40f1-afcf-bde7543e30bf tempest-SnapshotMetadataTestJSON-1086435792 tempest-SnapshotMetadataTestJSON-1086435792-project] Action: 'update', calling method: update, body: {"meta": {"key3": "value3_update"}} {{(pid=110506) _process_stack /opt/stack/cinder/cinder/api/openstack/wsgi.py:866}}
Apr 01 13:00:57.206304 dv-cinder-836083-2-iscsi devstack@c-api.service[110506]: /usr/local/lib/python3.8/dist-packages/oslo_context/context.py:100: DeprecationWarning: Policy enforcement is depending on the value of is_admin. This key is deprecated. Please update your policy file to use the standard policy values.
Apr 01 13:00:57.206304 dv-cinder-836083-2-iscsi devstack@c-api.service[110506]: warnings.warn('Policy enforcement is depending on the value of '
Apr 01 13:00:57.207272 dv-cinder-836083-2-iscsi devstack@c-api.service[110506]: INFO cinder.volume.api [None req-1f73ece0-32e4-40f1-afcf-bde7543e30bf tempest-SnapshotMetadataTestJSON-1086435792 tempest-SnapshotMetadataTestJSON-1086435792-project] Snapshot retrieved successfully.
Apr 01 13:00:57.302484 dv-cinder-836083-2-iscsi devstack@c-api.service[110505]: DEBUG cinder.quota [None req-3c8ee128-0d03-4a6a-8f90-2d7f11cb2a6c tempest-VolumesListTestJSON-1363459669 tempest-VolumesListTestJSON-1363459669-project] Created reservations ['600bce07-63cf-4aa9-813f-a5c76d72a7ea', 'c983256c-bcbe-4d26-9858-70b2535a5798', '26362826-a84c-4634-ac9d-443922e2dab8', '9923492e-73f8-46ae-9410-20bb7d647f3c'] {{(pid=110505) reserve /opt/stack/cinder/cinder/quota.py:755}}
Apr 01 13:00:57.304256 dv-cinder-836083-2-iscsi devstack@c-api.service[110505]: DEBUG cinder.volume.api [None req-3c8ee128-0d03-4a6a-8f90-2d7f11cb2a6c tempest-VolumesListTestJSON-1363459669 tempest-VolumesListTestJSON-1363459669-project] Task 'cinder.volume.flows.api.create_volume.QuotaReserveTask;volume:create' (6019679a-f3e8-43f0-a529-30a6356e977b) transitioned into state 'SUCCESS' from state 'RUNNING' with result '{'reservations': ['600bce07-63cf-4aa9-813f-a5c76d72a7ea', 'c983256c-bcbe-4d26-9858-70b2535a5798', '26362826-a84c-4634-ac9d-443922e2dab8', '9923492e-73f8-46ae-9410-20bb7d647f3c']}' {{(pid=110505) _task_receiver /usr/local/lib/python3.8/dist-packages/taskflow/listeners/logging.py:178}}
Apr 01 13:00:57.306320 dv-cinder-836083-2-iscsi devstack@c-api.service[110505]: DEBUG cinder.volume.api [None req-3c8ee128-0d03-4a6a-8f90-2d7f11cb2a6c tempest-VolumesListTestJSON-1363459669 tempest-VolumesListTestJSON-1363459669-project] Task 'cinder.volume.flows.api.create_volume.EntryCreateTask;volume:create' (f0cc60ce-ed7a-4745-98c9-5ca1b5f858ca) transitioned into state 'RUNNING' from state 'PENDING' {{(pid=110505) _task_receiver /usr/local/lib/python3.8/dist-packages/taskflow/listeners/logging.py:190}}
Apr 01 13:00:57.335971 dv-cinder-836083-2-iscsi devstack@c-api.service[110506]: INFO cinder.volume.api [None req-1f73ece0-32e4-40f1-afcf-bde7543e30bf tempest-SnapshotMetadataTestJSON-1086435792 tempest-SnapshotMetadataTestJSON-1086435792-project] Update snapshot metadata completed successfully.
Apr 01 13:00:57.336504 dv-cinder-836083-2-iscsi devstack@c-api.service[110506]: INFO cinder.api.openstack.wsgi [None req-1f73ece0-32e4-40f1-afcf-bde7543e30bf tempest-SnapshotMetadataTestJSON-1086435792 tempest-SnapshotMetadataTestJSON-1086435792-project] http://10.222.0.43/volume/v3/4704da371c0b4f7c86a55ed59e61c3c8/snapshots/7b5b270d-1c5f-4d44-b2d0-307614b8c491/metadata/key3 returned with HTTP 200
Apr 01 13:00:57.337298 dv-cinder-836083-2-iscsi devstack@c-api.service[110506]: [pid: 110506|app: 0|req: 146/314] 10.222.0.43 () {60 vars in 1392 bytes} [Fri Apr 1 13:00:57 2022] PUT /volume/v3/4704da371c0b4f7c86a55ed59e61c3c8/snapshots/7b5b270d-1c5f-4d44-b2d0-307614b8c491/metadata/key3 => generated 35 bytes in 147 msecs (HTTP/1.1 200) 7 headers in 284 bytes (1 switches on core 0)
Apr 01 13:00:57.342660 dv-cinder-836083-2-iscsi devstack@c-api.service[110506]: DEBUG cinder.api.middleware.request_id [None req-89177c74-6052-4d79-9107-b55b5a443800 None None] RequestId filter calling following filter/app {{(pid=110506) _context_setter /opt/stack/cinder/cinder/api/middleware/request_id.py:62}}
Apr 01 13:00:57.346229 dv-cinder-836083-2-iscsi devstack@c-api.service[110506]: INFO cinder.api.openstack.wsgi [None req-89177c74-6052-4d79-9107-b55b5a443800 tempest-VolumesImageMetadata-1593597245 tempest-VolumesImageMetadata-1593597245-project] GET http://10.222.0.43/volume/v3/b359952bf85243759d4ea11e4e586e87/volumes/2c424e7a-6b42-4ebb-a3f1-4d251c5cbdf5
Apr 01 13:00:57.346669 dv-cinder-836083-2-iscsi devstack@c-api.service[110506]: DEBUG cinder.api.openstack.wsgi [None req-89177c74-6052-4d79-9107-b55b5a443800 tempest-VolumesImageMetadata-1593597245 tempest-VolumesImageMetadata-1593597245-project] Empty body provided in request {{(pid=110506) get_body /opt/stack/cinder/cinder/api/openstack/wsgi.py:715}}
Apr 01 13:00:57.347112 dv-cinder-836083-2-iscsi devstack@c-api.service[110506]: DEBUG cinder.api.openstack.wsgi [None req-89177c74-6052-4d79-9107-b55b5a443800 tempest-VolumesImageMetadata-1593597245 tempest-VolumesImageMetadata-1593597245-project] Calling method 'show' {{(pid=110506) _process_stack /opt/stack/cinder/cinder/api/openstack/wsgi.py:868}}
Apr 01 13:00:57.374093 dv-cinder-836083-2-iscsi devstack@c-api.service[110506]: /usr/local/lib/python3.8/dist-packages/oslo_context/context.py:100: DeprecationWarning: Policy enforcement is depending on the value of is_admin. This key is deprecated. Please update your policy file to use the standard policy values.
Apr 01 13:00:57.374093 dv-cinder-836083-2-iscsi devstack@c-api.service[110506]: warnings.warn('Policy enforcement is depending on the value of '
Apr 01 13:00:57.383366 dv-cinder-836083-2-iscsi devstack@c-api.service[110506]: INFO cinder.volume.api [None req-89177c74-6052-4d79-9107-b55b5a443800 tempest-VolumesImageMetadata-1593597245 tempest-VolumesImageMetadata-1593597245-project] Volume info retrieved successfully.
