Sep 15 12:59:03.843481 dv-cinder-836083-13-iscsi neutron-server[106205]: DEBUG novaclient.v2.client [-] REQ: curl -g -i --cacert "/opt/stack/data/ca-bundle.pem" -X POST http://10.222.0.57/compute/v2.1/os-server-external-events -H "Accept: application/json" -H "Content-Type: application/json" -H "User-Agent: python-novaclient" -H "X-Auth-Token: {SHA256}3cedac5d35bad41e3c8fa4d4774140a41f18c50ef09ff5c08d68b8b8d593dc55" -H "X-OpenStack-Nova-API-Version: 2.1" -H "X-OpenStack-Request-ID: req-0506e851-4b79-41eb-b462-7f6a2cbb0e07" -d '{"events": [{"name": "network-changed", "server_uuid": "9fd7739a-69fe-4204-be18-f21e623d0992", "tag": "e1b7b694-7f38-474e-8781-153677c9fb5b"}]}' {{(pid=106205) _http_log_request /usr/local/lib/python3.8/dist-packages/keystoneauth1/session.py:519}}
Sep 15 12:59:03.860573 dv-cinder-836083-13-iscsi neutron-server[106204]: DEBUG neutron_lib.callbacks.manager [None req-62a0cd8c-5678-4ab1-9690-4d8651c78653 admin admin] Publish callbacks ['neutron.plugins.ml2.ovo_rpc._ObjectChangeHandler.handle_event-463610'] for security_group (af928b74-354c-4ddf-b881-ba3f25610d03), after_delete {{(pid=106204) _notify_loop /usr/local/lib/python3.8/dist-packages/neutron_lib/callbacks/manager.py:176}}
Sep 15 12:59:03.863702 dv-cinder-836083-13-iscsi neutron-server[106204]: DEBUG neutron_lib.callbacks.manager [None req-62a0cd8c-5678-4ab1-9690-4d8651c78653 admin admin] Publish callbacks [] for security_group (None), before_response {{(pid=106204) _notify_loop /usr/local/lib/python3.8/dist-packages/neutron_lib/callbacks/manager.py:176}}
Sep 15 12:59:03.866651 dv-cinder-836083-13-iscsi neutron-server[106204]: INFO neutron.wsgi [None req-62a0cd8c-5678-4ab1-9690-4d8651c78653 admin admin] 10.222.0.57 "DELETE /networking/v2.0/security-groups/af928b74-354c-4ddf-b881-ba3f25610d03 HTTP/1.1" status: 204 len: 168 time: 1.3143661
Sep 15 12:59:03.880299 dv-cinder-836083-13-iscsi neutron-server[106204]: DEBUG neutron.api.v2.base [req-415dc35b-9c15-4a3c-a20d-c7a601818a6d req-05f6a3dc-3539-41e0-a381-1b2b4c4be976 tempest-ServerRescueNegativeTestJSON-1079457351 tempest-ServerRescueNegativeTestJSON-1079457351-project] Request body: {'port': {'device_id': 'f5a7eade-1e1a-467f-a607-132c874cbb64', 'network_id': '5a4caedd-fe49-46e7-8d75-963bed0357f2', 'admin_state_up': True, 'tenant_id': 'ffff4b9feef3437cb5529aeaaacc3f86'}} {{(pid=106204) prepare_request_body /opt/stack/neutron/neutron/api/v2/base.py:730}}
Sep 15 12:59:03.882261 dv-cinder-836083-13-iscsi neutron-server[106206]: DEBUG neutron.db.provisioning_blocks [None req-383fd01d-6d7b-4a7f-8ae4-490c4c0b5fd8 None None] Provisioning complete for port 66e91aa9-b8dd-4b58-a999-52c26884ffa7 triggered by entity L2. {{(pid=106206) provisioning_complete /opt/stack/neutron/neutron/db/provisioning_blocks.py:144}}
Sep 15 12:59:03.882752 dv-cinder-836083-13-iscsi neutron-server[106206]: DEBUG neutron_lib.callbacks.manager [None req-383fd01d-6d7b-4a7f-8ae4-490c4c0b5fd8 None None] Publish callbacks ['neutron.plugins.ml2.plugin.Ml2Plugin._port_provisioned-1513182'] for port (66e91aa9-b8dd-4b58-a999-52c26884ffa7), provisioning_complete {{(pid=106206) _notify_loop /usr/local/lib/python3.8/dist-packages/neutron_lib/callbacks/manager.py:176}}
Sep 15 12:59:03.882914 dv-cinder-836083-13-iscsi neutron-server[106206]: INFO neutron.plugins.ml2.plugin [None req-383fd01d-6d7b-4a7f-8ae4-490c4c0b5fd8 None None] Attempt 1 to provision port 66e91aa9-b8dd-4b58-a999-52c26884ffa7
Sep 15 12:59:03.894516 dv-cinder-836083-13-iscsi neutron-server[106206]: DEBUG neutron.plugins.ml2.plugin [None req-5f9f7419-6d1e-40ae-ba8b-f1764e97b583 None None] Port 15fae3ac-3d15-4151-bd85-4686ea0f64b1 cannot update to ACTIVE because it is not bound. {{(pid=106206) _port_provisioned /opt/stack/neutron/neutron/plugins/ml2/plugin.py:359}}
Sep 15 12:59:03.937323 dv-cinder-836083-13-iscsi neutron-server[106205]: DEBUG dbcounter [-] [106205] Writing DB stats neutron:SELECT=98,neutron:UPDATE=2 {{(pid=106205) stat_writer /usr/local/lib/python3.8/dist-packages/dbcounter.py:114}}
Sep 15 12:59:04.101739 dv-cinder-836083-13-iscsi neutron-server[106204]: INFO neutron.wsgi [req-a5adc529-c284-4ae5-a5e4-dcc81aa50036 req-82be9818-4e50-4103-b791-14a10ea8a488 tempest-DeleteServersTestJSON-1908783272 tempest-DeleteServersTestJSON-1908783272-project] 10.222.0.57 "GET /networking/v2.0/security-groups?id=f177c0ff-16d3-405a-808a-b7eb268e0584&fields=id&fields=name HTTP/1.1" status: 200 len: 286 time: 0.7826729
Sep 15 12:59:04.124380 dv-cinder-836083-13-iscsi neutron-server[106206]: DEBUG neutron.plugins.ml2.plugin [None req-383fd01d-6d7b-4a7f-8ae4-490c4c0b5fd8 None None] Current status of the port 66e91aa9-b8dd-4b58-a999-52c26884ffa7 is: ACTIVE; New status is: ACTIVE {{(pid=106206) _update_individual_port_db_status /opt/stack/neutron/neutron/plugins/ml2/plugin.py:2321}}
Sep 15 12:59:04.133578 dv-cinder-836083-13-iscsi neutron-server[106206]: DEBUG neutron.plugins.ml2.rpc [None req-383fd01d-6d7b-4a7f-8ae4-490c4c0b5fd8 None None] Device f70745a3-0bd3-4e13-b068-7bb83a80ebe8 up at agent ovs-agent-dv-cinder-836083-13-iscsi {{(pid=106206) update_device_up /opt/stack/neutron/neutron/plugins/ml2/rpc.py:296}}
Sep 15 12:59:04.190919 dv-cinder-836083-13-iscsi neutron-server[106205]: INFO neutron.wsgi [req-8da573ee-25e6-406b-9da5-04dc336b429d req-ad780d86-aad6-4324-9500-44bd29638c35 tempest-AttachVolumeShelveTestJSON-2136858861 tempest-AttachVolumeShelveTestJSON-2136858861-project] 10.222.0.57 "GET /networking/v2.0/ports?device_id=1777381a-01af-43ba-98dc-31bfeeded7bb HTTP/1.1" status: 200 len: 210 time: 0.4221857
Sep 15 12:59:04.241161 dv-cinder-836083-13-iscsi neutron-server[106205]: DEBUG neutron.pecan_wsgi.hooks.policy_enforcement [req-df778a83-4724-4438-9569-855e00ed7a0d req-0f7de0ae-fc57-4820-9930-28842a59a493 service neutron] Attributes excluded by policy engine: ['standard_attr_id'] {{(pid=106205) _exclude_attributes_by_policy /opt/stack/neutron/neutron/pecan_wsgi/hooks/policy_enforcement.py:259}}
Sep 15 12:59:04.260725 dv-cinder-836083-13-iscsi neutron-server[106205]: INFO neutron.wsgi [req-df778a83-4724-4438-9569-855e00ed7a0d req-0f7de0ae-fc57-4820-9930-28842a59a493 service neutron] 10.222.0.27 "GET /networking/v2.0/ports?tenant_id=dc2cd7163bd9476891dfe836246ead22&device_id=9fd7739a-69fe-4204-be18-f21e623d0992 HTTP/1.1" status: 200 len: 1128 time: 0.6895597
Sep 15 12:59:04.278448 dv-cinder-836083-13-iscsi neutron-server[106205]: DEBUG neutron.scheduler.dhcp_agent_scheduler [req-cd031b5e-2bb5-41c3-b100-4b9ec0241fd6 req-da05aaee-da90-4825-ab33-61ad2fc25f9c tempest-AttachVolumeTestJSON-651599207 tempest-AttachVolumeTestJSON-651599207-project] Network ad7108c9-b096-48f6-8695-b73ac5e764c5 is already hosted by enough agents. {{(pid=106205) _get_dhcp_agents_hosting_network /opt/stack/neutron/neutron/scheduler/dhcp_agent_scheduler.py:275}}
Sep 15 12:59:04.292905 dv-cinder-836083-13-iscsi neutron-server[106205]: DEBUG neutron.scheduler.base_scheduler [req-cd031b5e-2bb5-41c3-b100-4b9ec0241fd6 req-da05aaee-da90-4825-ab33-61ad2fc25f9c tempest-AttachVolumeTestJSON-651599207 tempest-AttachVolumeTestJSON-651599207-project] Resources bound (agent type, host, resource id): {{(pid=106205) schedule /opt/stack/neutron/neutron/scheduler/base_scheduler.py:57}}
Sep 15 12:59:04.327669 dv-cinder-836083-13-iscsi neutron-server[106206]: DEBUG dbcounter [-] [106206] Writing DB stats neutron:UPDATE=1,neutron:SELECT=99 {{(pid=106206) stat_writer /usr/local/lib/python3.8/dist-packages/dbcounter.py:114}}
Sep 15 12:59:04.345471 dv-cinder-836083-13-iscsi neutron-server[106206]: DEBUG neutron.db.provisioning_blocks [None req-383fd01d-6d7b-4a7f-8ae4-490c4c0b5fd8 None None] Provisioning complete for port f70745a3-0bd3-4e13-b068-7bb83a80ebe8 triggered by entity L2. {{(pid=106206) provisioning_complete /opt/stack/neutron/neutron/db/provisioning_blocks.py:144}}
Sep 15 12:59:04.346804 dv-cinder-836083-13-iscsi neutron-server[106206]: DEBUG neutron_lib.callbacks.manager [None req-383fd01d-6d7b-4a7f-8ae4-490c4c0b5fd8 None None] Publish callbacks ['neutron.plugins.ml2.plugin.Ml2Plugin._port_provisioned-1513182'] for port (f70745a3-0bd3-4e13-b068-7bb83a80ebe8), provisioning_complete {{(pid=106206) _notify_loop /usr/local/lib/python3.8/dist-packages/neutron_lib/callbacks/manager.py:176}}
Sep 15 12:59:04.355289 dv-cinder-836083-13-iscsi neutron-server[106206]: INFO neutron.plugins.ml2.plugin [None req-383fd01d-6d7b-4a7f-8ae4-490c4c0b5fd8 None None] Attempt 1 to provision port f70745a3-0bd3-4e13-b068-7bb83a80ebe8
Sep 15 12:59:04.470895 dv-cinder-836083-13-iscsi neutron-server[106205]: DEBUG neutron.db.l3_dvrscheduler_db [req-cd031b5e-2bb5-41c3-b100-4b9ec0241fd6 req-da05aaee-da90-4825-ab33-61ad2fc25f9c tempest-AttachVolumeTestJSON-651599207 tempest-AttachVolumeTestJSON-651599207-project] Received port after_create {{(pid=106205) _notify_l3_agent_new_port /opt/stack/neutron/neutron/db/l3_dvrscheduler_db.py:538}}
Sep 15 12:59:04.487536 dv-cinder-836083-13-iscsi neutron-server[106206]: INFO neutron.plugins.ml2.plugin [None req-5f9f7419-6d1e-40ae-ba8b-f1764e97b583 None None] Attempt 2 to provision port 15fae3ac-3d15-4151-bd85-4686ea0f64b1
Sep 15 12:59:04.492474 dv-cinder-836083-13-iscsi neutron-server[106205]: DEBUG neutron.pecan_wsgi.hooks.policy_enforcement [req-cd031b5e-2bb5-41c3-b100-4b9ec0241fd6 req-da05aaee-da90-4825-ab33-61ad2fc25f9c tempest-AttachVolumeTestJSON-651599207 tempest-AttachVolumeTestJSON-651599207-project] Attributes excluded by policy engine: ['standard_attr_id', 'binding:profile', 'binding:host_id', 'binding:vif_type', 'binding:vif_details', 'network'] {{(pid=106205) _exclude_attributes_by_policy /opt/stack/neutron/neutron/pecan_wsgi/hooks/policy_enforcement.py:259}}
Sep 15 12:59:04.493067 dv-cinder-836083-13-iscsi neutron-server[106205]: DEBUG neutron_lib.callbacks.manager [req-cd031b5e-2bb5-41c3-b100-4b9ec0241fd6 req-da05aaee-da90-4825-ab33-61ad2fc25f9c tempest-AttachVolumeTestJSON-651599207 tempest-AttachVolumeTestJSON-651599207-project] Publish callbacks ['neutron.notifiers.nova.Notifier._send_nova_notification-160102', 'neutron.api.rpc.agentnotifiers.dhcp_rpc_agent_api.DhcpAgentNotifyAPI._send_dhcp_notification-547853'] for port (None), before_response {{(pid=106205) _notify_loop /usr/local/lib/python3.8/dist-packages/neutron_lib/callbacks/manager.py:176}}
Sep 15 12:59:04.645865 dv-cinder-836083-13-iscsi neutron-server[106205]: DEBUG neutron.api.rpc.handlers.resources_rpc [None req-da05aaee-da90-4825-ab33-61ad2fc25f9c tempest-AttachVolumeTestJSON-651599207 tempest-AttachVolumeTestJSON-651599207-project] Pushing event updated for resources: {'Port': ['ID=71e9592f-0e8b-403c-bbfd-bae6e0da6f5f,revision_number=1']} {{(pid=106205) push /opt/stack/neutron/neutron/api/rpc/handlers/resources_rpc.py:237}}
Sep 15 12:59:04.708727 dv-cinder-836083-13-iscsi neutron-server[106204]: DEBUG neutron.api.rpc.handlers.resources_rpc [None req-62a0cd8c-5678-4ab1-9690-4d8651c78653 admin admin] Pushing event deleted for resources: {'SecurityGroup': ['ID=af928b74-354c-4ddf-b881-ba3f25610d03,revision_number=None']} {{(pid=106204) push /opt/stack/neutron/neutron/api/rpc/handlers/resources_rpc.py:237}}
Sep 15 12:59:04.710510 dv-cinder-836083-13-iscsi neutron-server[106206]: DEBUG neutron.plugins.ml2.plugin [None req-5f9f7419-6d1e-40ae-ba8b-f1764e97b583 None None] Port 15fae3ac-3d15-4151-bd85-4686ea0f64b1 cannot update to ACTIVE because it is not bound. {{(pid=106206) _port_provisioned /opt/stack/neutron/neutron/plugins/ml2/plugin.py:359}}
Sep 15 12:59:04.713000 dv-cinder-836083-13-iscsi neutron-server[106205]: INFO neutron.wsgi [req-df778a83-4724-4438-9569-855e00ed7a0d req-8c6842bd-c613-4719-8d80-d716889bc12b service neutron] 10.222.0.27 "GET /networking/v2.0/floatingips?fixed_ip_address=172.20.0.13&port_id=e1b7b694-7f38-474e-8781-153677c9fb5b HTTP/1.1" status: 200 len: 217 time: 0.3927066
Sep 15 12:59:04.736398 dv-cinder-836083-13-iscsi neutron-server[106205]: DEBUG novaclient.v2.client [-] RESP: [200] Connection: close Content-Length: 179 Content-Type: application/json Date: Thu, 15 Sep 2022 12:59:03 GMT OpenStack-API-Version: compute 2.1 Server: Apache/2.4.41 (Ubuntu) Vary: OpenStack-API-Version,X-OpenStack-Nova-API-Version X-OpenStack-Nova-API-Version: 2.1 x-compute-request-id: req-9b39d252-364c-47fa-a8b0-6ec13efddcf4 x-openstack-request-id: req-9b39d252-364c-47fa-a8b0-6ec13efddcf4 {{(pid=106205) _http_log_response /usr/local/lib/python3.8/dist-packages/keystoneauth1/session.py:550}}
Sep 15 12:59:04.737480 dv-cinder-836083-13-iscsi neutron-server[106205]: DEBUG novaclient.v2.client [-] RESP BODY: {"events": [{"name": "network-changed", "server_uuid": "9fd7739a-69fe-4204-be18-f21e623d0992", "tag": "e1b7b694-7f38-474e-8781-153677c9fb5b", "status": "completed", "code": 200}]} {{(pid=106205) _http_log_response /usr/local/lib/python3.8/dist-packages/keystoneauth1/session.py:582}}
Sep 15 12:59:04.740520 dv-cinder-836083-13-iscsi neutron-server[106205]: DEBUG novaclient.v2.client [-] POST call to compute for http://10.222.0.57/compute/v2.1/os-server-external-events used request id req-9b39d252-364c-47fa-a8b0-6ec13efddcf4 {{(pid=106205) request /usr/local/lib/python3.8/dist-packages/keystoneauth1/session.py:954}}
Sep 15 12:59:04.741423 dv-cinder-836083-13-iscsi neutron-server[106205]: INFO neutron.notifiers.nova [-] Nova event matching ['req-9b39d252-364c-47fa-a8b0-6ec13efddcf4'] response: {'name': 'network-changed', 'server_uuid': '9fd7739a-69fe-4204-be18-f21e623d0992', 'tag': 'e1b7b694-7f38-474e-8781-153677c9fb5b', 'status': 'completed', 'code': 200}
Sep 15 12:59:04.755045 dv-cinder-836083-13-iscsi neutron-server[106204]: DEBUG neutron.api.rpc.handlers.resources_rpc [None req-efcba378-72f2-486b-a7e4-0b548d7dc8dd service neutron] Pushing event updated for resources: {'Port': ['ID=15fae3ac-3d15-4151-bd85-4686ea0f64b1,revision_number=2']} {{(pid=106204) push /opt/stack/neutron/neutron/api/rpc/handlers/resources_rpc.py:237}}
Sep 15 12:59:04.774437 dv-cinder-836083-13-iscsi neutron-server[106204]: DEBUG neutron.plugins.ml2.managers [req-28b2f62d-e22d-438c-953d-d0bcfda430ba req-efcba378-72f2-486b-a7e4-0b548d7dc8dd service neutron] Attempting to bind port 15fae3ac-3d15-4151-bd85-4686ea0f64b1 on host hv-cinder-83608 for vnic_type normal with profile {{(pid=106204) bind_port /opt/stack/neutron/neutron/plugins/ml2/managers.py:810}}
Sep 15 12:59:04.777628 dv-cinder-836083-13-iscsi neutron-server[106204]: DEBUG neutron.plugins.ml2.managers [req-28b2f62d-e22d-438c-953d-d0bcfda430ba req-efcba378-72f2-486b-a7e4-0b548d7dc8dd service neutron] Attempting to bind port 15fae3ac-3d15-4151-bd85-4686ea0f64b1 by drivers openvswitch,hyperv on host hv-cinder-83608 at level 0 using segments [{'id': '5bb35f23-3ce0-41f5-ae93-b88b95314587', 'network_type': 'vlan', 'physical_network': 'physnet1', 'segmentation_id': 216, 'network_id': 'e0e4d116-b42c-4d92-83e5-69793b91ec95'}] {{(pid=106204) _bind_port_level /opt/stack/neutron/neutron/plugins/ml2/managers.py:835}}
Sep 15 12:59:04.778021 dv-cinder-836083-13-iscsi neutron-server[106204]: DEBUG neutron.plugins.ml2.drivers.mech_agent [req-28b2f62d-e22d-438c-953d-d0bcfda430ba req-efcba378-72f2-486b-a7e4-0b548d7dc8dd service neutron] Attempting to bind port 15fae3ac-3d15-4151-bd85-4686ea0f64b1 on network e0e4d116-b42c-4d92-83e5-69793b91ec95 {{(pid=106204) bind_port /opt/stack/neutron/neutron/plugins/ml2/drivers/mech_agent.py:91}}
Sep 15 12:59:04.785069 dv-cinder-836083-13-iscsi neutron-server[106204]: DEBUG neutron_lib.callbacks.manager [None req-0d6c52dc-9a12-4edb-8bd7-ed4ae5cdbfc1 admin admin] Publish callbacks [] for security_group (None), before_create {{(pid=106204) _notify_loop /usr/local/lib/python3.8/dist-packages/neutron_lib/callbacks/manager.py:176}}
Sep 15 12:59:04.794259 dv-cinder-836083-13-iscsi neutron-server[106206]: DEBUG neutron.plugins.ml2.plugin [None req-383fd01d-6d7b-4a7f-8ae4-490c4c0b5fd8 None None] Current status of the port f70745a3-0bd3-4e13-b068-7bb83a80ebe8 is: ACTIVE; New status is: ACTIVE {{(pid=106206) _update_individual_port_db_status /opt/stack/neutron/neutron/plugins/ml2/plugin.py:2321}}
Sep 15 12:59:04.796325 dv-cinder-836083-13-iscsi neutron-server[106206]: DEBUG neutron.plugins.ml2.rpc [None req-383fd01d-6d7b-4a7f-8ae4-490c4c0b5fd8 None None] Device 2d663b36-ebf1-4ba6-82e2-ba38301885a9 up at agent ovs-agent-dv-cinder-836083-13-iscsi {{(pid=106206) update_device_up /opt/stack/neutron/neutron/plugins/ml2/rpc.py:296}}
Sep 15 12:59:04.869281 dv-cinder-836083-13-iscsi neutron-server[106204]: DEBUG neutron.pecan_wsgi.hooks.policy_enforcement [req-418e1330-7038-45da-bf10-ebb333a73132 req-0e66d70d-b815-4974-bfe6-99bf9e868732 tempest-AttachVolumeTestJSON-651599207 tempest-AttachVolumeTestJSON-651599207-project] Attributes excluded by policy engine: ['standard_attr_id', 'binding:profile', 'binding:host_id', 'binding:vif_type', 'binding:vif_details'] {{(pid=106204) _exclude_attributes_by_policy /opt/stack/neutron/neutron/pecan_wsgi/hooks/policy_enforcement.py:259}}
Sep 15 12:59:04.877052 dv-cinder-836083-13-iscsi neutron-server[106204]: INFO neutron.wsgi [req-418e1330-7038-45da-bf10-ebb333a73132 req-0e66d70d-b815-4974-bfe6-99bf9e868732 tempest-AttachVolumeTestJSON-651599207 tempest-AttachVolumeTestJSON-651599207-project] 10.222.0.57 "GET /networking/v2.0/ports?device_id=2c7538af-56ab-4022-85eb-172a1ee55d71 HTTP/1.1" status: 200 len: 931 time: 0.1048126
Sep 15 12:59:04.959562 dv-cinder-836083-13-iscsi neutron-server[106206]: DEBUG neutron.db.provisioning_blocks [None req-383fd01d-6d7b-4a7f-8ae4-490c4c0b5fd8 None None] Provisioning complete for port 2d663b36-ebf1-4ba6-82e2-ba38301885a9 triggered by entity L2. {{(pid=106206) provisioning_complete /opt/stack/neutron/neutron/db/provisioning_blocks.py:144}}
Sep 15 12:59:04.960702 dv-cinder-836083-13-iscsi neutron-server[106206]: DEBUG neutron_lib.callbacks.manager [None req-383fd01d-6d7b-4a7f-8ae4-490c4c0b5fd8 None None] Publish callbacks ['neutron.plugins.ml2.plugin.Ml2Plugin._port_provisioned-1513182'] for port (2d663b36-ebf1-4ba6-82e2-ba38301885a9), provisioning_complete {{(pid=106206) _notify_loop /usr/local/lib/python3.8/dist-packages/neutron_lib/callbacks/manager.py:176}}
Sep 15 12:59:04.961641 dv-cinder-836083-13-iscsi neutron-server[106206]: INFO neutron.plugins.ml2.plugin [None req-383fd01d-6d7b-4a7f-8ae4-490c4c0b5fd8 None None] Attempt 1 to provision port 2d663b36-ebf1-4ba6-82e2-ba38301885a9
Sep 15 12:59:05.007165 dv-cinder-836083-13-iscsi neutron-server[106205]: DEBUG neutron.pecan_wsgi.hooks.policy_enforcement [req-df778a83-4724-4438-9569-855e00ed7a0d req-58ae6bd8-a35a-45c5-afec-2e3c38c942ca service neutron] Attributes excluded by policy engine: ['standard_attr_id', 'shared'] {{(pid=106205) _exclude_attributes_by_policy /opt/stack/neutron/neutron/pecan_wsgi/hooks/policy_enforcement.py:259}}
Sep 15 12:59:05.008899 dv-cinder-836083-13-iscsi neutron-server[106205]: INFO neutron.wsgi [req-df778a83-4724-4438-9569-855e00ed7a0d req-58ae6bd8-a35a-45c5-afec-2e3c38c942ca service neutron] 10.222.0.27 "GET /networking/v2.0/subnets?id=54f648f2-a47b-4d81-8ea2-91882e3ab6c6 HTTP/1.1" status: 200 len: 850 time: 0.2634110
Sep 15 12:59:05.101280 dv-cinder-836083-13-iscsi neutron-server[106205]: INFO neutron.wsgi [req-38ec319c-a0cd-4631-9fce-789396bc42d5 req-148f7ebb-4d2c-420c-ae84-21c17815a650 tempest-ServerRescueNegativeTestJSON-1079457351 tempest-ServerRescueNegativeTestJSON-1079457351-project] 10.222.0.57 "GET /networking/v2.0/ports?device_id=f5a7eade-1e1a-467f-a607-132c874cbb64 HTTP/1.1" status: 200 len: 210 time: 0.0693662
Sep 15 12:59:05.106564 dv-cinder-836083-13-iscsi neutron-server[106204]: DEBUG neutron_lib.callbacks.manager [None req-0d6c52dc-9a12-4edb-8bd7-ed4ae5cdbfc1 admin admin] Publish callbacks [] for security_group (f3c9a9ea-8c11-4a44-a532-680ef00908d4), precommit_create {{(pid=106204) _notify_loop /usr/local/lib/python3.8/dist-packages/neutron_lib/callbacks/manager.py:176}}
Sep 15 12:59:05.109421 dv-cinder-836083-13-iscsi neutron-server[106204]: DEBUG dbcounter [-] [106204] Writing DB stats neutron:SELECT=89,neutron:UPDATE=2,neutron:INSERT=5,neutron:DELETE=4 {{(pid=106204) stat_writer /usr/local/lib/python3.8/dist-packages/dbcounter.py:114}}
Sep 15 12:59:05.110845 dv-cinder-836083-13-iscsi neutron-server[106204]: DEBUG dbcounter [-] [106204] Writing DB stats neutron:SELECT=92,neutron:INSERT=7,neutron:UPDATE=1 {{(pid=106204) stat_writer /usr/local/lib/python3.8/dist-packages/dbcounter.py:114}}
Sep 15 12:59:05.149842 dv-cinder-836083-13-iscsi neutron-server[106204]: DEBUG neutron_lib.callbacks.manager [None req-0d6c52dc-9a12-4edb-8bd7-ed4ae5cdbfc1 admin admin] Publish callbacks ['neutron.plugins.ml2.ovo_rpc._ObjectChangeHandler.handle_event-463610'] for security_group (f3c9a9ea-8c11-4a44-a532-680ef00908d4), after_create {{(pid=106204) _notify_loop /usr/local/lib/python3.8/dist-packages/neutron_lib/callbacks/manager.py:176}}
Sep 15 12:59:05.181436 dv-cinder-836083-13-iscsi neutron-server[106205]: INFO neutron.wsgi [req-cd031b5e-2bb5-41c3-b100-4b9ec0241fd6 req-da05aaee-da90-4825-ab33-61ad2fc25f9c tempest-AttachVolumeTestJSON-651599207 tempest-AttachVolumeTestJSON-651599207-project] 10.222.0.27 "POST /networking/v2.0/ports HTTP/1.1" status: 201 len: 933 time: 6.1767616
Sep 15 12:59:05.212970 dv-cinder-836083-13-iscsi neutron-server[106206]: INFO neutron.plugins.ml2.plugin [None req-5f9f7419-6d1e-40ae-ba8b-f1764e97b583 None None] Attempt 3 to provision port 15fae3ac-3d15-4151-bd85-4686ea0f64b1
Sep 15 12:59:05.226569 dv-cinder-836083-13-iscsi neutron-server[106206]: DEBUG neutron.plugins.ml2.plugin [None req-383fd01d-6d7b-4a7f-8ae4-490c4c0b5fd8 None None] Current status of the port 2d663b36-ebf1-4ba6-82e2-ba38301885a9 is: ACTIVE; New status is: ACTIVE {{(pid=106206) _update_individual_port_db_status /opt/stack/neutron/neutron/plugins/ml2/plugin.py:2321}}
Sep 15 12:59:05.265281 dv-cinder-836083-13-iscsi neutron-server[106205]: DEBUG neutron.api.v2.base [req-cd031b5e-2bb5-41c3-b100-4b9ec0241fd6 req-cf8c897d-da1c-481a-8148-afa56eb8e445 service neutron] Request body: {'port': {'device_id': '2c7538af-56ab-4022-85eb-172a1ee55d71', 'device_owner': 'compute:nova', 'binding:host_id': 'hv-cinder-83608'}} {{(pid=106205) prepare_request_body /opt/stack/neutron/neutron/api/v2/base.py:730}}
Sep 15 12:59:05.290781 dv-cinder-836083-13-iscsi neutron-server[106205]: DEBUG neutron.pecan_wsgi.hooks.policy_enforcement [req-e05cba34-c053-447d-a6eb-66c4382c7a2d req-a0e7d806-e27a-468c-a811-7d8d97ebfaba tempest-AttachVolumeShelveTestJSON-2136858861 tempest-AttachVolumeShelveTestJSON-2136858861-project] Attributes excluded by policy engine: ['standard_attr_id', 'vlan_transparent', 'provider:network_type', 'provider:physical_network', 'provider:segmentation_id'] {{(pid=106205) _exclude_attributes_by_policy /opt/stack/neutron/neutron/pecan_wsgi/hooks/policy_enforcement.py:259}}
Sep 15 12:59:05.293107 dv-cinder-836083-13-iscsi neutron-server[106205]: INFO neutron.wsgi [req-e05cba34-c053-447d-a6eb-66c4382c7a2d req-a0e7d806-e27a-468c-a811-7d8d97ebfaba tempest-AttachVolumeShelveTestJSON-2136858861 tempest-AttachVolumeShelveTestJSON-2136858861-project] 10.222.0.27 "GET /networking/v2.0/networks?id=47875655-3272-49b9-a3bb-38bf6ec7a8c6 HTTP/1.1" status: 200 len: 817 time: 1.6800594
Sep 15 12:59:05.342935 dv-cinder-836083-13-iscsi neutron-server[106206]: DEBUG neutron.plugins.ml2.plugin [None req-5f9f7419-6d1e-40ae-ba8b-f1764e97b583 None None] Port 15fae3ac-3d15-4151-bd85-4686ea0f64b1 cannot update to ACTIVE because it is not bound. {{(pid=106206) _port_provisioned /opt/stack/neutron/neutron/plugins/ml2/plugin.py:359}}
Sep 15 12:59:05.369931 dv-cinder-836083-13-iscsi neutron-server[106204]: DEBUG neutron.plugins.ml2.drivers.mech_agent [req-28b2f62d-e22d-438c-953d-d0bcfda430ba req-efcba378-72f2-486b-a7e4-0b548d7dc8dd service neutron] Port 15fae3ac-3d15-4151-bd85-4686ea0f64b1 on network e0e4d116-b42c-4d92-83e5-69793b91ec95 not bound, no agent of type Open vSwitch agent registered on host hv-cinder-83608 {{(pid=106204) bind_port /opt/stack/neutron/neutron/plugins/ml2/drivers/mech_agent.py:120}}
Sep 15 12:59:05.370446 dv-cinder-836083-13-iscsi neutron-server[106204]: DEBUG neutron.plugins.ml2.drivers.mech_agent [req-28b2f62d-e22d-438c-953d-d0bcfda430ba req-efcba378-72f2-486b-a7e4-0b548d7dc8dd service neutron] Attempting to bind port 15fae3ac-3d15-4151-bd85-4686ea0f64b1 on network e0e4d116-b42c-4d92-83e5-69793b91ec95 {{(pid=106204) bind_port /opt/stack/neutron/neutron/plugins/ml2/drivers/mech_agent.py:91}}
Sep 15 12:59:05.417333 dv-cinder-836083-13-iscsi neutron-server[106204]: DEBUG neutron.pecan_wsgi.hooks.quota_enforcement [req-64d94aaf-0b24-4dbe-9eef-096279d01dad req-3ace5d86-6793-44aa-a7d9-1e2257fb93ce tempest-ServerRescueNegativeTestJSON-1079457351 tempest-ServerRescueNegativeTestJSON-1079457351-project] Made reservation on behalf of ffff4b9feef3437cb5529aeaaacc3f86 for: {'port': 1} {{(pid=106204) before /opt/stack/neutron/neutron/pecan_wsgi/hooks/quota_enforcement.py:53}}
Sep 15 12:59:05.421158 dv-cinder-836083-13-iscsi neutron-server[106204]: DEBUG neutron_lib.callbacks.manager [req-64d94aaf-0b24-4dbe-9eef-096279d01dad req-3ace5d86-6793-44aa-a7d9-1e2257fb93ce tempest-ServerRescueNegativeTestJSON-1079457351 tempest-ServerRescueNegativeTestJSON-1079457351-project] Publish callbacks ['neutron.plugins.ml2.plugin.SecurityGroupDbMixin._ensure_default_security_group_handler-1412686'] for port (None), before_create {{(pid=106204) _notify_loop /usr/local/lib/python3.8/dist-packages/neutron_lib/callbacks/manager.py:176}}
Sep 15 12:59:05.423293 dv-cinder-836083-13-iscsi neutron-server[106204]: DEBUG neutron.pecan_wsgi.hooks.quota_enforcement [req-415dc35b-9c15-4a3c-a20d-c7a601818a6d req-05f6a3dc-3539-41e0-a381-1b2b4c4be976 tempest-ServerRescueNegativeTestJSON-1079457351 tempest-ServerRescueNegativeTestJSON-1079457351-project] Made reservation on behalf of ffff4b9feef3437cb5529aeaaacc3f86 for: {'port': 1} {{(pid=106204) before /opt/stack/neutron/neutron/pecan_wsgi/hooks/quota_enforcement.py:53}}
Sep 15 12:59:05.426909 dv-cinder-836083-13-iscsi neutron-server[106204]: DEBUG neutron_lib.callbacks.manager [req-415dc35b-9c15-4a3c-a20d-c7a601818a6d req-05f6a3dc-3539-41e0-a381-1b2b4c4be976 tempest-ServerRescueNegativeTestJSON-1079457351 tempest-ServerRescueNegativeTestJSON-1079457351-project] Publish callbacks ['neutron.plugins.ml2.plugin.SecurityGroupDbMixin._ensure_default_security_group_handler-1412686'] for port (None), before_create {{(pid=106204) _notify_loop /usr/local/lib/python3.8/dist-packages/neutron_lib/callbacks/manager.py:176}}
Sep 15 12:59:05.554484 dv-cinder-836083-13-iscsi neutron-server[106205]: DEBUG neutron.pecan_wsgi.hooks.policy_enforcement [req-df778a83-4724-4438-9569-855e00ed7a0d req-625bf45b-8e33-48d4-b242-fbf8454248da service neutron] Attributes excluded by policy engine: ['standard_attr_id'] {{(pid=106205) _exclude_attributes_by_policy /opt/stack/neutron/neutron/pecan_wsgi/hooks/policy_enforcement.py:259}}
Sep 15 12:59:05.567200 dv-cinder-836083-13-iscsi neutron-server[106205]: INFO neutron.wsgi [req-df778a83-4724-4438-9569-855e00ed7a0d req-625bf45b-8e33-48d4-b242-fbf8454248da service neutron] 10.222.0.27 "GET /networking/v2.0/ports?network_id=57460050-fc7b-4d9c-8842-e197dec4e8b7&device_owner=network%3Adhcp HTTP/1.1" status: 200 len: 1213 time: 0.4538569
Sep 15 12:59:05.610494 dv-cinder-836083-13-iscsi neutron-server[106204]: INFO neutron.wsgi [req-418e1330-7038-45da-bf10-ebb333a73132 req-3775acd7-23ae-47b7-b705-3c6faf7ffa30 tempest-AttachVolumeTestJSON-651599207 tempest-AttachVolumeTestJSON-651599207-project] 10.222.0.57 "GET /networking/v2.0/security-groups?id=e6cb63f9-3500-4d8a-9a28-87e3d2b90f38&fields=id&fields=name HTTP/1.1" status: 200 len: 312 time: 0.7325802
Sep 15 12:59:05.678414 dv-cinder-836083-13-iscsi neutron-server[106205]: DEBUG neutron.pecan_wsgi.hooks.policy_enforcement [req-c8cf389a-a989-4867-9c3b-8acfc981d3c2 req-47be1d5f-011d-4378-b6f4-aa324ad8a86a tempest-AttachVolumeNegativeTest-656598905 tempest-AttachVolumeNegativeTest-656598905-project] Attributes excluded by policy engine: ['standard_attr_id', 'binding:profile', 'binding:host_id', 'binding:vif_type', 'binding:vif_details'] {{(pid=106205) _exclude_attributes_by_policy /opt/stack/neutron/neutron/pecan_wsgi/hooks/policy_enforcement.py:259}}
Sep 15 12:59:05.680719 dv-cinder-836083-13-iscsi neutron-server[106205]: INFO neutron.wsgi [req-c8cf389a-a989-4867-9c3b-8acfc981d3c2 req-47be1d5f-011d-4378-b6f4-aa324ad8a86a tempest-AttachVolumeNegativeTest-656598905 tempest-AttachVolumeNegativeTest-656598905-project] 10.222.0.57 "GET /networking/v2.0/ports?device_id=7a48c801-810d-4702-a905-a6109e4786d8 HTTP/1.1" status: 200 len: 943 time: 0.3163834
Sep 15 12:59:05.687216 dv-cinder-836083-13-iscsi neutron-server[106205]: DEBUG neutron.wsgi [-] (106205) accepted ('10.222.0.57', 41944) {{(pid=106205) server /usr/local/lib/python3.8/dist-packages/eventlet/wsgi.py:1004}}
Sep 15 12:59:05.702974 dv-cinder-836083-13-iscsi neutron-server[106204]: DEBUG neutron.plugins.ml2.drivers.mech_agent [req-28b2f62d-e22d-438c-953d-d0bcfda430ba req-efcba378-72f2-486b-a7e4-0b548d7dc8dd service neutron] Checking agent: {'id': 'de8afe44-bed6-4521-ae5a-fca72ed611a7', 'agent_type': 'HyperV agent', 'binary': 'neutron-hyperv-agent', 'topic': 'N/A', 'host': 'hv-cinder-83608', 'admin_state_up': True, 'created_at': datetime.datetime(2022, 9, 15, 12, 56, 35), 'started_at': datetime.datetime(2022, 9, 15, 12, 56, 35), 'heartbeat_timestamp': datetime.datetime(2022, 9, 15, 12, 58, 37), 'description': None, 'resources_synced': None, 'availability_zone': None, 'alive': True, 'configurations': {'vswitch_mappings': {'physnet1$': 'br-data'}}, 'resource_versions': {}} {{(pid=106204) bind_port /opt/stack/neutron/neutron/plugins/ml2/drivers/mech_agent.py:127}}
Sep 15 12:59:05.704709 dv-cinder-836083-13-iscsi neutron-server[106204]: DEBUG neutron.plugins.ml2.drivers.mech_agent [req-28b2f62d-e22d-438c-953d-d0bcfda430ba req-efcba378-72f2-486b-a7e4-0b548d7dc8dd service neutron] Checking segment: {'id': '5bb35f23-3ce0-41f5-ae93-b88b95314587', 'network_type': 'vlan', 'physical_network': 'physnet1', 'segmentation_id': 216, 'network_id': 'e0e4d116-b42c-4d92-83e5-69793b91ec95'} for mappings: {'physnet1$': 'br-data'} with network types: ['local', 'flat', 'vlan'] {{(pid=106204) check_segment_for_agent /opt/stack/neutron/neutron/plugins/ml2/drivers/mech_agent.py:399}}
Sep 15 12:59:05.709385 dv-cinder-836083-13-iscsi neutron-server[106204]: DEBUG neutron.plugins.ml2.drivers.mech_agent [req-28b2f62d-e22d-438c-953d-d0bcfda430ba req-efcba378-72f2-486b-a7e4-0b548d7dc8dd service neutron] Bound using segment: {'id': '5bb35f23-3ce0-41f5-ae93-b88b95314587', 'network_type': 'vlan', 'physical_network': 'physnet1', 'segmentation_id': 216, 'network_id': 'e0e4d116-b42c-4d92-83e5-69793b91ec95'} {{(pid=106204) bind_port /opt/stack/neutron/neutron/plugins/ml2/drivers/mech_agent.py:137}}
Sep 15 12:59:05.711510 dv-cinder-836083-13-iscsi neutron-server[106204]: DEBUG neutron.plugins.ml2.managers [req-28b2f62d-e22d-438c-953d-d0bcfda430ba req-efcba378-72f2-486b-a7e4-0b548d7dc8dd service neutron] Bound port: 15fae3ac-3d15-4151-bd85-4686ea0f64b1, host: hv-cinder-83608, vif_type: hyperv, vif_details: {"connectivity": "legacy", "port_filter": false}, binding_levels: [{'bound_driver': 'hyperv', 'bound_segment': {'id': '5bb35f23-3ce0-41f5-ae93-b88b95314587', 'network_type': 'vlan', 'physical_network': 'physnet1', 'segmentation_id': 216, 'network_id': 'e0e4d116-b42c-4d92-83e5-69793b91ec95'}}] {{(pid=106204) _bind_port_level /opt/stack/neutron/neutron/plugins/ml2/managers.py:947}}
Sep 15 12:59:05.713109 dv-cinder-836083-13-iscsi neutron-server[106204]: DEBUG neutron_lib.callbacks.manager [req-28b2f62d-e22d-438c-953d-d0bcfda430ba req-efcba378-72f2-486b-a7e4-0b548d7dc8dd service neutron] Publish callbacks ['neutron.plugins.ml2.plugin.SecurityGroupDbMixin._ensure_default_security_group_handler-1412686'] for port (15fae3ac-3d15-4151-bd85-4686ea0f64b1), before_update {{(pid=106204) _notify_loop /usr/local/lib/python3.8/dist-packages/neutron_lib/callbacks/manager.py:176}}
Sep 15 12:59:05.739107 dv-cinder-836083-13-iscsi neutron-server[106204]: INFO neutron.wsgi [None req-0d6c52dc-9a12-4edb-8bd7-ed4ae5cdbfc1 admin admin] 10.222.0.57 "GET /networking/v2.0/security-groups?tenant_id=61a38a268b9547ad86f9a7bfca700fb3&name=default HTTP/1.1" status: 200 len: 2996 time: 2.4321206
Sep 15 12:59:05.757331 dv-cinder-836083-13-iscsi neutron-server[106204]: DEBUG neutron.wsgi [-] (106204) accepted ('10.222.0.57', 41946) {{(pid=106204) server /usr/local/lib/python3.8/dist-packages/eventlet/wsgi.py:1004}}
Sep 15 12:59:05.784736 dv-cinder-836083-13-iscsi neutron-server[106205]: DEBUG neutron_lib.callbacks.manager [req-cd031b5e-2bb5-41c3-b100-4b9ec0241fd6 req-cf8c897d-da1c-481a-8148-afa56eb8e445 service neutron] Publish callbacks ['neutron.plugins.ml2.plugin.SecurityGroupDbMixin._ensure_default_security_group_handler-1412686'] for port (71e9592f-0e8b-403c-bbfd-bae6e0da6f5f), before_update {{(pid=106205) _notify_loop /usr/local/lib/python3.8/dist-packages/neutron_lib/callbacks/manager.py:176}}
Sep 15 12:59:05.824894 dv-cinder-836083-13-iscsi neutron-server[106205]: DEBUG neutron.wsgi [-] (106205) accepted ('10.222.0.57', 41950) {{(pid=106205) server /usr/local/lib/python3.8/dist-packages/eventlet/wsgi.py:1004}}
Sep 15 12:59:05.843750 dv-cinder-836083-13-iscsi neutron-server[106206]: INFO neutron.plugins.ml2.plugin [None req-5f9f7419-6d1e-40ae-ba8b-f1764e97b583 None None] Attempt 4 to provision port 15fae3ac-3d15-4151-bd85-4686ea0f64b1
Sep 15 12:59:05.915707 dv-cinder-836083-13-iscsi neutron-server[106204]: DEBUG dbcounter [-] [106204] Writing DB stats neutron:INSERT=8,neutron:SELECT=91,neutron:UPDATE=1 {{(pid=106204) stat_writer /usr/local/lib/python3.8/dist-packages/dbcounter.py:114}}
Sep 15 12:59:05.921299 dv-cinder-836083-13-iscsi neutron-server[106206]: DEBUG neutron.plugins.ml2.plugin [None req-5f9f7419-6d1e-40ae-ba8b-f1764e97b583 None None] Port 15fae3ac-3d15-4151-bd85-4686ea0f64b1 cannot update to ACTIVE because it is not bound. {{(pid=106206) _port_provisioned /opt/stack/neutron/neutron/plugins/ml2/plugin.py:359}}
Sep 15 12:59:05.927722 dv-cinder-836083-13-iscsi neutron-server[106204]: DEBUG neutron.pecan_wsgi.hooks.policy_enforcement [req-d22cb6f3-e453-460f-8774-96326349c3fe req-3136d4ab-ead2-41ed-90ae-cf3f5b1e3a5c tempest-DeleteServersTestJSON-1908783272 tempest-DeleteServersTestJSON-1908783272-project] Attributes excluded by policy engine: ['standard_attr_id', 'binding:profile', 'binding:host_id', 'binding:vif_type', 'binding:vif_details'] {{(pid=106204) _exclude_attributes_by_policy /opt/stack/neutron/neutron/pecan_wsgi/hooks/policy_enforcement.py:259}}
Sep 15 12:59:05.935462 dv-cinder-836083-13-iscsi neutron-server[106204]: INFO neutron.wsgi [req-d22cb6f3-e453-460f-8774-96326349c3fe req-3136d4ab-ead2-41ed-90ae-cf3f5b1e3a5c tempest-DeleteServersTestJSON-1908783272 tempest-DeleteServersTestJSON-1908783272-project] 10.222.0.57 "GET /networking/v2.0/ports?device_id=9fd7739a-69fe-4204-be18-f21e623d0992 HTTP/1.1" status: 200 len: 944 time: 0.0918982
Sep 15 12:59:05.948705 dv-cinder-836083-13-iscsi neutron-server[106204]: DEBUG neutron.api.rpc.handlers.resources_rpc [None req-0d6c52dc-9a12-4edb-8bd7-ed4ae5cdbfc1 admin admin] Pushing event updated for resources: {'SecurityGroup': ['ID=f3c9a9ea-8c11-4a44-a532-680ef00908d4,revision_number=1']} {{(pid=106204) push /opt/stack/neutron/neutron/api/rpc/handlers/resources_rpc.py:237}}
Sep 15 12:59:06.108949 dv-cinder-836083-13-iscsi neutron-server[106205]: INFO neutron.wsgi [req-df778a83-4724-4438-9569-855e00ed7a0d req-a2036c9d-04b3-4eff-ac98-7982df17bb8a service neutron] 10.222.0.27 "GET /networking/v2.0/networks/57460050-fc7b-4d9c-8842-e197dec4e8b7?fields=segments HTTP/1.1" status: 200 len: 212 time: 0.5187747
Sep 15 12:59:06.110911 dv-cinder-836083-13-iscsi neutron-server[106204]: DEBUG neutron.db.db_base_plugin_common [req-415dc35b-9c15-4a3c-a20d-c7a601818a6d req-05f6a3dc-3539-41e0-a381-1b2b4c4be976 tempest-ServerRescueNegativeTestJSON-1079457351 tempest-ServerRescueNegativeTestJSON-1079457351-project] Allocated IP 172.20.0.12 (5a4caedd-fe49-46e7-8d75-963bed0357f2/b075ffdd-5219-40d4-8835-2043603d9c8a/c0f58aee-58a1-4953-8f6b-d92d148c0d4d) {{(pid=106204) _store_ip_allocation /opt/stack/neutron/neutron/db/db_base_plugin_common.py:131}}
Sep 15 12:59:06.133534 dv-cinder-836083-13-iscsi neutron-server[106205]: DEBUG neutron.api.v2.base [None req-2ce63194-47c4-4d50-ae5c-909640010906 admin admin] Request body: {'network': {'name': 'tempest-EncryptedVolumesExtendAttachedTest-1709842789-network', 'tenant_id': '3a962a4a42c1442ab39dc5280d2af86a'}} {{(pid=106205) prepare_request_body /opt/stack/neutron/neutron/api/v2/base.py:730}}
Sep 15 12:59:06.142466 dv-cinder-836083-13-iscsi neutron-server[106205]: INFO neutron.wsgi [req-e05cba34-c053-447d-a6eb-66c4382c7a2d req-3a95803e-6e4c-4603-a3df-7c79c8586dc9 tempest-AttachVolumeShelveTestJSON-2136858861 tempest-AttachVolumeShelveTestJSON-2136858861-project] 10.222.0.27 "GET /networking/v2.0/security-groups?fields=id&fields=name&tenant_id=6180da28285943f7a7b0900185df6127 HTTP/1.1" status: 200 len: 380 time: 0.7763658
Sep 15 12:59:06.158062 dv-cinder-836083-13-iscsi neutron-server[106204]: INFO neutron.wsgi [req-d22cb6f3-e453-460f-8774-96326349c3fe req-a6d93938-8aef-4f23-9e1f-aa4851c39060 tempest-DeleteServersTestJSON-1908783272 tempest-DeleteServersTestJSON-1908783272-project] 10.222.0.57 "GET /networking/v2.0/security-groups?id=f177c0ff-16d3-405a-808a-b7eb268e0584&fields=id&fields=name HTTP/1.1" status: 200 len: 286 time: 0.2217071
Sep 15 12:59:06.165512 dv-cinder-836083-13-iscsi neutron-server[106204]: DEBUG neutron.plugins.ml2.db [req-28b2f62d-e22d-438c-953d-d0bcfda430ba req-efcba378-72f2-486b-a7e4-0b548d7dc8dd service neutron] For port 15fae3ac-3d15-4151-bd85-4686ea0f64b1, host hv-cinder-83608, cleared binding levels {{(pid=106204) clear_binding_levels /opt/stack/neutron/neutron/plugins/ml2/db.py:87}}
Sep 15 12:59:06.187204 dv-cinder-836083-13-iscsi neutron-server[106204]: DEBUG neutron_lib.callbacks.manager [None req-2191cb53-449f-4286-8c72-dc1d280c75e0 admin admin] Publish callbacks [] for security_group (f3c9a9ea-8c11-4a44-a532-680ef00908d4), before_delete {{(pid=106204) _notify_loop /usr/local/lib/python3.8/dist-packages/neutron_lib/callbacks/manager.py:176}}
Sep 15 12:59:06.210101 dv-cinder-836083-13-iscsi neutron-server[106204]: DEBUG neutron.plugins.ml2.db [req-28b2f62d-e22d-438c-953d-d0bcfda430ba req-efcba378-72f2-486b-a7e4-0b548d7dc8dd service neutron] For port 15fae3ac-3d15-4151-bd85-4686ea0f64b1, host hv-cinder-83608, set binding levels [PortBindingLevel(driver='hyperv',host='hv-cinder-83608',level=0,port_id=15fae3ac-3d15-4151-bd85-4686ea0f64b1,segment=NetworkSegment(5bb35f23-3ce0-41f5-ae93-b88b95314587),segment_id=5bb35f23-3ce0-41f5-ae93-b88b95314587)] {{(pid=106204) set_binding_levels /opt/stack/neutron/neutron/plugins/ml2/db.py:59}}
Sep 15 12:59:06.238811 dv-cinder-836083-13-iscsi neutron-server[106204]: DEBUG neutron_lib.callbacks.manager [req-28b2f62d-e22d-438c-953d-d0bcfda430ba req-efcba378-72f2-486b-a7e4-0b548d7dc8dd service neutron] Publish callbacks ['neutron.plugins.ml2.plugin.SecurityGroupServerNotifierRpcMixin._notify_sg_on_port_change-1413003', 'neutron.plugins.ml2.ovo_rpc._ObjectChangeHandler.handle_event-260595', 'neutron.api.rpc.agentnotifiers.dhcp_rpc_agent_api.DhcpAgentNotifyAPI._native_event_send_dhcp_notification-547871', 'neutron.db.l3_db.L3RpcNotifierMixin._notify_gateway_port_ip_changed-8768471900070', 'neutron.db.l3_dvrscheduler_db._notify_l3_agent_port_update-8768471411155', 'neutron.db.l3_hascheduler_db._notify_l3_agent_ha_port_update-8768471411173'] for port (15fae3ac-3d15-4151-bd85-4686ea0f64b1), after_update {{(pid=106204) _notify_loop /usr/local/lib/python3.8/dist-packages/neutron_lib/callbacks/manager.py:176}}
Sep 15 12:59:06.248564 dv-cinder-836083-13-iscsi neutron-server[106204]: DEBUG neutron_lib.callbacks.manager [None req-2191cb53-449f-4286-8c72-dc1d280c75e0 admin admin] Publish callbacks [] for security_group (f3c9a9ea-8c11-4a44-a532-680ef00908d4), precommit_delete {{(pid=106204) _notify_loop /usr/local/lib/python3.8/dist-packages/neutron_lib/callbacks/manager.py:176}}
Sep 15 12:59:06.255934 dv-cinder-836083-13-iscsi neutron-server[106204]: DEBUG neutron.pecan_wsgi.hooks.policy_enforcement [req-28b2f62d-e22d-438c-953d-d0bcfda430ba req-efcba378-72f2-486b-a7e4-0b548d7dc8dd service neutron] Attributes excluded by policy engine: ['standard_attr_id'] {{(pid=106204) _exclude_attributes_by_policy /opt/stack/neutron/neutron/pecan_wsgi/hooks/policy_enforcement.py:259}}
Sep 15 12:59:06.256665 dv-cinder-836083-13-iscsi neutron-server[106204]: DEBUG neutron_lib.callbacks.manager [req-28b2f62d-e22d-438c-953d-d0bcfda430ba req-efcba378-72f2-486b-a7e4-0b548d7dc8dd service neutron] Publish callbacks ['neutron.notifiers.nova.Notifier._send_nova_notification-160102', 'neutron.api.rpc.agentnotifiers.dhcp_rpc_agent_api.DhcpAgentNotifyAPI._send_dhcp_notification-547853'] for port (None), before_response {{(pid=106204) _notify_loop /usr/local/lib/python3.8/dist-packages/neutron_lib/callbacks/manager.py:176}}
Sep 15 12:59:06.258182 dv-cinder-836083-13-iscsi neutron-server[106204]: INFO neutron.wsgi [req-28b2f62d-e22d-438c-953d-d0bcfda430ba req-efcba378-72f2-486b-a7e4-0b548d7dc8dd service neutron] 10.222.0.27 "PUT /networking/v2.0/ports/15fae3ac-3d15-4151-bd85-4686ea0f64b1 HTTP/1.1" status: 200 len: 1093 time: 5.3082447
Sep 15 12:59:06.283222 dv-cinder-836083-13-iscsi neutron-server[106204]: DEBUG neutron.notifiers.nova [-] Sending events: [{'name': 'network-changed', 'server_uuid': '7a48c801-810d-4702-a905-a6109e4786d8', 'tag': '15fae3ac-3d15-4151-bd85-4686ea0f64b1'}] {{(pid=106204) send_events /opt/stack/neutron/neutron/notifiers/nova.py:279}}
Sep 15 12:59:06.294014 dv-cinder-836083-13-iscsi neutron-server[106205]: DEBUG dbcounter [-] [106205] Writing DB stats neutron:SELECT=97,neutron:INSERT=3 {{(pid=106205) stat_writer /usr/local/lib/python3.8/dist-packages/dbcounter.py:114}}
Sep 15 12:59:06.298011 dv-cinder-836083-13-iscsi neutron-server[106205]: INFO neutron.wsgi [req-df778a83-4724-4438-9569-855e00ed7a0d req-178fc0b8-46f1-434f-a714-9427c8c4eb37 service neutron] 10.222.0.27 "GET /networking/v2.0/networks/57460050-fc7b-4d9c-8842-e197dec4e8b7?fields=provider%3Aphysical_network&fields=provider%3Anetwork_type HTTP/1.1" status: 200 len: 281 time: 0.1490993
Sep 15 12:59:06.306243 dv-cinder-836083-13-iscsi neutron-server[106205]: DEBUG neutron.api.v2.base [req-e05cba34-c053-447d-a6eb-66c4382c7a2d req-87686a77-fb14-457c-a3a5-e71c141f5cc5 tempest-AttachVolumeShelveTestJSON-2136858861 tempest-AttachVolumeShelveTestJSON-2136858861-project] Request body: {'port': {'device_id': '1777381a-01af-43ba-98dc-31bfeeded7bb', 'network_id': '47875655-3272-49b9-a3bb-38bf6ec7a8c6', 'admin_state_up': True, 'tenant_id': '6180da28285943f7a7b0900185df6127', 'security_groups': ['172cd07b-c96e-4891-80b8-d6b744fef8d1']}} {{(pid=106205) prepare_request_body /opt/stack/neutron/neutron/api/v2/base.py:730}}
Sep 15 12:59:06.377188 dv-cinder-836083-13-iscsi neutron-server[106205]: INFO neutron.wsgi [req-c8cf389a-a989-4867-9c3b-8acfc981d3c2 req-8d250532-c06b-45c9-aefb-2ae32dfb74c0 tempest-AttachVolumeNegativeTest-656598905 tempest-AttachVolumeNegativeTest-656598905-project] 10.222.0.57 "GET /networking/v2.0/security-groups?id=d0343e48-1efe-4c68-b20c-b228984a0a51&fields=id&fields=name HTTP/1.1" status: 200 len: 313 time: 0.6706984
Sep 15 12:59:06.378067 dv-cinder-836083-13-iscsi neutron-server[106205]: DEBUG neutron_lib.callbacks.manager [None req-593a8b0b-b162-437d-9b38-39827e0cf2d0 admin admin] Publish callbacks [] for security_group (None), before_create {{(pid=106205) _notify_loop /usr/local/lib/python3.8/dist-packages/neutron_lib/callbacks/manager.py:176}}
Sep 15 12:59:06.423591 dv-cinder-836083-13-iscsi neutron-server[106206]: INFO neutron.plugins.ml2.plugin [None req-5f9f7419-6d1e-40ae-ba8b-f1764e97b583 None None] Attempt 5 to provision port 15fae3ac-3d15-4151-bd85-4686ea0f64b1
Sep 15 12:59:06.472147 dv-cinder-836083-13-iscsi neutron-server[106204]: INFO neutron.wsgi [req-780bec48-374b-4f9a-b0a2-f4094cf0a0d5 req-26a36784-032f-41d4-960b-748710e122fc tempest-AttachVolumeShelveTestJSON-2136858861 tempest-AttachVolumeShelveTestJSON-2136858861-project] 10.222.0.57 "GET /networking/v2.0/ports?device_id=1777381a-01af-43ba-98dc-31bfeeded7bb HTTP/1.1" status: 200 len: 210 time: 0.1121440
Sep 15 12:59:06.709425 dv-cinder-836083-13-iscsi neutron-server[106206]: DEBUG neutron.plugins.ml2.plugin [None req-5f9f7419-6d1e-40ae-ba8b-f1764e97b583 None None] Port 15fae3ac-3d15-4151-bd85-4686ea0f64b1 had new provisioning blocks added so it will not transition to active. {{(pid=106206) _port_provisioned /opt/stack/neutron/neutron/plugins/ml2/plugin.py:377}}
Sep 15 12:59:06.718393 dv-cinder-836083-13-iscsi neutron-server[106204]: DEBUG novaclient.v2.client [-] REQ: curl -g -i --cacert "/opt/stack/data/ca-bundle.pem" -X POST http://10.222.0.57/compute/v2.1/os-server-external-events -H "Accept: application/json" -H "Content-Type: application/json" -H "User-Agent: python-novaclient" -H "X-Auth-Token: {SHA256}baa56749f9a115751067e0de314ac32d46bc8537d1f9cf5b0b60e27a9d3b0721" -H "X-OpenStack-Nova-API-Version: 2.1" -H "X-OpenStack-Request-ID: req-e4f6546d-e010-4a65-ae8a-67c23e70b4ac" -d '{"events": [{"name": "network-changed", "server_uuid": "7a48c801-810d-4702-a905-a6109e4786d8", "tag": "15fae3ac-3d15-4151-bd85-4686ea0f64b1"}]}' {{(pid=106204) _http_log_request /usr/local/lib/python3.8/dist-packages/keystoneauth1/session.py:519}}
Sep 15 12:59:06.726109 dv-cinder-836083-13-iscsi neutron-server[106206]: DEBUG neutron_lib.callbacks.manager [None req-6129c513-22b7-47fb-8c20-4c527dca3f80 None None] Publish callbacks ['neutron.services.segments.db._update_segment_host_mapping_for_agent-8768471891887', 'neutron.plugins.ml2.plugin.Ml2Plugin._retry_binding_revived_agents-1512960'] for agent (de8afe44-bed6-4521-ae5a-fca72ed611a7), after_update {{(pid=106206) _notify_loop /usr/local/lib/python3.8/dist-packages/neutron_lib/callbacks/manager.py:176}}
Sep 15 12:59:06.761235 dv-cinder-836083-13-iscsi neutron-server[106204]: DEBUG neutron.api.rpc.handlers.resources_rpc [None req-efcba378-72f2-486b-a7e4-0b548d7dc8dd service neutron] Pushing event updated for resources: {'Port': ['ID=15fae3ac-3d15-4151-bd85-4686ea0f64b1,revision_number=3']} {{(pid=106204) push /opt/stack/neutron/neutron/api/rpc/handlers/resources_rpc.py:237}}
Sep 15 12:59:06.784307 dv-cinder-836083-13-iscsi neutron-server[106204]: DEBUG neutron.pecan_wsgi.hooks.policy_enforcement [req-0506e851-4b79-41eb-b462-7f6a2cbb0e07 req-b86504e3-ca07-412e-b251-fbadc0e21d6f service neutron] Attributes excluded by policy engine: ['standard_attr_id'] {{(pid=106204) _exclude_attributes_by_policy /opt/stack/neutron/neutron/pecan_wsgi/hooks/policy_enforcement.py:259}}
Sep 15 12:59:06.785410 dv-cinder-836083-13-iscsi neutron-server[106204]: INFO neutron.wsgi [req-0506e851-4b79-41eb-b462-7f6a2cbb0e07 req-b86504e3-ca07-412e-b251-fbadc0e21d6f service neutron] 10.222.0.27 "GET /networking/v2.0/ports?tenant_id=dc2cd7163bd9476891dfe836246ead22&device_id=9fd7739a-69fe-4204-be18-f21e623d0992 HTTP/1.1" status: 200 len: 1128 time: 0.2217579
Sep 15 12:59:06.845462 dv-cinder-836083-13-iscsi neutron-server[106206]: DEBUG neutron.db.provisioning_blocks [None req-4ac206d3-72e4-4436-9957-5dec5c93e249 None None] Provisioning complete for port 71e9592f-0e8b-403c-bbfd-bae6e0da6f5f triggered by entity DHCP. {{(pid=106206) provisioning_complete /opt/stack/neutron/neutron/db/provisioning_blocks.py:144}}
Sep 15 12:59:06.846459 dv-cinder-836083-13-iscsi neutron-server[106206]: DEBUG neutron_lib.callbacks.manager [None req-4ac206d3-72e4-4436-9957-5dec5c93e249 None None] Publish callbacks ['neutron.plugins.ml2.plugin.Ml2Plugin._port_provisioned-1513182'] for port (71e9592f-0e8b-403c-bbfd-bae6e0da6f5f), provisioning_complete {{(pid=106206) _notify_loop /usr/local/lib/python3.8/dist-packages/neutron_lib/callbacks/manager.py:176}}
Sep 15 12:59:06.846986 dv-cinder-836083-13-iscsi neutron-server[106206]: INFO neutron.plugins.ml2.plugin [None req-4ac206d3-72e4-4436-9957-5dec5c93e249 None None] Attempt 1 to provision port 71e9592f-0e8b-403c-bbfd-bae6e0da6f5f
Sep 15 12:59:06.855739 dv-cinder-836083-13-iscsi neutron-server[106204]: DEBUG neutron_lib.callbacks.manager [None req-2191cb53-449f-4286-8c72-dc1d280c75e0 admin admin] Publish callbacks ['neutron.plugins.ml2.ovo_rpc._ObjectChangeHandler.handle_event-463610'] for security_group (f3c9a9ea-8c11-4a44-a532-680ef00908d4), after_delete {{(pid=106204) _notify_loop /usr/local/lib/python3.8/dist-packages/neutron_lib/callbacks/manager.py:176}}
Sep 15 12:59:06.858825 dv-cinder-836083-13-iscsi neutron-server[106204]: DEBUG neutron_lib.callbacks.manager [None req-2191cb53-449f-4286-8c72-dc1d280c75e0 admin admin] Publish callbacks [] for security_group (None), before_response {{(pid=106204) _notify_loop /usr/local/lib/python3.8/dist-packages/neutron_lib/callbacks/manager.py:176}}
Sep 15 12:59:06.860167 dv-cinder-836083-13-iscsi neutron-server[106204]: INFO neutron.wsgi [None req-2191cb53-449f-4286-8c72-dc1d280c75e0 admin admin] 10.222.0.57 "DELETE /networking/v2.0/security-groups/f3c9a9ea-8c11-4a44-a532-680ef00908d4 HTTP/1.1" status: 204 len: 168 time: 1.0952380
Sep 15 12:59:06.956936 dv-cinder-836083-13-iscsi neutron-server[106204]: DEBUG neutron.pecan_wsgi.hooks.policy_enforcement [req-f9849494-82ce-4a12-b410-cbc4cc146639 req-ad319e6a-031a-409a-94b0-66f15cf94a3f tempest-AttachVolumeTestJSON-651599207 tempest-AttachVolumeTestJSON-651599207-project] Attributes excluded by policy engine: ['standard_attr_id', 'binding:profile', 'binding:host_id', 'binding:vif_type', 'binding:vif_details'] {{(pid=106204) _exclude_attributes_by_policy /opt/stack/neutron/neutron/pecan_wsgi/hooks/policy_enforcement.py:259}}
