Aug 09 17:56:57.721375 dv-cinder-836083-11-iscsi devstack@c-api.service[110792]: DEBUG cinder.quota [None req-0632151a-fdff-493c-8718-ee09a5227d6e tempest-SnapshotsActionsTest-1655785619 tempest-SnapshotsActionsTest-1655785619-project] Created reservations ['e0bbe934-b15d-4c3a-a4e6-d34b96dc9110', '03e6fbf3-a068-4b9a-99f0-eb89aacacbb4', '2bbe35b8-aea5-48ca-afc7-99595fc4369a', 'f4be21b1-2f49-403a-88ef-59ac8f7240a6'] {{(pid=110792) reserve /opt/stack/cinder/cinder/quota.py:755}}
Aug 09 17:56:57.723885 dv-cinder-836083-11-iscsi devstack@c-api.service[110792]: DEBUG cinder.volume.api [None req-0632151a-fdff-493c-8718-ee09a5227d6e tempest-SnapshotsActionsTest-1655785619 tempest-SnapshotsActionsTest-1655785619-project] Task 'cinder.volume.flows.api.create_volume.QuotaReserveTask;volume:create' (2506651d-89ba-4671-82d1-e12878b6c976) transitioned into state 'SUCCESS' from state 'RUNNING' with result '{'reservations': ['e0bbe934-b15d-4c3a-a4e6-d34b96dc9110', '03e6fbf3-a068-4b9a-99f0-eb89aacacbb4', '2bbe35b8-aea5-48ca-afc7-99595fc4369a', 'f4be21b1-2f49-403a-88ef-59ac8f7240a6']}' {{(pid=110792) _task_receiver /usr/local/lib/python3.8/dist-packages/taskflow/listeners/logging.py:178}}
Aug 09 17:56:57.726461 dv-cinder-836083-11-iscsi devstack@c-api.service[110792]: DEBUG cinder.volume.api [None req-0632151a-fdff-493c-8718-ee09a5227d6e tempest-SnapshotsActionsTest-1655785619 tempest-SnapshotsActionsTest-1655785619-project] Task 'cinder.volume.flows.api.create_volume.EntryCreateTask;volume:create' (17b399a0-d8ee-4d59-aa8b-04b60a110bad) transitioned into state 'RUNNING' from state 'PENDING' {{(pid=110792) _task_receiver /usr/local/lib/python3.8/dist-packages/taskflow/listeners/logging.py:190}}
Aug 09 17:56:57.755226 dv-cinder-836083-11-iscsi devstack@c-api.service[110792]: DEBUG cinder.volume.api [None req-0632151a-fdff-493c-8718-ee09a5227d6e tempest-SnapshotsActionsTest-1655785619 tempest-SnapshotsActionsTest-1655785619-project] Task 'cinder.volume.flows.api.create_volume.EntryCreateTask;volume:create' (17b399a0-d8ee-4d59-aa8b-04b60a110bad) transitioned into state 'SUCCESS' from state 'RUNNING' with result '{'volume_id': '1b41ac84-688a-4ea4-87b9-26c5495edb5e', 'volume_properties': VolumeProperties(attach_status='detached',availability_zone='nova',cgsnapshot_id=None,consistencygroup_id=None,display_description=None,display_name='tempest-SnapshotsActionsTest-Volume-38090663',encryption_key_id=None,group_id=None,group_type_id=,metadata={},multiattach=False,project_id='2160b8a8dd4f4926804243f2aaefdd23',qos_specs=None,replication_status=,reservations=['e0bbe934-b15d-4c3a-a4e6-d34b96dc9110','03e6fbf3-a068-4b9a-99f0-eb89aacacbb4','2bbe35b8-aea5-48ca-afc7-99595fc4369a','f4be21b1-2f49-403a-88ef-59ac8f7240a6'],size=1,snapshot_id=None,source_replicaid=,source_volid=None,status='creating',user_id='d76d08720ed54c9ea97e746d475f4b8d',volume_type_id=b965b3a2-9ed3-48b0-bbaa-a27f88c3d83f), 'volume': Volume(_name_id=None,admin_metadata=,attach_status='detached',availability_zone='nova',bootable=False,cluster=,cluster_name=None,consistencygroup=,consistencygroup_id=None,created_at=2022-08-09T17:56:57Z,deleted=False,deleted_at=None,display_description=None,display_name='tempest-SnapshotsActionsTest-Volume-38090663',ec2_id=None,encryption_key_id=None,glance_metadata=,group=,group_id=None,host=None,id=1b41ac84-688a-4ea4-87b9-26c5495edb5e,launched_at=None,metadata={},migration_status=None,multiattach=False,previous_status=None,project_id='2160b8a8dd4f4926804243f2aaefdd23',provider_auth=None,provider_geometry=None,provider_id=None,provider_location=None,replication_driver_data=None,replication_extended_status=None,replication_status=None,scheduled_at=None,service_uuid=None,shared_targets=True,size=1,snapshot_id=None,snapshots=,source_volid=None,status='creating',terminated_at=None,updated_at=None,use_quota=True,user_id='d76d08720ed54c9ea97e746d475f4b8d',volume_attachment=VolumeAttachmentList,volume_type=VolumeType(b965b3a2-9ed3-48b0-bbaa-a27f88c3d83f),volume_type_id=b965b3a2-9ed3-48b0-bbaa-a27f88c3d83f)}' {{(pid=110792) _task_receiver /usr/local/lib/python3.8/dist-packages/taskflow/listeners/logging.py:178}}
Aug 09 17:56:57.757815 dv-cinder-836083-11-iscsi devstack@c-api.service[110792]: DEBUG cinder.volume.api [None req-0632151a-fdff-493c-8718-ee09a5227d6e tempest-SnapshotsActionsTest-1655785619 tempest-SnapshotsActionsTest-1655785619-project] Task 'cinder.volume.flows.api.create_volume.QuotaCommitTask;volume:create' (064d049c-3a21-4950-a95f-b12ac7ee6829) transitioned into state 'RUNNING' from state 'PENDING' {{(pid=110792) _task_receiver /usr/local/lib/python3.8/dist-packages/taskflow/listeners/logging.py:190}}
Aug 09 17:56:57.795905 dv-cinder-836083-11-iscsi devstack@c-api.service[110792]: DEBUG cinder.volume.api [None req-0632151a-fdff-493c-8718-ee09a5227d6e tempest-SnapshotsActionsTest-1655785619 tempest-SnapshotsActionsTest-1655785619-project] Task 'cinder.volume.flows.api.create_volume.QuotaCommitTask;volume:create' (064d049c-3a21-4950-a95f-b12ac7ee6829) transitioned into state 'SUCCESS' from state 'RUNNING' with result '{'volume_properties': VolumeProperties(attach_status='detached',availability_zone='nova',cgsnapshot_id=None,consistencygroup_id=None,display_description=None,display_name='tempest-SnapshotsActionsTest-Volume-38090663',encryption_key_id=None,group_id=None,group_type_id=,metadata={},multiattach=False,project_id='2160b8a8dd4f4926804243f2aaefdd23',qos_specs=None,replication_status=,reservations=['e0bbe934-b15d-4c3a-a4e6-d34b96dc9110','03e6fbf3-a068-4b9a-99f0-eb89aacacbb4','2bbe35b8-aea5-48ca-afc7-99595fc4369a','f4be21b1-2f49-403a-88ef-59ac8f7240a6'],size=1,snapshot_id=None,source_replicaid=,source_volid=None,status='creating',user_id='d76d08720ed54c9ea97e746d475f4b8d',volume_type_id=b965b3a2-9ed3-48b0-bbaa-a27f88c3d83f)}' {{(pid=110792) _task_receiver /usr/local/lib/python3.8/dist-packages/taskflow/listeners/logging.py:178}}
Aug 09 17:56:57.798243 dv-cinder-836083-11-iscsi devstack@c-api.service[110792]: DEBUG cinder.volume.api [None req-0632151a-fdff-493c-8718-ee09a5227d6e tempest-SnapshotsActionsTest-1655785619 tempest-SnapshotsActionsTest-1655785619-project] Task 'cinder.volume.flows.api.create_volume.VolumeCastTask;volume:create' (45cd7f74-503a-403b-8e95-6a0dd36cb9f9) transitioned into state 'RUNNING' from state 'PENDING' {{(pid=110792) _task_receiver /usr/local/lib/python3.8/dist-packages/taskflow/listeners/logging.py:190}}
Aug 09 17:56:57.818112 dv-cinder-836083-11-iscsi devstack@c-api.service[110792]: DEBUG cinder.volume.api [None req-0632151a-fdff-493c-8718-ee09a5227d6e tempest-SnapshotsActionsTest-1655785619 tempest-SnapshotsActionsTest-1655785619-project] Task 'cinder.volume.flows.api.create_volume.VolumeCastTask;volume:create' (45cd7f74-503a-403b-8e95-6a0dd36cb9f9) transitioned into state 'SUCCESS' from state 'RUNNING' with result 'None' {{(pid=110792) _task_receiver /usr/local/lib/python3.8/dist-packages/taskflow/listeners/logging.py:178}}
Aug 09 17:56:57.820662 dv-cinder-836083-11-iscsi devstack@c-api.service[110792]: DEBUG cinder.volume.api [None req-0632151a-fdff-493c-8718-ee09a5227d6e tempest-SnapshotsActionsTest-1655785619 tempest-SnapshotsActionsTest-1655785619-project] Flow 'volume_create_api' (9a1c0804-f9e5-4618-bfdf-5bff96f4c5f7) transitioned into state 'SUCCESS' from state 'RUNNING' {{(pid=110792) _flow_receiver /usr/local/lib/python3.8/dist-packages/taskflow/listeners/logging.py:141}}
Aug 09 17:56:57.821462 dv-cinder-836083-11-iscsi devstack@c-api.service[110792]: INFO cinder.volume.api [None req-0632151a-fdff-493c-8718-ee09a5227d6e tempest-SnapshotsActionsTest-1655785619 tempest-SnapshotsActionsTest-1655785619-project] Create volume request issued successfully.
Aug 09 17:56:57.823076 dv-cinder-836083-11-iscsi devstack@c-api.service[110792]: INFO cinder.api.openstack.wsgi [None req-0632151a-fdff-493c-8718-ee09a5227d6e tempest-SnapshotsActionsTest-1655785619 tempest-SnapshotsActionsTest-1655785619-project] http://10.222.0.52/volume/v3/2160b8a8dd4f4926804243f2aaefdd23/volumes returned with HTTP 202
Aug 09 17:56:57.837841 dv-cinder-836083-11-iscsi devstack@c-api.service[110792]: [pid: 110792|app: 0|req: 128/243] 10.222.0.52 () {60 vars in 1235 bytes} [Tue Aug 9 17:56:57 2022] POST /volume/v3/2160b8a8dd4f4926804243f2aaefdd23/volumes => generated 818 bytes in 495 msecs (HTTP/1.1 202) 7 headers in 291 bytes (2 switches on core 0)
Aug 09 17:56:57.839077 dv-cinder-836083-11-iscsi devstack@c-api.service[110793]: DEBUG cinder.api.middleware.request_id [None req-538c340b-49e2-45d1-800b-f904a6aad707 None None] RequestId filter calling following filter/app {{(pid=110793) _context_setter /opt/stack/cinder/cinder/api/middleware/request_id.py:62}}
Aug 09 17:56:57.843207 dv-cinder-836083-11-iscsi devstack@c-api.service[110793]: INFO cinder.api.openstack.wsgi [None req-538c340b-49e2-45d1-800b-f904a6aad707 tempest-SnapshotsActionsTest-1655785619 tempest-SnapshotsActionsTest-1655785619-project] GET http://10.222.0.52/volume/v3/2160b8a8dd4f4926804243f2aaefdd23/volumes/1b41ac84-688a-4ea4-87b9-26c5495edb5e
Aug 09 17:56:57.843640 dv-cinder-836083-11-iscsi devstack@c-api.service[110793]: DEBUG cinder.api.openstack.wsgi [None req-538c340b-49e2-45d1-800b-f904a6aad707 tempest-SnapshotsActionsTest-1655785619 tempest-SnapshotsActionsTest-1655785619-project] Empty body provided in request {{(pid=110793) get_body /opt/stack/cinder/cinder/api/openstack/wsgi.py:715}}
Aug 09 17:56:57.844092 dv-cinder-836083-11-iscsi devstack@c-api.service[110793]: DEBUG cinder.api.openstack.wsgi [None req-538c340b-49e2-45d1-800b-f904a6aad707 tempest-SnapshotsActionsTest-1655785619 tempest-SnapshotsActionsTest-1655785619-project] Calling method 'show' {{(pid=110793) _process_stack /opt/stack/cinder/cinder/api/openstack/wsgi.py:868}}
Aug 09 17:56:57.860739 dv-cinder-836083-11-iscsi devstack@c-api.service[110793]: /usr/local/lib/python3.8/dist-packages/oslo_context/context.py:100: DeprecationWarning: Policy enforcement is depending on the value of is_admin. This key is deprecated. Please update your policy file to use the standard policy values.
Aug 09 17:56:57.860739 dv-cinder-836083-11-iscsi devstack@c-api.service[110793]: warnings.warn('Policy enforcement is depending on the value of '
Aug 09 17:56:57.867455 dv-cinder-836083-11-iscsi devstack@c-api.service[110793]: INFO cinder.volume.api [None req-538c340b-49e2-45d1-800b-f904a6aad707 tempest-SnapshotsActionsTest-1655785619 tempest-SnapshotsActionsTest-1655785619-project] Volume info retrieved successfully.
Aug 09 17:56:57.878939 dv-cinder-836083-11-iscsi devstack@c-api.service[110793]: INFO cinder.api.openstack.wsgi [None req-538c340b-49e2-45d1-800b-f904a6aad707 tempest-SnapshotsActionsTest-1655785619 tempest-SnapshotsActionsTest-1655785619-project] http://10.222.0.52/volume/v3/2160b8a8dd4f4926804243f2aaefdd23/volumes/1b41ac84-688a-4ea4-87b9-26c5495edb5e returned with HTTP 200
Aug 09 17:56:57.880040 dv-cinder-836083-11-iscsi devstack@c-api.service[110793]: [pid: 110793|app: 0|req: 116/244] 10.222.0.52 () {58 vars in 1325 bytes} [Tue Aug 9 17:56:57 2022] GET /volume/v3/2160b8a8dd4f4926804243f2aaefdd23/volumes/1b41ac84-688a-4ea4-87b9-26c5495edb5e => generated 886 bytes in 42 msecs (HTTP/1.1 200) 7 headers in 285 bytes (2 switches on core 0)
Aug 09 17:56:58.514222 dv-cinder-836083-11-iscsi devstack@c-api.service[110792]: DEBUG cinder.api.middleware.request_id [None req-e92b3aeb-abfa-4b75-aea9-e54acb0bd25d None None] RequestId filter calling following filter/app {{(pid=110792) _context_setter /opt/stack/cinder/cinder/api/middleware/request_id.py:62}}
Aug 09 17:56:58.521467 dv-cinder-836083-11-iscsi devstack@c-api.service[110792]: INFO cinder.api.openstack.wsgi [None req-e92b3aeb-abfa-4b75-aea9-e54acb0bd25d tempest-VolumesActionsTest-450518208 tempest-VolumesActionsTest-450518208-project] GET http://10.222.0.52/volume/v3/96191133e1134e8aaae90b3cbdf8a0cc/volumes/116b4a45-f5f6-4cfc-9380-e7a27a787121
Aug 09 17:56:58.521920 dv-cinder-836083-11-iscsi devstack@c-api.service[110792]: DEBUG cinder.api.openstack.wsgi [None req-e92b3aeb-abfa-4b75-aea9-e54acb0bd25d tempest-VolumesActionsTest-450518208 tempest-VolumesActionsTest-450518208-project] Empty body provided in request {{(pid=110792) get_body /opt/stack/cinder/cinder/api/openstack/wsgi.py:715}}
Aug 09 17:56:58.522390 dv-cinder-836083-11-iscsi devstack@c-api.service[110792]: DEBUG cinder.api.openstack.wsgi [None req-e92b3aeb-abfa-4b75-aea9-e54acb0bd25d tempest-VolumesActionsTest-450518208 tempest-VolumesActionsTest-450518208-project] Calling method 'show' {{(pid=110792) _process_stack /opt/stack/cinder/cinder/api/openstack/wsgi.py:868}}
Aug 09 17:56:58.563349 dv-cinder-836083-11-iscsi devstack@c-api.service[110792]: /usr/local/lib/python3.8/dist-packages/oslo_context/context.py:100: DeprecationWarning: Policy enforcement is depending on the value of is_admin. This key is deprecated. Please update your policy file to use the standard policy values.
Aug 09 17:56:58.563349 dv-cinder-836083-11-iscsi devstack@c-api.service[110792]: warnings.warn('Policy enforcement is depending on the value of '
Aug 09 17:56:58.588588 dv-cinder-836083-11-iscsi devstack@c-api.service[110792]: INFO cinder.volume.api [None req-e92b3aeb-abfa-4b75-aea9-e54acb0bd25d tempest-VolumesActionsTest-450518208 tempest-VolumesActionsTest-450518208-project] Volume info retrieved successfully.
Aug 09 17:56:58.623853 dv-cinder-836083-11-iscsi devstack@c-api.service[110792]: INFO cinder.api.openstack.wsgi [None req-e92b3aeb-abfa-4b75-aea9-e54acb0bd25d tempest-VolumesActionsTest-450518208 tempest-VolumesActionsTest-450518208-project] http://10.222.0.52/volume/v3/96191133e1134e8aaae90b3cbdf8a0cc/volumes/116b4a45-f5f6-4cfc-9380-e7a27a787121 returned with HTTP 200
Aug 09 17:56:58.639062 dv-cinder-836083-11-iscsi devstack@c-api.service[110792]: [pid: 110792|app: 0|req: 129/245] 10.222.0.52 () {58 vars in 1325 bytes} [Tue Aug 9 17:56:58 2022] GET /volume/v3/96191133e1134e8aaae90b3cbdf8a0cc/volumes/116b4a45-f5f6-4cfc-9380-e7a27a787121 => generated 911 bytes in 128 msecs (HTTP/1.1 200) 7 headers in 285 bytes (1 switches on core 0)
Aug 09 17:56:58.640884 dv-cinder-836083-11-iscsi devstack@c-api.service[110793]: DEBUG cinder.api.middleware.request_id [None req-f314a2be-2357-4386-ae98-d386e7814147 None None] RequestId filter calling following filter/app {{(pid=110793) _context_setter /opt/stack/cinder/cinder/api/middleware/request_id.py:62}}
Aug 09 17:56:58.697354 dv-cinder-836083-11-iscsi devstack@c-api.service[110792]: DEBUG cinder.api.middleware.request_id [None req-837d7bc8-d49d-4bde-ae5a-01e5e503e8ef None None] RequestId filter calling following filter/app {{(pid=110792) _context_setter /opt/stack/cinder/cinder/api/middleware/request_id.py:62}}
Aug 09 17:56:58.892777 dv-cinder-836083-11-iscsi devstack@c-api.service[110793]: INFO cinder.api.openstack.wsgi [None req-f314a2be-2357-4386-ae98-d386e7814147 tempest-VolumesActionsTest-963120470 tempest-VolumesActionsTest-963120470-project-admin] POST http://10.222.0.52/volume/v3/b8917c8987fa47709a874fb7aef00133/volumes/116b4a45-f5f6-4cfc-9380-e7a27a787121/action
Aug 09 17:56:58.893898 dv-cinder-836083-11-iscsi devstack@c-api.service[110793]: DEBUG cinder.api.openstack.wsgi [None req-f314a2be-2357-4386-ae98-d386e7814147 tempest-VolumesActionsTest-963120470 tempest-VolumesActionsTest-963120470-project-admin] Action body: b'{"os-reset_status": {"status": "attaching"}}' {{(pid=110793) get_method /opt/stack/cinder/cinder/api/openstack/wsgi.py:983}}
Aug 09 17:56:58.894140 dv-cinder-836083-11-iscsi devstack@c-api.service[110793]: DEBUG cinder.api.openstack.wsgi [None req-f314a2be-2357-4386-ae98-d386e7814147 tempest-VolumesActionsTest-963120470 tempest-VolumesActionsTest-963120470-project-admin] Action: 'action', calling method: _reset_status, body: {"os-reset_status": {"status": "attaching"}} {{(pid=110793) _process_stack /opt/stack/cinder/cinder/api/openstack/wsgi.py:866}}
Aug 09 17:56:58.945092 dv-cinder-836083-11-iscsi devstack@c-api.service[110793]: /usr/local/lib/python3.8/dist-packages/oslo_context/context.py:100: DeprecationWarning: Policy enforcement is depending on the value of is_admin. This key is deprecated. Please update your policy file to use the standard policy values.
Aug 09 17:56:58.945092 dv-cinder-836083-11-iscsi devstack@c-api.service[110793]: warnings.warn('Policy enforcement is depending on the value of '
Aug 09 17:56:58.945838 dv-cinder-836083-11-iscsi devstack@c-api.service[110793]: DEBUG cinder.api.contrib.admin_actions [None req-f314a2be-2357-4386-ae98-d386e7814147 tempest-VolumesActionsTest-963120470 tempest-VolumesActionsTest-963120470-project-admin] Updating volume '116b4a45-f5f6-4cfc-9380-e7a27a787121' with '{'status': 'attaching'}' {{(pid=110793) _reset_status /opt/stack/cinder/cinder/api/contrib/admin_actions.py:200}}
Aug 09 17:56:59.026724 dv-cinder-836083-11-iscsi devstack@c-api.service[110792]: INFO cinder.api.openstack.wsgi [None req-837d7bc8-d49d-4bde-ae5a-01e5e503e8ef tempest-VolumesTransfersV355Test-695010334 tempest-VolumesTransfersV355Test-695010334-project] POST http://10.222.0.52/volume/v3/42b6514d1b8d4aaf9077928da5784338/volumes
Aug 09 17:56:59.028046 dv-cinder-836083-11-iscsi devstack@c-api.service[110792]: DEBUG cinder.api.openstack.wsgi [None req-837d7bc8-d49d-4bde-ae5a-01e5e503e8ef tempest-VolumesTransfersV355Test-695010334 tempest-VolumesTransfersV355Test-695010334-project] Action: 'create', calling method: create, body: {"volume": {"size": 1, "name": "tempest-VolumesTransfersV355Test-Volume-822269238"}} {{(pid=110792) _process_stack /opt/stack/cinder/cinder/api/openstack/wsgi.py:866}}
Aug 09 17:56:59.028428 dv-cinder-836083-11-iscsi devstack@c-api.service[110793]: INFO cinder.api.openstack.wsgi [None req-f314a2be-2357-4386-ae98-d386e7814147 tempest-VolumesActionsTest-963120470 tempest-VolumesActionsTest-963120470-project-admin] http://10.222.0.52/volume/v3/b8917c8987fa47709a874fb7aef00133/volumes/116b4a45-f5f6-4cfc-9380-e7a27a787121/action returned with HTTP 202
Aug 09 17:56:59.029328 dv-cinder-836083-11-iscsi devstack@c-api.service[110793]: [pid: 110793|app: 0|req: 117/246] 10.222.0.52 () {60 vars in 1367 bytes} [Tue Aug 9 17:56:58 2022] POST /volume/v3/b8917c8987fa47709a874fb7aef00133/volumes/116b4a45-f5f6-4cfc-9380-e7a27a787121/action => generated 0 bytes in 389 msecs (HTTP/1.1 202) 7 headers in 289 bytes (1 switches on core 0)
Aug 09 17:56:59.031156 dv-cinder-836083-11-iscsi devstack@c-api.service[110793]: DEBUG cinder.api.middleware.request_id [None req-05ac0567-fa8a-44dc-83b9-b43997c9206b None None] RequestId filter calling following filter/app {{(pid=110793) _context_setter /opt/stack/cinder/cinder/api/middleware/request_id.py:62}}
Aug 09 17:56:59.035262 dv-cinder-836083-11-iscsi devstack@c-api.service[110793]: INFO cinder.api.openstack.wsgi [None req-05ac0567-fa8a-44dc-83b9-b43997c9206b tempest-SnapshotsActionsTest-1655785619 tempest-SnapshotsActionsTest-1655785619-project] GET http://10.222.0.52/volume/v3/2160b8a8dd4f4926804243f2aaefdd23/volumes/1b41ac84-688a-4ea4-87b9-26c5495edb5e
Aug 09 17:56:59.035920 dv-cinder-836083-11-iscsi devstack@c-api.service[110793]: DEBUG cinder.api.openstack.wsgi [None req-05ac0567-fa8a-44dc-83b9-b43997c9206b tempest-SnapshotsActionsTest-1655785619 tempest-SnapshotsActionsTest-1655785619-project] Empty body provided in request {{(pid=110793) get_body /opt/stack/cinder/cinder/api/openstack/wsgi.py:715}}
Aug 09 17:56:59.036513 dv-cinder-836083-11-iscsi devstack@c-api.service[110793]: DEBUG cinder.api.openstack.wsgi [None req-05ac0567-fa8a-44dc-83b9-b43997c9206b tempest-SnapshotsActionsTest-1655785619 tempest-SnapshotsActionsTest-1655785619-project] Calling method 'show' {{(pid=110793) _process_stack /opt/stack/cinder/cinder/api/openstack/wsgi.py:868}}
Aug 09 17:56:59.044426 dv-cinder-836083-11-iscsi devstack@c-api.service[110792]: DEBUG cinder.api.v3.volumes [None req-837d7bc8-d49d-4bde-ae5a-01e5e503e8ef tempest-VolumesTransfersV355Test-695010334 tempest-VolumesTransfersV355Test-695010334-project] Create volume request body: {'volume': {'size': 1, 'name': 'tempest-VolumesTransfersV355Test-Volume-822269238'}} {{(pid=110792) create /opt/stack/cinder/cinder/api/v3/volumes.py:298}}
Aug 09 17:56:59.044756 dv-cinder-836083-11-iscsi devstack@c-api.service[110792]: INFO cinder.api.v3.volumes [None req-837d7bc8-d49d-4bde-ae5a-01e5e503e8ef tempest-VolumesTransfersV355Test-695010334 tempest-VolumesTransfersV355Test-695010334-project] Create volume of 1 GB
Aug 09 17:56:59.053455 dv-cinder-836083-11-iscsi devstack@c-api.service[110792]: INFO cinder.volume.api [None req-837d7bc8-d49d-4bde-ae5a-01e5e503e8ef tempest-VolumesTransfersV355Test-695010334 tempest-VolumesTransfersV355Test-695010334-project] Availability Zones retrieved successfully.
Aug 09 17:56:59.053639 dv-cinder-836083-11-iscsi devstack@c-api.service[110793]: /usr/local/lib/python3.8/dist-packages/oslo_context/context.py:100: DeprecationWarning: Policy enforcement is depending on the value of is_admin. This key is deprecated. Please update your policy file to use the standard policy values.
Aug 09 17:56:59.053639 dv-cinder-836083-11-iscsi devstack@c-api.service[110793]: warnings.warn('Policy enforcement is depending on the value of '
Aug 09 17:56:59.070229 dv-cinder-836083-11-iscsi devstack@c-api.service[110793]: INFO cinder.volume.api [None req-05ac0567-fa8a-44dc-83b9-b43997c9206b tempest-SnapshotsActionsTest-1655785619 tempest-SnapshotsActionsTest-1655785619-project] Volume info retrieved successfully.
Aug 09 17:56:59.072301 dv-cinder-836083-11-iscsi devstack@c-api.service[110792]: DEBUG cinder.volume.api [None req-837d7bc8-d49d-4bde-ae5a-01e5e503e8ef tempest-VolumesTransfersV355Test-695010334 tempest-VolumesTransfersV355Test-695010334-project] Flow 'volume_create_api' (a736af3b-53f7-4e19-b7cf-6c7a1be97eea) transitioned into state 'RUNNING' from state 'PENDING' {{(pid=110792) _flow_receiver /usr/local/lib/python3.8/dist-packages/taskflow/listeners/logging.py:141}}
Aug 09 17:56:59.075940 dv-cinder-836083-11-iscsi devstack@c-api.service[110792]: DEBUG cinder.volume.api [None req-837d7bc8-d49d-4bde-ae5a-01e5e503e8ef tempest-VolumesTransfersV355Test-695010334 tempest-VolumesTransfersV355Test-695010334-project] Task 'cinder.volume.flows.api.create_volume.ExtractVolumeRequestTask;volume:create' (921d4c82-07d4-40c6-ba25-a895b5694276) transitioned into state 'RUNNING' from state 'PENDING' {{(pid=110792) _task_receiver /usr/local/lib/python3.8/dist-packages/taskflow/listeners/logging.py:190}}
Aug 09 17:56:59.079766 dv-cinder-836083-11-iscsi devstack@c-api.service[110792]: DEBUG cinder.volume.flows.api.create_volume [None req-837d7bc8-d49d-4bde-ae5a-01e5e503e8ef tempest-VolumesTransfersV355Test-695010334 tempest-VolumesTransfersV355Test-695010334-project] Validating volume size '1' using validate_int {{(pid=110792) _extract_size /opt/stack/cinder/cinder/volume/flows/api/create_volume.py:228}}
Aug 09 17:56:59.081018 dv-cinder-836083-11-iscsi devstack@c-api.service[110793]: INFO cinder.api.openstack.wsgi [None req-05ac0567-fa8a-44dc-83b9-b43997c9206b tempest-SnapshotsActionsTest-1655785619 tempest-SnapshotsActionsTest-1655785619-project] http://10.222.0.52/volume/v3/2160b8a8dd4f4926804243f2aaefdd23/volumes/1b41ac84-688a-4ea4-87b9-26c5495edb5e returned with HTTP 200
Aug 09 17:56:59.082435 dv-cinder-836083-11-iscsi devstack@c-api.service[110793]: [pid: 110793|app: 0|req: 118/247] 10.222.0.52 () {58 vars in 1325 bytes} [Tue Aug 9 17:56:59 2022] GET /volume/v3/2160b8a8dd4f4926804243f2aaefdd23/volumes/1b41ac84-688a-4ea4-87b9-26c5495edb5e => generated 911 bytes in 52 msecs (HTTP/1.1 200) 7 headers in 285 bytes (1 switches on core 0)
Aug 09 17:56:59.084004 dv-cinder-836083-11-iscsi devstack@c-api.service[110793]: DEBUG cinder.api.middleware.request_id [None req-0db712d0-5077-4e7d-a929-2edc03a680bc None None] RequestId filter calling following filter/app {{(pid=110793) _context_setter /opt/stack/cinder/cinder/api/middleware/request_id.py:62}}
Aug 09 17:56:59.087893 dv-cinder-836083-11-iscsi devstack@c-api.service[110793]: INFO cinder.api.openstack.wsgi [None req-0db712d0-5077-4e7d-a929-2edc03a680bc tempest-VolumesActionsTest-450518208 tempest-VolumesActionsTest-450518208-project] GET http://10.222.0.52/volume/v3/96191133e1134e8aaae90b3cbdf8a0cc/volumes/116b4a45-f5f6-4cfc-9380-e7a27a787121
Aug 09 17:56:59.088523 dv-cinder-836083-11-iscsi devstack@c-api.service[110793]: DEBUG cinder.api.openstack.wsgi [None req-0db712d0-5077-4e7d-a929-2edc03a680bc tempest-VolumesActionsTest-450518208 tempest-VolumesActionsTest-450518208-project] Empty body provided in request {{(pid=110793) get_body /opt/stack/cinder/cinder/api/openstack/wsgi.py:715}}
Aug 09 17:56:59.088988 dv-cinder-836083-11-iscsi devstack@c-api.service[110793]: DEBUG cinder.api.openstack.wsgi [None req-0db712d0-5077-4e7d-a929-2edc03a680bc tempest-VolumesActionsTest-450518208 tempest-VolumesActionsTest-450518208-project] Calling method 'show' {{(pid=110793) _process_stack /opt/stack/cinder/cinder/api/openstack/wsgi.py:868}}
Aug 09 17:56:59.108514 dv-cinder-836083-11-iscsi devstack@c-api.service[110793]: /usr/local/lib/python3.8/dist-packages/oslo_context/context.py:100: DeprecationWarning: Policy enforcement is depending on the value of is_admin. This key is deprecated. Please update your policy file to use the standard policy values.
Aug 09 17:56:59.108514 dv-cinder-836083-11-iscsi devstack@c-api.service[110793]: warnings.warn('Policy enforcement is depending on the value of '
Aug 09 17:56:59.116448 dv-cinder-836083-11-iscsi devstack@c-api.service[110793]: INFO cinder.volume.api [None req-0db712d0-5077-4e7d-a929-2edc03a680bc tempest-VolumesActionsTest-450518208 tempest-VolumesActionsTest-450518208-project] Volume info retrieved successfully.
Aug 09 17:56:59.128529 dv-cinder-836083-11-iscsi devstack@c-api.service[110793]: INFO cinder.api.openstack.wsgi [None req-0db712d0-5077-4e7d-a929-2edc03a680bc tempest-VolumesActionsTest-450518208 tempest-VolumesActionsTest-450518208-project] http://10.222.0.52/volume/v3/96191133e1134e8aaae90b3cbdf8a0cc/volumes/116b4a45-f5f6-4cfc-9380-e7a27a787121 returned with HTTP 200
Aug 09 17:56:59.129858 dv-cinder-836083-11-iscsi devstack@c-api.service[110793]: [pid: 110793|app: 0|req: 119/248] 10.222.0.52 () {58 vars in 1325 bytes} [Tue Aug 9 17:56:59 2022] GET /volume/v3/96191133e1134e8aaae90b3cbdf8a0cc/volumes/116b4a45-f5f6-4cfc-9380-e7a27a787121 => generated 911 bytes in 46 msecs (HTTP/1.1 200) 7 headers in 285 bytes (1 switches on core 0)
Aug 09 17:56:59.138486 dv-cinder-836083-11-iscsi devstack@c-api.service[110793]: DEBUG cinder.api.middleware.request_id [None req-f208ac73-5817-4b5c-aa42-6d0a1dce6b38 None None] RequestId filter calling following filter/app {{(pid=110793) _context_setter /opt/stack/cinder/cinder/api/middleware/request_id.py:62}}
Aug 09 17:56:59.138486 dv-cinder-836083-11-iscsi devstack@c-api.service[110793]: INFO cinder.api.openstack.wsgi [None req-f208ac73-5817-4b5c-aa42-6d0a1dce6b38 tempest-SnapshotsActionsTest-1655785619 tempest-SnapshotsActionsTest-1655785619-project] POST http://10.222.0.52/volume/v3/2160b8a8dd4f4926804243f2aaefdd23/snapshots
Aug 09 17:56:59.138486 dv-cinder-836083-11-iscsi devstack@c-api.service[110793]: DEBUG cinder.api.openstack.wsgi [None req-f208ac73-5817-4b5c-aa42-6d0a1dce6b38 tempest-SnapshotsActionsTest-1655785619 tempest-SnapshotsActionsTest-1655785619-project] Action: 'create', calling method: create, body: {"snapshot": {"volume_id": "1b41ac84-688a-4ea4-87b9-26c5495edb5e", "name": "tempest-SnapshotsActionsTest-Snapshot-2050240551"}} {{(pid=110793) _process_stack /opt/stack/cinder/cinder/api/openstack/wsgi.py:866}}
Aug 09 17:56:59.176494 dv-cinder-836083-11-iscsi devstack@c-api.service[110793]: /usr/local/lib/python3.8/dist-packages/oslo_context/context.py:100: DeprecationWarning: Policy enforcement is depending on the value of is_admin. This key is deprecated. Please update your policy file to use the standard policy values.
Aug 09 17:56:59.176494 dv-cinder-836083-11-iscsi devstack@c-api.service[110793]: warnings.warn('Policy enforcement is depending on the value of '
Aug 09 17:56:59.187317 dv-cinder-836083-11-iscsi devstack@c-api.service[110793]: INFO cinder.volume.api [None req-f208ac73-5817-4b5c-aa42-6d0a1dce6b38 tempest-SnapshotsActionsTest-1655785619 tempest-SnapshotsActionsTest-1655785619-project] Volume info retrieved successfully.
Aug 09 17:56:59.188467 dv-cinder-836083-11-iscsi devstack@c-api.service[110793]: INFO cinder.api.v3.snapshots [None req-f208ac73-5817-4b5c-aa42-6d0a1dce6b38 tempest-SnapshotsActionsTest-1655785619 tempest-SnapshotsActionsTest-1655785619-project] Create snapshot from volume 1b41ac84-688a-4ea4-87b9-26c5495edb5e
Aug 09 17:56:59.223320 dv-cinder-836083-11-iscsi devstack@c-api.service[110792]: DEBUG cinder.volume.api [None req-837d7bc8-d49d-4bde-ae5a-01e5e503e8ef tempest-VolumesTransfersV355Test-695010334 tempest-VolumesTransfersV355Test-695010334-project] Task 'cinder.volume.flows.api.create_volume.ExtractVolumeRequestTask;volume:create' (921d4c82-07d4-40c6-ba25-a895b5694276) transitioned into state 'SUCCESS' from state 'RUNNING' with result '{'size': 1, 'snapshot_id': None, 'source_volid': None, 'volume_type': VolumeType(created_at=2022-08-09T17:46:32Z,deleted=False,deleted_at=None,description='Default Volume Type',extra_specs={},id=b965b3a2-9ed3-48b0-bbaa-a27f88c3d83f,is_public=True,name='__DEFAULT__',projects=[],qos_specs=,qos_specs_id=None,updated_at=2022-08-09T17:46:32Z), 'volume_type_id': 'b965b3a2-9ed3-48b0-bbaa-a27f88c3d83f', 'encryption_key_id': None, 'qos_specs': None, 'consistencygroup_id': None, 'cgsnapshot_id': None, 'group_id': None, 'replication_status': 'disabled', 'refresh_az': False, 'backup_id': None, 'multiattach': False, 'availability_zones': ['nova']}' {{(pid=110792) _task_receiver /usr/local/lib/python3.8/dist-packages/taskflow/listeners/logging.py:178}}
Aug 09 17:56:59.225442 dv-cinder-836083-11-iscsi devstack@c-api.service[110792]: DEBUG cinder.volume.api [None req-837d7bc8-d49d-4bde-ae5a-01e5e503e8ef tempest-VolumesTransfersV355Test-695010334 tempest-VolumesTransfersV355Test-695010334-project] Task 'cinder.volume.flows.api.create_volume.QuotaReserveTask;volume:create' (67cb6f3d-9342-4269-8f8d-e7998128afb0) transitioned into state 'RUNNING' from state 'PENDING' {{(pid=110792) _task_receiver /usr/local/lib/python3.8/dist-packages/taskflow/listeners/logging.py:190}}
Aug 09 17:56:59.287304 dv-cinder-836083-11-iscsi devstack@c-api.service[110793]: DEBUG dbcounter [-] [110793] Writing DB stats cinder:SELECT=74,cinder:INSERT=12,cinder:UPDATE=13,cinder:DELETE=1 {{(pid=110793) stat_writer /usr/local/lib/python3.8/dist-packages/dbcounter.py:114}}
Aug 09 17:56:59.329210 dv-cinder-836083-11-iscsi devstack@c-api.service[110793]: DEBUG cinder.quota [None req-f208ac73-5817-4b5c-aa42-6d0a1dce6b38 tempest-SnapshotsActionsTest-1655785619 tempest-SnapshotsActionsTest-1655785619-project] Created reservations ['4687ffc1-2804-4834-af77-23132a3592e8', '9a977673-1394-4e23-87cc-d57c4b726084', '97bb6db2-98ef-4396-98b6-4da391a9b927', '8c6c8b32-4a7b-4376-b72f-fea3912cb0c9'] {{(pid=110793) reserve /opt/stack/cinder/cinder/quota.py:755}}
Aug 09 17:56:59.410416 dv-cinder-836083-11-iscsi devstack@c-api.service[110793]: INFO cinder.volume.api [None req-f208ac73-5817-4b5c-aa42-6d0a1dce6b38 tempest-SnapshotsActionsTest-1655785619 tempest-SnapshotsActionsTest-1655785619-project] Snapshot create request issued successfully.
Aug 09 17:56:59.411907 dv-cinder-836083-11-iscsi devstack@c-api.service[110793]: INFO cinder.api.openstack.wsgi [None req-f208ac73-5817-4b5c-aa42-6d0a1dce6b38 tempest-SnapshotsActionsTest-1655785619 tempest-SnapshotsActionsTest-1655785619-project] http://10.222.0.52/volume/v3/2160b8a8dd4f4926804243f2aaefdd23/snapshots returned with HTTP 202
Aug 09 17:56:59.414218 dv-cinder-836083-11-iscsi devstack@c-api.service[110793]: [pid: 110793|app: 0|req: 120/249] 10.222.0.52 () {60 vars in 1242 bytes} [Tue Aug 9 17:56:59 2022] POST /volume/v3/2160b8a8dd4f4926804243f2aaefdd23/snapshots => generated 307 bytes in 284 msecs (HTTP/1.1 202) 7 headers in 291 bytes (1 switches on core 0)
Aug 09 17:56:59.416458 dv-cinder-836083-11-iscsi devstack@c-api.service[110793]: DEBUG cinder.api.middleware.request_id [None req-7a230ff3-ae07-4c77-8983-9647cbee0fec None None] RequestId filter calling following filter/app {{(pid=110793) _context_setter /opt/stack/cinder/cinder/api/middleware/request_id.py:62}}
Aug 09 17:56:59.423447 dv-cinder-836083-11-iscsi devstack@c-api.service[110793]: INFO cinder.api.openstack.wsgi [None req-7a230ff3-ae07-4c77-8983-9647cbee0fec tempest-VolumesActionsTest-963120470 tempest-VolumesActionsTest-963120470-project-admin] POST http://10.222.0.52/volume/v3/b8917c8987fa47709a874fb7aef00133/volumes/116b4a45-f5f6-4cfc-9380-e7a27a787121/action
Aug 09 17:56:59.423832 dv-cinder-836083-11-iscsi devstack@c-api.service[110792]: DEBUG cinder.quota [None req-837d7bc8-d49d-4bde-ae5a-01e5e503e8ef tempest-VolumesTransfersV355Test-695010334 tempest-VolumesTransfersV355Test-695010334-project] Created reservations ['9487b439-11fe-4fa0-984f-54d2a43311e7', 'aa78d45d-537a-4c84-a029-f6ad2cf4d655', '8049e461-6c64-459c-9c6c-cf9e4792f497', '363f78c0-9b06-4354-a852-9d430e4e3904'] {{(pid=110792) reserve /opt/stack/cinder/cinder/quota.py:755}}
Aug 09 17:56:59.426514 dv-cinder-836083-11-iscsi devstack@c-api.service[110792]: DEBUG cinder.volume.api [None req-837d7bc8-d49d-4bde-ae5a-01e5e503e8ef tempest-VolumesTransfersV355Test-695010334 tempest-VolumesTransfersV355Test-695010334-project] Task 'cinder.volume.flows.api.create_volume.QuotaReserveTask;volume:create' (67cb6f3d-9342-4269-8f8d-e7998128afb0) transitioned into state 'SUCCESS' from state 'RUNNING' with result '{'reservations': ['9487b439-11fe-4fa0-984f-54d2a43311e7', 'aa78d45d-537a-4c84-a029-f6ad2cf4d655', '8049e461-6c64-459c-9c6c-cf9e4792f497', '363f78c0-9b06-4354-a852-9d430e4e3904']}' {{(pid=110792) _task_receiver /usr/local/lib/python3.8/dist-packages/taskflow/listeners/logging.py:178}}
Aug 09 17:56:59.429406 dv-cinder-836083-11-iscsi devstack@c-api.service[110792]: DEBUG cinder.volume.api [None req-837d7bc8-d49d-4bde-ae5a-01e5e503e8ef tempest-VolumesTransfersV355Test-695010334 tempest-VolumesTransfersV355Test-695010334-project] Task 'cinder.volume.flows.api.create_volume.EntryCreateTask;volume:create' (2aa34be5-7691-4cea-9371-4dca80d413bf) transitioned into state 'RUNNING' from state 'PENDING' {{(pid=110792) _task_receiver /usr/local/lib/python3.8/dist-packages/taskflow/listeners/logging.py:190}}
Aug 09 17:56:59.429734 dv-cinder-836083-11-iscsi devstack@c-api.service[110793]: DEBUG cinder.api.openstack.wsgi [None req-7a230ff3-ae07-4c77-8983-9647cbee0fec tempest-VolumesActionsTest-963120470 tempest-VolumesActionsTest-963120470-project-admin] Action body: b'{"os-force_delete": {}}' {{(pid=110793) get_method /opt/stack/cinder/cinder/api/openstack/wsgi.py:983}}
Aug 09 17:56:59.430152 dv-cinder-836083-11-iscsi devstack@c-api.service[110793]: DEBUG cinder.api.openstack.wsgi [None req-7a230ff3-ae07-4c77-8983-9647cbee0fec tempest-VolumesActionsTest-963120470 tempest-VolumesActionsTest-963120470-project-admin] Action: 'action', calling method: _force_delete, body: {"os-force_delete": {}} {{(pid=110793) _process_stack /opt/stack/cinder/cinder/api/openstack/wsgi.py:866}}
Aug 09 17:56:59.469208 dv-cinder-836083-11-iscsi devstack@c-api.service[110792]: DEBUG cinder.volume.api [None req-837d7bc8-d49d-4bde-ae5a-01e5e503e8ef tempest-VolumesTransfersV355Test-695010334 tempest-VolumesTransfersV355Test-695010334-project] Task 'cinder.volume.flows.api.create_volume.EntryCreateTask;volume:create' (2aa34be5-7691-4cea-9371-4dca80d413bf) transitioned into state 'SUCCESS' from state 'RUNNING' with result '{'volume_id': '9dd0add2-2c75-404f-bfcc-adf1a567f5a0', 'volume_properties': VolumeProperties(attach_status='detached',availability_zone='nova',cgsnapshot_id=None,consistencygroup_id=None,display_description=None,display_name='tempest-VolumesTransfersV355Test-Volume-822269238',encryption_key_id=None,group_id=None,group_type_id=,metadata={},multiattach=False,project_id='42b6514d1b8d4aaf9077928da5784338',qos_specs=None,replication_status=,reservations=['9487b439-11fe-4fa0-984f-54d2a43311e7','aa78d45d-537a-4c84-a029-f6ad2cf4d655','8049e461-6c64-459c-9c6c-cf9e4792f497','363f78c0-9b06-4354-a852-9d430e4e3904'],size=1,snapshot_id=None,source_replicaid=,source_volid=None,status='creating',user_id='71a2f640832249f18c2d4afd960bd0ab',volume_type_id=b965b3a2-9ed3-48b0-bbaa-a27f88c3d83f), 'volume': Volume(_name_id=None,admin_metadata=,attach_status='detached',availability_zone='nova',bootable=False,cluster=,cluster_name=None,consistencygroup=,consistencygroup_id=None,created_at=2022-08-09T17:56:59Z,deleted=False,deleted_at=None,display_description=None,display_name='tempest-VolumesTransfersV355Test-Volume-822269238',ec2_id=None,encryption_key_id=None,glance_metadata=,group=,group_id=None,host=None,id=9dd0add2-2c75-404f-bfcc-adf1a567f5a0,launched_at=None,metadata={},migration_status=None,multiattach=False,previous_status=None,project_id='42b6514d1b8d4aaf9077928da5784338',provider_auth=None,provider_geometry=None,provider_id=None,provider_location=None,replication_driver_data=None,replication_extended_status=None,replication_status=None,scheduled_at=None,service_uuid=None,shared_targets=True,size=1,snapshot_id=None,snapshots=,source_volid=None,status='creating',terminated_at=None,updated_at=None,use_quota=True,user_id='71a2f640832249f18c2d4afd960bd0ab',volume_attachment=VolumeAttachmentList,volume_type=VolumeType(b965b3a2-9ed3-48b0-bbaa-a27f88c3d83f),volume_type_id=b965b3a2-9ed3-48b0-bbaa-a27f88c3d83f)}' {{(pid=110792) _task_receiver /usr/local/lib/python3.8/dist-packages/taskflow/listeners/logging.py:178}}
Aug 09 17:56:59.471415 dv-cinder-836083-11-iscsi devstack@c-api.service[110792]: DEBUG cinder.volume.api [None req-837d7bc8-d49d-4bde-ae5a-01e5e503e8ef tempest-VolumesTransfersV355Test-695010334 tempest-VolumesTransfersV355Test-695010334-project] Task 'cinder.volume.flows.api.create_volume.QuotaCommitTask;volume:create' (fc174365-7394-45de-beeb-8629d651d33a) transitioned into state 'RUNNING' from state 'PENDING' {{(pid=110792) _task_receiver /usr/local/lib/python3.8/dist-packages/taskflow/listeners/logging.py:190}}
Aug 09 17:56:59.474670 dv-cinder-836083-11-iscsi devstack@c-api.service[110793]: /usr/local/lib/python3.8/dist-packages/oslo_context/context.py:100: DeprecationWarning: Policy enforcement is depending on the value of is_admin. This key is deprecated. Please update your policy file to use the standard policy values.
Aug 09 17:56:59.474670 dv-cinder-836083-11-iscsi devstack@c-api.service[110793]: warnings.warn('Policy enforcement is depending on the value of '
Aug 09 17:56:59.477400 dv-cinder-836083-11-iscsi devstack@c-api.service[110793]: INFO cinder.volume.api [None req-7a230ff3-ae07-4c77-8983-9647cbee0fec tempest-VolumesActionsTest-963120470 tempest-VolumesActionsTest-963120470-project-admin] Volume info retrieved successfully.
Aug 09 17:56:59.501672 dv-cinder-836083-11-iscsi devstack@c-api.service[110792]: DEBUG dbcounter [-] [110792] Writing DB stats cinder:SELECT=61,cinder:INSERT=15,cinder:UPDATE=24 {{(pid=110792) stat_writer /usr/local/lib/python3.8/dist-packages/dbcounter.py:114}}
Aug 09 17:56:59.519340 dv-cinder-836083-11-iscsi devstack@c-api.service[110792]: DEBUG cinder.volume.api [None req-837d7bc8-d49d-4bde-ae5a-01e5e503e8ef tempest-VolumesTransfersV355Test-695010334 tempest-VolumesTransfersV355Test-695010334-project] Task 'cinder.volume.flows.api.create_volume.QuotaCommitTask;volume:create' (fc174365-7394-45de-beeb-8629d651d33a) transitioned into state 'SUCCESS' from state 'RUNNING' with result '{'volume_properties': VolumeProperties(attach_status='detached',availability_zone='nova',cgsnapshot_id=None,consistencygroup_id=None,display_description=None,display_name='tempest-VolumesTransfersV355Test-Volume-822269238',encryption_key_id=None,group_id=None,group_type_id=,metadata={},multiattach=False,project_id='42b6514d1b8d4aaf9077928da5784338',qos_specs=None,replication_status=,reservations=['9487b439-11fe-4fa0-984f-54d2a43311e7','aa78d45d-537a-4c84-a029-f6ad2cf4d655','8049e461-6c64-459c-9c6c-cf9e4792f497','363f78c0-9b06-4354-a852-9d430e4e3904'],size=1,snapshot_id=None,source_replicaid=,source_volid=None,status='creating',user_id='71a2f640832249f18c2d4afd960bd0ab',volume_type_id=b965b3a2-9ed3-48b0-bbaa-a27f88c3d83f)}' {{(pid=110792) _task_receiver /usr/local/lib/python3.8/dist-packages/taskflow/listeners/logging.py:178}}
Aug 09 17:56:59.522444 dv-cinder-836083-11-iscsi devstack@c-api.service[110792]: DEBUG cinder.volume.api [None req-837d7bc8-d49d-4bde-ae5a-01e5e503e8ef tempest-VolumesTransfersV355Test-695010334 tempest-VolumesTransfersV355Test-695010334-project] Task 'cinder.volume.flows.api.create_volume.VolumeCastTask;volume:create' (6ec51bb6-b694-42db-b6da-b4bf3788a2e1) transitioned into state 'RUNNING' from state 'PENDING' {{(pid=110792) _task_receiver /usr/local/lib/python3.8/dist-packages/taskflow/listeners/logging.py:190}}
Aug 09 17:56:59.533522 dv-cinder-836083-11-iscsi devstack@c-api.service[110793]: INFO cinder.volume.api [None req-7a230ff3-ae07-4c77-8983-9647cbee0fec tempest-VolumesActionsTest-963120470 tempest-VolumesActionsTest-963120470-project-admin] Delete volume request issued successfully.
Aug 09 17:56:59.534726 dv-cinder-836083-11-iscsi devstack@c-api.service[110793]: INFO cinder.api.openstack.wsgi [None req-7a230ff3-ae07-4c77-8983-9647cbee0fec tempest-VolumesActionsTest-963120470 tempest-VolumesActionsTest-963120470-project-admin] http://10.222.0.52/volume/v3/b8917c8987fa47709a874fb7aef00133/volumes/116b4a45-f5f6-4cfc-9380-e7a27a787121/action returned with HTTP 202
Aug 09 17:56:59.536622 dv-cinder-836083-11-iscsi devstack@c-api.service[110793]: [pid: 110793|app: 0|req: 121/250] 10.222.0.52 () {60 vars in 1367 bytes} [Tue Aug 9 17:56:59 2022] POST /volume/v3/b8917c8987fa47709a874fb7aef00133/volumes/116b4a45-f5f6-4cfc-9380-e7a27a787121/action => generated 0 bytes in 121 msecs (HTTP/1.1 202) 7 headers in 289 bytes (1 switches on core 0)
Aug 09 17:56:59.538312 dv-cinder-836083-11-iscsi devstack@c-api.service[110793]: DEBUG cinder.api.middleware.request_id [None req-8298b3db-42e2-465f-ac0f-e2c2b7cfdaff None None] RequestId filter calling following filter/app {{(pid=110793) _context_setter /opt/stack/cinder/cinder/api/middleware/request_id.py:62}}
Aug 09 17:56:59.544377 dv-cinder-836083-11-iscsi devstack@c-api.service[110793]: INFO cinder.api.openstack.wsgi [None req-8298b3db-42e2-465f-ac0f-e2c2b7cfdaff tempest-SnapshotsActionsTest-1655785619 tempest-SnapshotsActionsTest-1655785619-project] GET http://10.222.0.52/volume/v3/2160b8a8dd4f4926804243f2aaefdd23/snapshots/df23e163-b5bb-4ea4-a309-c62227ef1778
Aug 09 17:56:59.545116 dv-cinder-836083-11-iscsi devstack@c-api.service[110793]: DEBUG cinder.api.openstack.wsgi [None req-8298b3db-42e2-465f-ac0f-e2c2b7cfdaff tempest-SnapshotsActionsTest-1655785619 tempest-SnapshotsActionsTest-1655785619-project] Empty body provided in request {{(pid=110793) get_body /opt/stack/cinder/cinder/api/openstack/wsgi.py:715}}
Aug 09 17:56:59.545688 dv-cinder-836083-11-iscsi devstack@c-api.service[110792]: DEBUG cinder.volume.api [None req-837d7bc8-d49d-4bde-ae5a-01e5e503e8ef tempest-VolumesTransfersV355Test-695010334 tempest-VolumesTransfersV355Test-695010334-project] Task 'cinder.volume.flows.api.create_volume.VolumeCastTask;volume:create' (6ec51bb6-b694-42db-b6da-b4bf3788a2e1) transitioned into state 'SUCCESS' from state 'RUNNING' with result 'None' {{(pid=110792) _task_receiver /usr/local/lib/python3.8/dist-packages/taskflow/listeners/logging.py:178}}
Aug 09 17:56:59.546154 dv-cinder-836083-11-iscsi devstack@c-api.service[110793]: DEBUG cinder.api.openstack.wsgi [None req-8298b3db-42e2-465f-ac0f-e2c2b7cfdaff tempest-SnapshotsActionsTest-1655785619 tempest-SnapshotsActionsTest-1655785619-project] Calling method 'show' {{(pid=110793) _process_stack /opt/stack/cinder/cinder/api/openstack/wsgi.py:868}}
Aug 09 17:56:59.549611 dv-cinder-836083-11-iscsi devstack@c-api.service[110792]: DEBUG cinder.volume.api [None req-837d7bc8-d49d-4bde-ae5a-01e5e503e8ef tempest-VolumesTransfersV355Test-695010334 tempest-VolumesTransfersV355Test-695010334-project] Flow 'volume_create_api' (a736af3b-53f7-4e19-b7cf-6c7a1be97eea) transitioned into state 'SUCCESS' from state 'RUNNING' {{(pid=110792) _flow_receiver /usr/local/lib/python3.8/dist-packages/taskflow/listeners/logging.py:141}}
Aug 09 17:56:59.552008 dv-cinder-836083-11-iscsi devstack@c-api.service[110792]: INFO cinder.volume.api [None req-837d7bc8-d49d-4bde-ae5a-01e5e503e8ef tempest-VolumesTransfersV355Test-695010334 tempest-VolumesTransfersV355Test-695010334-project] Create volume request issued successfully.
Aug 09 17:56:59.553816 dv-cinder-836083-11-iscsi devstack@c-api.service[110792]: INFO cinder.api.openstack.wsgi [None req-837d7bc8-d49d-4bde-ae5a-01e5e503e8ef tempest-VolumesTransfersV355Test-695010334 tempest-VolumesTransfersV355Test-695010334-project] http://10.222.0.52/volume/v3/42b6514d1b8d4aaf9077928da5784338/volumes returned with HTTP 202
Aug 09 17:56:59.556207 dv-cinder-836083-11-iscsi devstack@c-api.service[110792]: [pid: 110792|app: 0|req: 130/251] 10.222.0.52 () {62 vars in 1276 bytes} [Tue Aug 9 17:56:58 2022] POST /volume/v3/42b6514d1b8d4aaf9077928da5784338/volumes => generated 887 bytes in 860 msecs (HTTP/1.1 202) 7 headers in 292 bytes (2 switches on core 0)
Aug 09 17:56:59.559262 dv-cinder-836083-11-iscsi devstack@c-api.service[110792]: DEBUG cinder.api.middleware.request_id [None req-fbe833ca-e9cb-4e06-b027-d5389ed85853 None None] RequestId filter calling following filter/app {{(pid=110792) _context_setter /opt/stack/cinder/cinder/api/middleware/request_id.py:62}}
Aug 09 17:56:59.564032 dv-cinder-836083-11-iscsi devstack@c-api.service[110793]: /usr/local/lib/python3.8/dist-packages/oslo_context/context.py:100: DeprecationWarning: Policy enforcement is depending on the value of is_admin. This key is deprecated. Please update your policy file to use the standard policy values.
Aug 09 17:56:59.564032 dv-cinder-836083-11-iscsi devstack@c-api.service[110793]: warnings.warn('Policy enforcement is depending on the value of '
Aug 09 17:56:59.565052 dv-cinder-836083-11-iscsi devstack@c-api.service[110793]: INFO cinder.volume.api [None req-8298b3db-42e2-465f-ac0f-e2c2b7cfdaff tempest-SnapshotsActionsTest-1655785619 tempest-SnapshotsActionsTest-1655785619-project] Snapshot retrieved successfully.
Aug 09 17:56:59.565895 dv-cinder-836083-11-iscsi devstack@c-api.service[110792]: INFO cinder.api.openstack.wsgi [None req-fbe833ca-e9cb-4e06-b027-d5389ed85853 tempest-VolumesActionsTest-450518208 tempest-VolumesActionsTest-450518208-project] GET http://10.222.0.52/volume/v3/96191133e1134e8aaae90b3cbdf8a0cc/volumes/116b4a45-f5f6-4cfc-9380-e7a27a787121
Aug 09 17:56:59.566598 dv-cinder-836083-11-iscsi devstack@c-api.service[110792]: DEBUG cinder.api.openstack.wsgi [None req-fbe833ca-e9cb-4e06-b027-d5389ed85853 tempest-VolumesActionsTest-450518208 tempest-VolumesActionsTest-450518208-project] Empty body provided in request {{(pid=110792) get_body /opt/stack/cinder/cinder/api/openstack/wsgi.py:715}}
Aug 09 17:56:59.566750 dv-cinder-836083-11-iscsi devstack@c-api.service[110793]: INFO cinder.api.openstack.wsgi [None req-8298b3db-42e2-465f-ac0f-e2c2b7cfdaff tempest-SnapshotsActionsTest-1655785619 tempest-SnapshotsActionsTest-1655785619-project] http://10.222.0.52/volume/v3/2160b8a8dd4f4926804243f2aaefdd23/snapshots/df23e163-b5bb-4ea4-a309-c62227ef1778 returned with HTTP 200
Aug 09 17:56:59.567509 dv-cinder-836083-11-iscsi devstack@c-api.service[110793]: [pid: 110793|app: 0|req: 122/252] 10.222.0.52 () {58 vars in 1331 bytes} [Tue Aug 9 17:56:59 2022] GET /volume/v3/2160b8a8dd4f4926804243f2aaefdd23/snapshots/df23e163-b5bb-4ea4-a309-c62227ef1778 => generated 439 bytes in 30 msecs (HTTP/1.1 200) 7 headers in 285 bytes (1 switches on core 0)
Aug 09 17:56:59.567689 dv-cinder-836083-11-iscsi devstack@c-api.service[110792]: DEBUG cinder.api.openstack.wsgi [None req-fbe833ca-e9cb-4e06-b027-d5389ed85853 tempest-VolumesActionsTest-450518208 tempest-VolumesActionsTest-450518208-project] Calling method 'show' {{(pid=110792) _process_stack /opt/stack/cinder/cinder/api/openstack/wsgi.py:868}}
Aug 09 17:56:59.577803 dv-cinder-836083-11-iscsi devstack@c-api.service[110793]: DEBUG cinder.api.middleware.request_id [None req-fbda97bb-f5c8-42d2-b6fd-5ffa46f97c5e None None] RequestId filter calling following filter/app {{(pid=110793) _context_setter /opt/stack/cinder/cinder/api/middleware/request_id.py:62}}
Aug 09 17:56:59.586073 dv-cinder-836083-11-iscsi devstack@c-api.service[110792]: /usr/local/lib/python3.8/dist-packages/oslo_context/context.py:100: DeprecationWarning: Policy enforcement is depending on the value of is_admin. This key is deprecated. Please update your policy file to use the standard policy values.
Aug 09 17:56:59.586073 dv-cinder-836083-11-iscsi devstack@c-api.service[110792]: warnings.warn('Policy enforcement is depending on the value of '
Aug 09 17:56:59.586667 dv-cinder-836083-11-iscsi devstack@c-api.service[110793]: INFO cinder.api.openstack.wsgi [None req-fbda97bb-f5c8-42d2-b6fd-5ffa46f97c5e tempest-VolumesTransfersV355Test-695010334 tempest-VolumesTransfersV355Test-695010334-project] GET http://10.222.0.52/volume/v3/42b6514d1b8d4aaf9077928da5784338/volumes/9dd0add2-2c75-404f-bfcc-adf1a567f5a0
Aug 09 17:56:59.587492 dv-cinder-836083-11-iscsi devstack@c-api.service[110793]: DEBUG cinder.api.openstack.wsgi [None req-fbda97bb-f5c8-42d2-b6fd-5ffa46f97c5e tempest-VolumesTransfersV355Test-695010334 tempest-VolumesTransfersV355Test-695010334-project] Empty body provided in request {{(pid=110793) get_body /opt/stack/cinder/cinder/api/openstack/wsgi.py:715}}
