May 26 18:01:11.422926 dv-cinder-836074-5-iscsi neutron-server[103837]: DEBUG neutron.pecan_wsgi.hooks.quota_enforcement [None req-021e314a-466b-44a9-9ce9-99ae038e156c admin admin] Made reservation on behalf of 41aaf61888b149a59ed741d201490e52 for: {'subnet': 1} {{(pid=103837) before /opt/stack/neutron/neutron/pecan_wsgi/hooks/quota_enforcement.py:53}}
May 26 18:01:11.425866 dv-cinder-836074-5-iscsi neutron-server[103837]: DEBUG neutron_lib.callbacks.manager [None req-021e314a-466b-44a9-9ce9-99ae038e156c admin admin] Publish callbacks [] for subnet (None), before_create {{(pid=103837) _notify_loop /usr/local/lib/python3.8/dist-packages/neutron_lib/callbacks/manager.py:176}}
May 26 18:01:11.437899 dv-cinder-836074-5-iscsi neutron-server[103836]: DEBUG neutron_lib.callbacks.manager [None req-d26c5e4b-5058-4ff3-a9d2-e07ca04b5d2d admin admin] Publish callbacks [] for security_group (f83be444-654b-4cac-8c60-755eb86458f5), precommit_create {{(pid=103836) _notify_loop /usr/local/lib/python3.8/dist-packages/neutron_lib/callbacks/manager.py:176}}
May 26 18:01:11.442412 dv-cinder-836074-5-iscsi neutron-server[103837]: DEBUG neutron.scheduler.dhcp_agent_scheduler [None req-e0845721-3809-4bbf-8917-9eb00096eaf9 admin admin] Network 2cd2844c-2075-4a75-ad58-855aef5bd960 is scheduled to be hosted by DHCP agent 8a35fa7a-6104-44dc-9348-762be253237f with binding_index 1 {{(pid=103837) bind /opt/stack/neutron/neutron/scheduler/dhcp_agent_scheduler.py:227}}
May 26 18:01:11.444989 dv-cinder-836074-5-iscsi neutron-server[103836]: DEBUG neutron_lib.callbacks.manager [None req-d26c5e4b-5058-4ff3-a9d2-e07ca04b5d2d admin admin] Publish callbacks ['neutron.plugins.ml2.ovo_rpc._ObjectChangeHandler.handle_event-8105782'] for security_group (f83be444-654b-4cac-8c60-755eb86458f5), after_create {{(pid=103836) _notify_loop /usr/local/lib/python3.8/dist-packages/neutron_lib/callbacks/manager.py:176}}
May 26 18:01:11.446209 dv-cinder-836074-5-iscsi neutron-server[103838]: DEBUG neutron.plugins.ml2.rpc [None req-1239aad3-07fe-41ad-a8ff-770db495e2aa None None] Network 6b9b5b4a-a88b-47f5-b18b-d8928aa5e340 details requested by agent ovs-agent-dv-cinder-836074-5-iscsi with host dv-cinder-836074-5-iscsi {{(pid=103838) get_network_details /opt/stack/neutron/neutron/plugins/ml2/rpc.py:248}}
May 26 18:01:11.503812 dv-cinder-836074-5-iscsi neutron-server[103837]: DEBUG neutron.scheduler.base_scheduler [None req-e0845721-3809-4bbf-8917-9eb00096eaf9 admin admin] Resources bound (agent type, host, resource id): (DHCP agent, dv-cinder-836074-5-iscsi, 2cd2844c-2075-4a75-ad58-855aef5bd960) {{(pid=103837) schedule /opt/stack/neutron/neutron/scheduler/base_scheduler.py:57}}
May 26 18:01:11.517342 dv-cinder-836074-5-iscsi neutron-server[103837]: DEBUG neutron.pecan_wsgi.hooks.policy_enforcement [None req-e0845721-3809-4bbf-8917-9eb00096eaf9 admin admin] Attributes excluded by policy engine: ['standard_attr_id', 'shared', 'network'] {{(pid=103837) _exclude_attributes_by_policy /opt/stack/neutron/neutron/pecan_wsgi/hooks/policy_enforcement.py:259}}
May 26 18:01:11.518207 dv-cinder-836074-5-iscsi neutron-server[103837]: DEBUG neutron_lib.callbacks.manager [None req-e0845721-3809-4bbf-8917-9eb00096eaf9 admin admin] Publish callbacks ['neutron.api.rpc.agentnotifiers.dhcp_rpc_agent_api.DhcpAgentNotifyAPI._send_dhcp_notification-8107949'] for subnet (None), before_response {{(pid=103837) _notify_loop /usr/local/lib/python3.8/dist-packages/neutron_lib/callbacks/manager.py:176}}
May 26 18:01:11.538619 dv-cinder-836074-5-iscsi neutron-server[103838]: DEBUG neutron.api.rpc.handlers.dhcp_rpc [None req-f50233c4-d7d3-4a1c-95f6-b05f80ec2cd5 None None] Network 2cd2844c-2075-4a75-ad58-855aef5bd960 requested from dv-cinder-836074-5-iscsi {{(pid=103838) get_network_info /opt/stack/neutron/neutron/api/rpc/handlers/dhcp_rpc.py:191}}
May 26 18:01:11.564650 dv-cinder-836074-5-iscsi neutron-server[103837]: INFO neutron.wsgi [None req-e0845721-3809-4bbf-8917-9eb00096eaf9 admin admin] 10.222.0.69 "POST /v2.0/subnets HTTP/1.1" status: 201 len: 853 time: 0.7788916
May 26 18:01:11.568243 dv-cinder-836074-5-iscsi neutron-server[103837]: DEBUG neutron.wsgi [-] (103837) accepted ('10.222.0.69', 37370) {{(pid=103837) server /usr/local/lib/python3.8/dist-packages/eventlet/wsgi.py:1004}}
May 26 18:01:11.575296 dv-cinder-836074-5-iscsi neutron-server[103837]: DEBUG neutron.api.v2.base [None req-20708b6d-9acf-4e8d-9833-70e2d52b6d90 admin admin] Request body: {'router': {'name': 'tempest-AttachVolumeShelveTestJSON-1816716004-router', 'tenant_id': 'ab53cc69f7b0424cb689317c4be9b685', 'external_gateway_info': {'network_id': 'fe5e7183-55e6-482c-9be6-dbe7ef622043'}}} {{(pid=103837) prepare_request_body /opt/stack/neutron/neutron/api/v2/base.py:730}}
May 26 18:01:11.608435 dv-cinder-836074-5-iscsi neutron-server[103837]: DEBUG neutron_lib.callbacks.manager [None req-20708b6d-9acf-4e8d-9833-70e2d52b6d90 admin admin] Publish callbacks ['neutron.services.l3_router.l3_router_plugin.L3_HA_NAT_db_mixin._before_router_create_handler-8124790', 'neutron.services.l3_router.service_providers.driver_controller.DriverController._check_router_request-30497'] for router (160b2a10-3209-4a76-a356-fb34b111eca5), before_create {{(pid=103837) _notify_loop /usr/local/lib/python3.8/dist-packages/neutron_lib/callbacks/manager.py:176}}
May 26 18:01:11.609991 dv-cinder-836074-5-iscsi neutron-server[103837]: DEBUG neutron_lib.callbacks.manager [None req-20708b6d-9acf-4e8d-9833-70e2d52b6d90 admin admin] Publish callbacks ['neutron.services.l3_router.l3_router_plugin.L3_HA_NAT_db_mixin._precommit_router_create-8125126', 'neutron.services.l3_router.l3_router_plugin.DVRResourceOperationHandler._set_distributed_flag-8118390', 'neutron.services.l3_router.l3_router_plugin.RouterAvailabilityZoneMixin._process_az_request-394645', 'neutron.services.l3_router.service_providers.driver_controller.DriverController._set_router_provider-30682'] for router (160b2a10-3209-4a76-a356-fb34b111eca5), precommit_create {{(pid=103837) _notify_loop /usr/local/lib/python3.8/dist-packages/neutron_lib/callbacks/manager.py:176}}
May 26 18:01:11.703628 dv-cinder-836074-5-iscsi neutron-server[103836]: DEBUG dbcounter [-] [103836] Writing DB stats neutron:SELECT=80,neutron:INSERT=17,neutron:UPDATE=1,neutron:DELETE=2 {{(pid=103836) stat_writer /usr/local/lib/python3.8/dist-packages/dbcounter.py:114}}
May 26 18:01:11.704364 dv-cinder-836074-5-iscsi neutron-server[103836]: DEBUG dbcounter [-] [103836] Writing DB stats neutron:SELECT=73,neutron:INSERT=22,neutron:UPDATE=5 {{(pid=103836) stat_writer /usr/local/lib/python3.8/dist-packages/dbcounter.py:114}}
May 26 18:01:11.722388 dv-cinder-836074-5-iscsi neutron-server[103836]: DEBUG neutron.api.rpc.handlers.resources_rpc [None req-d26c5e4b-5058-4ff3-a9d2-e07ca04b5d2d admin admin] Pushing event updated for resources: {'SecurityGroup': ['ID=f83be444-654b-4cac-8c60-755eb86458f5,revision_number=1']} {{(pid=103836) push /opt/stack/neutron/neutron/api/rpc/handlers/resources_rpc.py:237}}
May 26 18:01:11.725986 dv-cinder-836074-5-iscsi neutron-server[103836]: DEBUG neutron_lib.callbacks.manager [None req-df908369-cadf-4006-a488-5b32d48a2477 admin admin] Publish callbacks ['neutron.plugins.ml2.ovo_rpc._ObjectChangeHandler.handle_event-8107613', 'neutron.api.rpc.agentnotifiers.dhcp_rpc_agent_api.DhcpAgentNotifyAPI._native_event_send_dhcp_notification-8107923'] for subnet (9c4bb892-83e3-4ae4-bd0c-13631a4610a8), after_create {{(pid=103836) _notify_loop /usr/local/lib/python3.8/dist-packages/neutron_lib/callbacks/manager.py:176}}
May 26 18:01:11.745863 dv-cinder-836074-5-iscsi neutron-server[103838]: DEBUG neutron.api.rpc.handlers.dhcp_rpc [None req-9d696f98-3fa9-4e96-8e61-196852525ada None None] Create dhcp port {'port': {'name': '', 'admin_state_up': True, 'device_id': 'dhcp20e6c291-d0de-5d0e-a6fa-1647aae683f0-2cd2844c-2075-4a75-ad58-855aef5bd960', 'network_id': '2cd2844c-2075-4a75-ad58-855aef5bd960', 'project_id': 'ab53cc69f7b0424cb689317c4be9b685', 'fixed_ips': [{'subnet_id': 'd8f61508-65b2-43cd-83fc-505deb57e794'}]}} from dv-cinder-836074-5-iscsi. {{(pid=103838) create_dhcp_port /opt/stack/neutron/neutron/api/rpc/handlers/dhcp_rpc.py:268}}
May 26 18:01:11.746998 dv-cinder-836074-5-iscsi neutron-server[103838]: DEBUG neutron_lib.callbacks.manager [None req-9d696f98-3fa9-4e96-8e61-196852525ada None None] Publish callbacks ['neutron.plugins.ml2.plugin.SecurityGroupDbMixin._ensure_default_security_group_handler-744836'] for port (None), before_create {{(pid=103838) _notify_loop /usr/local/lib/python3.8/dist-packages/neutron_lib/callbacks/manager.py:176}}
May 26 18:01:11.754001 dv-cinder-836074-5-iscsi neutron-server[103836]: DEBUG neutron.plugins.ml2.drivers.helpers [None req-d26c5e4b-5058-4ff3-a9d2-e07ca04b5d2d admin admin] vlan segment allocate from pool success with {'physical_network': 'physnet1', 'vlan_id': 384} {{(pid=103836) allocate_partially_specified_segment /opt/stack/neutron/neutron/plugins/ml2/drivers/helpers.py:153}}
May 26 18:01:11.808596 dv-cinder-836074-5-iscsi neutron-server[103836]: DEBUG neutron_lib.callbacks.manager [None req-d26c5e4b-5058-4ff3-a9d2-e07ca04b5d2d admin admin] Publish callbacks ['neutron.services.segments.db._add_segment_host_mapping_for_segment-8737922292583', 'neutron.plugins.ml2.plugin.Ml2Plugin._handle_segment_change-7680473'] for segment (ccb6347c-57e0-42f2-8db4-c698be22ea41), precommit_create {{(pid=103836) _notify_loop /usr/local/lib/python3.8/dist-packages/neutron_lib/callbacks/manager.py:176}}
May 26 18:01:11.809352 dv-cinder-836074-5-iscsi neutron-server[103836]: INFO neutron.db.segments_db [None req-d26c5e4b-5058-4ff3-a9d2-e07ca04b5d2d admin admin] Added segment ccb6347c-57e0-42f2-8db4-c698be22ea41 of type vlan for network 18d1c3ca-82fe-45c8-9ec5-367933ffa4c4
May 26 18:01:11.838899 dv-cinder-836074-5-iscsi neutron-server[103836]: DEBUG neutron.api.rpc.handlers.resources_rpc [None req-df908369-cadf-4006-a488-5b32d48a2477 admin admin] Pushing event updated for resources: {'Subnet': ['ID=9c4bb892-83e3-4ae4-bd0c-13631a4610a8,revision_number=0']} {{(pid=103836) push /opt/stack/neutron/neutron/api/rpc/handlers/resources_rpc.py:237}}
May 26 18:01:11.858708 dv-cinder-836074-5-iscsi neutron-server[103837]: DEBUG neutron_lib.callbacks.manager [None req-20708b6d-9acf-4e8d-9833-70e2d52b6d90 admin admin] Publish callbacks [] for router_controller (160b2a10-3209-4a76-a356-fb34b111eca5), precommit_add_association {{(pid=103837) _notify_loop /usr/local/lib/python3.8/dist-packages/neutron_lib/callbacks/manager.py:176}}
May 26 18:01:11.935819 dv-cinder-836074-5-iscsi neutron-server[103837]: DEBUG dbcounter [-] [103837] Writing DB stats neutron:SELECT=86,neutron:INSERT=10,neutron:UPDATE=2,neutron:DELETE=2 {{(pid=103837) stat_writer /usr/local/lib/python3.8/dist-packages/dbcounter.py:114}}
May 26 18:01:11.940660 dv-cinder-836074-5-iscsi neutron-server[103836]: DEBUG neutron_lib.callbacks.manager [None req-d26c5e4b-5058-4ff3-a9d2-e07ca04b5d2d admin admin] Publish callbacks ['neutron.services.auto_allocate.db._ensure_external_network_default_value_callback-8737921836674'] for network (18d1c3ca-82fe-45c8-9ec5-367933ffa4c4), precommit_create {{(pid=103836) _notify_loop /usr/local/lib/python3.8/dist-packages/neutron_lib/callbacks/manager.py:176}}
May 26 18:01:11.946895 dv-cinder-836074-5-iscsi neutron-server[103837]: DEBUG neutron_lib.callbacks.manager [None req-021e314a-466b-44a9-9ce9-99ae038e156c admin admin] Publish callbacks ['neutron.plugins.ml2.ovo_rpc._ObjectChangeHandler.handle_event-8107613', 'neutron.api.rpc.agentnotifiers.dhcp_rpc_agent_api.DhcpAgentNotifyAPI._native_event_send_dhcp_notification-8107923'] for subnet (1613fb41-5472-44f8-8011-41be514957ec), after_create {{(pid=103837) _notify_loop /usr/local/lib/python3.8/dist-packages/neutron_lib/callbacks/manager.py:176}}
May 26 18:01:11.962191 dv-cinder-836074-5-iscsi neutron-server[103836]: DEBUG neutron.plugins.ml2.drivers.mech_agent [None req-df908369-cadf-4006-a488-5b32d48a2477 admin admin] Checking segment: {'id': 'f80af217-6673-4d79-aaaa-0e0a656f8c77', 'network_type': 'vlan', 'physical_network': 'physnet1', 'segmentation_id': 371, 'network_id': '0bfb788b-88d8-4bf1-bef0-c0a994bf6666'} for mappings: {'physnet1': 'br-data'} with network types: ['local', 'flat', 'vlan'] {{(pid=103836) check_segment_for_agent /opt/stack/neutron/neutron/plugins/ml2/drivers/mech_agent.py:373}}
May 26 18:01:11.964425 dv-cinder-836074-5-iscsi neutron-server[103836]: DEBUG neutron.scheduler.dhcp_agent_scheduler [None req-df908369-cadf-4006-a488-5b32d48a2477 admin admin] Network hostable DHCP agents. Network: 0bfb788b-88d8-4bf1-bef0-c0a994bf6666, hostable agents: ['8a35fa7a-6104-44dc-9348-762be253237f'], hosted agents: [] {{(pid=103836) _get_network_hostable_dhcp_agents /opt/stack/neutron/neutron/scheduler/dhcp_agent_scheduler.py:329}}
May 26 18:01:12.019060 dv-cinder-836074-5-iscsi neutron-server[103836]: DEBUG neutron_lib.callbacks.manager [None req-d26c5e4b-5058-4ff3-a9d2-e07ca04b5d2d admin admin] Publish callbacks ['neutron.plugins.ml2.ovo_rpc._ObjectChangeHandler.handle_event-8105861', 'neutron.api.rpc.agentnotifiers.dhcp_rpc_agent_api.DhcpAgentNotifyAPI._native_event_send_dhcp_notification-8107923'] for network (18d1c3ca-82fe-45c8-9ec5-367933ffa4c4), after_create {{(pid=103836) _notify_loop /usr/local/lib/python3.8/dist-packages/neutron_lib/callbacks/manager.py:176}}
May 26 18:01:12.021333 dv-cinder-836074-5-iscsi neutron-server[103836]: DEBUG neutron.pecan_wsgi.hooks.policy_enforcement [None req-d26c5e4b-5058-4ff3-a9d2-e07ca04b5d2d admin admin] Attributes excluded by policy engine: ['standard_attr_id', 'vlan_transparent'] {{(pid=103836) _exclude_attributes_by_policy /opt/stack/neutron/neutron/pecan_wsgi/hooks/policy_enforcement.py:259}}
May 26 18:01:12.023908 dv-cinder-836074-5-iscsi neutron-server[103836]: DEBUG neutron_lib.callbacks.manager [None req-d26c5e4b-5058-4ff3-a9d2-e07ca04b5d2d admin admin] Publish callbacks ['neutron.api.rpc.agentnotifiers.dhcp_rpc_agent_api.DhcpAgentNotifyAPI._send_dhcp_notification-8107949'] for network (None), before_response {{(pid=103836) _notify_loop /usr/local/lib/python3.8/dist-packages/neutron_lib/callbacks/manager.py:176}}
May 26 18:01:12.045036 dv-cinder-836074-5-iscsi neutron-server[103836]: DEBUG neutron.scheduler.dhcp_agent_scheduler [None req-df908369-cadf-4006-a488-5b32d48a2477 admin admin] Network 0bfb788b-88d8-4bf1-bef0-c0a994bf6666 is scheduled to be hosted by DHCP agent 8a35fa7a-6104-44dc-9348-762be253237f with binding_index 1 {{(pid=103836) bind /opt/stack/neutron/neutron/scheduler/dhcp_agent_scheduler.py:227}}
May 26 18:01:12.076937 dv-cinder-836074-5-iscsi neutron-server[103838]: DEBUG neutron.db.db_base_plugin_common [None req-9d696f98-3fa9-4e96-8e61-196852525ada None None] Allocated IP 172.20.0.2 (2cd2844c-2075-4a75-ad58-855aef5bd960/d8f61508-65b2-43cd-83fc-505deb57e794/96fab278-caeb-40f7-a38a-ce607328dfce) {{(pid=103838) _store_ip_allocation /opt/stack/neutron/neutron/db/db_base_plugin_common.py:131}}
May 26 18:01:12.103023 dv-cinder-836074-5-iscsi neutron-server[103836]: INFO neutron.wsgi [None req-d26c5e4b-5058-4ff3-a9d2-e07ca04b5d2d admin admin] 10.222.0.69 "POST /v2.0/networks HTTP/1.1" status: 201 len: 873 time: 1.5233288
May 26 18:01:12.113426 dv-cinder-836074-5-iscsi neutron-server[103836]: DEBUG neutron.wsgi [-] (103836) accepted ('10.222.0.69', 37388) {{(pid=103836) server /usr/local/lib/python3.8/dist-packages/eventlet/wsgi.py:1004}}
May 26 18:01:12.151718 dv-cinder-836074-5-iscsi neutron-server[103837]: DEBUG neutron_lib.callbacks.manager [None req-20708b6d-9acf-4e8d-9833-70e2d52b6d90 admin admin] Publish callbacks [] for router_gateway (160b2a10-3209-4a76-a356-fb34b111eca5), precommit_update {{(pid=103837) _notify_loop /usr/local/lib/python3.8/dist-packages/neutron_lib/callbacks/manager.py:176}}
May 26 18:01:12.187578 dv-cinder-836074-5-iscsi neutron-server[103836]: DEBUG neutron.api.v2.base [None req-0f5130d3-69cd-4f70-8d57-cc7c2cbd320c admin admin] Request body: {'subnet': {'network_id': '18d1c3ca-82fe-45c8-9ec5-367933ffa4c4', 'cidr': '172.20.0.0/28', 'name': 'tempest-ServerRescueNegativeTestJSON-1257562423-subnet', 'tenant_id': '53288d567a8f426bb068908db481e32e', 'enable_dhcp': True, 'ip_version': 4}} {{(pid=103836) prepare_request_body /opt/stack/neutron/neutron/api/v2/base.py:730}}
May 26 18:01:12.201983 dv-cinder-836074-5-iscsi neutron-server[103836]: DEBUG neutron.scheduler.base_scheduler [None req-df908369-cadf-4006-a488-5b32d48a2477 admin admin] Resources bound (agent type, host, resource id): (DHCP agent, dv-cinder-836074-5-iscsi, 0bfb788b-88d8-4bf1-bef0-c0a994bf6666) {{(pid=103836) schedule /opt/stack/neutron/neutron/scheduler/base_scheduler.py:57}}
May 26 18:01:12.233521 dv-cinder-836074-5-iscsi neutron-server[103836]: DEBUG neutron.pecan_wsgi.hooks.policy_enforcement [None req-df908369-cadf-4006-a488-5b32d48a2477 admin admin] Attributes excluded by policy engine: ['standard_attr_id', 'shared', 'network'] {{(pid=103836) _exclude_attributes_by_policy /opt/stack/neutron/neutron/pecan_wsgi/hooks/policy_enforcement.py:259}}
May 26 18:01:12.234116 dv-cinder-836074-5-iscsi neutron-server[103836]: DEBUG neutron_lib.callbacks.manager [None req-df908369-cadf-4006-a488-5b32d48a2477 admin admin] Publish callbacks ['neutron.api.rpc.agentnotifiers.dhcp_rpc_agent_api.DhcpAgentNotifyAPI._send_dhcp_notification-8107949'] for subnet (None), before_response {{(pid=103836) _notify_loop /usr/local/lib/python3.8/dist-packages/neutron_lib/callbacks/manager.py:176}}
May 26 18:01:12.277240 dv-cinder-836074-5-iscsi neutron-server[103836]: DEBUG neutron.api.rpc.handlers.resources_rpc [None req-d26c5e4b-5058-4ff3-a9d2-e07ca04b5d2d admin admin] Pushing event updated for resources: {'Network': ['ID=18d1c3ca-82fe-45c8-9ec5-367933ffa4c4,revision_number=1']} {{(pid=103836) push /opt/stack/neutron/neutron/api/rpc/handlers/resources_rpc.py:237}}
May 26 18:01:12.292579 dv-cinder-836074-5-iscsi neutron-server[103837]: DEBUG dbcounter [-] [103837] Writing DB stats neutron:SELECT=88,neutron:INSERT=7,neutron:DELETE=2,neutron:UPDATE=3 {{(pid=103837) stat_writer /usr/local/lib/python3.8/dist-packages/dbcounter.py:114}}
May 26 18:01:12.317252 dv-cinder-836074-5-iscsi neutron-server[103836]: INFO neutron.wsgi [None req-df908369-cadf-4006-a488-5b32d48a2477 admin admin] 10.222.0.69 "POST /v2.0/subnets HTTP/1.1" status: 201 len: 846 time: 1.1542721
May 26 18:01:12.321612 dv-cinder-836074-5-iscsi neutron-server[103836]: DEBUG neutron.wsgi [-] (103836) accepted ('10.222.0.69', 37408) {{(pid=103836) server /usr/local/lib/python3.8/dist-packages/eventlet/wsgi.py:1004}}
May 26 18:01:12.323633 dv-cinder-836074-5-iscsi neutron-server[103836]: DEBUG neutron.pecan_wsgi.hooks.quota_enforcement [None req-0f5130d3-69cd-4f70-8d57-cc7c2cbd320c admin admin] Made reservation on behalf of 53288d567a8f426bb068908db481e32e for: {'subnet': 1} {{(pid=103836) before /opt/stack/neutron/neutron/pecan_wsgi/hooks/quota_enforcement.py:53}}
May 26 18:01:12.329890 dv-cinder-836074-5-iscsi neutron-server[103836]: DEBUG neutron_lib.callbacks.manager [None req-0f5130d3-69cd-4f70-8d57-cc7c2cbd320c admin admin] Publish callbacks [] for subnet (None), before_create {{(pid=103836) _notify_loop /usr/local/lib/python3.8/dist-packages/neutron_lib/callbacks/manager.py:176}}
May 26 18:01:12.343299 dv-cinder-836074-5-iscsi neutron-server[103838]: DEBUG neutron_lib.callbacks.manager [None req-9d696f98-3fa9-4e96-8e61-196852525ada None None] Publish callbacks [] for port (96fab278-caeb-40f7-a38a-ce607328dfce), precommit_create {{(pid=103838) _notify_loop /usr/local/lib/python3.8/dist-packages/neutron_lib/callbacks/manager.py:176}}
May 26 18:01:12.343882 dv-cinder-836074-5-iscsi neutron-server[103836]: DEBUG neutron.api.v2.base [None req-77e2a277-407a-400b-b8cb-c5cd3aa2a9c2 admin admin] Request body: {'router': {'name': 'tempest-AttachVolumeTestJSON-678669124-router', 'tenant_id': '79f8f4d1e7da4bfe9629717a86ba0def', 'external_gateway_info': {'network_id': 'fe5e7183-55e6-482c-9be6-dbe7ef622043'}}} {{(pid=103836) prepare_request_body /opt/stack/neutron/neutron/api/v2/base.py:730}}
May 26 18:01:12.352920 dv-cinder-836074-5-iscsi neutron-server[103838]: DEBUG neutron.api.rpc.handlers.dhcp_rpc [None req-43d4fbad-ab22-4fed-af6a-ef7904aaaadd None None] Network 0bfb788b-88d8-4bf1-bef0-c0a994bf6666 requested from dv-cinder-836074-5-iscsi {{(pid=103838) get_network_info /opt/stack/neutron/neutron/api/rpc/handlers/dhcp_rpc.py:191}}
May 26 18:01:12.430879 dv-cinder-836074-5-iscsi neutron-server[103837]: DEBUG neutron_lib.callbacks.manager [None req-20708b6d-9acf-4e8d-9833-70e2d52b6d90 admin admin] Publish callbacks [] for router_gateway (160b2a10-3209-4a76-a356-fb34b111eca5), before_create {{(pid=103837) _notify_loop /usr/local/lib/python3.8/dist-packages/neutron_lib/callbacks/manager.py:176}}
May 26 18:01:12.431448 dv-cinder-836074-5-iscsi neutron-server[103838]: DEBUG neutron.plugins.ml2.rpc [None req-1239aad3-07fe-41ad-a8ff-770db495e2aa None None] Network 18d1c3ca-82fe-45c8-9ec5-367933ffa4c4 details requested by agent ovs-agent-dv-cinder-836074-5-iscsi with host dv-cinder-836074-5-iscsi {{(pid=103838) get_network_details /opt/stack/neutron/neutron/plugins/ml2/rpc.py:248}}
May 26 18:01:12.444646 dv-cinder-836074-5-iscsi neutron-server[103838]: DEBUG neutron_lib.callbacks.manager [None req-9d696f98-3fa9-4e96-8e61-196852525ada None None] Publish callbacks ['neutron.plugins.ml2.plugin.SecurityGroupServerNotifierRpcMixin._notify_sg_on_port_change-743540', 'neutron.plugins.ml2.ovo_rpc._ObjectChangeHandler.handle_event-8380805', 'neutron.api.rpc.agentnotifiers.dhcp_rpc_agent_api.DhcpAgentNotifyAPI._native_event_send_dhcp_notification-8107923', 'neutron.db.l3_dvrscheduler_db._notify_l3_agent_new_port-8737921830732'] for port (96fab278-caeb-40f7-a38a-ce607328dfce), after_create {{(pid=103838) _notify_loop /usr/local/lib/python3.8/dist-packages/neutron_lib/callbacks/manager.py:176}}
May 26 18:01:12.466287 dv-cinder-836074-5-iscsi neutron-server[103836]: DEBUG neutron_lib.callbacks.manager [None req-77e2a277-407a-400b-b8cb-c5cd3aa2a9c2 admin admin] Publish callbacks ['neutron.services.l3_router.l3_router_plugin.L3_HA_NAT_db_mixin._before_router_create_handler-8124790', 'neutron.services.l3_router.service_providers.driver_controller.DriverController._check_router_request-30497'] for router (52382004-7f79-4e59-aa0b-bcab076a4e8b), before_create {{(pid=103836) _notify_loop /usr/local/lib/python3.8/dist-packages/neutron_lib/callbacks/manager.py:176}}
May 26 18:01:12.467500 dv-cinder-836074-5-iscsi neutron-server[103836]: DEBUG neutron_lib.callbacks.manager [None req-77e2a277-407a-400b-b8cb-c5cd3aa2a9c2 admin admin] Publish callbacks ['neutron.services.l3_router.l3_router_plugin.L3_HA_NAT_db_mixin._precommit_router_create-8125126', 'neutron.services.l3_router.l3_router_plugin.DVRResourceOperationHandler._set_distributed_flag-8118390', 'neutron.services.l3_router.l3_router_plugin.RouterAvailabilityZoneMixin._process_az_request-394645', 'neutron.services.l3_router.service_providers.driver_controller.DriverController._set_router_provider-30682'] for router (52382004-7f79-4e59-aa0b-bcab076a4e8b), precommit_create {{(pid=103836) _notify_loop /usr/local/lib/python3.8/dist-packages/neutron_lib/callbacks/manager.py:176}}
May 26 18:01:12.476532 dv-cinder-836074-5-iscsi neutron-server[103837]: DEBUG neutron_lib.callbacks.manager [None req-20708b6d-9acf-4e8d-9833-70e2d52b6d90 admin admin] Publish callbacks ['neutron.plugins.ml2.plugin.SecurityGroupDbMixin._ensure_default_security_group_handler-744836'] for port (None), before_create {{(pid=103837) _notify_loop /usr/local/lib/python3.8/dist-packages/neutron_lib/callbacks/manager.py:176}}
May 26 18:01:12.554842 dv-cinder-836074-5-iscsi neutron-server[103836]: DEBUG neutron_lib.callbacks.manager [None req-77e2a277-407a-400b-b8cb-c5cd3aa2a9c2 admin admin] Publish callbacks [] for router_controller (52382004-7f79-4e59-aa0b-bcab076a4e8b), precommit_add_association {{(pid=103836) _notify_loop /usr/local/lib/python3.8/dist-packages/neutron_lib/callbacks/manager.py:176}}
May 26 18:01:12.597875 dv-cinder-836074-5-iscsi neutron-server[103837]: DEBUG neutron.db.db_base_plugin_common [None req-20708b6d-9acf-4e8d-9833-70e2d52b6d90 admin admin] Allocated IP 172.27.0.251 (fe5e7183-55e6-482c-9be6-dbe7ef622043/4ee395ad-2dca-401e-be4c-8e0d0b090142/4889fe64-f581-4101-97e6-9924c7fa2c94) {{(pid=103837) _store_ip_allocation /opt/stack/neutron/neutron/db/db_base_plugin_common.py:131}}
May 26 18:01:12.730029 dv-cinder-836074-5-iscsi neutron-server[103837]: DEBUG neutron_lib.callbacks.manager [None req-20708b6d-9acf-4e8d-9833-70e2d52b6d90 admin admin] Publish callbacks [] for port (4889fe64-f581-4101-97e6-9924c7fa2c94), precommit_create {{(pid=103837) _notify_loop /usr/local/lib/python3.8/dist-packages/neutron_lib/callbacks/manager.py:176}}
May 26 18:01:12.764526 dv-cinder-836074-5-iscsi neutron-server[103837]: DEBUG neutron.api.rpc.handlers.resources_rpc [None req-021e314a-466b-44a9-9ce9-99ae038e156c admin admin] Pushing event updated for resources: {'Subnet': ['ID=1613fb41-5472-44f8-8011-41be514957ec,revision_number=0']} {{(pid=103837) push /opt/stack/neutron/neutron/api/rpc/handlers/resources_rpc.py:237}}
May 26 18:01:12.773275 dv-cinder-836074-5-iscsi neutron-server[103837]: DEBUG dbcounter [-] [103837] Writing DB stats neutron:SELECT=90,neutron:INSERT=6,neutron:UPDATE=4 {{(pid=103837) stat_writer /usr/local/lib/python3.8/dist-packages/dbcounter.py:114}}
May 26 18:01:12.780471 dv-cinder-836074-5-iscsi neutron-server[103837]: DEBUG neutron.plugins.ml2.drivers.mech_agent [None req-021e314a-466b-44a9-9ce9-99ae038e156c admin admin] Checking segment: {'id': '5eaeaec7-7668-4eff-a06b-542569d64f0d', 'network_type': 'vlan', 'physical_network': 'physnet1', 'segmentation_id': 381, 'network_id': '6b9b5b4a-a88b-47f5-b18b-d8928aa5e340'} for mappings: {'physnet1': 'br-data'} with network types: ['local', 'flat', 'vlan'] {{(pid=103837) check_segment_for_agent /opt/stack/neutron/neutron/plugins/ml2/drivers/mech_agent.py:373}}
May 26 18:01:12.781126 dv-cinder-836074-5-iscsi neutron-server[103837]: DEBUG neutron.scheduler.dhcp_agent_scheduler [None req-021e314a-466b-44a9-9ce9-99ae038e156c admin admin] Network hostable DHCP agents. Network: 6b9b5b4a-a88b-47f5-b18b-d8928aa5e340, hostable agents: ['8a35fa7a-6104-44dc-9348-762be253237f'], hosted agents: [] {{(pid=103837) _get_network_hostable_dhcp_agents /opt/stack/neutron/neutron/scheduler/dhcp_agent_scheduler.py:329}}
May 26 18:01:12.811071 dv-cinder-836074-5-iscsi neutron-server[103838]: DEBUG neutron.api.rpc.handlers.resources_rpc [None req-9d696f98-3fa9-4e96-8e61-196852525ada None None] Pushing event updated for resources: {'Port': ['ID=96fab278-caeb-40f7-a38a-ce607328dfce,revision_number=1']} {{(pid=103838) push /opt/stack/neutron/neutron/api/rpc/handlers/resources_rpc.py:237}}
May 26 18:01:12.824384 dv-cinder-836074-5-iscsi neutron-server[103837]: DEBUG neutron.scheduler.dhcp_agent_scheduler [None req-021e314a-466b-44a9-9ce9-99ae038e156c admin admin] Network 6b9b5b4a-a88b-47f5-b18b-d8928aa5e340 is scheduled to be hosted by DHCP agent 8a35fa7a-6104-44dc-9348-762be253237f with binding_index 1 {{(pid=103837) bind /opt/stack/neutron/neutron/scheduler/dhcp_agent_scheduler.py:227}}
May 26 18:01:12.827111 dv-cinder-836074-5-iscsi neutron-server[103836]: DEBUG neutron_lib.callbacks.manager [None req-0f5130d3-69cd-4f70-8d57-cc7c2cbd320c admin admin] Publish callbacks ['neutron.plugins.ml2.ovo_rpc._ObjectChangeHandler.handle_event-8107613', 'neutron.api.rpc.agentnotifiers.dhcp_rpc_agent_api.DhcpAgentNotifyAPI._native_event_send_dhcp_notification-8107923'] for subnet (3b59f225-65a0-4eef-b8a2-9cfb718da775), after_create {{(pid=103836) _notify_loop /usr/local/lib/python3.8/dist-packages/neutron_lib/callbacks/manager.py:176}}
May 26 18:01:12.830768 dv-cinder-836074-5-iscsi neutron-server[103837]: DEBUG neutron_lib.callbacks.manager [None req-20708b6d-9acf-4e8d-9833-70e2d52b6d90 admin admin] Publish callbacks ['neutron.plugins.ml2.plugin.SecurityGroupServerNotifierRpcMixin._notify_sg_on_port_change-743540', 'neutron.plugins.ml2.ovo_rpc._ObjectChangeHandler.handle_event-8380805', 'neutron.api.rpc.agentnotifiers.dhcp_rpc_agent_api.DhcpAgentNotifyAPI._native_event_send_dhcp_notification-8107923', 'neutron.db.l3_dvrscheduler_db._notify_l3_agent_new_port-8737921830732'] for port (4889fe64-f581-4101-97e6-9924c7fa2c94), after_create {{(pid=103837) _notify_loop /usr/local/lib/python3.8/dist-packages/neutron_lib/callbacks/manager.py:176}}
May 26 18:01:12.862684 dv-cinder-836074-5-iscsi neutron-server[103838]: DEBUG neutron.scheduler.dhcp_agent_scheduler [None req-9d696f98-3fa9-4e96-8e61-196852525ada None None] Network 2cd2844c-2075-4a75-ad58-855aef5bd960 is already hosted by enough agents. {{(pid=103838) _get_dhcp_agents_hosting_network /opt/stack/neutron/neutron/scheduler/dhcp_agent_scheduler.py:275}}
May 26 18:01:12.874630 dv-cinder-836074-5-iscsi neutron-server[103838]: DEBUG neutron.scheduler.base_scheduler [None req-9d696f98-3fa9-4e96-8e61-196852525ada None None] Resources bound (agent type, host, resource id): {{(pid=103838) schedule /opt/stack/neutron/neutron/scheduler/base_scheduler.py:57}}
May 26 18:01:12.883467 dv-cinder-836074-5-iscsi neutron-server[103836]: DEBUG dbcounter [-] [103836] Writing DB stats neutron:INSERT=12,neutron:SELECT=83,neutron:UPDATE=4,neutron:DELETE=1 {{(pid=103836) stat_writer /usr/local/lib/python3.8/dist-packages/dbcounter.py:114}}
May 26 18:01:12.888567 dv-cinder-836074-5-iscsi neutron-server[103838]: DEBUG neutron.db.l3_dvrscheduler_db [None req-9d696f98-3fa9-4e96-8e61-196852525ada None None] Received port after_create {{(pid=103838) _notify_l3_agent_new_port /opt/stack/neutron/neutron/db/l3_dvrscheduler_db.py:536}}
May 26 18:01:12.889165 dv-cinder-836074-5-iscsi neutron-server[103836]: DEBUG neutron.api.rpc.handlers.resources_rpc [None req-0f5130d3-69cd-4f70-8d57-cc7c2cbd320c admin admin] Pushing event updated for resources: {'Subnet': ['ID=3b59f225-65a0-4eef-b8a2-9cfb718da775,revision_number=0']} {{(pid=103836) push /opt/stack/neutron/neutron/api/rpc/handlers/resources_rpc.py:237}}
May 26 18:01:12.901013 dv-cinder-836074-5-iscsi neutron-server[103837]: DEBUG neutron.scheduler.base_scheduler [None req-021e314a-466b-44a9-9ce9-99ae038e156c admin admin] Resources bound (agent type, host, resource id): (DHCP agent, dv-cinder-836074-5-iscsi, 6b9b5b4a-a88b-47f5-b18b-d8928aa5e340) {{(pid=103837) schedule /opt/stack/neutron/neutron/scheduler/base_scheduler.py:57}}
May 26 18:01:12.908625 dv-cinder-836074-5-iscsi neutron-server[103837]: DEBUG neutron.scheduler.dhcp_agent_scheduler [None req-20708b6d-9acf-4e8d-9833-70e2d52b6d90 admin admin] Network fe5e7183-55e6-482c-9be6-dbe7ef622043 is already hosted by enough agents. {{(pid=103837) _get_dhcp_agents_hosting_network /opt/stack/neutron/neutron/scheduler/dhcp_agent_scheduler.py:275}}
May 26 18:01:12.916632 dv-cinder-836074-5-iscsi neutron-server[103837]: DEBUG neutron.pecan_wsgi.hooks.policy_enforcement [None req-021e314a-466b-44a9-9ce9-99ae038e156c admin admin] Attributes excluded by policy engine: ['standard_attr_id', 'shared', 'network'] {{(pid=103837) _exclude_attributes_by_policy /opt/stack/neutron/neutron/pecan_wsgi/hooks/policy_enforcement.py:259}}
May 26 18:01:12.917255 dv-cinder-836074-5-iscsi neutron-server[103837]: DEBUG neutron_lib.callbacks.manager [None req-021e314a-466b-44a9-9ce9-99ae038e156c admin admin] Publish callbacks ['neutron.api.rpc.agentnotifiers.dhcp_rpc_agent_api.DhcpAgentNotifyAPI._send_dhcp_notification-8107949'] for subnet (None), before_response {{(pid=103837) _notify_loop /usr/local/lib/python3.8/dist-packages/neutron_lib/callbacks/manager.py:176}}
May 26 18:01:12.919877 dv-cinder-836074-5-iscsi neutron-server[103837]: DEBUG neutron.scheduler.base_scheduler [None req-20708b6d-9acf-4e8d-9833-70e2d52b6d90 admin admin] Resources bound (agent type, host, resource id): {{(pid=103837) schedule /opt/stack/neutron/neutron/scheduler/base_scheduler.py:57}}
May 26 18:01:12.924417 dv-cinder-836074-5-iscsi neutron-server[103838]: DEBUG neutron.api.rpc.callbacks.version_manager [None req-9d696f98-3fa9-4e96-8e61-196852525ada None None] Version for resource type AddressGroup changed None to 1.2 on consumer Open vSwitch agent@dv-cinder-836074-5-iscsi {{(pid=103838) _set_version /opt/stack/neutron/neutron/api/rpc/callbacks/version_manager.py:113}}
May 26 18:01:12.924765 dv-cinder-836074-5-iscsi neutron-server[103838]: DEBUG neutron.api.rpc.callbacks.version_manager [None req-9d696f98-3fa9-4e96-8e61-196852525ada None None] Version for resource type Agent changed None to 1.1 on consumer Open vSwitch agent@dv-cinder-836074-5-iscsi {{(pid=103838) _set_version /opt/stack/neutron/neutron/api/rpc/callbacks/version_manager.py:113}}
May 26 18:01:12.928170 dv-cinder-836074-5-iscsi neutron-server[103837]: DEBUG neutron.db.l3_dvrscheduler_db [None req-20708b6d-9acf-4e8d-9833-70e2d52b6d90 admin admin] Received port after_create {{(pid=103837) _notify_l3_agent_new_port /opt/stack/neutron/neutron/db/l3_dvrscheduler_db.py:536}}
May 26 18:01:12.935800 dv-cinder-836074-5-iscsi neutron-server[103838]: DEBUG neutron.api.rpc.callbacks.version_manager [None req-9d696f98-3fa9-4e96-8e61-196852525ada None None] Version for resource type ConntrackHelper changed None to 1.0 on consumer Open vSwitch agent@dv-cinder-836074-5-iscsi {{(pid=103838) _set_version /opt/stack/neutron/neutron/api/rpc/callbacks/version_manager.py:113}}
May 26 18:01:12.936391 dv-cinder-836074-5-iscsi neutron-server[103838]: DEBUG neutron.api.rpc.callbacks.version_manager [None req-9d696f98-3fa9-4e96-8e61-196852525ada None None] Version for resource type LocalIPAssociation changed None to 1.0 on consumer Open vSwitch agent@dv-cinder-836074-5-iscsi {{(pid=103838) _set_version /opt/stack/neutron/neutron/api/rpc/callbacks/version_manager.py:113}}
May 26 18:01:12.936756 dv-cinder-836074-5-iscsi neutron-server[103838]: DEBUG neutron.api.rpc.callbacks.version_manager [None req-9d696f98-3fa9-4e96-8e61-196852525ada None None] Version for resource type Log changed None to 1.0 on consumer Open vSwitch agent@dv-cinder-836074-5-iscsi {{(pid=103838) _set_version /opt/stack/neutron/neutron/api/rpc/callbacks/version_manager.py:113}}
May 26 18:01:12.937096 dv-cinder-836074-5-iscsi neutron-server[103838]: DEBUG neutron.api.rpc.callbacks.version_manager [None req-9d696f98-3fa9-4e96-8e61-196852525ada None None] Version for resource type NDPProxy changed None to 1.0 on consumer Open vSwitch agent@dv-cinder-836074-5-iscsi {{(pid=103838) _set_version /opt/stack/neutron/neutron/api/rpc/callbacks/version_manager.py:113}}
May 26 18:01:12.937438 dv-cinder-836074-5-iscsi neutron-server[103838]: DEBUG neutron.api.rpc.callbacks.version_manager [None req-9d696f98-3fa9-4e96-8e61-196852525ada None None] Version for resource type Network changed None to 1.1 on consumer Open vSwitch agent@dv-cinder-836074-5-iscsi {{(pid=103838) _set_version /opt/stack/neutron/neutron/api/rpc/callbacks/version_manager.py:113}}
May 26 18:01:12.937774 dv-cinder-836074-5-iscsi neutron-server[103838]: DEBUG neutron.api.rpc.callbacks.version_manager [None req-9d696f98-3fa9-4e96-8e61-196852525ada None None] Version for resource type Port changed None to 1.7 on consumer Open vSwitch agent@dv-cinder-836074-5-iscsi {{(pid=103838) _set_version /opt/stack/neutron/neutron/api/rpc/callbacks/version_manager.py:113}}
May 26 18:01:12.938111 dv-cinder-836074-5-iscsi neutron-server[103838]: DEBUG neutron.api.rpc.callbacks.version_manager [None req-9d696f98-3fa9-4e96-8e61-196852525ada None None] Version for resource type PortForwarding changed None to 1.3 on consumer Open vSwitch agent@dv-cinder-836074-5-iscsi {{(pid=103838) _set_version /opt/stack/neutron/neutron/api/rpc/callbacks/version_manager.py:113}}
May 26 18:01:12.938445 dv-cinder-836074-5-iscsi neutron-server[103838]: DEBUG neutron.api.rpc.callbacks.version_manager [None req-9d696f98-3fa9-4e96-8e61-196852525ada None None] Version for resource type QosPolicy changed None to 1.10 on consumer Open vSwitch agent@dv-cinder-836074-5-iscsi {{(pid=103838) _set_version /opt/stack/neutron/neutron/api/rpc/callbacks/version_manager.py:113}}
May 26 18:01:12.938776 dv-cinder-836074-5-iscsi neutron-server[103838]: DEBUG neutron.api.rpc.callbacks.version_manager [None req-9d696f98-3fa9-4e96-8e61-196852525ada None None] Version for resource type SecurityGroup changed None to 1.5 on consumer Open vSwitch agent@dv-cinder-836074-5-iscsi {{(pid=103838) _set_version /opt/stack/neutron/neutron/api/rpc/callbacks/version_manager.py:113}}
May 26 18:01:12.939122 dv-cinder-836074-5-iscsi neutron-server[103838]: DEBUG neutron.api.rpc.callbacks.version_manager [None req-9d696f98-3fa9-4e96-8e61-196852525ada None None] Version for resource type SecurityGroupRule changed None to 1.2 on consumer Open vSwitch agent@dv-cinder-836074-5-iscsi {{(pid=103838) _set_version /opt/stack/neutron/neutron/api/rpc/callbacks/version_manager.py:113}}
May 26 18:01:12.939455 dv-cinder-836074-5-iscsi neutron-server[103838]: DEBUG neutron.api.rpc.callbacks.version_manager [None req-9d696f98-3fa9-4e96-8e61-196852525ada None None] Version for resource type SubPort changed None to 1.0 on consumer Open vSwitch agent@dv-cinder-836074-5-iscsi {{(pid=103838) _set_version /opt/stack/neutron/neutron/api/rpc/callbacks/version_manager.py:113}}
May 26 18:01:12.939783 dv-cinder-836074-5-iscsi neutron-server[103838]: DEBUG neutron.api.rpc.callbacks.version_manager [None req-9d696f98-3fa9-4e96-8e61-196852525ada None None] Version for resource type Subnet changed None to 1.1 on consumer Open vSwitch agent@dv-cinder-836074-5-iscsi {{(pid=103838) _set_version /opt/stack/neutron/neutron/api/rpc/callbacks/version_manager.py:113}}
May 26 18:01:12.940130 dv-cinder-836074-5-iscsi neutron-server[103838]: DEBUG neutron.api.rpc.callbacks.version_manager [None req-9d696f98-3fa9-4e96-8e61-196852525ada None None] Version for resource type Trunk changed None to 1.1 on consumer Open vSwitch agent@dv-cinder-836074-5-iscsi {{(pid=103838) _set_version /opt/stack/neutron/neutron/api/rpc/callbacks/version_manager.py:113}}
May 26 18:01:12.944037 dv-cinder-836074-5-iscsi neutron-server[103838]: DEBUG neutron.api.rpc.callbacks.version_manager [None req-9d696f98-3fa9-4e96-8e61-196852525ada None None] Tracked resource versions report:
May 26 18:01:12.944037 dv-cinder-836074-5-iscsi neutron-server[103838]: pushed versions:
May 26 18:01:12.944037 dv-cinder-836074-5-iscsi neutron-server[103838]: { 'AddressGroup': {'1.2'},
May 26 18:01:12.944037 dv-cinder-836074-5-iscsi neutron-server[103838]: 'Agent': {'1.1'},
May 26 18:01:12.944037 dv-cinder-836074-5-iscsi neutron-server[103838]: 'ConntrackHelper': {'1.0'},
May 26 18:01:12.944037 dv-cinder-836074-5-iscsi neutron-server[103838]: 'LocalIPAssociation': {'1.0'},
May 26 18:01:12.944037 dv-cinder-836074-5-iscsi neutron-server[103838]: 'Log': {'1.0'},
May 26 18:01:12.944037 dv-cinder-836074-5-iscsi neutron-server[103838]: 'NDPProxy': {'1.0'},
May 26 18:01:12.944037 dv-cinder-836074-5-iscsi neutron-server[103838]: 'Network': {'1.1'},
May 26 18:01:12.944037 dv-cinder-836074-5-iscsi neutron-server[103838]: 'Port': {'1.7'},
May 26 18:01:12.944037 dv-cinder-836074-5-iscsi neutron-server[103838]: 'PortForwarding': {'1.3'},
May 26 18:01:12.944037 dv-cinder-836074-5-iscsi neutron-server[103838]: 'QosPolicy': {'1.10'},
May 26 18:01:12.944037 dv-cinder-836074-5-iscsi neutron-server[103838]: 'SecurityGroup': {'1.5'},
May 26 18:01:12.944037 dv-cinder-836074-5-iscsi neutron-server[103838]: 'SecurityGroupRule': {'1.2'},
May 26 18:01:12.944037 dv-cinder-836074-5-iscsi neutron-server[103838]: 'SubPort': {'1.0'},
May 26 18:01:12.944037 dv-cinder-836074-5-iscsi neutron-server[103838]: 'Subnet': {'1.1'},
May 26 18:01:12.944037 dv-cinder-836074-5-iscsi neutron-server[103838]: 'Trunk': {'1.1'}}
May 26 18:01:12.944037 dv-cinder-836074-5-iscsi neutron-server[103838]: consumer versions:
May 26 18:01:12.944037 dv-cinder-836074-5-iscsi neutron-server[103838]: { DHCP agent@dv-cinder-836074-5-iscsi: {},
May 26 18:01:12.944037 dv-cinder-836074-5-iscsi neutron-server[103838]: HyperV agent@hv-cinder-83607: {},
May 26 18:01:12.944037 dv-cinder-836074-5-iscsi neutron-server[103838]: L3 agent@dv-cinder-836074-5-iscsi: {},
May 26 18:01:12.944037 dv-cinder-836074-5-iscsi neutron-server[103838]: Metadata agent@dv-cinder-836074-5-iscsi: {},
May 26 18:01:12.944037 dv-cinder-836074-5-iscsi neutron-server[103838]: Metering agent@dv-cinder-836074-5-iscsi: {},
May 26 18:01:12.944037 dv-cinder-836074-5-iscsi neutron-server[103838]: Open vSwitch agent@dv-cinder-836074-5-iscsi: { 'AddressGroup': '1.2',
May 26 18:01:12.944037 dv-cinder-836074-5-iscsi neutron-server[103838]: 'Agent': '1.1',
May 26 18:01:12.944037 dv-cinder-836074-5-iscsi neutron-server[103838]: 'ConntrackHelper': '1.0',
May 26 18:01:12.944037 dv-cinder-836074-5-iscsi neutron-server[103838]: 'LocalIPAssociation': '1.0',
May 26 18:01:12.944037 dv-cinder-836074-5-iscsi neutron-server[103838]: 'Log': '1.0',
May 26 18:01:12.944037 dv-cinder-836074-5-iscsi neutron-server[103838]: 'NDPProxy': '1.0',
May 26 18:01:12.944037 dv-cinder-836074-5-iscsi neutron-server[103838]: 'Network': '1.1',
May 26 18:01:12.944037 dv-cinder-836074-5-iscsi neutron-server[103838]: 'Port': '1.7',
May 26 18:01:12.944037 dv-cinder-836074-5-iscsi neutron-server[103838]: 'PortForwarding': '1.3',
May 26 18:01:12.944037 dv-cinder-836074-5-iscsi neutron-server[103838]: 'QosPolicy': '1.10',
May 26 18:01:12.944037 dv-cinder-836074-5-iscsi neutron-server[103838]: 'SecurityGroup': '1.5',
May 26 18:01:12.944037 dv-cinder-836074-5-iscsi neutron-server[103838]: 'SecurityGroupRule': '1.2',
May 26 18:01:12.944037 dv-cinder-836074-5-iscsi neutron-server[103838]: 'SubPort': '1.0',
May 26 18:01:12.944037 dv-cinder-836074-5-iscsi neutron-server[103838]: 'Subnet': '1.1',
May 26 18:01:12.944037 dv-cinder-836074-5-iscsi neutron-server[103838]: 'Trunk': '1.1'}}
May 26 18:01:12.944037 dv-cinder-836074-5-iscsi neutron-server[103838]: {{(pid=103838) report /opt/stack/neutron/neutron/api/rpc/callbacks/version_manager.py:175}}
May 26 18:01:12.977040 dv-cinder-836074-5-iscsi neutron-server[103837]: DEBUG neutron.api.rpc.handlers.resources_rpc [None req-20708b6d-9acf-4e8d-9833-70e2d52b6d90 admin admin] Pushing event updated for resources: {'Port': ['ID=4889fe64-f581-4101-97e6-9924c7fa2c94,revision_number=1']} {{(pid=103837) push /opt/stack/neutron/neutron/api/rpc/handlers/resources_rpc.py:237}}
May 26 18:01:12.995176 dv-cinder-836074-5-iscsi neutron-server[103838]: DEBUG neutron.api.rpc.handlers.dhcp_rpc [None req-06e43caa-96fd-413e-bfa2-8d3007dbbe41 None None] Network 6b9b5b4a-a88b-47f5-b18b-d8928aa5e340 requested from dv-cinder-836074-5-iscsi {{(pid=103838) get_network_info /opt/stack/neutron/neutron/api/rpc/handlers/dhcp_rpc.py:191}}
May 26 18:01:12.996465 dv-cinder-836074-5-iscsi neutron-server[103836]: DEBUG neutron_lib.callbacks.manager [None req-77e2a277-407a-400b-b8cb-c5cd3aa2a9c2 admin admin] Publish callbacks [] for router_gateway (52382004-7f79-4e59-aa0b-bcab076a4e8b), precommit_update {{(pid=103836) _notify_loop /usr/local/lib/python3.8/dist-packages/neutron_lib/callbacks/manager.py:176}}
May 26 18:01:13.002184 dv-cinder-836074-5-iscsi neutron-server[103838]: DEBUG dbcounter [-] [103838] Writing DB stats neutron:SELECT=88,neutron:INSERT=6,neutron:UPDATE=6 {{(pid=103838) stat_writer /usr/local/lib/python3.8/dist-packages/dbcounter.py:114}}
May 26 18:01:13.010583 dv-cinder-836074-5-iscsi neutron-server[103836]: DEBUG neutron.plugins.ml2.drivers.mech_agent [None req-0f5130d3-69cd-4f70-8d57-cc7c2cbd320c admin admin] Checking segment: {'id': 'ccb6347c-57e0-42f2-8db4-c698be22ea41', 'network_type': 'vlan', 'physical_network': 'physnet1', 'segmentation_id': 384, 'network_id': '18d1c3ca-82fe-45c8-9ec5-367933ffa4c4'} for mappings: {'physnet1': 'br-data'} with network types: ['local', 'flat', 'vlan'] {{(pid=103836) check_segment_for_agent /opt/stack/neutron/neutron/plugins/ml2/drivers/mech_agent.py:373}}
May 26 18:01:13.010944 dv-cinder-836074-5-iscsi neutron-server[103836]: DEBUG neutron.scheduler.dhcp_agent_scheduler [None req-0f5130d3-69cd-4f70-8d57-cc7c2cbd320c admin admin] Network hostable DHCP agents. Network: 18d1c3ca-82fe-45c8-9ec5-367933ffa4c4, hostable agents: ['8a35fa7a-6104-44dc-9348-762be253237f'], hosted agents: [] {{(pid=103836) _get_network_hostable_dhcp_agents /opt/stack/neutron/neutron/scheduler/dhcp_agent_scheduler.py:329}}
May 26 18:01:13.051428 dv-cinder-836074-5-iscsi neutron-server[103836]: DEBUG dbcounter [-] [103836] Writing DB stats neutron:SELECT=86,neutron:INSERT=8,neutron:DELETE=3,neutron:UPDATE=3 {{(pid=103836) stat_writer /usr/local/lib/python3.8/dist-packages/dbcounter.py:114}}
May 26 18:01:13.097941 dv-cinder-836074-5-iscsi neutron-server[103836]: DEBUG neutron.scheduler.dhcp_agent_scheduler [None req-0f5130d3-69cd-4f70-8d57-cc7c2cbd320c admin admin] Network 18d1c3ca-82fe-45c8-9ec5-367933ffa4c4 is scheduled to be hosted by DHCP agent 8a35fa7a-6104-44dc-9348-762be253237f with binding_index 1 {{(pid=103836) bind /opt/stack/neutron/neutron/scheduler/dhcp_agent_scheduler.py:227}}
May 26 18:01:13.124993 dv-cinder-836074-5-iscsi neutron-server[103836]: DEBUG neutron.scheduler.base_scheduler [None req-0f5130d3-69cd-4f70-8d57-cc7c2cbd320c admin admin] Resources bound (agent type, host, resource id): (DHCP agent, dv-cinder-836074-5-iscsi, 18d1c3ca-82fe-45c8-9ec5-367933ffa4c4) {{(pid=103836) schedule /opt/stack/neutron/neutron/scheduler/base_scheduler.py:57}}
May 26 18:01:13.133400 dv-cinder-836074-5-iscsi neutron-server[103836]: DEBUG neutron.pecan_wsgi.hooks.policy_enforcement [None req-0f5130d3-69cd-4f70-8d57-cc7c2cbd320c admin admin] Attributes excluded by policy engine: ['standard_attr_id', 'shared', 'network'] {{(pid=103836) _exclude_attributes_by_policy /opt/stack/neutron/neutron/pecan_wsgi/hooks/policy_enforcement.py:259}}
May 26 18:01:13.134008 dv-cinder-836074-5-iscsi neutron-server[103836]: DEBUG neutron_lib.callbacks.manager [None req-0f5130d3-69cd-4f70-8d57-cc7c2cbd320c admin admin] Publish callbacks ['neutron.api.rpc.agentnotifiers.dhcp_rpc_agent_api.DhcpAgentNotifyAPI._send_dhcp_notification-8107949'] for subnet (None), before_response {{(pid=103836) _notify_loop /usr/local/lib/python3.8/dist-packages/neutron_lib/callbacks/manager.py:176}}
May 26 18:01:13.191746 dv-cinder-836074-5-iscsi neutron-server[103836]: INFO neutron.wsgi [None req-0f5130d3-69cd-4f70-8d57-cc7c2cbd320c admin admin] 10.222.0.69 "POST /v2.0/subnets HTTP/1.1" status: 201 len: 855 time: 1.0059872
May 26 18:01:13.222926 dv-cinder-836074-5-iscsi neutron-server[103836]: DEBUG neutron.wsgi [-] (103836) accepted ('10.222.0.69', 37448) {{(pid=103836) server /usr/local/lib/python3.8/dist-packages/eventlet/wsgi.py:1004}}
May 26 18:01:13.227637 dv-cinder-836074-5-iscsi neutron-server[103836]: DEBUG neutron.api.v2.base [None req-71f3de07-4e43-473d-aea5-6bcea1506337 admin admin] Request body: {'router': {'name': 'tempest-ServerRescueNegativeTestJSON-1257562423-router', 'tenant_id': '53288d567a8f426bb068908db481e32e', 'external_gateway_info': {'network_id': 'fe5e7183-55e6-482c-9be6-dbe7ef622043'}}} {{(pid=103836) prepare_request_body /opt/stack/neutron/neutron/api/v2/base.py:730}}
May 26 18:01:13.229252 dv-cinder-836074-5-iscsi neutron-server[103837]: INFO neutron.wsgi [None req-021e314a-466b-44a9-9ce9-99ae038e156c admin admin] 10.222.0.69 "POST /v2.0/subnets HTTP/1.1" status: 201 len: 849 time: 1.8472986
May 26 18:01:13.339028 dv-cinder-836074-5-iscsi neutron-server[103836]: DEBUG neutron_lib.callbacks.manager [None req-77e2a277-407a-400b-b8cb-c5cd3aa2a9c2 admin admin] Publish callbacks [] for router_gateway (52382004-7f79-4e59-aa0b-bcab076a4e8b), before_create {{(pid=103836) _notify_loop /usr/local/lib/python3.8/dist-packages/neutron_lib/callbacks/manager.py:176}}
May 26 18:01:13.352192 dv-cinder-836074-5-iscsi neutron-server[103838]: DEBUG neutron.api.rpc.handlers.dhcp_rpc [None req-5bc2b869-a286-4df9-8779-17db749c1e86 None None] Network 18d1c3ca-82fe-45c8-9ec5-367933ffa4c4 requested from dv-cinder-836074-5-iscsi {{(pid=103838) get_network_info /opt/stack/neutron/neutron/api/rpc/handlers/dhcp_rpc.py:191}}
May 26 18:01:13.366694 dv-cinder-836074-5-iscsi neutron-server[103836]: DEBUG neutron_lib.callbacks.manager [None req-77e2a277-407a-400b-b8cb-c5cd3aa2a9c2 admin admin] Publish callbacks ['neutron.plugins.ml2.plugin.SecurityGroupDbMixin._ensure_default_security_group_handler-744836'] for port (None), before_create {{(pid=103836) _notify_loop /usr/local/lib/python3.8/dist-packages/neutron_lib/callbacks/manager.py:176}}
May 26 18:01:13.493648 dv-cinder-836074-5-iscsi neutron-server[103836]: DEBUG neutron.db.db_base_plugin_common [None req-77e2a277-407a-400b-b8cb-c5cd3aa2a9c2 admin admin] Allocated IP 172.27.0.202 (fe5e7183-55e6-482c-9be6-dbe7ef622043/4ee395ad-2dca-401e-be4c-8e0d0b090142/4c638127-a819-4aa2-9fa6-167822212501) {{(pid=103836) _store_ip_allocation /opt/stack/neutron/neutron/db/db_base_plugin_common.py:131}}
May 26 18:01:13.504466 dv-cinder-836074-5-iscsi neutron-server[103838]: DEBUG dbcounter [-] [103838] Writing DB stats neutron:SELECT=100 {{(pid=103838) stat_writer /usr/local/lib/python3.8/dist-packages/dbcounter.py:114}}
May 26 18:01:13.528427 dv-cinder-836074-5-iscsi neutron-server[103836]: DEBUG neutron_lib.callbacks.manager [None req-71f3de07-4e43-473d-aea5-6bcea1506337 admin admin] Publish callbacks ['neutron.services.l3_router.l3_router_plugin.L3_HA_NAT_db_mixin._before_router_create_handler-8124790', 'neutron.services.l3_router.service_providers.driver_controller.DriverController._check_router_request-30497'] for router (c9629e1e-c9da-4f32-a870-980ea02d3823), before_create {{(pid=103836) _notify_loop /usr/local/lib/python3.8/dist-packages/neutron_lib/callbacks/manager.py:176}}
