Mar 31 21:39:17.660024 dv-cinder-836074-1-smb devstack@c-api.service[116724]: DEBUG cinder.volume.api [None req-0a664160-2688-4d82-8d60-cee5ad6aaa14 tempest-GroupSnapshotsTest-1945815500 tempest-GroupSnapshotsTest-1945815500-project] Task 'cinder.volume.flows.api.create_volume.VolumeCastTask;volume:create' (2b7ee41d-816b-41ad-99a0-9557764bbe59) transitioned into state 'SUCCESS' from state 'RUNNING' with result 'None' {{(pid=116724) _task_receiver /usr/local/lib/python3.8/dist-packages/taskflow/listeners/logging.py:178}}
Mar 31 21:39:17.666106 dv-cinder-836074-1-smb devstack@c-api.service[116724]: DEBUG cinder.volume.api [None req-0a664160-2688-4d82-8d60-cee5ad6aaa14 tempest-GroupSnapshotsTest-1945815500 tempest-GroupSnapshotsTest-1945815500-project] Flow 'volume_create_api' (8dcbacba-e9c0-41d9-a8a0-55e43388c6fd) transitioned into state 'SUCCESS' from state 'RUNNING' {{(pid=116724) _flow_receiver /usr/local/lib/python3.8/dist-packages/taskflow/listeners/logging.py:141}}
Mar 31 21:39:17.669239 dv-cinder-836074-1-smb devstack@c-api.service[116724]: INFO cinder.volume.api [None req-0a664160-2688-4d82-8d60-cee5ad6aaa14 tempest-GroupSnapshotsTest-1945815500 tempest-GroupSnapshotsTest-1945815500-project] Create volume request issued successfully.
Mar 31 21:39:17.672747 dv-cinder-836074-1-smb devstack@c-api.service[116724]: WARNING stevedore.named [None req-0a664160-2688-4d82-8d60-cee5ad6aaa14 tempest-GroupSnapshotsTest-1945815500 tempest-GroupSnapshotsTest-1945815500-project] Could not load cinder.keymgr.conf_key_mgr.ConfKeyManager
Mar 31 21:39:17.673914 dv-cinder-836074-1-smb devstack@c-api.service[116724]: WARNING castellan.key_manager [None req-0a664160-2688-4d82-8d60-cee5ad6aaa14 tempest-GroupSnapshotsTest-1945815500 tempest-GroupSnapshotsTest-1945815500-project] Deprecation Warning : cinder.keymgr.conf_key_mgr.ConfKeyManager is not a stevedore based driver, trying to load it as a class: stevedore.exception.NoMatches: No 'castellan.drivers' driver found, looking for 'cinder.keymgr.conf_key_mgr.ConfKeyManager'
Mar 31 21:39:17.694619 dv-cinder-836074-1-smb devstack@c-api.service[116724]: DEBUG oslo_db.sqlalchemy.engines [None req-0a664160-2688-4d82-8d60-cee5ad6aaa14 tempest-GroupSnapshotsTest-1945815500 tempest-GroupSnapshotsTest-1945815500-project] MySQL server mode set to STRICT_TRANS_TABLES,STRICT_ALL_TABLES,NO_ZERO_IN_DATE,NO_ZERO_DATE,ERROR_FOR_DIVISION_BY_ZERO,TRADITIONAL,NO_ENGINE_SUBSTITUTION {{(pid=116724) _check_effective_sql_mode /usr/local/lib/python3.8/dist-packages/oslo_db/sqlalchemy/engines.py:314}}
Mar 31 21:39:17.710334 dv-cinder-836074-1-smb devstack@c-api.service[116724]: /usr/local/lib/python3.8/dist-packages/oslo_context/context.py:100: DeprecationWarning: Policy enforcement is depending on the value of is_admin. This key is deprecated. Please update your policy file to use the standard policy values.
Mar 31 21:39:17.710334 dv-cinder-836074-1-smb devstack@c-api.service[116724]: warnings.warn('Policy enforcement is depending on the value of '
Mar 31 21:39:17.725419 dv-cinder-836074-1-smb devstack@c-api.service[116724]: INFO cinder.api.openstack.wsgi [None req-0a664160-2688-4d82-8d60-cee5ad6aaa14 tempest-GroupSnapshotsTest-1945815500 tempest-GroupSnapshotsTest-1945815500-project] http://10.222.0.11/volume/v3/36a745c365194c0fbb9cd50691d9d606/volumes returned with HTTP 202
Mar 31 21:39:17.727392 dv-cinder-836074-1-smb devstack@c-api.service[116724]: [pid: 116724|app: 0|req: 15/33] 10.222.0.11 () {62 vars in 1276 bytes} [Thu Mar 31 21:39:16 2022] POST /volume/v3/36a745c365194c0fbb9cd50691d9d606/volumes => generated 908 bytes in 773 msecs (HTTP/1.1 202) 7 headers in 292 bytes (1 switches on core 0)
Mar 31 21:39:17.740388 dv-cinder-836074-1-smb devstack@c-api.service[116723]: DEBUG cinder.api.middleware.request_id [None req-54dd6e1a-d715-4947-9826-a2bc172f481b None None] RequestId filter calling following filter/app {{(pid=116723) _context_setter /opt/stack/cinder/cinder/api/middleware/request_id.py:62}}
Mar 31 21:39:17.750410 dv-cinder-836074-1-smb devstack@c-api.service[116723]: INFO cinder.api.openstack.wsgi [None req-54dd6e1a-d715-4947-9826-a2bc172f481b tempest-GroupSnapshotsTest-1945815500 tempest-GroupSnapshotsTest-1945815500-project] GET http://10.222.0.11/volume/v3/36a745c365194c0fbb9cd50691d9d606/volumes/7e9bf2b1-2a59-42e7-b73e-bb807001139c
Mar 31 21:39:17.751257 dv-cinder-836074-1-smb devstack@c-api.service[116723]: DEBUG cinder.api.openstack.wsgi [None req-54dd6e1a-d715-4947-9826-a2bc172f481b tempest-GroupSnapshotsTest-1945815500 tempest-GroupSnapshotsTest-1945815500-project] Empty body provided in request {{(pid=116723) get_body /opt/stack/cinder/cinder/api/openstack/wsgi.py:715}}
Mar 31 21:39:17.751889 dv-cinder-836074-1-smb devstack@c-api.service[116723]: DEBUG cinder.api.openstack.wsgi [None req-54dd6e1a-d715-4947-9826-a2bc172f481b tempest-GroupSnapshotsTest-1945815500 tempest-GroupSnapshotsTest-1945815500-project] Calling method 'show' {{(pid=116723) _process_stack /opt/stack/cinder/cinder/api/openstack/wsgi.py:868}}
Mar 31 21:39:17.811477 dv-cinder-836074-1-smb devstack@c-api.service[116723]: /usr/local/lib/python3.8/dist-packages/oslo_context/context.py:100: DeprecationWarning: Policy enforcement is depending on the value of is_admin. This key is deprecated. Please update your policy file to use the standard policy values.
Mar 31 21:39:17.811477 dv-cinder-836074-1-smb devstack@c-api.service[116723]: warnings.warn('Policy enforcement is depending on the value of '
Mar 31 21:39:17.825351 dv-cinder-836074-1-smb devstack@c-api.service[116723]: INFO cinder.volume.api [None req-54dd6e1a-d715-4947-9826-a2bc172f481b tempest-GroupSnapshotsTest-1945815500 tempest-GroupSnapshotsTest-1945815500-project] Volume info retrieved successfully.
Mar 31 21:39:17.827532 dv-cinder-836074-1-smb devstack@c-api.service[116723]: WARNING stevedore.named [None req-54dd6e1a-d715-4947-9826-a2bc172f481b tempest-GroupSnapshotsTest-1945815500 tempest-GroupSnapshotsTest-1945815500-project] Could not load cinder.keymgr.conf_key_mgr.ConfKeyManager
Mar 31 21:39:17.828324 dv-cinder-836074-1-smb devstack@c-api.service[116723]: WARNING castellan.key_manager [None req-54dd6e1a-d715-4947-9826-a2bc172f481b tempest-GroupSnapshotsTest-1945815500 tempest-GroupSnapshotsTest-1945815500-project] Deprecation Warning : cinder.keymgr.conf_key_mgr.ConfKeyManager is not a stevedore based driver, trying to load it as a class: stevedore.exception.NoMatches: No 'castellan.drivers' driver found, looking for 'cinder.keymgr.conf_key_mgr.ConfKeyManager'
Mar 31 21:39:17.838788 dv-cinder-836074-1-smb devstack@c-api.service[116723]: DEBUG oslo_db.sqlalchemy.engines [None req-54dd6e1a-d715-4947-9826-a2bc172f481b tempest-GroupSnapshotsTest-1945815500 tempest-GroupSnapshotsTest-1945815500-project] MySQL server mode set to STRICT_TRANS_TABLES,STRICT_ALL_TABLES,NO_ZERO_IN_DATE,NO_ZERO_DATE,ERROR_FOR_DIVISION_BY_ZERO,TRADITIONAL,NO_ENGINE_SUBSTITUTION {{(pid=116723) _check_effective_sql_mode /usr/local/lib/python3.8/dist-packages/oslo_db/sqlalchemy/engines.py:314}}
Mar 31 21:39:17.854769 dv-cinder-836074-1-smb devstack@c-api.service[116723]: /usr/local/lib/python3.8/dist-packages/oslo_context/context.py:100: DeprecationWarning: Policy enforcement is depending on the value of is_admin. This key is deprecated. Please update your policy file to use the standard policy values.
Mar 31 21:39:17.854769 dv-cinder-836074-1-smb devstack@c-api.service[116723]: warnings.warn('Policy enforcement is depending on the value of '
Mar 31 21:39:17.883045 dv-cinder-836074-1-smb devstack@c-api.service[116723]: INFO cinder.api.openstack.wsgi [None req-54dd6e1a-d715-4947-9826-a2bc172f481b tempest-GroupSnapshotsTest-1945815500 tempest-GroupSnapshotsTest-1945815500-project] http://10.222.0.11/volume/v3/36a745c365194c0fbb9cd50691d9d606/volumes/7e9bf2b1-2a59-42e7-b73e-bb807001139c returned with HTTP 200
Mar 31 21:39:17.884765 dv-cinder-836074-1-smb devstack@c-api.service[116723]: [pid: 116723|app: 0|req: 19/34] 10.222.0.11 () {60 vars in 1365 bytes} [Thu Mar 31 21:39:17 2022] GET /volume/v3/36a745c365194c0fbb9cd50691d9d606/volumes/7e9bf2b1-2a59-42e7-b73e-bb807001139c => generated 976 bytes in 146 msecs (HTTP/1.1 200) 7 headers in 286 bytes (2 switches on core 0)
Mar 31 21:39:18.008217 dv-cinder-836074-1-smb devstack@c-api.service[116724]: DEBUG cinder.api.middleware.request_id [None req-eb3eae78-f5ca-4898-ae29-7a6c64c015a5 None None] RequestId filter calling following filter/app {{(pid=116724) _context_setter /opt/stack/cinder/cinder/api/middleware/request_id.py:62}}
Mar 31 21:39:18.016316 dv-cinder-836074-1-smb devstack@c-api.service[116724]: INFO cinder.api.openstack.wsgi [None req-eb3eae78-f5ca-4898-ae29-7a6c64c015a5 tempest-GroupSnapshotsV319Test-835900806 tempest-GroupSnapshotsV319Test-835900806-project] GET http://10.222.0.11/volume/v3/cfb9263c9a684b2ba6e05cc9a7e6721b/groups/a216dc15-b37c-4fb5-a15e-2dc48ab248e8
Mar 31 21:39:18.017262 dv-cinder-836074-1-smb devstack@c-api.service[116724]: DEBUG cinder.api.openstack.wsgi [None req-eb3eae78-f5ca-4898-ae29-7a6c64c015a5 tempest-GroupSnapshotsV319Test-835900806 tempest-GroupSnapshotsV319Test-835900806-project] Empty body provided in request {{(pid=116724) get_body /opt/stack/cinder/cinder/api/openstack/wsgi.py:715}}
Mar 31 21:39:18.018066 dv-cinder-836074-1-smb devstack@c-api.service[116724]: DEBUG cinder.api.openstack.wsgi [None req-eb3eae78-f5ca-4898-ae29-7a6c64c015a5 tempest-GroupSnapshotsV319Test-835900806 tempest-GroupSnapshotsV319Test-835900806-project] Calling method 'version_select' {{(pid=116724) _process_stack /opt/stack/cinder/cinder/api/openstack/wsgi.py:868}}
Mar 31 21:39:18.018678 dv-cinder-836074-1-smb devstack@c-api.service[116724]: DEBUG cinder.api.v3.groups [None req-eb3eae78-f5ca-4898-ae29-7a6c64c015a5 tempest-GroupSnapshotsV319Test-835900806 tempest-GroupSnapshotsV319Test-835900806-project] show called for member a216dc15-b37c-4fb5-a15e-2dc48ab248e8 {{(pid=116724) show /opt/stack/cinder/cinder/api/v3/groups.py:58}}
Mar 31 21:39:18.048480 dv-cinder-836074-1-smb devstack@c-api.service[116724]: /usr/local/lib/python3.8/dist-packages/oslo_context/context.py:100: DeprecationWarning: Policy enforcement is depending on the value of is_admin. This key is deprecated. Please update your policy file to use the standard policy values.
Mar 31 21:39:18.048480 dv-cinder-836074-1-smb devstack@c-api.service[116724]: warnings.warn('Policy enforcement is depending on the value of '
Mar 31 21:39:18.063477 dv-cinder-836074-1-smb devstack@c-api.service[116723]: DEBUG cinder.api.middleware.request_id [req-64cfc1eb-e5d2-42a9-9889-3878ce9a36b9 req-c3534caf-c9d5-4c25-87f5-fa06feb173ff None None] RequestId filter calling following filter/app {{(pid=116723) _context_setter /opt/stack/cinder/cinder/api/middleware/request_id.py:62}}
Mar 31 21:39:18.135949 dv-cinder-836074-1-smb devstack@c-api.service[116724]: INFO cinder.api.openstack.wsgi [None req-eb3eae78-f5ca-4898-ae29-7a6c64c015a5 tempest-GroupSnapshotsV319Test-835900806 tempest-GroupSnapshotsV319Test-835900806-project] http://10.222.0.11/volume/v3/cfb9263c9a684b2ba6e05cc9a7e6721b/groups/a216dc15-b37c-4fb5-a15e-2dc48ab248e8 returned with HTTP 200
Mar 31 21:39:18.155514 dv-cinder-836074-1-smb devstack@c-api.service[116724]: [pid: 116724|app: 0|req: 16/35] 10.222.0.11 () {60 vars in 1362 bytes} [Thu Mar 31 21:39:18 2022] GET /volume/v3/cfb9263c9a684b2ba6e05cc9a7e6721b/groups/a216dc15-b37c-4fb5-a15e-2dc48ab248e8 => generated 396 bytes in 149 msecs (HTTP/1.1 200) 7 headers in 286 bytes (1 switches on core 0)
Mar 31 21:39:18.158223 dv-cinder-836074-1-smb devstack@c-api.service[116724]: DEBUG cinder.api.middleware.request_id [None req-109844bf-6a78-4211-ac80-36c306132c5a None None] RequestId filter calling following filter/app {{(pid=116724) _context_setter /opt/stack/cinder/cinder/api/middleware/request_id.py:62}}
Mar 31 21:39:18.175917 dv-cinder-836074-1-smb devstack@c-api.service[116724]: INFO cinder.api.openstack.wsgi [None req-109844bf-6a78-4211-ac80-36c306132c5a tempest-GroupSnapshotsV319Test-835900806 tempest-GroupSnapshotsV319Test-835900806-project] POST http://10.222.0.11/volume/v3/cfb9263c9a684b2ba6e05cc9a7e6721b/volumes
Mar 31 21:39:18.177381 dv-cinder-836074-1-smb devstack@c-api.service[116724]: DEBUG cinder.api.openstack.wsgi [None req-109844bf-6a78-4211-ac80-36c306132c5a tempest-GroupSnapshotsV319Test-835900806 tempest-GroupSnapshotsV319Test-835900806-project] Action: 'create', calling method: create, body: {"volume": {"volume_type": "40830275-ec6f-413a-9bf0-bf0a754c04ee", "group_id": "a216dc15-b37c-4fb5-a15e-2dc48ab248e8", "size": 1, "name": "tempest-GroupSnapshotsV319Test-Volume-2133131426"}} {{(pid=116724) _process_stack /opt/stack/cinder/cinder/api/openstack/wsgi.py:866}}
Mar 31 21:39:18.183918 dv-cinder-836074-1-smb devstack@c-api.service[116724]: DEBUG cinder.api.v3.volumes [None req-109844bf-6a78-4211-ac80-36c306132c5a tempest-GroupSnapshotsV319Test-835900806 tempest-GroupSnapshotsV319Test-835900806-project] Create volume request body: {'volume': {'volume_type': '40830275-ec6f-413a-9bf0-bf0a754c04ee', 'group_id': 'a216dc15-b37c-4fb5-a15e-2dc48ab248e8', 'size': 1, 'name': 'tempest-GroupSnapshotsV319Test-Volume-2133131426'}} {{(pid=116724) create /opt/stack/cinder/cinder/api/v3/volumes.py:298}}
Mar 31 21:39:18.234368 dv-cinder-836074-1-smb devstack@c-api.service[116724]: /usr/local/lib/python3.8/dist-packages/oslo_context/context.py:100: DeprecationWarning: Policy enforcement is depending on the value of is_admin. This key is deprecated. Please update your policy file to use the standard policy values.
Mar 31 21:39:18.234368 dv-cinder-836074-1-smb devstack@c-api.service[116724]: warnings.warn('Policy enforcement is depending on the value of '
Mar 31 21:39:18.239794 dv-cinder-836074-1-smb devstack@c-api.service[116724]: INFO cinder.api.v3.volumes [None req-109844bf-6a78-4211-ac80-36c306132c5a tempest-GroupSnapshotsV319Test-835900806 tempest-GroupSnapshotsV319Test-835900806-project] Create volume of 1 GB
Mar 31 21:39:18.294513 dv-cinder-836074-1-smb devstack@c-api.service[116724]: INFO cinder.volume.api [None req-109844bf-6a78-4211-ac80-36c306132c5a tempest-GroupSnapshotsV319Test-835900806 tempest-GroupSnapshotsV319Test-835900806-project] Availability Zones retrieved successfully.
Mar 31 21:39:18.330615 dv-cinder-836074-1-smb devstack@c-api.service[116723]: WARNING keystonemiddleware.auth_token [req-64cfc1eb-e5d2-42a9-9889-3878ce9a36b9 req-c3534caf-c9d5-4c25-87f5-fa06feb173ff None None] A valid token was submitted as a service token, but it was not a valid service token. This is incorrect but backwards compatible behaviour. This will be removed in future releases.
Mar 31 21:39:18.334377 dv-cinder-836074-1-smb devstack@c-api.service[116723]: INFO cinder.api.openstack.wsgi [req-64cfc1eb-e5d2-42a9-9889-3878ce9a36b9 req-c3534caf-c9d5-4c25-87f5-fa06feb173ff tempest-VolumesTestJSON-1321165685 tempest-VolumesTestJSON-1321165685-project] GET http://10.222.0.11/volume/v3/2740ef5f6fbd4aea9f65ed100a20e7e3/volumes/626f10f9-f4b2-4de6-9f27-b5fb055b8a23
Mar 31 21:39:18.335292 dv-cinder-836074-1-smb devstack@c-api.service[116723]: DEBUG cinder.api.openstack.wsgi [req-64cfc1eb-e5d2-42a9-9889-3878ce9a36b9 req-c3534caf-c9d5-4c25-87f5-fa06feb173ff tempest-VolumesTestJSON-1321165685 tempest-VolumesTestJSON-1321165685-project] Empty body provided in request {{(pid=116723) get_body /opt/stack/cinder/cinder/api/openstack/wsgi.py:715}}
Mar 31 21:39:18.336012 dv-cinder-836074-1-smb devstack@c-api.service[116723]: DEBUG cinder.api.openstack.wsgi [req-64cfc1eb-e5d2-42a9-9889-3878ce9a36b9 req-c3534caf-c9d5-4c25-87f5-fa06feb173ff tempest-VolumesTestJSON-1321165685 tempest-VolumesTestJSON-1321165685-project] Calling method 'show' {{(pid=116723) _process_stack /opt/stack/cinder/cinder/api/openstack/wsgi.py:868}}
Mar 31 21:39:18.365580 dv-cinder-836074-1-smb devstack@c-api.service[116723]: /usr/local/lib/python3.8/dist-packages/oslo_context/context.py:100: DeprecationWarning: Policy enforcement is depending on the value of is_admin. This key is deprecated. Please update your policy file to use the standard policy values.
Mar 31 21:39:18.365580 dv-cinder-836074-1-smb devstack@c-api.service[116723]: warnings.warn('Policy enforcement is depending on the value of '
Mar 31 21:39:18.368539 dv-cinder-836074-1-smb devstack@c-api.service[116724]: DEBUG cinder.volume.api [None req-109844bf-6a78-4211-ac80-36c306132c5a tempest-GroupSnapshotsV319Test-835900806 tempest-GroupSnapshotsV319Test-835900806-project] Flow 'volume_create_api' (90a61369-e2c6-46e7-a9f7-433311949c5f) transitioned into state 'RUNNING' from state 'PENDING' {{(pid=116724) _flow_receiver /usr/local/lib/python3.8/dist-packages/taskflow/listeners/logging.py:141}}
Mar 31 21:39:18.380446 dv-cinder-836074-1-smb devstack@c-api.service[116724]: DEBUG cinder.volume.api [None req-109844bf-6a78-4211-ac80-36c306132c5a tempest-GroupSnapshotsV319Test-835900806 tempest-GroupSnapshotsV319Test-835900806-project] Task 'cinder.volume.flows.api.create_volume.ExtractVolumeRequestTask;volume:create' (0d1fe71c-194a-4b2f-b771-b6299636bdb4) transitioned into state 'RUNNING' from state 'PENDING' {{(pid=116724) _task_receiver /usr/local/lib/python3.8/dist-packages/taskflow/listeners/logging.py:190}}
Mar 31 21:39:18.383815 dv-cinder-836074-1-smb devstack@c-api.service[116724]: /usr/local/lib/python3.8/dist-packages/oslo_context/context.py:100: DeprecationWarning: Policy enforcement is depending on the value of is_admin. This key is deprecated. Please update your policy file to use the standard policy values.
Mar 31 21:39:18.383815 dv-cinder-836074-1-smb devstack@c-api.service[116724]: warnings.warn('Policy enforcement is depending on the value of '
Mar 31 21:39:18.387756 dv-cinder-836074-1-smb devstack@c-api.service[116723]: INFO cinder.volume.api [req-64cfc1eb-e5d2-42a9-9889-3878ce9a36b9 req-c3534caf-c9d5-4c25-87f5-fa06feb173ff tempest-VolumesTestJSON-1321165685 tempest-VolumesTestJSON-1321165685-project] Volume info retrieved successfully.
Mar 31 21:39:18.396246 dv-cinder-836074-1-smb devstack@c-api.service[116724]: DEBUG cinder.volume.flows.api.create_volume [None req-109844bf-6a78-4211-ac80-36c306132c5a tempest-GroupSnapshotsV319Test-835900806 tempest-GroupSnapshotsV319Test-835900806-project] Validating volume size '1' using validate_int {{(pid=116724) _extract_size /opt/stack/cinder/cinder/volume/flows/api/create_volume.py:225}}
Mar 31 21:39:18.412773 dv-cinder-836074-1-smb devstack@c-api.service[116723]: INFO cinder.api.openstack.wsgi [req-64cfc1eb-e5d2-42a9-9889-3878ce9a36b9 req-c3534caf-c9d5-4c25-87f5-fa06feb173ff tempest-VolumesTestJSON-1321165685 tempest-VolumesTestJSON-1321165685-project] http://10.222.0.11/volume/v3/2740ef5f6fbd4aea9f65ed100a20e7e3/volumes/626f10f9-f4b2-4de6-9f27-b5fb055b8a23 returned with HTTP 200
Mar 31 21:39:18.418689 dv-cinder-836074-1-smb devstack@c-api.service[116723]: [pid: 116723|app: 0|req: 20/36] 10.222.0.11 () {60 vars in 1578 bytes} [Thu Mar 31 21:39:18 2022] GET /volume/v3/2740ef5f6fbd4aea9f65ed100a20e7e3/volumes/626f10f9-f4b2-4de6-9f27-b5fb055b8a23 => generated 921 bytes in 356 msecs (HTTP/1.1 200) 7 headers in 285 bytes (2 switches on core 0)
Mar 31 21:39:18.428880 dv-cinder-836074-1-smb devstack@c-api.service[116723]: DEBUG cinder.api.middleware.request_id [None req-9ef6ebd2-1aa8-45b7-aef4-da290b591d93 None None] RequestId filter calling following filter/app {{(pid=116723) _context_setter /opt/stack/cinder/cinder/api/middleware/request_id.py:62}}
Mar 31 21:39:18.435637 dv-cinder-836074-1-smb devstack@c-api.service[116723]: INFO cinder.api.openstack.wsgi [None req-9ef6ebd2-1aa8-45b7-aef4-da290b591d93 tempest-VolumesTestJSON-1321165685 tempest-VolumesTestJSON-1321165685-project] POST http://10.222.0.11/volume/v3/2740ef5f6fbd4aea9f65ed100a20e7e3/volumes
Mar 31 21:39:18.440154 dv-cinder-836074-1-smb devstack@c-api.service[116723]: DEBUG cinder.api.openstack.wsgi [None req-9ef6ebd2-1aa8-45b7-aef4-da290b591d93 tempest-VolumesTestJSON-1321165685 tempest-VolumesTestJSON-1321165685-project] Action: 'create', calling method: create, body: {"volume": {"metadata": {"Type": "work"}, "size": 1, "display_name": "tempest-VolumesTestJSON-volume-1827712940"}} {{(pid=116723) _process_stack /opt/stack/cinder/cinder/api/openstack/wsgi.py:866}}
Mar 31 21:39:18.442119 dv-cinder-836074-1-smb devstack@c-api.service[116723]: DEBUG cinder.api.v3.volumes [None req-9ef6ebd2-1aa8-45b7-aef4-da290b591d93 tempest-VolumesTestJSON-1321165685 tempest-VolumesTestJSON-1321165685-project] Create volume request body: {'volume': {'metadata': {'Type': 'work'}, 'size': 1, 'display_name': 'tempest-VolumesTestJSON-volume-1827712940'}} {{(pid=116723) create /opt/stack/cinder/cinder/api/v3/volumes.py:298}}
Mar 31 21:39:18.444026 dv-cinder-836074-1-smb devstack@c-api.service[116723]: INFO cinder.api.v3.volumes [None req-9ef6ebd2-1aa8-45b7-aef4-da290b591d93 tempest-VolumesTestJSON-1321165685 tempest-VolumesTestJSON-1321165685-project] Create volume of 1 GB
Mar 31 21:39:18.470048 dv-cinder-836074-1-smb devstack@c-api.service[116723]: DEBUG cinder.volume.api [None req-9ef6ebd2-1aa8-45b7-aef4-da290b591d93 tempest-VolumesTestJSON-1321165685 tempest-VolumesTestJSON-1321165685-project] Availability zone cache updated, next update will occur around 2022-03-31 22:39:18.469463. {{(pid=116723) list_availability_zones /opt/stack/cinder/cinder/volume/api.py:152}}
Mar 31 21:39:18.471612 dv-cinder-836074-1-smb devstack@c-api.service[116723]: INFO cinder.volume.api [None req-9ef6ebd2-1aa8-45b7-aef4-da290b591d93 tempest-VolumesTestJSON-1321165685 tempest-VolumesTestJSON-1321165685-project] Availability Zones retrieved successfully.
Mar 31 21:39:18.492160 dv-cinder-836074-1-smb devstack@c-api.service[116724]: DEBUG cinder.volume.api [None req-109844bf-6a78-4211-ac80-36c306132c5a tempest-GroupSnapshotsV319Test-835900806 tempest-GroupSnapshotsV319Test-835900806-project] Task 'cinder.volume.flows.api.create_volume.ExtractVolumeRequestTask;volume:create' (0d1fe71c-194a-4b2f-b771-b6299636bdb4) transitioned into state 'SUCCESS' from state 'RUNNING' with result '{'size': 1, 'snapshot_id': None, 'source_volid': None, 'volume_type': VolumeType(created_at=2022-03-31T21:39:16Z,deleted=False,deleted_at=None,description=None,extra_specs={},id=40830275-ec6f-413a-9bf0-bf0a754c04ee,is_public=True,name='tempest-GroupSnapshotsV319Test-volume-type-516256672',projects=[],qos_specs=,qos_specs_id=None,updated_at=None), 'volume_type_id': '40830275-ec6f-413a-9bf0-bf0a754c04ee', 'encryption_key_id': None, 'qos_specs': None, 'consistencygroup_id': None, 'cgsnapshot_id': None, 'group_id': 'a216dc15-b37c-4fb5-a15e-2dc48ab248e8', 'replication_status': 'disabled', 'refresh_az': False, 'backup_id': None, 'multiattach': False, 'availability_zones': ['nova']}' {{(pid=116724) _task_receiver /usr/local/lib/python3.8/dist-packages/taskflow/listeners/logging.py:178}}
Mar 31 21:39:18.497441 dv-cinder-836074-1-smb devstack@c-api.service[116724]: DEBUG cinder.volume.api [None req-109844bf-6a78-4211-ac80-36c306132c5a tempest-GroupSnapshotsV319Test-835900806 tempest-GroupSnapshotsV319Test-835900806-project] Task 'cinder.volume.flows.api.create_volume.QuotaReserveTask;volume:create' (94c5764b-bc54-4c77-879a-0721c40b3a2e) transitioned into state 'RUNNING' from state 'PENDING' {{(pid=116724) _task_receiver /usr/local/lib/python3.8/dist-packages/taskflow/listeners/logging.py:190}}
Mar 31 21:39:18.570705 dv-cinder-836074-1-smb devstack@c-api.service[116724]: WARNING cinder.quota [None req-109844bf-6a78-4211-ac80-36c306132c5a tempest-GroupSnapshotsV319Test-835900806 tempest-GroupSnapshotsV319Test-835900806-project] Deprecated: Default quota for resource: volumes_tempest-GroupSnapshotsV319Test-volume-type-516256672 is set by the default quota flag: quota_volumes_tempest-GroupSnapshotsV319Test-volume-type-516256672, it is now deprecated. Please use the default quota class for default quota.
Mar 31 21:39:18.572358 dv-cinder-836074-1-smb devstack@c-api.service[116724]: WARNING cinder.quota [None req-109844bf-6a78-4211-ac80-36c306132c5a tempest-GroupSnapshotsV319Test-835900806 tempest-GroupSnapshotsV319Test-835900806-project] Deprecated: Default quota for resource: gigabytes_tempest-GroupSnapshotsV319Test-volume-type-516256672 is set by the default quota flag: quota_gigabytes_tempest-GroupSnapshotsV319Test-volume-type-516256672, it is now deprecated. Please use the default quota class for default quota.
Mar 31 21:39:18.587319 dv-cinder-836074-1-smb devstack@c-api.service[116723]: DEBUG cinder.volume.api [None req-9ef6ebd2-1aa8-45b7-aef4-da290b591d93 tempest-VolumesTestJSON-1321165685 tempest-VolumesTestJSON-1321165685-project] Flow 'volume_create_api' (d8c022ee-d329-4d53-a245-defe8697c73e) transitioned into state 'RUNNING' from state 'PENDING' {{(pid=116723) _flow_receiver /usr/local/lib/python3.8/dist-packages/taskflow/listeners/logging.py:141}}
Mar 31 21:39:18.596645 dv-cinder-836074-1-smb devstack@c-api.service[116723]: DEBUG cinder.volume.api [None req-9ef6ebd2-1aa8-45b7-aef4-da290b591d93 tempest-VolumesTestJSON-1321165685 tempest-VolumesTestJSON-1321165685-project] Task 'cinder.volume.flows.api.create_volume.ExtractVolumeRequestTask;volume:create' (34588814-2150-4e5d-8059-61c7c7bcd56c) transitioned into state 'RUNNING' from state 'PENDING' {{(pid=116723) _task_receiver /usr/local/lib/python3.8/dist-packages/taskflow/listeners/logging.py:190}}
Mar 31 21:39:18.607032 dv-cinder-836074-1-smb devstack@c-api.service[116723]: DEBUG cinder.volume.flows.api.create_volume [None req-9ef6ebd2-1aa8-45b7-aef4-da290b591d93 tempest-VolumesTestJSON-1321165685 tempest-VolumesTestJSON-1321165685-project] Validating volume size '1' using validate_int {{(pid=116723) _extract_size /opt/stack/cinder/cinder/volume/flows/api/create_volume.py:225}}
Mar 31 21:39:18.728278 dv-cinder-836074-1-smb devstack@c-api.service[116724]: DEBUG cinder.quota [None req-109844bf-6a78-4211-ac80-36c306132c5a tempest-GroupSnapshotsV319Test-835900806 tempest-GroupSnapshotsV319Test-835900806-project] Created reservations ['ebb2efe5-8888-4308-9459-ad513ebac31c', '161531db-87ce-457b-9bbd-56073c3d6507', 'd33e54c0-56f9-4c0d-ae37-efd26ed60fd0', '1fd2ae5b-74a6-48f6-8d3c-5f9acf063069'] {{(pid=116724) reserve /opt/stack/cinder/cinder/quota.py:755}}
Mar 31 21:39:18.732201 dv-cinder-836074-1-smb devstack@c-api.service[116724]: DEBUG cinder.volume.api [None req-109844bf-6a78-4211-ac80-36c306132c5a tempest-GroupSnapshotsV319Test-835900806 tempest-GroupSnapshotsV319Test-835900806-project] Task 'cinder.volume.flows.api.create_volume.QuotaReserveTask;volume:create' (94c5764b-bc54-4c77-879a-0721c40b3a2e) transitioned into state 'SUCCESS' from state 'RUNNING' with result '{'reservations': ['ebb2efe5-8888-4308-9459-ad513ebac31c', '161531db-87ce-457b-9bbd-56073c3d6507', 'd33e54c0-56f9-4c0d-ae37-efd26ed60fd0', '1fd2ae5b-74a6-48f6-8d3c-5f9acf063069']}' {{(pid=116724) _task_receiver /usr/local/lib/python3.8/dist-packages/taskflow/listeners/logging.py:178}}
Mar 31 21:39:18.737472 dv-cinder-836074-1-smb devstack@c-api.service[116724]: DEBUG cinder.volume.api [None req-109844bf-6a78-4211-ac80-36c306132c5a tempest-GroupSnapshotsV319Test-835900806 tempest-GroupSnapshotsV319Test-835900806-project] Task 'cinder.volume.flows.api.create_volume.EntryCreateTask;volume:create' (9b170770-9faf-4979-8c0b-aa1189a893cb) transitioned into state 'RUNNING' from state 'PENDING' {{(pid=116724) _task_receiver /usr/local/lib/python3.8/dist-packages/taskflow/listeners/logging.py:190}}
Mar 31 21:39:18.747584 dv-cinder-836074-1-smb devstack@c-api.service[116723]: DEBUG cinder.volume.api [None req-9ef6ebd2-1aa8-45b7-aef4-da290b591d93 tempest-VolumesTestJSON-1321165685 tempest-VolumesTestJSON-1321165685-project] Task 'cinder.volume.flows.api.create_volume.ExtractVolumeRequestTask;volume:create' (34588814-2150-4e5d-8059-61c7c7bcd56c) transitioned into state 'SUCCESS' from state 'RUNNING' with result '{'size': 1, 'snapshot_id': None, 'source_volid': None, 'volume_type': VolumeType(created_at=2022-03-31T21:29:01Z,deleted=False,deleted_at=None,description='Default Volume Type',extra_specs={},id=3954c3c8-46c5-4a40-a6fa-692df2040dea,is_public=True,name='__DEFAULT__',projects=[],qos_specs=,qos_specs_id=None,updated_at=2022-03-31T21:29:01Z), 'volume_type_id': '3954c3c8-46c5-4a40-a6fa-692df2040dea', 'encryption_key_id': None, 'qos_specs': None, 'consistencygroup_id': None, 'cgsnapshot_id': None, 'group_id': None, 'replication_status': 'disabled', 'refresh_az': False, 'backup_id': None, 'multiattach': False, 'availability_zones': ['nova']}' {{(pid=116723) _task_receiver /usr/local/lib/python3.8/dist-packages/taskflow/listeners/logging.py:178}}
Mar 31 21:39:18.753970 dv-cinder-836074-1-smb devstack@c-api.service[116723]: DEBUG cinder.volume.api [None req-9ef6ebd2-1aa8-45b7-aef4-da290b591d93 tempest-VolumesTestJSON-1321165685 tempest-VolumesTestJSON-1321165685-project] Task 'cinder.volume.flows.api.create_volume.QuotaReserveTask;volume:create' (9032a165-5f70-4746-bb9b-9e2e46bbe62c) transitioned into state 'RUNNING' from state 'PENDING' {{(pid=116723) _task_receiver /usr/local/lib/python3.8/dist-packages/taskflow/listeners/logging.py:190}}
Mar 31 21:39:18.797518 dv-cinder-836074-1-smb devstack@c-api.service[116724]: DEBUG cinder.volume.api [None req-109844bf-6a78-4211-ac80-36c306132c5a tempest-GroupSnapshotsV319Test-835900806 tempest-GroupSnapshotsV319Test-835900806-project] Task 'cinder.volume.flows.api.create_volume.EntryCreateTask;volume:create' (9b170770-9faf-4979-8c0b-aa1189a893cb) transitioned into state 'SUCCESS' from state 'RUNNING' with result '{'volume_id': 'f7895b2e-26f7-46a4-b54f-f413a6af80e7', 'volume_properties': VolumeProperties(attach_status='detached',availability_zone='nova',cgsnapshot_id=None,consistencygroup_id=None,display_description=None,display_name='tempest-GroupSnapshotsV319Test-Volume-2133131426',encryption_key_id=None,group_id=a216dc15-b37c-4fb5-a15e-2dc48ab248e8,group_type_id=,metadata={},multiattach=False,project_id='cfb9263c9a684b2ba6e05cc9a7e6721b',qos_specs=None,replication_status=,reservations=['ebb2efe5-8888-4308-9459-ad513ebac31c','161531db-87ce-457b-9bbd-56073c3d6507','d33e54c0-56f9-4c0d-ae37-efd26ed60fd0','1fd2ae5b-74a6-48f6-8d3c-5f9acf063069'],size=1,snapshot_id=None,source_replicaid=,source_volid=None,status='creating',user_id='3212c433733c4bb19e31405dca70bf96',volume_type_id=40830275-ec6f-413a-9bf0-bf0a754c04ee), 'volume': Volume(_name_id=None,admin_metadata=,attach_status='detached',availability_zone='nova',bootable=False,cluster=,cluster_name=None,consistencygroup=,consistencygroup_id=None,created_at=2022-03-31T21:39:18Z,deleted=False,deleted_at=None,display_description=None,display_name='tempest-GroupSnapshotsV319Test-Volume-2133131426',ec2_id=None,encryption_key_id=None,glance_metadata=,group=,group_id=a216dc15-b37c-4fb5-a15e-2dc48ab248e8,host=None,id=f7895b2e-26f7-46a4-b54f-f413a6af80e7,launched_at=None,metadata={},migration_status=None,multiattach=False,previous_status=None,project_id='cfb9263c9a684b2ba6e05cc9a7e6721b',provider_auth=None,provider_geometry=None,provider_id=None,provider_location=None,replication_driver_data=None,replication_extended_status=None,replication_status=None,scheduled_at=None,service_uuid=None,shared_targets=True,size=1,snapshot_id=None,snapshots=,source_volid=None,status='creating',terminated_at=None,updated_at=None,use_quota=True,user_id='3212c433733c4bb19e31405dca70bf96',volume_attachment=VolumeAttachmentList,volume_type=VolumeType(40830275-ec6f-413a-9bf0-bf0a754c04ee),volume_type_id=40830275-ec6f-413a-9bf0-bf0a754c04ee)}' {{(pid=116724) _task_receiver /usr/local/lib/python3.8/dist-packages/taskflow/listeners/logging.py:178}}
Mar 31 21:39:18.811192 dv-cinder-836074-1-smb devstack@c-api.service[116724]: DEBUG cinder.volume.api [None req-109844bf-6a78-4211-ac80-36c306132c5a tempest-GroupSnapshotsV319Test-835900806 tempest-GroupSnapshotsV319Test-835900806-project] Task 'cinder.volume.flows.api.create_volume.QuotaCommitTask;volume:create' (2e1ae2b0-75b9-4252-b489-1b24710e54e1) transitioned into state 'RUNNING' from state 'PENDING' {{(pid=116724) _task_receiver /usr/local/lib/python3.8/dist-packages/taskflow/listeners/logging.py:190}}
Mar 31 21:39:18.865852 dv-cinder-836074-1-smb devstack@c-api.service[116723]: WARNING cinder.quota [None req-9ef6ebd2-1aa8-45b7-aef4-da290b591d93 tempest-VolumesTestJSON-1321165685 tempest-VolumesTestJSON-1321165685-project] Deprecated: Default quota for resource: volumes___DEFAULT__ is set by the default quota flag: quota_volumes___DEFAULT__, it is now deprecated. Please use the default quota class for default quota.
Mar 31 21:39:18.867517 dv-cinder-836074-1-smb devstack@c-api.service[116723]: WARNING cinder.quota [None req-9ef6ebd2-1aa8-45b7-aef4-da290b591d93 tempest-VolumesTestJSON-1321165685 tempest-VolumesTestJSON-1321165685-project] Deprecated: Default quota for resource: gigabytes___DEFAULT__ is set by the default quota flag: quota_gigabytes___DEFAULT__, it is now deprecated. Please use the default quota class for default quota.
Mar 31 21:39:18.872596 dv-cinder-836074-1-smb devstack@c-api.service[116724]: DEBUG cinder.volume.api [None req-109844bf-6a78-4211-ac80-36c306132c5a tempest-GroupSnapshotsV319Test-835900806 tempest-GroupSnapshotsV319Test-835900806-project] Task 'cinder.volume.flows.api.create_volume.QuotaCommitTask;volume:create' (2e1ae2b0-75b9-4252-b489-1b24710e54e1) transitioned into state 'SUCCESS' from state 'RUNNING' with result '{'volume_properties': VolumeProperties(attach_status='detached',availability_zone='nova',cgsnapshot_id=None,consistencygroup_id=None,display_description=None,display_name='tempest-GroupSnapshotsV319Test-Volume-2133131426',encryption_key_id=None,group_id=a216dc15-b37c-4fb5-a15e-2dc48ab248e8,group_type_id=,metadata={},multiattach=False,project_id='cfb9263c9a684b2ba6e05cc9a7e6721b',qos_specs=None,replication_status=,reservations=['ebb2efe5-8888-4308-9459-ad513ebac31c','161531db-87ce-457b-9bbd-56073c3d6507','d33e54c0-56f9-4c0d-ae37-efd26ed60fd0','1fd2ae5b-74a6-48f6-8d3c-5f9acf063069'],size=1,snapshot_id=None,source_replicaid=,source_volid=None,status='creating',user_id='3212c433733c4bb19e31405dca70bf96',volume_type_id=40830275-ec6f-413a-9bf0-bf0a754c04ee)}' {{(pid=116724) _task_receiver /usr/local/lib/python3.8/dist-packages/taskflow/listeners/logging.py:178}}
Mar 31 21:39:18.874917 dv-cinder-836074-1-smb devstack@c-api.service[116724]: DEBUG cinder.volume.api [None req-109844bf-6a78-4211-ac80-36c306132c5a tempest-GroupSnapshotsV319Test-835900806 tempest-GroupSnapshotsV319Test-835900806-project] Task 'cinder.volume.flows.api.create_volume.VolumeCastTask;volume:create' (5c757e5d-698a-468d-b4f1-5965e55cb5a7) transitioned into state 'RUNNING' from state 'PENDING' {{(pid=116724) _task_receiver /usr/local/lib/python3.8/dist-packages/taskflow/listeners/logging.py:190}}
Mar 31 21:39:18.922194 dv-cinder-836074-1-smb devstack@c-api.service[116724]: DEBUG cinder.volume.api [None req-109844bf-6a78-4211-ac80-36c306132c5a tempest-GroupSnapshotsV319Test-835900806 tempest-GroupSnapshotsV319Test-835900806-project] Task 'cinder.volume.flows.api.create_volume.VolumeCastTask;volume:create' (5c757e5d-698a-468d-b4f1-5965e55cb5a7) transitioned into state 'SUCCESS' from state 'RUNNING' with result 'None' {{(pid=116724) _task_receiver /usr/local/lib/python3.8/dist-packages/taskflow/listeners/logging.py:178}}
Mar 31 21:39:18.926871 dv-cinder-836074-1-smb devstack@c-api.service[116724]: DEBUG cinder.volume.api [None req-109844bf-6a78-4211-ac80-36c306132c5a tempest-GroupSnapshotsV319Test-835900806 tempest-GroupSnapshotsV319Test-835900806-project] Flow 'volume_create_api' (90a61369-e2c6-46e7-a9f7-433311949c5f) transitioned into state 'SUCCESS' from state 'RUNNING' {{(pid=116724) _flow_receiver /usr/local/lib/python3.8/dist-packages/taskflow/listeners/logging.py:141}}
Mar 31 21:39:18.928941 dv-cinder-836074-1-smb devstack@c-api.service[116724]: INFO cinder.volume.api [None req-109844bf-6a78-4211-ac80-36c306132c5a tempest-GroupSnapshotsV319Test-835900806 tempest-GroupSnapshotsV319Test-835900806-project] Create volume request issued successfully.
Mar 31 21:39:18.931959 dv-cinder-836074-1-smb devstack@c-api.service[116724]: WARNING stevedore.named [None req-109844bf-6a78-4211-ac80-36c306132c5a tempest-GroupSnapshotsV319Test-835900806 tempest-GroupSnapshotsV319Test-835900806-project] Could not load cinder.keymgr.conf_key_mgr.ConfKeyManager
Mar 31 21:39:18.935407 dv-cinder-836074-1-smb devstack@c-api.service[116724]: WARNING castellan.key_manager [None req-109844bf-6a78-4211-ac80-36c306132c5a tempest-GroupSnapshotsV319Test-835900806 tempest-GroupSnapshotsV319Test-835900806-project] Deprecation Warning : cinder.keymgr.conf_key_mgr.ConfKeyManager is not a stevedore based driver, trying to load it as a class: stevedore.exception.NoMatches: No 'castellan.drivers' driver found, looking for 'cinder.keymgr.conf_key_mgr.ConfKeyManager'
Mar 31 21:39:18.950515 dv-cinder-836074-1-smb devstack@c-api.service[116724]: DEBUG oslo_db.sqlalchemy.engines [None req-109844bf-6a78-4211-ac80-36c306132c5a tempest-GroupSnapshotsV319Test-835900806 tempest-GroupSnapshotsV319Test-835900806-project] MySQL server mode set to STRICT_TRANS_TABLES,STRICT_ALL_TABLES,NO_ZERO_IN_DATE,NO_ZERO_DATE,ERROR_FOR_DIVISION_BY_ZERO,TRADITIONAL,NO_ENGINE_SUBSTITUTION {{(pid=116724) _check_effective_sql_mode /usr/local/lib/python3.8/dist-packages/oslo_db/sqlalchemy/engines.py:314}}
Mar 31 21:39:18.953215 dv-cinder-836074-1-smb devstack@c-api.service[116723]: DEBUG cinder.quota [None req-9ef6ebd2-1aa8-45b7-aef4-da290b591d93 tempest-VolumesTestJSON-1321165685 tempest-VolumesTestJSON-1321165685-project] Created reservations ['874a1ac4-b5b5-43cd-9be3-361b4a1d428e', '2b5549f8-1cae-4dbb-9a63-d5c2b79a5668', '45739aea-6020-4900-8eea-25b9531d4284', '9ba62847-8377-4598-afab-c6cd22b92941'] {{(pid=116723) reserve /opt/stack/cinder/cinder/quota.py:755}}
Mar 31 21:39:18.955597 dv-cinder-836074-1-smb devstack@c-api.service[116723]: DEBUG cinder.volume.api [None req-9ef6ebd2-1aa8-45b7-aef4-da290b591d93 tempest-VolumesTestJSON-1321165685 tempest-VolumesTestJSON-1321165685-project] Task 'cinder.volume.flows.api.create_volume.QuotaReserveTask;volume:create' (9032a165-5f70-4746-bb9b-9e2e46bbe62c) transitioned into state 'SUCCESS' from state 'RUNNING' with result '{'reservations': ['874a1ac4-b5b5-43cd-9be3-361b4a1d428e', '2b5549f8-1cae-4dbb-9a63-d5c2b79a5668', '45739aea-6020-4900-8eea-25b9531d4284', '9ba62847-8377-4598-afab-c6cd22b92941']}' {{(pid=116723) _task_receiver /usr/local/lib/python3.8/dist-packages/taskflow/listeners/logging.py:178}}
Mar 31 21:39:18.959162 dv-cinder-836074-1-smb devstack@c-api.service[116723]: DEBUG cinder.volume.api [None req-9ef6ebd2-1aa8-45b7-aef4-da290b591d93 tempest-VolumesTestJSON-1321165685 tempest-VolumesTestJSON-1321165685-project] Task 'cinder.volume.flows.api.create_volume.EntryCreateTask;volume:create' (72496ce1-4137-4b4c-9c90-f2fc5cd05d2c) transitioned into state 'RUNNING' from state 'PENDING' {{(pid=116723) _task_receiver /usr/local/lib/python3.8/dist-packages/taskflow/listeners/logging.py:190}}
Mar 31 21:39:18.978533 dv-cinder-836074-1-smb devstack@c-api.service[116724]: /usr/local/lib/python3.8/dist-packages/oslo_context/context.py:100: DeprecationWarning: Policy enforcement is depending on the value of is_admin. This key is deprecated. Please update your policy file to use the standard policy values.
Mar 31 21:39:18.978533 dv-cinder-836074-1-smb devstack@c-api.service[116724]: warnings.warn('Policy enforcement is depending on the value of '
Mar 31 21:39:19.016152 dv-cinder-836074-1-smb devstack@c-api.service[116724]: INFO cinder.api.openstack.wsgi [None req-109844bf-6a78-4211-ac80-36c306132c5a tempest-GroupSnapshotsV319Test-835900806 tempest-GroupSnapshotsV319Test-835900806-project] http://10.222.0.11/volume/v3/cfb9263c9a684b2ba6e05cc9a7e6721b/volumes returned with HTTP 202
Mar 31 21:39:19.016780 dv-cinder-836074-1-smb devstack@c-api.service[116723]: DEBUG cinder.volume.api [None req-9ef6ebd2-1aa8-45b7-aef4-da290b591d93 tempest-VolumesTestJSON-1321165685 tempest-VolumesTestJSON-1321165685-project] Task 'cinder.volume.flows.api.create_volume.EntryCreateTask;volume:create' (72496ce1-4137-4b4c-9c90-f2fc5cd05d2c) transitioned into state 'SUCCESS' from state 'RUNNING' with result '{'volume_id': 'def8c63a-71a7-43ae-8cd0-5a6c268c3870', 'volume_properties': VolumeProperties(attach_status='detached',availability_zone='nova',cgsnapshot_id=None,consistencygroup_id=None,display_description=None,display_name='tempest-VolumesTestJSON-volume-1827712940',encryption_key_id=None,group_id=None,group_type_id=,metadata={Type='work'},multiattach=False,project_id='2740ef5f6fbd4aea9f65ed100a20e7e3',qos_specs=None,replication_status=,reservations=['874a1ac4-b5b5-43cd-9be3-361b4a1d428e','2b5549f8-1cae-4dbb-9a63-d5c2b79a5668','45739aea-6020-4900-8eea-25b9531d4284','9ba62847-8377-4598-afab-c6cd22b92941'],size=1,snapshot_id=None,source_replicaid=,source_volid=None,status='creating',user_id='ba4c4c4646424a359bed6cbccd7dde37',volume_type_id=3954c3c8-46c5-4a40-a6fa-692df2040dea), 'volume': Volume(_name_id=None,admin_metadata=,attach_status='detached',availability_zone='nova',bootable=False,cluster=,cluster_name=None,consistencygroup=,consistencygroup_id=None,created_at=2022-03-31T21:39:18Z,deleted=False,deleted_at=None,display_description=None,display_name='tempest-VolumesTestJSON-volume-1827712940',ec2_id=None,encryption_key_id=None,glance_metadata=,group=,group_id=None,host=None,id=def8c63a-71a7-43ae-8cd0-5a6c268c3870,launched_at=None,metadata={Type='work'},migration_status=None,multiattach=False,previous_status=None,project_id='2740ef5f6fbd4aea9f65ed100a20e7e3',provider_auth=None,provider_geometry=None,provider_id=None,provider_location=None,replication_driver_data=None,replication_extended_status=None,replication_status=None,scheduled_at=None,service_uuid=None,shared_targets=True,size=1,snapshot_id=None,snapshots=,source_volid=None,status='creating',terminated_at=None,updated_at=None,use_quota=True,user_id='ba4c4c4646424a359bed6cbccd7dde37',volume_attachment=VolumeAttachmentList,volume_type=VolumeType(3954c3c8-46c5-4a40-a6fa-692df2040dea),volume_type_id=3954c3c8-46c5-4a40-a6fa-692df2040dea)}' {{(pid=116723) _task_receiver /usr/local/lib/python3.8/dist-packages/taskflow/listeners/logging.py:178}}
Mar 31 21:39:19.030214 dv-cinder-836074-1-smb devstack@c-api.service[116724]: [pid: 116724|app: 0|req: 17/37] 10.222.0.11 () {62 vars in 1276 bytes} [Thu Mar 31 21:39:18 2022] POST /volume/v3/cfb9263c9a684b2ba6e05cc9a7e6721b/volumes => generated 915 bytes in 862 msecs (HTTP/1.1 202) 7 headers in 292 bytes (1 switches on core 0)
Mar 31 21:39:19.030214 dv-cinder-836074-1-smb devstack@c-api.service[116724]: DEBUG cinder.api.middleware.request_id [None req-7754bd95-b071-4d28-b230-63e04be1e952 None None] RequestId filter calling following filter/app {{(pid=116724) _context_setter /opt/stack/cinder/cinder/api/middleware/request_id.py:62}}
Mar 31 21:39:19.030724 dv-cinder-836074-1-smb devstack@c-api.service[116723]: DEBUG cinder.volume.api [None req-9ef6ebd2-1aa8-45b7-aef4-da290b591d93 tempest-VolumesTestJSON-1321165685 tempest-VolumesTestJSON-1321165685-project] Task 'cinder.volume.flows.api.create_volume.QuotaCommitTask;volume:create' (71a93cfb-33d6-4b0e-9b85-4d15d9732cd7) transitioned into state 'RUNNING' from state 'PENDING' {{(pid=116723) _task_receiver /usr/local/lib/python3.8/dist-packages/taskflow/listeners/logging.py:190}}
Mar 31 21:39:19.048280 dv-cinder-836074-1-smb devstack@c-api.service[116724]: INFO cinder.api.openstack.wsgi [None req-7754bd95-b071-4d28-b230-63e04be1e952 tempest-GroupSnapshotsTest-1945815500 tempest-GroupSnapshotsTest-1945815500-project] GET http://10.222.0.11/volume/v3/36a745c365194c0fbb9cd50691d9d606/volumes/7e9bf2b1-2a59-42e7-b73e-bb807001139c
Mar 31 21:39:19.049200 dv-cinder-836074-1-smb devstack@c-api.service[116724]: DEBUG cinder.api.openstack.wsgi [None req-7754bd95-b071-4d28-b230-63e04be1e952 tempest-GroupSnapshotsTest-1945815500 tempest-GroupSnapshotsTest-1945815500-project] Empty body provided in request {{(pid=116724) get_body /opt/stack/cinder/cinder/api/openstack/wsgi.py:715}}
Mar 31 21:39:19.050029 dv-cinder-836074-1-smb devstack@c-api.service[116724]: DEBUG cinder.api.openstack.wsgi [None req-7754bd95-b071-4d28-b230-63e04be1e952 tempest-GroupSnapshotsTest-1945815500 tempest-GroupSnapshotsTest-1945815500-project] Calling method 'show' {{(pid=116724) _process_stack /opt/stack/cinder/cinder/api/openstack/wsgi.py:868}}
Mar 31 21:39:19.073905 dv-cinder-836074-1-smb devstack@c-api.service[116723]: DEBUG cinder.volume.api [None req-9ef6ebd2-1aa8-45b7-aef4-da290b591d93 tempest-VolumesTestJSON-1321165685 tempest-VolumesTestJSON-1321165685-project] Task 'cinder.volume.flows.api.create_volume.QuotaCommitTask;volume:create' (71a93cfb-33d6-4b0e-9b85-4d15d9732cd7) transitioned into state 'SUCCESS' from state 'RUNNING' with result '{'volume_properties': VolumeProperties(attach_status='detached',availability_zone='nova',cgsnapshot_id=None,consistencygroup_id=None,display_description=None,display_name='tempest-VolumesTestJSON-volume-1827712940',encryption_key_id=None,group_id=None,group_type_id=,metadata={Type='work'},multiattach=False,project_id='2740ef5f6fbd4aea9f65ed100a20e7e3',qos_specs=None,replication_status=,reservations=['874a1ac4-b5b5-43cd-9be3-361b4a1d428e','2b5549f8-1cae-4dbb-9a63-d5c2b79a5668','45739aea-6020-4900-8eea-25b9531d4284','9ba62847-8377-4598-afab-c6cd22b92941'],size=1,snapshot_id=None,source_replicaid=,source_volid=None,status='creating',user_id='ba4c4c4646424a359bed6cbccd7dde37',volume_type_id=3954c3c8-46c5-4a40-a6fa-692df2040dea)}' {{(pid=116723) _task_receiver /usr/local/lib/python3.8/dist-packages/taskflow/listeners/logging.py:178}}
Mar 31 21:39:19.075881 dv-cinder-836074-1-smb devstack@c-api.service[116723]: DEBUG cinder.volume.api [None req-9ef6ebd2-1aa8-45b7-aef4-da290b591d93 tempest-VolumesTestJSON-1321165685 tempest-VolumesTestJSON-1321165685-project] Task 'cinder.volume.flows.api.create_volume.VolumeCastTask;volume:create' (243cbec7-03c5-4b11-9897-2bd5b80b9cfe) transitioned into state 'RUNNING' from state 'PENDING' {{(pid=116723) _task_receiver /usr/local/lib/python3.8/dist-packages/taskflow/listeners/logging.py:190}}
Mar 31 21:39:19.113813 dv-cinder-836074-1-smb devstack@c-api.service[116723]: DEBUG cinder.volume.api [None req-9ef6ebd2-1aa8-45b7-aef4-da290b591d93 tempest-VolumesTestJSON-1321165685 tempest-VolumesTestJSON-1321165685-project] Task 'cinder.volume.flows.api.create_volume.VolumeCastTask;volume:create' (243cbec7-03c5-4b11-9897-2bd5b80b9cfe) transitioned into state 'SUCCESS' from state 'RUNNING' with result 'None' {{(pid=116723) _task_receiver /usr/local/lib/python3.8/dist-packages/taskflow/listeners/logging.py:178}}
Mar 31 21:39:19.122620 dv-cinder-836074-1-smb devstack@c-api.service[116723]: DEBUG cinder.volume.api [None req-9ef6ebd2-1aa8-45b7-aef4-da290b591d93 tempest-VolumesTestJSON-1321165685 tempest-VolumesTestJSON-1321165685-project] Flow 'volume_create_api' (d8c022ee-d329-4d53-a245-defe8697c73e) transitioned into state 'SUCCESS' from state 'RUNNING' {{(pid=116723) _flow_receiver /usr/local/lib/python3.8/dist-packages/taskflow/listeners/logging.py:141}}
Mar 31 21:39:19.124132 dv-cinder-836074-1-smb devstack@c-api.service[116723]: INFO cinder.volume.api [None req-9ef6ebd2-1aa8-45b7-aef4-da290b591d93 tempest-VolumesTestJSON-1321165685 tempest-VolumesTestJSON-1321165685-project] Create volume request issued successfully.
Mar 31 21:39:19.126736 dv-cinder-836074-1-smb devstack@c-api.service[116724]: /usr/local/lib/python3.8/dist-packages/oslo_context/context.py:100: DeprecationWarning: Policy enforcement is depending on the value of is_admin. This key is deprecated. Please update your policy file to use the standard policy values.
Mar 31 21:39:19.126736 dv-cinder-836074-1-smb devstack@c-api.service[116724]: warnings.warn('Policy enforcement is depending on the value of '
Mar 31 21:39:19.128498 dv-cinder-836074-1-smb devstack@c-api.service[116723]: INFO cinder.api.openstack.wsgi [None req-9ef6ebd2-1aa8-45b7-aef4-da290b591d93 tempest-VolumesTestJSON-1321165685 tempest-VolumesTestJSON-1321165685-project] http://10.222.0.11/volume/v3/2740ef5f6fbd4aea9f65ed100a20e7e3/volumes returned with HTTP 202
Mar 31 21:39:19.133640 dv-cinder-836074-1-smb devstack@c-api.service[116723]: [pid: 116723|app: 0|req: 21/38] 10.222.0.11 () {60 vars in 1235 bytes} [Thu Mar 31 21:39:18 2022] POST /volume/v3/2740ef5f6fbd4aea9f65ed100a20e7e3/volumes => generated 829 bytes in 706 msecs (HTTP/1.1 202) 7 headers in 291 bytes (1 switches on core 0)
Mar 31 21:39:19.138524 dv-cinder-836074-1-smb devstack@c-api.service[116723]: DEBUG cinder.api.middleware.request_id [None req-d8026596-ebf4-4944-8aa9-f6dbf968a792 None None] RequestId filter calling following filter/app {{(pid=116723) _context_setter /opt/stack/cinder/cinder/api/middleware/request_id.py:62}}
Mar 31 21:39:19.153310 dv-cinder-836074-1-smb devstack@c-api.service[116723]: INFO cinder.api.openstack.wsgi [None req-d8026596-ebf4-4944-8aa9-f6dbf968a792 tempest-GroupSnapshotsV319Test-835900806 tempest-GroupSnapshotsV319Test-835900806-project] GET http://10.222.0.11/volume/v3/cfb9263c9a684b2ba6e05cc9a7e6721b/volumes/f7895b2e-26f7-46a4-b54f-f413a6af80e7
Mar 31 21:39:19.154166 dv-cinder-836074-1-smb devstack@c-api.service[116723]: DEBUG cinder.api.openstack.wsgi [None req-d8026596-ebf4-4944-8aa9-f6dbf968a792 tempest-GroupSnapshotsV319Test-835900806 tempest-GroupSnapshotsV319Test-835900806-project] Empty body provided in request {{(pid=116723) get_body /opt/stack/cinder/cinder/api/openstack/wsgi.py:715}}
