May 26 17:13:26.164089 dv-cinder-836073-5-smb devstack@keystone.service[80195]: DEBUG keystone.server.flask.request_processing.req_logging [None req-ba89c7fa-39b6-4d64-bba8-431a81d5654e None None] SCRIPT_NAME: `/identity` {{(pid=80195) log_request_info /opt/stack/keystone/keystone/server/flask/request_processing/req_logging.py:28}}
May 26 17:13:26.164089 dv-cinder-836073-5-smb devstack@keystone.service[80195]: DEBUG keystone.server.flask.request_processing.req_logging [None req-ba89c7fa-39b6-4d64-bba8-431a81d5654e None None] PATH_INFO: `/v3/auth/tokens` {{(pid=80195) log_request_info /opt/stack/keystone/keystone/server/flask/request_processing/req_logging.py:29}}
May 26 17:13:26.180257 dv-cinder-836073-5-smb devstack@keystone.service[80196]: DEBUG dbcounter [-] [80196] Writing DB stats keystone:SELECT=100 {{(pid=80196) stat_writer /usr/local/lib/python3.8/dist-packages/dbcounter.py:114}}
May 26 17:13:26.181236 dv-cinder-836073-5-smb devstack@keystone.service[80195]: DEBUG keystone.auth.core [None req-ba89c7fa-39b6-4d64-bba8-431a81d5654e None None] MFA Rules not processed for user `338d6f3b136b406a8dd3a671f8dd1f82`. Rule list: `[]` (Enabled: `True`). {{(pid=80195) check_auth_methods_against_rules /opt/stack/keystone/keystone/auth/core.py:438}}
May 26 17:13:26.182677 dv-cinder-836073-5-smb devstack@keystone.service[80195]: DEBUG keystone.common.fernet_utils [None req-ba89c7fa-39b6-4d64-bba8-431a81d5654e None None] Loaded 2 Fernet keys from /etc/keystone/fernet-keys/, but `[fernet_tokens] max_active_keys = 3`; perhaps there have not been enough key rotations to reach `max_active_keys` yet? {{(pid=80195) load_keys /opt/stack/keystone/keystone/common/fernet_utils.py:286}}
May 26 17:13:26.235898 dv-cinder-836073-5-smb devstack@keystone.service[80196]: DEBUG keystone.server.flask.request_processing.middleware.auth_context [None req-16582b94-2515-4c16-b6cb-452c5e01f056 None None] Validating token access rules against request {{(pid=80196) validate_allowed_request /usr/local/lib/python3.8/dist-packages/keystonemiddleware/auth_token/__init__.py:545}}
May 26 17:13:26.276855 dv-cinder-836073-5-smb devstack@keystone.service[80196]: DEBUG keystone.server.flask.request_processing.middleware.auth_context [None req-fc70b8a3-25c0-41d6-a2cd-7ecf82bbd450 None admin] RBAC: auth_context: {'token': , 'domain_id': None, 'trust_id': None, 'trustor_id': None, 'trustee_id': None, 'domain_name': None, 'group_ids': [], 'user_id': '338d6f3b136b406a8dd3a671f8dd1f82', 'user_domain_id': 'default', 'system_scope': 'all', 'project_id': None, 'project_domain_id': None, 'roles': ['admin', 'member', 'reader'], 'is_admin_project': True, 'service_user_id': None, 'service_user_domain_id': None, 'service_project_id': None, 'service_project_domain_id': None, 'service_roles': []} {{(pid=80196) fill_context /opt/stack/keystone/keystone/server/flask/request_processing/middleware/auth_context.py:478}}
May 26 17:13:26.277425 dv-cinder-836073-5-smb devstack@keystone.service[80195]: [pid: 80195|app: 0|req: 115/238] 10.222.0.120 () {58 vars in 1028 bytes} [Thu May 26 17:13:26 2022] POST /identity/v3/auth/tokens => generated 800 bytes in 113 msecs (HTTP/1.1 201) 6 headers in 363 bytes (1 switches on core 0)
May 26 17:13:26.277768 dv-cinder-836073-5-smb devstack@keystone.service[80196]: DEBUG keystone.server.flask.request_processing.req_logging [None req-fc70b8a3-25c0-41d6-a2cd-7ecf82bbd450 None admin] REQUEST_METHOD: `PUT` {{(pid=80196) log_request_info /opt/stack/keystone/keystone/server/flask/request_processing/req_logging.py:27}}
May 26 17:13:26.278826 dv-cinder-836073-5-smb devstack@keystone.service[80195]: DEBUG keystone.server.flask.request_processing.middleware.auth_context [None req-ba89c7fa-39b6-4d64-bba8-431a81d5654e None None] Authenticating user token {{(pid=80195) process_request /usr/local/lib/python3.8/dist-packages/keystonemiddleware/auth_token/__init__.py:407}}
May 26 17:13:26.284638 dv-cinder-836073-5-smb devstack@keystone.service[80196]: DEBUG keystone.server.flask.request_processing.req_logging [None req-fc70b8a3-25c0-41d6-a2cd-7ecf82bbd450 None admin] SCRIPT_NAME: `/identity` {{(pid=80196) log_request_info /opt/stack/keystone/keystone/server/flask/request_processing/req_logging.py:28}}
May 26 17:13:26.285186 dv-cinder-836073-5-smb devstack@keystone.service[80196]: DEBUG keystone.server.flask.request_processing.req_logging [None req-fc70b8a3-25c0-41d6-a2cd-7ecf82bbd450 None admin] PATH_INFO: `/v3/projects/b72385dac3b846c4a3b8fa4eb9934561/users/f46a14f2d1274ac78e1eae5381c555cb/roles/8ef3e914db1a432380b00020d79568fb` {{(pid=80196) log_request_info /opt/stack/keystone/keystone/server/flask/request_processing/req_logging.py:29}}
May 26 17:13:26.288588 dv-cinder-836073-5-smb devstack@keystone.service[80196]: DEBUG keystone.common.rbac_enforcer.enforcer [None req-fc70b8a3-25c0-41d6-a2cd-7ecf82bbd450 None admin] RBAC: Authorizing `identity:create_grant(project_id=b72385dac3b846c4a3b8fa4eb9934561, user_id=f46a14f2d1274ac78e1eae5381c555cb, role_id=8ef3e914db1a432380b00020d79568fb)` {{(pid=80196) enforce_call /opt/stack/keystone/keystone/common/rbac_enforcer/enforcer.py:449}}
May 26 17:13:26.294795 dv-cinder-836073-5-smb devstack@keystone.service[80196]: DEBUG keystone.common.rbac_enforcer.enforcer [None req-fc70b8a3-25c0-41d6-a2cd-7ecf82bbd450 None admin] RBAC: Authorization granted {{(pid=80196) enforce_call /opt/stack/keystone/keystone/common/rbac_enforcer/enforcer.py:457}}
May 26 17:13:26.313515 dv-cinder-836073-5-smb devstack@keystone.service[80196]: [pid: 80196|app: 0|req: 124/239] 10.222.0.120 () {58 vars in 1444 bytes} [Thu May 26 17:13:26 2022] PUT /identity/v3/projects/b72385dac3b846c4a3b8fa4eb9934561/users/f46a14f2d1274ac78e1eae5381c555cb/roles/8ef3e914db1a432380b00020d79568fb => generated 0 bytes in 221 msecs (HTTP/1.1 204) 3 headers in 132 bytes (0 switches on core 0)
May 26 17:13:26.314806 dv-cinder-836073-5-smb devstack@keystone.service[80196]: DEBUG keystone.server.flask.request_processing.middleware.auth_context [None req-fc70b8a3-25c0-41d6-a2cd-7ecf82bbd450 None admin] Authenticating user token {{(pid=80196) process_request /usr/local/lib/python3.8/dist-packages/keystonemiddleware/auth_token/__init__.py:407}}
May 26 17:13:26.447906 dv-cinder-836073-5-smb devstack@keystone.service[80195]: DEBUG keystone.server.flask.request_processing.middleware.auth_context [None req-ba89c7fa-39b6-4d64-bba8-431a81d5654e None None] Validating token access rules against request {{(pid=80195) validate_allowed_request /usr/local/lib/python3.8/dist-packages/keystonemiddleware/auth_token/__init__.py:545}}
May 26 17:13:26.473833 dv-cinder-836073-5-smb devstack@keystone.service[80195]: DEBUG dbcounter [-] [80195] Writing DB stats keystone:SELECT=100 {{(pid=80195) stat_writer /usr/local/lib/python3.8/dist-packages/dbcounter.py:114}}
May 26 17:13:26.480966 dv-cinder-836073-5-smb devstack@keystone.service[80196]: DEBUG keystone.server.flask.request_processing.middleware.auth_context [None req-fc70b8a3-25c0-41d6-a2cd-7ecf82bbd450 None admin] Validating token access rules against request {{(pid=80196) validate_allowed_request /usr/local/lib/python3.8/dist-packages/keystonemiddleware/auth_token/__init__.py:545}}
May 26 17:13:26.494033 dv-cinder-836073-5-smb devstack@keystone.service[80195]: DEBUG keystone.server.flask.request_processing.middleware.auth_context [None req-3b1ebe72-08f0-487f-b104-cc65aedbca05 None admin] RBAC: auth_context: {'token': , 'domain_id': None, 'trust_id': None, 'trustor_id': None, 'trustee_id': None, 'domain_name': None, 'group_ids': [], 'user_id': '338d6f3b136b406a8dd3a671f8dd1f82', 'user_domain_id': 'default', 'system_scope': 'all', 'project_id': None, 'project_domain_id': None, 'roles': ['admin', 'member', 'reader'], 'is_admin_project': True, 'service_user_id': None, 'service_user_domain_id': None, 'service_project_id': None, 'service_project_domain_id': None, 'service_roles': []} {{(pid=80195) fill_context /opt/stack/keystone/keystone/server/flask/request_processing/middleware/auth_context.py:478}}
May 26 17:13:26.495118 dv-cinder-836073-5-smb devstack@keystone.service[80195]: DEBUG keystone.server.flask.request_processing.req_logging [None req-3b1ebe72-08f0-487f-b104-cc65aedbca05 None admin] REQUEST_METHOD: `GET` {{(pid=80195) log_request_info /opt/stack/keystone/keystone/server/flask/request_processing/req_logging.py:27}}
May 26 17:13:26.495598 dv-cinder-836073-5-smb devstack@keystone.service[80195]: DEBUG keystone.server.flask.request_processing.req_logging [None req-3b1ebe72-08f0-487f-b104-cc65aedbca05 None admin] SCRIPT_NAME: `/identity` {{(pid=80195) log_request_info /opt/stack/keystone/keystone/server/flask/request_processing/req_logging.py:28}}
May 26 17:13:26.496091 dv-cinder-836073-5-smb devstack@keystone.service[80195]: DEBUG keystone.server.flask.request_processing.req_logging [None req-3b1ebe72-08f0-487f-b104-cc65aedbca05 None admin] PATH_INFO: `/v3/roles` {{(pid=80195) log_request_info /opt/stack/keystone/keystone/server/flask/request_processing/req_logging.py:29}}
May 26 17:13:26.497044 dv-cinder-836073-5-smb devstack@keystone.service[80195]: DEBUG keystone.common.rbac_enforcer.enforcer [None req-3b1ebe72-08f0-487f-b104-cc65aedbca05 None admin] RBAC: Adding query filter params (name=reader) {{(pid=80195) _extract_filter_values /opt/stack/keystone/keystone/common/rbac_enforcer/enforcer.py:167}}
May 26 17:13:26.497546 dv-cinder-836073-5-smb devstack@keystone.service[80195]: DEBUG keystone.common.rbac_enforcer.enforcer [None req-3b1ebe72-08f0-487f-b104-cc65aedbca05 None admin] RBAC: Authorizing `identity:list_roles()` {{(pid=80195) enforce_call /opt/stack/keystone/keystone/common/rbac_enforcer/enforcer.py:449}}
May 26 17:13:26.499202 dv-cinder-836073-5-smb devstack@keystone.service[80195]: DEBUG keystone.common.rbac_enforcer.enforcer [None req-3b1ebe72-08f0-487f-b104-cc65aedbca05 None admin] RBAC: Authorization granted {{(pid=80195) enforce_call /opt/stack/keystone/keystone/common/rbac_enforcer/enforcer.py:457}}
May 26 17:13:26.503987 dv-cinder-836073-5-smb devstack@keystone.service[80196]: DEBUG dbcounter [-] [80196] Writing DB stats keystone:SELECT=99,keystone:INSERT=1 {{(pid=80196) stat_writer /usr/local/lib/python3.8/dist-packages/dbcounter.py:114}}
May 26 17:13:26.514168 dv-cinder-836073-5-smb devstack@keystone.service[80195]: [pid: 80195|app: 0|req: 116/240] 10.222.0.120 () {56 vars in 1106 bytes} [Thu May 26 17:13:26 2022] GET /identity/v3/roles?name=reader => generated 343 bytes in 236 msecs (HTTP/1.1 200) 5 headers in 177 bytes (1 switches on core 0)
May 26 17:13:26.515543 dv-cinder-836073-5-smb devstack@keystone.service[80195]: DEBUG keystone.server.flask.request_processing.req_logging [None req-7307c793-c024-4585-b946-f062e34fa4fc None None] REQUEST_METHOD: `GET` {{(pid=80195) log_request_info /opt/stack/keystone/keystone/server/flask/request_processing/req_logging.py:27}}
May 26 17:13:26.515827 dv-cinder-836073-5-smb devstack@keystone.service[80195]: DEBUG keystone.server.flask.request_processing.req_logging [None req-7307c793-c024-4585-b946-f062e34fa4fc None None] SCRIPT_NAME: `/identity` {{(pid=80195) log_request_info /opt/stack/keystone/keystone/server/flask/request_processing/req_logging.py:28}}
May 26 17:13:26.516103 dv-cinder-836073-5-smb devstack@keystone.service[80195]: DEBUG keystone.server.flask.request_processing.req_logging [None req-7307c793-c024-4585-b946-f062e34fa4fc None None] PATH_INFO: `/` {{(pid=80195) log_request_info /opt/stack/keystone/keystone/server/flask/request_processing/req_logging.py:29}}
May 26 17:13:26.517591 dv-cinder-836073-5-smb devstack@keystone.service[80195]: [pid: 80195|app: 0|req: 117/241] 10.222.0.120 () {54 vars in 931 bytes} [Thu May 26 17:13:26 2022] GET /identity => generated 271 bytes in 3 msecs (HTTP/1.1 300) 6 headers in 235 bytes (1 switches on core 0)
May 26 17:13:26.524303 dv-cinder-836073-5-smb devstack@keystone.service[80195]: DEBUG keystone.server.flask.request_processing.req_logging [None req-bf647855-e7fa-486d-95aa-b48ee03aac72 None None] REQUEST_METHOD: `POST` {{(pid=80195) log_request_info /opt/stack/keystone/keystone/server/flask/request_processing/req_logging.py:27}}
May 26 17:13:26.524303 dv-cinder-836073-5-smb devstack@keystone.service[80195]: DEBUG keystone.server.flask.request_processing.req_logging [None req-bf647855-e7fa-486d-95aa-b48ee03aac72 None None] SCRIPT_NAME: `/identity` {{(pid=80195) log_request_info /opt/stack/keystone/keystone/server/flask/request_processing/req_logging.py:28}}
May 26 17:13:26.524303 dv-cinder-836073-5-smb devstack@keystone.service[80195]: DEBUG keystone.server.flask.request_processing.req_logging [None req-bf647855-e7fa-486d-95aa-b48ee03aac72 None None] PATH_INFO: `/v3/auth/tokens` {{(pid=80195) log_request_info /opt/stack/keystone/keystone/server/flask/request_processing/req_logging.py:29}}
May 26 17:13:26.531570 dv-cinder-836073-5-smb devstack@keystone.service[80196]: DEBUG keystone.server.flask.request_processing.middleware.auth_context [None req-3f85048c-eba4-4bbc-93c3-d7a149172a14 None admin] RBAC: auth_context: {'token': , 'domain_id': None, 'trust_id': None, 'trustor_id': None, 'trustee_id': None, 'domain_name': None, 'group_ids': [], 'user_id': '338d6f3b136b406a8dd3a671f8dd1f82', 'user_domain_id': 'default', 'system_scope': 'all', 'project_id': None, 'project_domain_id': None, 'roles': ['admin', 'member', 'reader'], 'is_admin_project': True, 'service_user_id': None, 'service_user_domain_id': None, 'service_project_id': None, 'service_project_domain_id': None, 'service_roles': []} {{(pid=80196) fill_context /opt/stack/keystone/keystone/server/flask/request_processing/middleware/auth_context.py:478}}
May 26 17:13:26.532644 dv-cinder-836073-5-smb devstack@keystone.service[80196]: DEBUG keystone.server.flask.request_processing.req_logging [None req-3f85048c-eba4-4bbc-93c3-d7a149172a14 None admin] REQUEST_METHOD: `GET` {{(pid=80196) log_request_info /opt/stack/keystone/keystone/server/flask/request_processing/req_logging.py:27}}
May 26 17:13:26.533127 dv-cinder-836073-5-smb devstack@keystone.service[80196]: DEBUG keystone.server.flask.request_processing.req_logging [None req-3f85048c-eba4-4bbc-93c3-d7a149172a14 None admin] SCRIPT_NAME: `/identity` {{(pid=80196) log_request_info /opt/stack/keystone/keystone/server/flask/request_processing/req_logging.py:28}}
May 26 17:13:26.533628 dv-cinder-836073-5-smb devstack@keystone.service[80196]: DEBUG keystone.server.flask.request_processing.req_logging [None req-3f85048c-eba4-4bbc-93c3-d7a149172a14 None admin] PATH_INFO: `/v3/domains/default` {{(pid=80196) log_request_info /opt/stack/keystone/keystone/server/flask/request_processing/req_logging.py:29}}
May 26 17:13:26.535350 dv-cinder-836073-5-smb devstack@keystone.service[80196]: DEBUG keystone.common.rbac_enforcer.enforcer [None req-3f85048c-eba4-4bbc-93c3-d7a149172a14 None admin] RBAC: Authorizing `identity:get_domain(domain_id=default)` {{(pid=80196) enforce_call /opt/stack/keystone/keystone/common/rbac_enforcer/enforcer.py:449}}
May 26 17:13:26.537236 dv-cinder-836073-5-smb devstack@keystone.service[80196]: DEBUG keystone.common.rbac_enforcer.enforcer [None req-3f85048c-eba4-4bbc-93c3-d7a149172a14 None admin] RBAC: Authorization granted {{(pid=80196) enforce_call /opt/stack/keystone/keystone/common/rbac_enforcer/enforcer.py:457}}
May 26 17:13:26.539266 dv-cinder-836073-5-smb devstack@keystone.service[80196]: [pid: 80196|app: 0|req: 125/242] 10.222.0.120 () {56 vars in 1113 bytes} [Thu May 26 17:13:26 2022] GET /identity/v3/domains/default => generated 200 bytes in 225 msecs (HTTP/1.1 200) 5 headers in 177 bytes (1 switches on core 0)
May 26 17:13:26.540316 dv-cinder-836073-5-smb devstack@keystone.service[80196]: DEBUG keystone.server.flask.request_processing.middleware.auth_context [None req-3f85048c-eba4-4bbc-93c3-d7a149172a14 None admin] Authenticating user token {{(pid=80196) process_request /usr/local/lib/python3.8/dist-packages/keystonemiddleware/auth_token/__init__.py:407}}
May 26 17:13:26.542038 dv-cinder-836073-5-smb devstack@keystone.service[80195]: DEBUG keystone.auth.core [None req-bf647855-e7fa-486d-95aa-b48ee03aac72 None None] MFA Rules not processed for user `338d6f3b136b406a8dd3a671f8dd1f82`. Rule list: `[]` (Enabled: `True`). {{(pid=80195) check_auth_methods_against_rules /opt/stack/keystone/keystone/auth/core.py:438}}
May 26 17:13:26.543293 dv-cinder-836073-5-smb devstack@keystone.service[80195]: DEBUG keystone.common.fernet_utils [None req-bf647855-e7fa-486d-95aa-b48ee03aac72 None None] Loaded 2 Fernet keys from /etc/keystone/fernet-keys/, but `[fernet_tokens] max_active_keys = 3`; perhaps there have not been enough key rotations to reach `max_active_keys` yet? {{(pid=80195) load_keys /opt/stack/keystone/keystone/common/fernet_utils.py:286}}
May 26 17:13:26.638593 dv-cinder-836073-5-smb devstack@keystone.service[80195]: [pid: 80195|app: 0|req: 118/243] 10.222.0.120 () {58 vars in 1028 bytes} [Thu May 26 17:13:26 2022] POST /identity/v3/auth/tokens => generated 800 bytes in 116 msecs (HTTP/1.1 201) 6 headers in 363 bytes (2 switches on core 0)
May 26 17:13:26.639353 dv-cinder-836073-5-smb devstack@keystone.service[80195]: DEBUG keystone.server.flask.request_processing.middleware.auth_context [None req-bf647855-e7fa-486d-95aa-b48ee03aac72 None None] Authenticating user token {{(pid=80195) process_request /usr/local/lib/python3.8/dist-packages/keystonemiddleware/auth_token/__init__.py:407}}
May 26 17:13:26.675486 dv-cinder-836073-5-smb devstack@keystone.service[80196]: DEBUG keystone.server.flask.request_processing.middleware.auth_context [None req-3f85048c-eba4-4bbc-93c3-d7a149172a14 None admin] Validating token access rules against request {{(pid=80196) validate_allowed_request /usr/local/lib/python3.8/dist-packages/keystonemiddleware/auth_token/__init__.py:545}}
May 26 17:13:26.713747 dv-cinder-836073-5-smb devstack@keystone.service[80196]: DEBUG keystone.server.flask.request_processing.middleware.auth_context [None req-d2d18cc3-2a71-4b70-9678-f16b44bc4faf None admin] RBAC: auth_context: {'token': , 'domain_id': None, 'trust_id': None, 'trustor_id': None, 'trustee_id': None, 'domain_name': None, 'group_ids': [], 'user_id': '338d6f3b136b406a8dd3a671f8dd1f82', 'user_domain_id': 'default', 'system_scope': 'all', 'project_id': None, 'project_domain_id': None, 'roles': ['admin', 'member', 'reader'], 'is_admin_project': True, 'service_user_id': None, 'service_user_domain_id': None, 'service_project_id': None, 'service_project_domain_id': None, 'service_roles': []} {{(pid=80196) fill_context /opt/stack/keystone/keystone/server/flask/request_processing/middleware/auth_context.py:478}}
May 26 17:13:26.714815 dv-cinder-836073-5-smb devstack@keystone.service[80196]: DEBUG keystone.server.flask.request_processing.req_logging [None req-d2d18cc3-2a71-4b70-9678-f16b44bc4faf None admin] REQUEST_METHOD: `GET` {{(pid=80196) log_request_info /opt/stack/keystone/keystone/server/flask/request_processing/req_logging.py:27}}
May 26 17:13:26.715446 dv-cinder-836073-5-smb devstack@keystone.service[80196]: DEBUG keystone.server.flask.request_processing.req_logging [None req-d2d18cc3-2a71-4b70-9678-f16b44bc4faf None admin] SCRIPT_NAME: `/identity` {{(pid=80196) log_request_info /opt/stack/keystone/keystone/server/flask/request_processing/req_logging.py:28}}
May 26 17:13:26.715744 dv-cinder-836073-5-smb devstack@keystone.service[80196]: DEBUG keystone.server.flask.request_processing.req_logging [None req-d2d18cc3-2a71-4b70-9678-f16b44bc4faf None admin] PATH_INFO: `/v3/users/58828c39cc9d4fa4be10857bbad068b5` {{(pid=80196) log_request_info /opt/stack/keystone/keystone/server/flask/request_processing/req_logging.py:29}}
May 26 17:13:26.733713 dv-cinder-836073-5-smb devstack@keystone.service[80196]: DEBUG keystone.common.rbac_enforcer.enforcer [None req-d2d18cc3-2a71-4b70-9678-f16b44bc4faf None admin] RBAC: Authorizing `identity:get_user(user_id=58828c39cc9d4fa4be10857bbad068b5)` {{(pid=80196) enforce_call /opt/stack/keystone/keystone/common/rbac_enforcer/enforcer.py:449}}
May 26 17:13:26.735932 dv-cinder-836073-5-smb devstack@keystone.service[80196]: DEBUG keystone.common.rbac_enforcer.enforcer [None req-d2d18cc3-2a71-4b70-9678-f16b44bc4faf None admin] RBAC: Authorization granted {{(pid=80196) enforce_call /opt/stack/keystone/keystone/common/rbac_enforcer/enforcer.py:457}}
May 26 17:13:26.737961 dv-cinder-836073-5-smb devstack@keystone.service[80196]: [pid: 80196|app: 0|req: 126/244] 10.222.0.120 () {56 vars in 1182 bytes} [Thu May 26 17:13:26 2022] GET /identity/v3/users/58828c39cc9d4fa4be10857bbad068b5 => generated 298 bytes in 198 msecs (HTTP/1.1 200) 5 headers in 177 bytes (1 switches on core 0)
May 26 17:13:26.738920 dv-cinder-836073-5-smb devstack@keystone.service[80196]: DEBUG keystone.server.flask.request_processing.middleware.auth_context [None req-d2d18cc3-2a71-4b70-9678-f16b44bc4faf None admin] Authenticating user token {{(pid=80196) process_request /usr/local/lib/python3.8/dist-packages/keystonemiddleware/auth_token/__init__.py:407}}
May 26 17:13:26.784966 dv-cinder-836073-5-smb devstack@keystone.service[80195]: DEBUG keystone.server.flask.request_processing.middleware.auth_context [None req-bf647855-e7fa-486d-95aa-b48ee03aac72 None None] Validating token access rules against request {{(pid=80195) validate_allowed_request /usr/local/lib/python3.8/dist-packages/keystonemiddleware/auth_token/__init__.py:545}}
May 26 17:13:26.794495 dv-cinder-836073-5-smb devstack@keystone.service[80196]: DEBUG dbcounter [-] [80196] Writing DB stats keystone:SELECT=100 {{(pid=80196) stat_writer /usr/local/lib/python3.8/dist-packages/dbcounter.py:114}}
May 26 17:13:26.805056 dv-cinder-836073-5-smb devstack@keystone.service[80195]: DEBUG dbcounter [-] [80195] Writing DB stats keystone:SELECT=100 {{(pid=80195) stat_writer /usr/local/lib/python3.8/dist-packages/dbcounter.py:114}}
May 26 17:13:26.832759 dv-cinder-836073-5-smb devstack@keystone.service[80195]: DEBUG keystone.server.flask.request_processing.middleware.auth_context [None req-7ea7e681-b127-4745-a123-d4386dfbaaba None admin] RBAC: auth_context: {'token': , 'domain_id': None, 'trust_id': None, 'trustor_id': None, 'trustee_id': None, 'domain_name': None, 'group_ids': [], 'user_id': '338d6f3b136b406a8dd3a671f8dd1f82', 'user_domain_id': 'default', 'system_scope': 'all', 'project_id': None, 'project_domain_id': None, 'roles': ['admin', 'member', 'reader'], 'is_admin_project': True, 'service_user_id': None, 'service_user_domain_id': None, 'service_project_id': None, 'service_project_domain_id': None, 'service_roles': []} {{(pid=80195) fill_context /opt/stack/keystone/keystone/server/flask/request_processing/middleware/auth_context.py:478}}
May 26 17:13:26.833439 dv-cinder-836073-5-smb devstack@keystone.service[80195]: DEBUG keystone.server.flask.request_processing.req_logging [None req-7ea7e681-b127-4745-a123-d4386dfbaaba None admin] REQUEST_METHOD: `POST` {{(pid=80195) log_request_info /opt/stack/keystone/keystone/server/flask/request_processing/req_logging.py:27}}
May 26 17:13:26.833721 dv-cinder-836073-5-smb devstack@keystone.service[80195]: DEBUG keystone.server.flask.request_processing.req_logging [None req-7ea7e681-b127-4745-a123-d4386dfbaaba None admin] SCRIPT_NAME: `/identity` {{(pid=80195) log_request_info /opt/stack/keystone/keystone/server/flask/request_processing/req_logging.py:28}}
May 26 17:13:26.833999 dv-cinder-836073-5-smb devstack@keystone.service[80195]: DEBUG keystone.server.flask.request_processing.req_logging [None req-7ea7e681-b127-4745-a123-d4386dfbaaba None admin] PATH_INFO: `/v3/users` {{(pid=80195) log_request_info /opt/stack/keystone/keystone/server/flask/request_processing/req_logging.py:29}}
May 26 17:13:26.834746 dv-cinder-836073-5-smb devstack@keystone.service[80195]: DEBUG keystone.common.rbac_enforcer.enforcer [None req-7ea7e681-b127-4745-a123-d4386dfbaaba None admin] RBAC: Authorizing `identity:create_user()` {{(pid=80195) enforce_call /opt/stack/keystone/keystone/common/rbac_enforcer/enforcer.py:449}}
May 26 17:13:26.836228 dv-cinder-836073-5-smb devstack@keystone.service[80195]: DEBUG keystone.common.rbac_enforcer.enforcer [None req-7ea7e681-b127-4745-a123-d4386dfbaaba None admin] RBAC: Authorization granted {{(pid=80195) enforce_call /opt/stack/keystone/keystone/common/rbac_enforcer/enforcer.py:457}}
May 26 17:13:26.861726 dv-cinder-836073-5-smb devstack@keystone.service[80195]: [pid: 80195|app: 0|req: 119/245] 10.222.0.120 () {60 vars in 1137 bytes} [Thu May 26 17:13:26 2022] POST /identity/v3/users => generated 294 bytes in 222 msecs (HTTP/1.1 201) 5 headers in 182 bytes (1 switches on core 0)
May 26 17:13:26.863270 dv-cinder-836073-5-smb devstack@keystone.service[80195]: DEBUG keystone.server.flask.request_processing.middleware.auth_context [None req-7ea7e681-b127-4745-a123-d4386dfbaaba None admin] Authenticating user token {{(pid=80195) process_request /usr/local/lib/python3.8/dist-packages/keystonemiddleware/auth_token/__init__.py:407}}
May 26 17:13:26.872731 dv-cinder-836073-5-smb devstack@keystone.service[80196]: DEBUG keystone.server.flask.request_processing.middleware.auth_context [None req-d2d18cc3-2a71-4b70-9678-f16b44bc4faf None admin] Validating token access rules against request {{(pid=80196) validate_allowed_request /usr/local/lib/python3.8/dist-packages/keystonemiddleware/auth_token/__init__.py:545}}
May 26 17:13:26.925229 dv-cinder-836073-5-smb devstack@keystone.service[80196]: DEBUG keystone.server.flask.request_processing.middleware.auth_context [None req-eaea0646-7156-43ac-b7bf-653d04791acd None admin] RBAC: auth_context: {'token': , 'domain_id': None, 'trust_id': None, 'trustor_id': None, 'trustee_id': None, 'domain_name': None, 'group_ids': [], 'user_id': '338d6f3b136b406a8dd3a671f8dd1f82', 'user_domain_id': 'default', 'system_scope': 'all', 'project_id': None, 'project_domain_id': None, 'roles': ['admin', 'member', 'reader'], 'is_admin_project': True, 'service_user_id': None, 'service_user_domain_id': None, 'service_project_id': None, 'service_project_domain_id': None, 'service_roles': []} {{(pid=80196) fill_context /opt/stack/keystone/keystone/server/flask/request_processing/middleware/auth_context.py:478}}
May 26 17:13:26.925938 dv-cinder-836073-5-smb devstack@keystone.service[80196]: DEBUG keystone.server.flask.request_processing.req_logging [None req-eaea0646-7156-43ac-b7bf-653d04791acd None admin] REQUEST_METHOD: `GET` {{(pid=80196) log_request_info /opt/stack/keystone/keystone/server/flask/request_processing/req_logging.py:27}}
May 26 17:13:26.926244 dv-cinder-836073-5-smb devstack@keystone.service[80196]: DEBUG keystone.server.flask.request_processing.req_logging [None req-eaea0646-7156-43ac-b7bf-653d04791acd None admin] SCRIPT_NAME: `/identity` {{(pid=80196) log_request_info /opt/stack/keystone/keystone/server/flask/request_processing/req_logging.py:28}}
May 26 17:13:26.926523 dv-cinder-836073-5-smb devstack@keystone.service[80196]: DEBUG keystone.server.flask.request_processing.req_logging [None req-eaea0646-7156-43ac-b7bf-653d04791acd None admin] PATH_INFO: `/v3/roles/member` {{(pid=80196) log_request_info /opt/stack/keystone/keystone/server/flask/request_processing/req_logging.py:29}}
May 26 17:13:26.945113 dv-cinder-836073-5-smb devstack@keystone.service[80196]: DEBUG keystone.common.rbac_enforcer.enforcer [None req-eaea0646-7156-43ac-b7bf-653d04791acd None admin] Extracting inferred target data resulted in "NOT FOUND (404)". {{(pid=80196) enforce_call /opt/stack/keystone/keystone/common/rbac_enforcer/enforcer.py:409}}
May 26 17:13:26.954600 dv-cinder-836073-5-smb devstack@keystone.service[80196]: ERROR keystone.server.flask.application [None req-eaea0646-7156-43ac-b7bf-653d04791acd None admin] Could not find role: member.: keystone.exception.RoleNotFound: Could not find role: member.
May 26 17:13:26.954600 dv-cinder-836073-5-smb devstack@keystone.service[80196]: ERROR keystone.server.flask.application
Traceback (most recent call last):
May 26 17:13:26.954600 dv-cinder-836073-5-smb devstack@keystone.service[80196]: ERROR keystone.server.flask.application
File "/usr/local/lib/python3.8/dist-packages/flask/app.py", line 1523, in full_dispatch_request
May 26 17:13:26.954600 dv-cinder-836073-5-smb devstack@keystone.service[80196]: ERROR keystone.server.flask.application rv = self.dispatch_request()
May 26 17:13:26.954600 dv-cinder-836073-5-smb devstack@keystone.service[80196]: ERROR keystone.server.flask.application
File "/usr/local/lib/python3.8/dist-packages/flask/app.py", line 1509, in dispatch_request
May 26 17:13:26.954600 dv-cinder-836073-5-smb devstack@keystone.service[80196]: ERROR keystone.server.flask.application return self.ensure_sync(self.view_functions[rule.endpoint])(**req.view_args)
May 26 17:13:26.954600 dv-cinder-836073-5-smb devstack@keystone.service[80196]: ERROR keystone.server.flask.application
File "/usr/local/lib/python3.8/dist-packages/flask_restful/__init__.py", line 467, in wrapper
May 26 17:13:26.954600 dv-cinder-836073-5-smb devstack@keystone.service[80196]: ERROR keystone.server.flask.application resp = resource(*args, **kwargs)
May 26 17:13:26.954600 dv-cinder-836073-5-smb devstack@keystone.service[80196]: ERROR keystone.server.flask.application
File "/usr/local/lib/python3.8/dist-packages/flask/views.py", line 84, in view
May 26 17:13:26.954600 dv-cinder-836073-5-smb devstack@keystone.service[80196]: ERROR keystone.server.flask.application return current_app.ensure_sync(self.dispatch_request)(*args, **kwargs)
May 26 17:13:26.954600 dv-cinder-836073-5-smb devstack@keystone.service[80196]: ERROR keystone.server.flask.application
File "/usr/local/lib/python3.8/dist-packages/flask_restful/__init__.py", line 582, in dispatch_request
May 26 17:13:26.954600 dv-cinder-836073-5-smb devstack@keystone.service[80196]: ERROR keystone.server.flask.application resp = meth(*args, **kwargs)
May 26 17:13:26.954600 dv-cinder-836073-5-smb devstack@keystone.service[80196]: ERROR keystone.server.flask.application
File "/opt/stack/keystone/keystone/api/roles.py", line 50, in get
May 26 17:13:26.954600 dv-cinder-836073-5-smb devstack@keystone.service[80196]: ERROR keystone.server.flask.application return self._get_role(role_id)
May 26 17:13:26.954600 dv-cinder-836073-5-smb devstack@keystone.service[80196]: ERROR keystone.server.flask.application
File "/opt/stack/keystone/keystone/api/roles.py", line 70, in _get_role
May 26 17:13:26.954600 dv-cinder-836073-5-smb devstack@keystone.service[80196]: ERROR keystone.server.flask.application ENFORCER.enforce_call(action='identity:get_role')
May 26 17:13:26.955719 dv-cinder-836073-5-smb devstack@keystone.service[80196]: ERROR keystone.server.flask.application
File "/opt/stack/keystone/keystone/common/rbac_enforcer/enforcer.py", line 402, in enforce_call
May 26 17:13:26.955719 dv-cinder-836073-5-smb devstack@keystone.service[80196]: ERROR keystone.server.flask.application policy_dict.update(cls._extract_member_target_data(
May 26 17:13:26.955719 dv-cinder-836073-5-smb devstack@keystone.service[80196]: ERROR keystone.server.flask.application
File "/opt/stack/keystone/keystone/common/rbac_enforcer/enforcer.py", line 234, in _extract_member_target_data
May 26 17:13:26.955719 dv-cinder-836073-5-smb devstack@keystone.service[80196]: ERROR keystone.server.flask.application member_name: func(flask.request.view_args[key])
May 26 17:13:26.955719 dv-cinder-836073-5-smb devstack@keystone.service[80196]: ERROR keystone.server.flask.application
File "/opt/stack/keystone/keystone/common/manager.py", line 115, in wrapped
May 26 17:13:26.955719 dv-cinder-836073-5-smb devstack@keystone.service[80196]: ERROR keystone.server.flask.application __ret_val = __f(*args, **kwargs)
May 26 17:13:26.955719 dv-cinder-836073-5-smb devstack@keystone.service[80196]: ERROR keystone.server.flask.application
File "/usr/local/lib/python3.8/dist-packages/decorator.py", line 232, in fun
May 26 17:13:26.955719 dv-cinder-836073-5-smb devstack@keystone.service[80196]: ERROR keystone.server.flask.application return caller(func, *(extras + args), **kw)
May 26 17:13:26.955719 dv-cinder-836073-5-smb devstack@keystone.service[80196]: ERROR keystone.server.flask.application
File "/usr/local/lib/python3.8/dist-packages/dogpile/cache/region.py", line 1577, in get_or_create_for_user_func
May 26 17:13:26.955719 dv-cinder-836073-5-smb devstack@keystone.service[80196]: ERROR keystone.server.flask.application return self.get_or_create(
May 26 17:13:26.955719 dv-cinder-836073-5-smb devstack@keystone.service[80196]: ERROR keystone.server.flask.application
File "/usr/local/lib/python3.8/dist-packages/dogpile/cache/region.py", line 1042, in get_or_create
May 26 17:13:26.955719 dv-cinder-836073-5-smb devstack@keystone.service[80196]: ERROR keystone.server.flask.application with Lock(
May 26 17:13:26.955719 dv-cinder-836073-5-smb devstack@keystone.service[80196]: ERROR keystone.server.flask.application
File "/usr/local/lib/python3.8/dist-packages/dogpile/lock.py", line 185, in __enter__
May 26 17:13:26.955719 dv-cinder-836073-5-smb devstack@keystone.service[80196]: ERROR keystone.server.flask.application return self._enter()
May 26 17:13:26.955719 dv-cinder-836073-5-smb devstack@keystone.service[80196]: ERROR keystone.server.flask.application
File "/usr/local/lib/python3.8/dist-packages/dogpile/lock.py", line 94, in _enter
May 26 17:13:26.955719 dv-cinder-836073-5-smb devstack@keystone.service[80196]: ERROR keystone.server.flask.application generated = self._enter_create(value, createdtime)
May 26 17:13:26.956524 dv-cinder-836073-5-smb devstack@keystone.service[80196]: ERROR keystone.server.flask.application
File "/usr/local/lib/python3.8/dist-packages/dogpile/lock.py", line 178, in _enter_create
May 26 17:13:26.956524 dv-cinder-836073-5-smb devstack@keystone.service[80196]: ERROR keystone.server.flask.application return self.creator()
May 26 17:13:26.956524 dv-cinder-836073-5-smb devstack@keystone.service[80196]: ERROR keystone.server.flask.application
File "/usr/local/lib/python3.8/dist-packages/dogpile/cache/region.py", line 995, in gen_value
May 26 17:13:26.956524 dv-cinder-836073-5-smb devstack@keystone.service[80196]: ERROR keystone.server.flask.application created_value = creator(
May 26 17:13:26.956524 dv-cinder-836073-5-smb devstack@keystone.service[80196]: ERROR keystone.server.flask.application
File "/opt/stack/keystone/keystone/assignment/core.py", line 1276, in get_role
May 26 17:13:26.956524 dv-cinder-836073-5-smb devstack@keystone.service[80196]: ERROR keystone.server.flask.application return self.driver.get_role(role_id)
May 26 17:13:26.956524 dv-cinder-836073-5-smb devstack@keystone.service[80196]: ERROR keystone.server.flask.application
File "/opt/stack/keystone/keystone/assignment/role_backends/sql.py", line 70, in get_role
May 26 17:13:26.956524 dv-cinder-836073-5-smb devstack@keystone.service[80196]: ERROR keystone.server.flask.application return self._get_role(session, role_id).to_dict()
May 26 17:13:26.956524 dv-cinder-836073-5-smb devstack@keystone.service[80196]: ERROR keystone.server.flask.application
File "/opt/stack/keystone/keystone/assignment/role_backends/sql.py", line 65, in _get_role
May 26 17:13:26.956524 dv-cinder-836073-5-smb devstack@keystone.service[80196]: ERROR keystone.server.flask.application raise exception.RoleNotFound(role_id=role_id)
May 26 17:13:26.956524 dv-cinder-836073-5-smb devstack@keystone.service[80196]: ERROR keystone.server.flask.application keystone.exception.RoleNotFound: Could not find role: member.
May 26 17:13:26.956524 dv-cinder-836073-5-smb devstack@keystone.service[80196]: ERROR keystone.server.flask.application
May 26 17:13:26.956524 dv-cinder-836073-5-smb devstack@keystone.service[80196]: [pid: 80196|app: 0|req: 127/246] 10.222.0.120 () {56 vars in 1104 bytes} [Thu May 26 17:13:26 2022] GET /identity/v3/roles/member => generated 84 bytes in 218 msecs (HTTP/1.1 404) 5 headers in 183 bytes (1 switches on core 0)
May 26 17:13:26.968063 dv-cinder-836073-5-smb devstack@keystone.service[80196]: DEBUG keystone.server.flask.request_processing.middleware.auth_context [None req-eaea0646-7156-43ac-b7bf-653d04791acd None admin] Authenticating user token {{(pid=80196) process_request /usr/local/lib/python3.8/dist-packages/keystonemiddleware/auth_token/__init__.py:407}}
May 26 17:13:27.003297 dv-cinder-836073-5-smb devstack@keystone.service[80195]: DEBUG keystone.server.flask.request_processing.middleware.auth_context [None req-7ea7e681-b127-4745-a123-d4386dfbaaba None admin] Validating token access rules against request {{(pid=80195) validate_allowed_request /usr/local/lib/python3.8/dist-packages/keystonemiddleware/auth_token/__init__.py:545}}
May 26 17:13:27.045450 dv-cinder-836073-5-smb devstack@keystone.service[80195]: DEBUG keystone.server.flask.request_processing.middleware.auth_context [None req-14ce317d-59fc-4dc3-b84b-130fa32ef59a None admin] RBAC: auth_context: {'token': , 'domain_id': None, 'trust_id': None, 'trustor_id': None, 'trustee_id': None, 'domain_name': None, 'group_ids': [], 'user_id': '338d6f3b136b406a8dd3a671f8dd1f82', 'user_domain_id': 'default', 'system_scope': 'all', 'project_id': None, 'project_domain_id': None, 'roles': ['admin', 'member', 'reader'], 'is_admin_project': True, 'service_user_id': None, 'service_user_domain_id': None, 'service_project_id': None, 'service_project_domain_id': None, 'service_roles': []} {{(pid=80195) fill_context /opt/stack/keystone/keystone/server/flask/request_processing/middleware/auth_context.py:478}}
May 26 17:13:27.046631 dv-cinder-836073-5-smb devstack@keystone.service[80195]: DEBUG keystone.server.flask.request_processing.req_logging [None req-14ce317d-59fc-4dc3-b84b-130fa32ef59a None admin] REQUEST_METHOD: `GET` {{(pid=80195) log_request_info /opt/stack/keystone/keystone/server/flask/request_processing/req_logging.py:27}}
May 26 17:13:27.046937 dv-cinder-836073-5-smb devstack@keystone.service[80195]: DEBUG keystone.server.flask.request_processing.req_logging [None req-14ce317d-59fc-4dc3-b84b-130fa32ef59a None admin] SCRIPT_NAME: `/identity` {{(pid=80195) log_request_info /opt/stack/keystone/keystone/server/flask/request_processing/req_logging.py:28}}
May 26 17:13:27.047220 dv-cinder-836073-5-smb devstack@keystone.service[80195]: DEBUG keystone.server.flask.request_processing.req_logging [None req-14ce317d-59fc-4dc3-b84b-130fa32ef59a None admin] PATH_INFO: `/v3/auth/tokens` {{(pid=80195) log_request_info /opt/stack/keystone/keystone/server/flask/request_processing/req_logging.py:29}}
May 26 17:13:27.094150 dv-cinder-836073-5-smb devstack@keystone.service[80195]: DEBUG dbcounter [-] [80195] Writing DB stats keystone:SELECT=97,keystone:INSERT=3 {{(pid=80195) stat_writer /usr/local/lib/python3.8/dist-packages/dbcounter.py:114}}
May 26 17:13:27.154365 dv-cinder-836073-5-smb devstack@keystone.service[80195]: DEBUG keystone.common.rbac_enforcer.enforcer [None req-14ce317d-59fc-4dc3-b84b-130fa32ef59a None admin] RBAC: Authorizing `identity:validate_token()` {{(pid=80195) enforce_call /opt/stack/keystone/keystone/common/rbac_enforcer/enforcer.py:449}}
May 26 17:13:27.156438 dv-cinder-836073-5-smb devstack@keystone.service[80195]: DEBUG keystone.common.rbac_enforcer.enforcer [None req-14ce317d-59fc-4dc3-b84b-130fa32ef59a None admin] RBAC: Authorization granted {{(pid=80195) enforce_call /opt/stack/keystone/keystone/common/rbac_enforcer/enforcer.py:457}}
May 26 17:13:27.185208 dv-cinder-836073-5-smb devstack@keystone.service[80196]: DEBUG keystone.server.flask.request_processing.middleware.auth_context [None req-eaea0646-7156-43ac-b7bf-653d04791acd None admin] Validating token access rules against request {{(pid=80196) validate_allowed_request /usr/local/lib/python3.8/dist-packages/keystonemiddleware/auth_token/__init__.py:545}}
May 26 17:13:27.187119 dv-cinder-836073-5-smb devstack@keystone.service[80196]: DEBUG dbcounter [-] [80196] Writing DB stats keystone:SELECT=100 {{(pid=80196) stat_writer /usr/local/lib/python3.8/dist-packages/dbcounter.py:114}}
May 26 17:13:27.235517 dv-cinder-836073-5-smb devstack@keystone.service[80196]: DEBUG keystone.server.flask.request_processing.middleware.auth_context [None req-ffa9bf5e-0a44-47a2-be71-e2085a5c43b9 None admin] RBAC: auth_context: {'token': , 'domain_id': None, 'trust_id': None, 'trustor_id': None, 'trustee_id': None, 'domain_name': None, 'group_ids': [], 'user_id': '338d6f3b136b406a8dd3a671f8dd1f82', 'user_domain_id': 'default', 'system_scope': 'all', 'project_id': None, 'project_domain_id': None, 'roles': ['admin', 'member', 'reader'], 'is_admin_project': True, 'service_user_id': None, 'service_user_domain_id': None, 'service_project_id': None, 'service_project_domain_id': None, 'service_roles': []} {{(pid=80196) fill_context /opt/stack/keystone/keystone/server/flask/request_processing/middleware/auth_context.py:478}}
May 26 17:13:27.236209 dv-cinder-836073-5-smb devstack@keystone.service[80196]: DEBUG keystone.server.flask.request_processing.req_logging [None req-ffa9bf5e-0a44-47a2-be71-e2085a5c43b9 None admin] REQUEST_METHOD: `GET` {{(pid=80196) log_request_info /opt/stack/keystone/keystone/server/flask/request_processing/req_logging.py:27}}
May 26 17:13:27.236494 dv-cinder-836073-5-smb devstack@keystone.service[80196]: DEBUG keystone.server.flask.request_processing.req_logging [None req-ffa9bf5e-0a44-47a2-be71-e2085a5c43b9 None admin] SCRIPT_NAME: `/identity` {{(pid=80196) log_request_info /opt/stack/keystone/keystone/server/flask/request_processing/req_logging.py:28}}
May 26 17:13:27.236815 dv-cinder-836073-5-smb devstack@keystone.service[80196]: DEBUG keystone.server.flask.request_processing.req_logging [None req-ffa9bf5e-0a44-47a2-be71-e2085a5c43b9 None admin] PATH_INFO: `/v3/roles` {{(pid=80196) log_request_info /opt/stack/keystone/keystone/server/flask/request_processing/req_logging.py:29}}
May 26 17:13:27.237783 dv-cinder-836073-5-smb devstack@keystone.service[80196]: DEBUG keystone.common.rbac_enforcer.enforcer [None req-ffa9bf5e-0a44-47a2-be71-e2085a5c43b9 None admin] RBAC: Adding query filter params (name=member) {{(pid=80196) _extract_filter_values /opt/stack/keystone/keystone/common/rbac_enforcer/enforcer.py:167}}
May 26 17:13:27.238099 dv-cinder-836073-5-smb devstack@keystone.service[80196]: DEBUG keystone.common.rbac_enforcer.enforcer [None req-ffa9bf5e-0a44-47a2-be71-e2085a5c43b9 None admin] RBAC: Authorizing `identity:list_roles()` {{(pid=80196) enforce_call /opt/stack/keystone/keystone/common/rbac_enforcer/enforcer.py:449}}
May 26 17:13:27.239650 dv-cinder-836073-5-smb devstack@keystone.service[80196]: DEBUG keystone.common.rbac_enforcer.enforcer [None req-ffa9bf5e-0a44-47a2-be71-e2085a5c43b9 None admin] RBAC: Authorization granted {{(pid=80196) enforce_call /opt/stack/keystone/keystone/common/rbac_enforcer/enforcer.py:457}}
May 26 17:13:27.258589 dv-cinder-836073-5-smb devstack@keystone.service[80196]: [pid: 80196|app: 0|req: 128/247] 10.222.0.120 () {56 vars in 1106 bytes} [Thu May 26 17:13:26 2022] GET /identity/v3/roles?name=member => generated 343 bytes in 297 msecs (HTTP/1.1 200) 5 headers in 177 bytes (1 switches on core 0)
May 26 17:13:27.260714 dv-cinder-836073-5-smb devstack@keystone.service[80196]: DEBUG keystone.server.flask.request_processing.middleware.auth_context [None req-ffa9bf5e-0a44-47a2-be71-e2085a5c43b9 None admin] Authenticating user token {{(pid=80196) process_request /usr/local/lib/python3.8/dist-packages/keystonemiddleware/auth_token/__init__.py:407}}
May 26 17:13:27.291743 dv-cinder-836073-5-smb devstack@keystone.service[80195]: [pid: 80195|app: 0|req: 120/248] 10.222.0.120 () {58 vars in 1287 bytes} [Thu May 26 17:13:26 2022] GET /identity/v3/auth/tokens => generated 800 bytes in 429 msecs (HTTP/1.1 200) 6 headers in 358 bytes (1 switches on core 0)
May 26 17:13:27.297431 dv-cinder-836073-5-smb devstack@keystone.service[80195]: DEBUG keystone.server.flask.request_processing.middleware.auth_context [None req-14ce317d-59fc-4dc3-b84b-130fa32ef59a None admin] Authenticating user token {{(pid=80195) process_request /usr/local/lib/python3.8/dist-packages/keystonemiddleware/auth_token/__init__.py:407}}
May 26 17:13:27.394006 dv-cinder-836073-5-smb devstack@keystone.service[80196]: DEBUG keystone.server.flask.request_processing.middleware.auth_context [None req-ffa9bf5e-0a44-47a2-be71-e2085a5c43b9 None admin] Validating token access rules against request {{(pid=80196) validate_allowed_request /usr/local/lib/python3.8/dist-packages/keystonemiddleware/auth_token/__init__.py:545}}
May 26 17:13:27.400577 dv-cinder-836073-5-smb devstack@keystone.service[80195]: DEBUG dbcounter [-] [80195] Writing DB stats keystone:SELECT=100 {{(pid=80195) stat_writer /usr/local/lib/python3.8/dist-packages/dbcounter.py:114}}
May 26 17:13:27.433446 dv-cinder-836073-5-smb devstack@keystone.service[80196]: DEBUG keystone.server.flask.request_processing.middleware.auth_context [None req-b10043f8-f707-4ddb-8499-8c81bad73dca None admin] RBAC: auth_context: {'token': , 'domain_id': None, 'trust_id': None, 'trustor_id': None, 'trustee_id': None, 'domain_name': None, 'group_ids': [], 'user_id': '338d6f3b136b406a8dd3a671f8dd1f82', 'user_domain_id': 'default', 'system_scope': 'all', 'project_id': None, 'project_domain_id': None, 'roles': ['admin', 'member', 'reader'], 'is_admin_project': True, 'service_user_id': None, 'service_user_domain_id': None, 'service_project_id': None, 'service_project_domain_id': None, 'service_roles': []} {{(pid=80196) fill_context /opt/stack/keystone/keystone/server/flask/request_processing/middleware/auth_context.py:478}}
May 26 17:13:27.434425 dv-cinder-836073-5-smb devstack@keystone.service[80196]: DEBUG keystone.server.flask.request_processing.req_logging [None req-b10043f8-f707-4ddb-8499-8c81bad73dca None admin] REQUEST_METHOD: `GET` {{(pid=80196) log_request_info /opt/stack/keystone/keystone/server/flask/request_processing/req_logging.py:27}}
May 26 17:13:27.434714 dv-cinder-836073-5-smb devstack@keystone.service[80196]: DEBUG keystone.server.flask.request_processing.req_logging [None req-b10043f8-f707-4ddb-8499-8c81bad73dca None admin] SCRIPT_NAME: `/identity` {{(pid=80196) log_request_info /opt/stack/keystone/keystone/server/flask/request_processing/req_logging.py:28}}
May 26 17:13:27.434997 dv-cinder-836073-5-smb devstack@keystone.service[80196]: DEBUG keystone.server.flask.request_processing.req_logging [None req-b10043f8-f707-4ddb-8499-8c81bad73dca None admin] PATH_INFO: `/v3/users/c5832e5a175845fb97d165c454f72416` {{(pid=80196) log_request_info /opt/stack/keystone/keystone/server/flask/request_processing/req_logging.py:29}}
May 26 17:13:27.436435 dv-cinder-836073-5-smb devstack@keystone.service[80196]: DEBUG keystone.common.rbac_enforcer.enforcer [None req-b10043f8-f707-4ddb-8499-8c81bad73dca None admin] RBAC: Authorizing `identity:get_user(user_id=c5832e5a175845fb97d165c454f72416)` {{(pid=80196) enforce_call /opt/stack/keystone/keystone/common/rbac_enforcer/enforcer.py:449}}
May 26 17:13:27.437892 dv-cinder-836073-5-smb devstack@keystone.service[80196]: DEBUG keystone.common.rbac_enforcer.enforcer [None req-b10043f8-f707-4ddb-8499-8c81bad73dca None admin] RBAC: Authorization granted {{(pid=80196) enforce_call /opt/stack/keystone/keystone/common/rbac_enforcer/enforcer.py:457}}
May 26 17:13:27.439603 dv-cinder-836073-5-smb devstack@keystone.service[80196]: [pid: 80196|app: 0|req: 129/249] 10.222.0.120 () {56 vars in 1182 bytes} [Thu May 26 17:13:27 2022] GET /identity/v3/users/c5832e5a175845fb97d165c454f72416 => generated 298 bytes in 179 msecs (HTTP/1.1 200) 5 headers in 177 bytes (1 switches on core 0)
May 26 17:13:27.440418 dv-cinder-836073-5-smb devstack@keystone.service[80195]: DEBUG keystone.server.flask.request_processing.middleware.auth_context [None req-14ce317d-59fc-4dc3-b84b-130fa32ef59a None admin] Validating token access rules against request {{(pid=80195) validate_allowed_request /usr/local/lib/python3.8/dist-packages/keystonemiddleware/auth_token/__init__.py:545}}
May 26 17:13:27.445033 dv-cinder-836073-5-smb devstack@keystone.service[80196]: DEBUG keystone.server.flask.request_processing.middleware.auth_context [None req-b10043f8-f707-4ddb-8499-8c81bad73dca None admin] Authenticating user token {{(pid=80196) process_request /usr/local/lib/python3.8/dist-packages/keystonemiddleware/auth_token/__init__.py:407}}
May 26 17:13:27.481587 dv-cinder-836073-5-smb devstack@keystone.service[80195]: DEBUG keystone.server.flask.request_processing.middleware.auth_context [None req-12e19e3d-1737-4c61-a77e-e1544e3daf51 None admin] RBAC: auth_context: {'token': , 'domain_id': None, 'trust_id': None, 'trustor_id': None, 'trustee_id': None, 'domain_name': None, 'group_ids': [], 'user_id': '338d6f3b136b406a8dd3a671f8dd1f82', 'user_domain_id': 'default', 'system_scope': 'all', 'project_id': None, 'project_domain_id': None, 'roles': ['admin', 'member', 'reader'], 'is_admin_project': True, 'service_user_id': None, 'service_user_domain_id': None, 'service_project_id': None, 'service_project_domain_id': None, 'service_roles': []} {{(pid=80195) fill_context /opt/stack/keystone/keystone/server/flask/request_processing/middleware/auth_context.py:478}}
May 26 17:13:27.484138 dv-cinder-836073-5-smb devstack@keystone.service[80195]: DEBUG keystone.server.flask.request_processing.req_logging [None req-12e19e3d-1737-4c61-a77e-e1544e3daf51 None admin] REQUEST_METHOD: `GET` {{(pid=80195) log_request_info /opt/stack/keystone/keystone/server/flask/request_processing/req_logging.py:27}}
May 26 17:13:27.484138 dv-cinder-836073-5-smb devstack@keystone.service[80195]: DEBUG keystone.server.flask.request_processing.req_logging [None req-12e19e3d-1737-4c61-a77e-e1544e3daf51 None admin] SCRIPT_NAME: `/identity` {{(pid=80195) log_request_info /opt/stack/keystone/keystone/server/flask/request_processing/req_logging.py:28}}
