Mar 31 21:37:46.926429 dv-cinder-836073-1-smb devstack@n-api.service[123582]: DEBUG nova.policy [None req-6aa9ee3e-d487-499f-8fa0-08602e1fa30a tempest-VolumesActionsTest-222055535 tempest-VolumesActionsTest-222055535-project] Policy check for os_compute_api:os-extended-server-attributes failed with credentials {'is_admin': False, 'user_id': '2d27bf4292414bd4a3cdf6a122ca7383', 'user_domain_id': 'default', 'system_scope': None, 'domain_id': None, 'project_id': '3f03ca94eef9448f99208ec40ed9df15', 'project_domain_id': 'default', 'roles': ['member', 'reader'], 'is_admin_project': True, 'service_user_id': None, 'service_user_domain_id': None, 'service_project_id': None, 'service_project_domain_id': None, 'service_roles': []} {{(pid=123582) authorize /opt/stack/nova/nova/policy.py:199}}
Mar 31 21:37:46.940984 dv-cinder-836073-1-smb devstack@n-api.service[123582]: INFO nova.api.openstack.requestlog [None req-6aa9ee3e-d487-499f-8fa0-08602e1fa30a tempest-VolumesActionsTest-222055535 tempest-VolumesActionsTest-222055535-project] 10.222.0.18 "GET /compute/v2.1/servers/61a8b0fb-3aa2-47e8-ab8c-0bff7389ba47" status: 200 len: 1497 microversion: 2.1 time: 0.719969
Mar 31 21:37:46.955848 dv-cinder-836073-1-smb devstack@n-api.service[123581]: DEBUG nova.api.openstack.wsgi [None req-15be43af-4be6-452e-a0ae-b9b6fc514d3b tempest-VolumesSnapshotTestJSON-919103317 tempest-VolumesSnapshotTestJSON-919103317-project] Calling method '<bound method ServersController.show of <nova.api.openstack.compute.servers.ServersController object at 0x7f5d3ac2cdf0>>' {{(pid=123581) _process_stack /opt/stack/nova/nova/api/openstack/wsgi.py:513}}
Mar 31 21:37:46.956562 dv-cinder-836073-1-smb devstack@n-api.service[123581]: DEBUG nova.compute.api [None req-15be43af-4be6-452e-a0ae-b9b6fc514d3b tempest-VolumesSnapshotTestJSON-919103317 tempest-VolumesSnapshotTestJSON-919103317-project] [instance: bc8e4c5d-6b33-445c-9c39-3c3d099ee22f] Fetching instance by UUID {{(pid=123581) get /opt/stack/nova/nova/compute/api.py:2918}}
Mar 31 21:37:46.961693 dv-cinder-836073-1-smb devstack@n-api.service[123582]: [pid: 123582|app: 0|req: 71/137] 10.222.0.18 () {58 vars in 1235 bytes} [Thu Mar 31 21:37:46 2022] GET /compute/v2.1/servers/61a8b0fb-3aa2-47e8-ab8c-0bff7389ba47 => generated 1497 bytes in 737 msecs (HTTP/1.1 200) 9 headers in 358 bytes (1 switches on core 0)
Mar 31 21:37:46.974241 dv-cinder-836073-1-smb devstack@n-api.service[123581]: DEBUG oslo_concurrency.lockutils [None req-15be43af-4be6-452e-a0ae-b9b6fc514d3b tempest-VolumesSnapshotTestJSON-919103317 tempest-VolumesSnapshotTestJSON-919103317-project] Lock "9579fc22-b702-44fe-b69b-85e50cfdc8e8" acquired by "nova.context.set_target_cell.<locals>.get_or_set_cached_cell_and_set_connections" :: waited 0.000s {{(pid=123581) inner /usr/local/lib/python3.8/dist-packages/oslo_concurrency/lockutils.py:386}}
Mar 31 21:37:46.974708 dv-cinder-836073-1-smb devstack@n-api.service[123581]: DEBUG oslo_concurrency.lockutils [None req-15be43af-4be6-452e-a0ae-b9b6fc514d3b tempest-VolumesSnapshotTestJSON-919103317 tempest-VolumesSnapshotTestJSON-919103317-project] Lock "9579fc22-b702-44fe-b69b-85e50cfdc8e8" "released" by "nova.context.set_target_cell.<locals>.get_or_set_cached_cell_and_set_connections" :: held 0.001s {{(pid=123581) inner /usr/local/lib/python3.8/dist-packages/oslo_concurrency/lockutils.py:400}}
Mar 31 21:37:46.977743 dv-cinder-836073-1-smb devstack@n-api.service[123581]: DEBUG oslo_concurrency.lockutils [None req-15be43af-4be6-452e-a0ae-b9b6fc514d3b tempest-VolumesSnapshotTestJSON-919103317 tempest-VolumesSnapshotTestJSON-919103317-project] Lock "9579fc22-b702-44fe-b69b-85e50cfdc8e8" acquired by "nova.context.set_target_cell.<locals>.get_or_set_cached_cell_and_set_connections" :: waited 0.000s {{(pid=123581) inner /usr/local/lib/python3.8/dist-packages/oslo_concurrency/lockutils.py:386}}
Mar 31 21:37:46.979706 dv-cinder-836073-1-smb devstack@n-api.service[123581]: DEBUG oslo_concurrency.lockutils [None req-15be43af-4be6-452e-a0ae-b9b6fc514d3b tempest-VolumesSnapshotTestJSON-919103317 tempest-VolumesSnapshotTestJSON-919103317-project] Lock "9579fc22-b702-44fe-b69b-85e50cfdc8e8" "released" by "nova.context.set_target_cell.<locals>.get_or_set_cached_cell_and_set_connections" :: held 0.002s {{(pid=123581) inner /usr/local/lib/python3.8/dist-packages/oslo_concurrency/lockutils.py:400}}
Mar 31 21:37:47.738315 dv-cinder-836073-1-smb devstack@n-api.service[123581]: DEBUG nova.policy [None req-15be43af-4be6-452e-a0ae-b9b6fc514d3b tempest-VolumesSnapshotTestJSON-919103317 tempest-VolumesSnapshotTestJSON-919103317-project] Policy check for os_compute_api:os-extended-server-attributes failed with credentials {'is_admin': False, 'user_id': 'c5c01bf079d343e9bf5ed2be5d9ef560', 'user_domain_id': 'default', 'system_scope': None, 'domain_id': None, 'project_id': 'dde68d9cb86142218c711964a0a41595', 'project_domain_id': 'default', 'roles': ['member', 'reader'], 'is_admin_project': True, 'service_user_id': None, 'service_user_domain_id': None, 'service_project_id': None, 'service_project_domain_id': None, 'service_roles': []} {{(pid=123581) authorize /opt/stack/nova/nova/policy.py:199}}
Mar 31 21:37:47.741286 dv-cinder-836073-1-smb devstack@n-api.service[123582]: DEBUG nova.api.openstack.wsgi [None req-e115aff6-8207-4e35-a37b-07b123c537c3 tempest-VolumesActionsTest-222055535 tempest-VolumesActionsTest-222055535-project] Calling method '<bound method ServersController.delete of <nova.api.openstack.compute.servers.ServersController object at 0x7f5d3abdc220>>' {{(pid=123582) _process_stack /opt/stack/nova/nova/api/openstack/wsgi.py:513}}
Mar 31 21:37:47.741779 dv-cinder-836073-1-smb devstack@n-api.service[123582]: DEBUG nova.compute.api [None req-e115aff6-8207-4e35-a37b-07b123c537c3 tempest-VolumesActionsTest-222055535 tempest-VolumesActionsTest-222055535-project] [instance: 61a8b0fb-3aa2-47e8-ab8c-0bff7389ba47] Fetching instance by UUID {{(pid=123582) get /opt/stack/nova/nova/compute/api.py:2918}}
Mar 31 21:37:47.754100 dv-cinder-836073-1-smb devstack@n-api.service[123581]: INFO nova.api.openstack.requestlog [None req-15be43af-4be6-452e-a0ae-b9b6fc514d3b tempest-VolumesSnapshotTestJSON-919103317 tempest-VolumesSnapshotTestJSON-919103317-project] 10.222.0.18 "GET /compute/v2.1/servers/bc8e4c5d-6b33-445c-9c39-3c3d099ee22f" status: 200 len: 1319 microversion: 2.1 time: 0.805681
Mar 31 21:37:47.757951 dv-cinder-836073-1-smb devstack@n-api.service[123582]: DEBUG oslo_concurrency.lockutils [None req-e115aff6-8207-4e35-a37b-07b123c537c3 tempest-VolumesActionsTest-222055535 tempest-VolumesActionsTest-222055535-project] Lock "9579fc22-b702-44fe-b69b-85e50cfdc8e8" acquired by "nova.context.set_target_cell.<locals>.get_or_set_cached_cell_and_set_connections" :: waited 0.000s {{(pid=123582) inner /usr/local/lib/python3.8/dist-packages/oslo_concurrency/lockutils.py:386}}
Mar 31 21:37:47.758400 dv-cinder-836073-1-smb devstack@n-api.service[123582]: DEBUG oslo_concurrency.lockutils [None req-e115aff6-8207-4e35-a37b-07b123c537c3 tempest-VolumesActionsTest-222055535 tempest-VolumesActionsTest-222055535-project] Lock "9579fc22-b702-44fe-b69b-85e50cfdc8e8" "released" by "nova.context.set_target_cell.<locals>.get_or_set_cached_cell_and_set_connections" :: held 0.001s {{(pid=123582) inner /usr/local/lib/python3.8/dist-packages/oslo_concurrency/lockutils.py:400}}
Mar 31 21:37:47.759176 dv-cinder-836073-1-smb devstack@n-api.service[123582]: DEBUG oslo_concurrency.lockutils [None req-e115aff6-8207-4e35-a37b-07b123c537c3 tempest-VolumesActionsTest-222055535 tempest-VolumesActionsTest-222055535-project] Lock "9579fc22-b702-44fe-b69b-85e50cfdc8e8" acquired by "nova.context.set_target_cell.<locals>.get_or_set_cached_cell_and_set_connections" :: waited 0.000s {{(pid=123582) inner /usr/local/lib/python3.8/dist-packages/oslo_concurrency/lockutils.py:386}}
Mar 31 21:37:47.759642 dv-cinder-836073-1-smb devstack@n-api.service[123582]: DEBUG oslo_concurrency.lockutils [None req-e115aff6-8207-4e35-a37b-07b123c537c3 tempest-VolumesActionsTest-222055535 tempest-VolumesActionsTest-222055535-project] Lock "9579fc22-b702-44fe-b69b-85e50cfdc8e8" "released" by "nova.context.set_target_cell.<locals>.get_or_set_cached_cell_and_set_connections" :: held 0.000s {{(pid=123582) inner /usr/local/lib/python3.8/dist-packages/oslo_concurrency/lockutils.py:400}}
Mar 31 21:37:47.774724 dv-cinder-836073-1-smb devstack@n-api.service[123581]: [pid: 123581|app: 0|req: 67/138] 10.222.0.18 () {58 vars in 1235 bytes} [Thu Mar 31 21:37:46 2022] GET /compute/v2.1/servers/bc8e4c5d-6b33-445c-9c39-3c3d099ee22f => generated 1319 bytes in 826 msecs (HTTP/1.1 200) 9 headers in 358 bytes (1 switches on core 0)
Mar 31 21:37:47.819277 dv-cinder-836073-1-smb devstack@n-api.service[123582]: DEBUG nova.compute.api [None req-e115aff6-8207-4e35-a37b-07b123c537c3 tempest-VolumesActionsTest-222055535 tempest-VolumesActionsTest-222055535-project] [instance: 61a8b0fb-3aa2-47e8-ab8c-0bff7389ba47] Going to try to terminate instance {{(pid=123582) delete /opt/stack/nova/nova/compute/api.py:2664}}
Mar 31 21:37:47.865849 dv-cinder-836073-1-smb devstack@n-api.service[123581]: DEBUG nova.api.openstack.wsgi [None req-d66bee80-d395-428e-973e-a004853e8fd3 tempest-ServerRescueNegativeTestJSON-486604330 tempest-ServerRescueNegativeTestJSON-486604330-project] Calling method '<bound method ServersController.show of <nova.api.openstack.compute.servers.ServersController object at 0x7f5d3ac2cdf0>>' {{(pid=123581) _process_stack /opt/stack/nova/nova/api/openstack/wsgi.py:513}}
Mar 31 21:37:47.868216 dv-cinder-836073-1-smb devstack@n-api.service[123581]: DEBUG nova.compute.api [None req-d66bee80-d395-428e-973e-a004853e8fd3 tempest-ServerRescueNegativeTestJSON-486604330 tempest-ServerRescueNegativeTestJSON-486604330-project] [instance: e77fd45e-4a85-43ef-ad7d-943af5c70bc1] Fetching instance by UUID {{(pid=123581) get /opt/stack/nova/nova/compute/api.py:2918}}
Mar 31 21:37:47.883807 dv-cinder-836073-1-smb devstack@n-api.service[123581]: DEBUG oslo_concurrency.lockutils [None req-d66bee80-d395-428e-973e-a004853e8fd3 tempest-ServerRescueNegativeTestJSON-486604330 tempest-ServerRescueNegativeTestJSON-486604330-project] Lock "9579fc22-b702-44fe-b69b-85e50cfdc8e8" acquired by "nova.context.set_target_cell.<locals>.get_or_set_cached_cell_and_set_connections" :: waited 0.000s {{(pid=123581) inner /usr/local/lib/python3.8/dist-packages/oslo_concurrency/lockutils.py:386}}
Mar 31 21:37:47.884407 dv-cinder-836073-1-smb devstack@n-api.service[123581]: DEBUG oslo_concurrency.lockutils [None req-d66bee80-d395-428e-973e-a004853e8fd3 tempest-ServerRescueNegativeTestJSON-486604330 tempest-ServerRescueNegativeTestJSON-486604330-project] Lock "9579fc22-b702-44fe-b69b-85e50cfdc8e8" "released" by "nova.context.set_target_cell.<locals>.get_or_set_cached_cell_and_set_connections" :: held 0.001s {{(pid=123581) inner /usr/local/lib/python3.8/dist-packages/oslo_concurrency/lockutils.py:400}}
Mar 31 21:37:47.885549 dv-cinder-836073-1-smb devstack@n-api.service[123581]: DEBUG oslo_concurrency.lockutils [None req-d66bee80-d395-428e-973e-a004853e8fd3 tempest-ServerRescueNegativeTestJSON-486604330 tempest-ServerRescueNegativeTestJSON-486604330-project] Lock "9579fc22-b702-44fe-b69b-85e50cfdc8e8" acquired by "nova.context.set_target_cell.<locals>.get_or_set_cached_cell_and_set_connections" :: waited 0.000s {{(pid=123581) inner /usr/local/lib/python3.8/dist-packages/oslo_concurrency/lockutils.py:386}}
Mar 31 21:37:47.886990 dv-cinder-836073-1-smb devstack@n-api.service[123581]: DEBUG oslo_concurrency.lockutils [None req-d66bee80-d395-428e-973e-a004853e8fd3 tempest-ServerRescueNegativeTestJSON-486604330 tempest-ServerRescueNegativeTestJSON-486604330-project] Lock "9579fc22-b702-44fe-b69b-85e50cfdc8e8" "released" by "nova.context.set_target_cell.<locals>.get_or_set_cached_cell_and_set_connections" :: held 0.001s {{(pid=123581) inner /usr/local/lib/python3.8/dist-packages/oslo_concurrency/lockutils.py:400}}
Mar 31 21:37:47.993082 dv-cinder-836073-1-smb devstack@n-api.service[123582]: INFO nova.api.openstack.requestlog [None req-e115aff6-8207-4e35-a37b-07b123c537c3 tempest-VolumesActionsTest-222055535 tempest-VolumesActionsTest-222055535-project] 10.222.0.18 "DELETE /compute/v2.1/servers/61a8b0fb-3aa2-47e8-ab8c-0bff7389ba47" status: 204 len: 0 microversion: 2.1 time: 0.255524
Mar 31 21:37:47.999849 dv-cinder-836073-1-smb devstack@n-api.service[123582]: [pid: 123582|app: 0|req: 72/139] 10.222.0.18 () {58 vars in 1238 bytes} [Thu Mar 31 21:37:47 2022] DELETE /compute/v2.1/servers/61a8b0fb-3aa2-47e8-ab8c-0bff7389ba47 => generated 0 bytes in 259 msecs (HTTP/1.1 204) 9 headers in 363 bytes (1 switches on core 0)
Mar 31 21:37:48.006249 dv-cinder-836073-1-smb devstack@n-api.service[123582]: DEBUG nova.api.openstack.wsgi [None req-3643e071-6ed1-45fd-894b-c49c3f507f27 tempest-VolumesActionsTest-222055535 tempest-VolumesActionsTest-222055535-project] Calling method '<bound method ServersController.show of <nova.api.openstack.compute.servers.ServersController object at 0x7f5d3ac2cdf0>>' {{(pid=123582) _process_stack /opt/stack/nova/nova/api/openstack/wsgi.py:513}}
Mar 31 21:37:48.007324 dv-cinder-836073-1-smb devstack@n-api.service[123582]: DEBUG nova.compute.api [None req-3643e071-6ed1-45fd-894b-c49c3f507f27 tempest-VolumesActionsTest-222055535 tempest-VolumesActionsTest-222055535-project] [instance: 61a8b0fb-3aa2-47e8-ab8c-0bff7389ba47] Fetching instance by UUID {{(pid=123582) get /opt/stack/nova/nova/compute/api.py:2918}}
Mar 31 21:37:48.015620 dv-cinder-836073-1-smb devstack@n-api.service[123582]: DEBUG oslo_concurrency.lockutils [None req-3643e071-6ed1-45fd-894b-c49c3f507f27 tempest-VolumesActionsTest-222055535 tempest-VolumesActionsTest-222055535-project] Lock "9579fc22-b702-44fe-b69b-85e50cfdc8e8" acquired by "nova.context.set_target_cell.<locals>.get_or_set_cached_cell_and_set_connections" :: waited 0.000s {{(pid=123582) inner /usr/local/lib/python3.8/dist-packages/oslo_concurrency/lockutils.py:386}}
Mar 31 21:37:48.016383 dv-cinder-836073-1-smb devstack@n-api.service[123582]: DEBUG oslo_concurrency.lockutils [None req-3643e071-6ed1-45fd-894b-c49c3f507f27 tempest-VolumesActionsTest-222055535 tempest-VolumesActionsTest-222055535-project] Lock "9579fc22-b702-44fe-b69b-85e50cfdc8e8" "released" by "nova.context.set_target_cell.<locals>.get_or_set_cached_cell_and_set_connections" :: held 0.001s {{(pid=123582) inner /usr/local/lib/python3.8/dist-packages/oslo_concurrency/lockutils.py:400}}
Mar 31 21:37:48.017687 dv-cinder-836073-1-smb devstack@n-api.service[123582]: DEBUG oslo_concurrency.lockutils [None req-3643e071-6ed1-45fd-894b-c49c3f507f27 tempest-VolumesActionsTest-222055535 tempest-VolumesActionsTest-222055535-project] Lock "9579fc22-b702-44fe-b69b-85e50cfdc8e8" acquired by "nova.context.set_target_cell.<locals>.get_or_set_cached_cell_and_set_connections" :: waited 0.000s {{(pid=123582) inner /usr/local/lib/python3.8/dist-packages/oslo_concurrency/lockutils.py:386}}
Mar 31 21:37:48.018304 dv-cinder-836073-1-smb devstack@n-api.service[123582]: DEBUG oslo_concurrency.lockutils [None req-3643e071-6ed1-45fd-894b-c49c3f507f27 tempest-VolumesActionsTest-222055535 tempest-VolumesActionsTest-222055535-project] Lock "9579fc22-b702-44fe-b69b-85e50cfdc8e8" "released" by "nova.context.set_target_cell.<locals>.get_or_set_cached_cell_and_set_connections" :: held 0.001s {{(pid=123582) inner /usr/local/lib/python3.8/dist-packages/oslo_concurrency/lockutils.py:400}}
Mar 31 21:37:48.713677 dv-cinder-836073-1-smb devstack@n-api.service[123581]: DEBUG nova.policy [None req-d66bee80-d395-428e-973e-a004853e8fd3 tempest-ServerRescueNegativeTestJSON-486604330 tempest-ServerRescueNegativeTestJSON-486604330-project] Policy check for os_compute_api:os-extended-server-attributes failed with credentials {'is_admin': False, 'user_id': 'ba0d3b1aca974f2ca518ccac0db0984d', 'user_domain_id': 'default', 'system_scope': None, 'domain_id': None, 'project_id': 'dc2950f81fdd467eae79678efa0216ab', 'project_domain_id': 'default', 'roles': ['member', 'reader'], 'is_admin_project': True, 'service_user_id': None, 'service_user_domain_id': None, 'service_project_id': None, 'service_project_domain_id': None, 'service_roles': []} {{(pid=123581) authorize /opt/stack/nova/nova/policy.py:199}}
Mar 31 21:37:48.722043 dv-cinder-836073-1-smb devstack@n-api.service[123582]: DEBUG nova.policy [None req-3643e071-6ed1-45fd-894b-c49c3f507f27 tempest-VolumesActionsTest-222055535 tempest-VolumesActionsTest-222055535-project] Policy check for os_compute_api:os-extended-server-attributes failed with credentials {'is_admin': False, 'user_id': '2d27bf4292414bd4a3cdf6a122ca7383', 'user_domain_id': 'default', 'system_scope': None, 'domain_id': None, 'project_id': '3f03ca94eef9448f99208ec40ed9df15', 'project_domain_id': 'default', 'roles': ['member', 'reader'], 'is_admin_project': True, 'service_user_id': None, 'service_user_domain_id': None, 'service_project_id': None, 'service_project_domain_id': None, 'service_roles': []} {{(pid=123582) authorize /opt/stack/nova/nova/policy.py:199}}
Mar 31 21:37:48.744340 dv-cinder-836073-1-smb devstack@n-api.service[123581]: INFO nova.api.openstack.requestlog [None req-d66bee80-d395-428e-973e-a004853e8fd3 tempest-ServerRescueNegativeTestJSON-486604330 tempest-ServerRescueNegativeTestJSON-486604330-project] 10.222.0.18 "GET /compute/v2.1/servers/e77fd45e-4a85-43ef-ad7d-943af5c70bc1" status: 200 len: 1520 microversion: 2.1 time: 0.881306
Mar 31 21:37:48.747996 dv-cinder-836073-1-smb devstack@n-api.service[123581]: [pid: 123581|app: 0|req: 68/140] 10.222.0.18 () {58 vars in 1235 bytes} [Thu Mar 31 21:37:47 2022] GET /compute/v2.1/servers/e77fd45e-4a85-43ef-ad7d-943af5c70bc1 => generated 1520 bytes in 888 msecs (HTTP/1.1 200) 9 headers in 358 bytes (1 switches on core 0)
Mar 31 21:37:48.748618 dv-cinder-836073-1-smb devstack@n-api.service[123582]: INFO nova.api.openstack.requestlog [None req-3643e071-6ed1-45fd-894b-c49c3f507f27 tempest-VolumesActionsTest-222055535 tempest-VolumesActionsTest-222055535-project] 10.222.0.18 "GET /compute/v2.1/servers/61a8b0fb-3aa2-47e8-ab8c-0bff7389ba47" status: 200 len: 1503 microversion: 2.1 time: 0.745074
Mar 31 21:37:48.749327 dv-cinder-836073-1-smb devstack@n-api.service[123582]: [pid: 123582|app: 0|req: 73/141] 10.222.0.18 () {58 vars in 1235 bytes} [Thu Mar 31 21:37:48 2022] GET /compute/v2.1/servers/61a8b0fb-3aa2-47e8-ab8c-0bff7389ba47 => generated 1503 bytes in 749 msecs (HTTP/1.1 200) 9 headers in 358 bytes (1 switches on core 0)
Mar 31 21:37:48.790866 dv-cinder-836073-1-smb devstack@n-api.service[123581]: DEBUG nova.api.openstack.wsgi [None req-ef73bedb-b59d-422d-b1bf-6a9d04404a6d tempest-VolumesSnapshotTestJSON-919103317 tempest-VolumesSnapshotTestJSON-919103317-project] Calling method '<bound method ServersController.show of <nova.api.openstack.compute.servers.ServersController object at 0x7f5d3ac2cdf0>>' {{(pid=123581) _process_stack /opt/stack/nova/nova/api/openstack/wsgi.py:513}}
Mar 31 21:37:48.791743 dv-cinder-836073-1-smb devstack@n-api.service[123581]: DEBUG nova.compute.api [None req-ef73bedb-b59d-422d-b1bf-6a9d04404a6d tempest-VolumesSnapshotTestJSON-919103317 tempest-VolumesSnapshotTestJSON-919103317-project] [instance: bc8e4c5d-6b33-445c-9c39-3c3d099ee22f] Fetching instance by UUID {{(pid=123581) get /opt/stack/nova/nova/compute/api.py:2918}}
Mar 31 21:37:48.801772 dv-cinder-836073-1-smb devstack@n-api.service[123581]: DEBUG oslo_concurrency.lockutils [None req-ef73bedb-b59d-422d-b1bf-6a9d04404a6d tempest-VolumesSnapshotTestJSON-919103317 tempest-VolumesSnapshotTestJSON-919103317-project] Lock "9579fc22-b702-44fe-b69b-85e50cfdc8e8" acquired by "nova.context.set_target_cell.<locals>.get_or_set_cached_cell_and_set_connections" :: waited 0.000s {{(pid=123581) inner /usr/local/lib/python3.8/dist-packages/oslo_concurrency/lockutils.py:386}}
Mar 31 21:37:48.805927 dv-cinder-836073-1-smb devstack@n-api.service[123581]: DEBUG oslo_concurrency.lockutils [None req-ef73bedb-b59d-422d-b1bf-6a9d04404a6d tempest-VolumesSnapshotTestJSON-919103317 tempest-VolumesSnapshotTestJSON-919103317-project] Lock "9579fc22-b702-44fe-b69b-85e50cfdc8e8" "released" by "nova.context.set_target_cell.<locals>.get_or_set_cached_cell_and_set_connections" :: held 0.005s {{(pid=123581) inner /usr/local/lib/python3.8/dist-packages/oslo_concurrency/lockutils.py:400}}
Mar 31 21:37:48.807064 dv-cinder-836073-1-smb devstack@n-api.service[123581]: DEBUG oslo_concurrency.lockutils [None req-ef73bedb-b59d-422d-b1bf-6a9d04404a6d tempest-VolumesSnapshotTestJSON-919103317 tempest-VolumesSnapshotTestJSON-919103317-project] Lock "9579fc22-b702-44fe-b69b-85e50cfdc8e8" acquired by "nova.context.set_target_cell.<locals>.get_or_set_cached_cell_and_set_connections" :: waited 0.000s {{(pid=123581) inner /usr/local/lib/python3.8/dist-packages/oslo_concurrency/lockutils.py:386}}
Mar 31 21:37:48.807758 dv-cinder-836073-1-smb devstack@n-api.service[123581]: DEBUG oslo_concurrency.lockutils [None req-ef73bedb-b59d-422d-b1bf-6a9d04404a6d tempest-VolumesSnapshotTestJSON-919103317 tempest-VolumesSnapshotTestJSON-919103317-project] Lock "9579fc22-b702-44fe-b69b-85e50cfdc8e8" "released" by "nova.context.set_target_cell.<locals>.get_or_set_cached_cell_and_set_connections" :: held 0.001s {{(pid=123581) inner /usr/local/lib/python3.8/dist-packages/oslo_concurrency/lockutils.py:400}}
Mar 31 21:37:49.022647 dv-cinder-836073-1-smb devstack@n-api.service[123582]: DEBUG nova.api.openstack.wsgi [req-abbae6b1-7df1-4130-9022-8826b9557932 req-0d48a6f5-863b-4baa-a36a-10080f717a05 service nova] Action: 'create', calling method: <bound method ServerExternalEventsController.create of <nova.api.openstack.compute.server_external_events.ServerExternalEventsController object at 0x7f5d3ad11af0>>, body: {"events": [{"name": "network-changed", "server_uuid": "bc8e4c5d-6b33-445c-9c39-3c3d099ee22f", "tag": "d26d9888-dc46-4c4a-b406-5b0a65a037d7"}]} {{(pid=123582) _process_stack /opt/stack/nova/nova/api/openstack/wsgi.py:511}}
Mar 31 21:37:49.084821 dv-cinder-836073-1-smb devstack@n-api.service[123582]: DEBUG oslo_concurrency.lockutils [req-abbae6b1-7df1-4130-9022-8826b9557932 req-0d48a6f5-863b-4baa-a36a-10080f717a05 service nova] Lock "9579fc22-b702-44fe-b69b-85e50cfdc8e8" acquired by "nova.context.set_target_cell.<locals>.get_or_set_cached_cell_and_set_connections" :: waited 0.000s {{(pid=123582) inner /usr/local/lib/python3.8/dist-packages/oslo_concurrency/lockutils.py:386}}
Mar 31 21:37:49.086865 dv-cinder-836073-1-smb devstack@n-api.service[123582]: DEBUG oslo_concurrency.lockutils [req-abbae6b1-7df1-4130-9022-8826b9557932 req-0d48a6f5-863b-4baa-a36a-10080f717a05 service nova] Lock "9579fc22-b702-44fe-b69b-85e50cfdc8e8" "released" by "nova.context.set_target_cell.<locals>.get_or_set_cached_cell_and_set_connections" :: held 0.013s {{(pid=123582) inner /usr/local/lib/python3.8/dist-packages/oslo_concurrency/lockutils.py:400}}
Mar 31 21:37:49.150107 dv-cinder-836073-1-smb devstack@n-api.service[123582]: INFO nova.api.openstack.compute.server_external_events [req-abbae6b1-7df1-4130-9022-8826b9557932 req-0d48a6f5-863b-4baa-a36a-10080f717a05 service nova] Creating event network-changed:d26d9888-dc46-4c4a-b406-5b0a65a037d7 for instance bc8e4c5d-6b33-445c-9c39-3c3d099ee22f on hv-cinder-83607
Mar 31 21:37:49.174278 dv-cinder-836073-1-smb devstack@n-api.service[123582]: INFO nova.api.openstack.requestlog [req-abbae6b1-7df1-4130-9022-8826b9557932 req-0d48a6f5-863b-4baa-a36a-10080f717a05 service nova] 10.222.0.18 "POST /compute/v2.1/os-server-external-events" status: 200 len: 179 microversion: 2.1 time: 0.155576
Mar 31 21:37:49.177266 dv-cinder-836073-1-smb devstack@n-api.service[123582]: [pid: 123582|app: 0|req: 74/142] 10.222.0.18 () {64 vars in 1317 bytes} [Thu Mar 31 21:37:49 2022] POST /compute/v2.1/os-server-external-events => generated 179 bytes in 160 msecs (HTTP/1.1 200) 9 headers in 357 bytes (2 switches on core 0)
Mar 31 21:37:49.394426 dv-cinder-836073-1-smb devstack@n-api.service[123581]: DEBUG nova.policy [None req-ef73bedb-b59d-422d-b1bf-6a9d04404a6d tempest-VolumesSnapshotTestJSON-919103317 tempest-VolumesSnapshotTestJSON-919103317-project] Policy check for os_compute_api:os-extended-server-attributes failed with credentials {'is_admin': False, 'user_id': 'c5c01bf079d343e9bf5ed2be5d9ef560', 'user_domain_id': 'default', 'system_scope': None, 'domain_id': None, 'project_id': 'dde68d9cb86142218c711964a0a41595', 'project_domain_id': 'default', 'roles': ['member', 'reader'], 'is_admin_project': True, 'service_user_id': None, 'service_user_domain_id': None, 'service_project_id': None, 'service_project_domain_id': None, 'service_roles': []} {{(pid=123581) authorize /opt/stack/nova/nova/policy.py:199}}
Mar 31 21:37:49.412433 dv-cinder-836073-1-smb devstack@n-api.service[123581]: INFO nova.api.openstack.requestlog [None req-ef73bedb-b59d-422d-b1bf-6a9d04404a6d tempest-VolumesSnapshotTestJSON-919103317 tempest-VolumesSnapshotTestJSON-919103317-project] 10.222.0.18 "GET /compute/v2.1/servers/bc8e4c5d-6b33-445c-9c39-3c3d099ee22f" status: 200 len: 1319 microversion: 2.1 time: 0.625907
Mar 31 21:37:49.419908 dv-cinder-836073-1-smb devstack@n-api.service[123581]: [pid: 123581|app: 0|req: 69/143] 10.222.0.18 () {58 vars in 1235 bytes} [Thu Mar 31 21:37:48 2022] GET /compute/v2.1/servers/bc8e4c5d-6b33-445c-9c39-3c3d099ee22f => generated 1319 bytes in 634 msecs (HTTP/1.1 200) 9 headers in 358 bytes (1 switches on core 0)
Mar 31 21:37:49.567478 dv-cinder-836073-1-smb devstack@n-api.service[123582]: DEBUG nova.api.openstack.wsgi [None req-3609b393-e018-47dd-b1ee-35074f7ef265 tempest-AttachVolumeTestJSON-219986494 tempest-AttachVolumeTestJSON-219986494-project] Action: 'create', calling method: <bound method ServersController.create of <nova.api.openstack.compute.servers.ServersController object at 0x7f5d3ac02850>>, body: {"server": {"name": "tempest-AttachVolumeTestJSON-server-648685856", "imageRef": "25bfefce-44f0-4d12-bb14-7940b02a51b3", "flavorRef": "452", "adminPass": "***", "networks": [{"uuid": "46364ee2-aa4b-46b8-997c-61fcd79e868b"}], "security_groups": [{"name": "tempest-securitygroup--1734641187"}], "key_name": "tempest-keypair-14159637", "user_data": "}} {{(pid=123582) _process_stack /opt/stack/nova/nova/api/openstack/wsgi.py:511}}
Mar 31 21:37:49.765647 dv-cinder-836073-1-smb devstack@n-api.service[123581]: DEBUG nova.api.openstack.wsgi [None req-46592c8c-cafa-45e1-bf9c-ea769f53df9d tempest-ServerRescueNegativeTestJSON-486604330 tempest-ServerRescueNegativeTestJSON-486604330-project] Calling method '<bound method ServersController.show of <nova.api.openstack.compute.servers.ServersController object at 0x7f5d3ac2cdf0>>' {{(pid=123581) _process_stack /opt/stack/nova/nova/api/openstack/wsgi.py:513}}
Mar 31 21:37:49.766555 dv-cinder-836073-1-smb devstack@n-api.service[123581]: DEBUG nova.compute.api [None req-46592c8c-cafa-45e1-bf9c-ea769f53df9d tempest-ServerRescueNegativeTestJSON-486604330 tempest-ServerRescueNegativeTestJSON-486604330-project] [instance: e77fd45e-4a85-43ef-ad7d-943af5c70bc1] Fetching instance by UUID {{(pid=123581) get /opt/stack/nova/nova/compute/api.py:2918}}
Mar 31 21:37:49.775888 dv-cinder-836073-1-smb devstack@n-api.service[123581]: DEBUG oslo_concurrency.lockutils [None req-46592c8c-cafa-45e1-bf9c-ea769f53df9d tempest-ServerRescueNegativeTestJSON-486604330 tempest-ServerRescueNegativeTestJSON-486604330-project] Lock "9579fc22-b702-44fe-b69b-85e50cfdc8e8" acquired by "nova.context.set_target_cell.<locals>.get_or_set_cached_cell_and_set_connections" :: waited 0.001s {{(pid=123581) inner /usr/local/lib/python3.8/dist-packages/oslo_concurrency/lockutils.py:386}}
Mar 31 21:37:49.777448 dv-cinder-836073-1-smb devstack@n-api.service[123581]: DEBUG oslo_concurrency.lockutils [None req-46592c8c-cafa-45e1-bf9c-ea769f53df9d tempest-ServerRescueNegativeTestJSON-486604330 tempest-ServerRescueNegativeTestJSON-486604330-project] Lock "9579fc22-b702-44fe-b69b-85e50cfdc8e8" "released" by "nova.context.set_target_cell.<locals>.get_or_set_cached_cell_and_set_connections" :: held 0.001s {{(pid=123581) inner /usr/local/lib/python3.8/dist-packages/oslo_concurrency/lockutils.py:400}}
Mar 31 21:37:49.778473 dv-cinder-836073-1-smb devstack@n-api.service[123581]: DEBUG oslo_concurrency.lockutils [None req-46592c8c-cafa-45e1-bf9c-ea769f53df9d tempest-ServerRescueNegativeTestJSON-486604330 tempest-ServerRescueNegativeTestJSON-486604330-project] Lock "9579fc22-b702-44fe-b69b-85e50cfdc8e8" acquired by "nova.context.set_target_cell.<locals>.get_or_set_cached_cell_and_set_connections" :: waited 0.000s {{(pid=123581) inner /usr/local/lib/python3.8/dist-packages/oslo_concurrency/lockutils.py:386}}
Mar 31 21:37:49.779206 dv-cinder-836073-1-smb devstack@n-api.service[123581]: DEBUG oslo_concurrency.lockutils [None req-46592c8c-cafa-45e1-bf9c-ea769f53df9d tempest-ServerRescueNegativeTestJSON-486604330 tempest-ServerRescueNegativeTestJSON-486604330-project] Lock "9579fc22-b702-44fe-b69b-85e50cfdc8e8" "released" by "nova.context.set_target_cell.<locals>.get_or_set_cached_cell_and_set_connections" :: held 0.001s {{(pid=123581) inner /usr/local/lib/python3.8/dist-packages/oslo_concurrency/lockutils.py:400}}
Mar 31 21:37:49.930369 dv-cinder-836073-1-smb devstack@n-api.service[123582]: DEBUG nova.network.neutron [None req-3609b393-e018-47dd-b1ee-35074f7ef265 tempest-AttachVolumeTestJSON-219986494 tempest-AttachVolumeTestJSON-219986494-project] validate_networks() for [('46364ee2-aa4b-46b8-997c-61fcd79e868b', None, None, None, None, None)] {{(pid=123582) validate_networks /opt/stack/nova/nova/network/neutron.py:2632}}
Mar 31 21:37:50.192534 dv-cinder-836073-1-smb devstack@n-api.service[123581]: DEBUG nova.policy [None req-46592c8c-cafa-45e1-bf9c-ea769f53df9d tempest-ServerRescueNegativeTestJSON-486604330 tempest-ServerRescueNegativeTestJSON-486604330-project] Policy check for os_compute_api:os-extended-server-attributes failed with credentials {'is_admin': False, 'user_id': 'ba0d3b1aca974f2ca518ccac0db0984d', 'user_domain_id': 'default', 'system_scope': None, 'domain_id': None, 'project_id': 'dc2950f81fdd467eae79678efa0216ab', 'project_domain_id': 'default', 'roles': ['member', 'reader'], 'is_admin_project': True, 'service_user_id': None, 'service_user_domain_id': None, 'service_project_id': None, 'service_project_domain_id': None, 'service_roles': []} {{(pid=123581) authorize /opt/stack/nova/nova/policy.py:199}}
Mar 31 21:37:50.207425 dv-cinder-836073-1-smb devstack@n-api.service[123581]: INFO nova.api.openstack.requestlog [None req-46592c8c-cafa-45e1-bf9c-ea769f53df9d tempest-ServerRescueNegativeTestJSON-486604330 tempest-ServerRescueNegativeTestJSON-486604330-project] 10.222.0.18 "GET /compute/v2.1/servers/e77fd45e-4a85-43ef-ad7d-943af5c70bc1" status: 200 len: 1520 microversion: 2.1 time: 0.446355
Mar 31 21:37:50.208673 dv-cinder-836073-1-smb devstack@n-api.service[123581]: [pid: 123581|app: 0|req: 70/144] 10.222.0.18 () {58 vars in 1235 bytes} [Thu Mar 31 21:37:49 2022] GET /compute/v2.1/servers/e77fd45e-4a85-43ef-ad7d-943af5c70bc1 => generated 1520 bytes in 450 msecs (HTTP/1.1 200) 9 headers in 358 bytes (1 switches on core 0)
Mar 31 21:37:50.229442 dv-cinder-836073-1-smb devstack@n-api.service[123581]: DEBUG nova.api.openstack.wsgi [None req-99ac15bb-a936-4177-8e8f-954a467e8ae8 tempest-VolumesActionsTest-222055535 tempest-VolumesActionsTest-222055535-project] Calling method '<bound method ServersController.show of <nova.api.openstack.compute.servers.ServersController object at 0x7f5d3ac2cdf0>>' {{(pid=123581) _process_stack /opt/stack/nova/nova/api/openstack/wsgi.py:513}}
Mar 31 21:37:50.230638 dv-cinder-836073-1-smb devstack@n-api.service[123581]: DEBUG nova.compute.api [None req-99ac15bb-a936-4177-8e8f-954a467e8ae8 tempest-VolumesActionsTest-222055535 tempest-VolumesActionsTest-222055535-project] [instance: 61a8b0fb-3aa2-47e8-ab8c-0bff7389ba47] Fetching instance by UUID {{(pid=123581) get /opt/stack/nova/nova/compute/api.py:2918}}
Mar 31 21:37:50.245342 dv-cinder-836073-1-smb devstack@n-api.service[123581]: DEBUG oslo_concurrency.lockutils [None req-99ac15bb-a936-4177-8e8f-954a467e8ae8 tempest-VolumesActionsTest-222055535 tempest-VolumesActionsTest-222055535-project] Lock "9579fc22-b702-44fe-b69b-85e50cfdc8e8" acquired by "nova.context.set_target_cell.<locals>.get_or_set_cached_cell_and_set_connections" :: waited 0.000s {{(pid=123581) inner /usr/local/lib/python3.8/dist-packages/oslo_concurrency/lockutils.py:386}}
Mar 31 21:37:50.247898 dv-cinder-836073-1-smb devstack@n-api.service[123581]: DEBUG oslo_concurrency.lockutils [None req-99ac15bb-a936-4177-8e8f-954a467e8ae8 tempest-VolumesActionsTest-222055535 tempest-VolumesActionsTest-222055535-project] Lock "9579fc22-b702-44fe-b69b-85e50cfdc8e8" "released" by "nova.context.set_target_cell.<locals>.get_or_set_cached_cell_and_set_connections" :: held 0.003s {{(pid=123581) inner /usr/local/lib/python3.8/dist-packages/oslo_concurrency/lockutils.py:400}}
Mar 31 21:37:50.250140 dv-cinder-836073-1-smb devstack@n-api.service[123581]: DEBUG oslo_concurrency.lockutils [None req-99ac15bb-a936-4177-8e8f-954a467e8ae8 tempest-VolumesActionsTest-222055535 tempest-VolumesActionsTest-222055535-project] Lock "9579fc22-b702-44fe-b69b-85e50cfdc8e8" acquired by "nova.context.set_target_cell.<locals>.get_or_set_cached_cell_and_set_connections" :: waited 0.000s {{(pid=123581) inner /usr/local/lib/python3.8/dist-packages/oslo_concurrency/lockutils.py:386}}
Mar 31 21:37:50.251743 dv-cinder-836073-1-smb devstack@n-api.service[123581]: DEBUG oslo_concurrency.lockutils [None req-99ac15bb-a936-4177-8e8f-954a467e8ae8 tempest-VolumesActionsTest-222055535 tempest-VolumesActionsTest-222055535-project] Lock "9579fc22-b702-44fe-b69b-85e50cfdc8e8" "released" by "nova.context.set_target_cell.<locals>.get_or_set_cached_cell_and_set_connections" :: held 0.001s {{(pid=123581) inner /usr/local/lib/python3.8/dist-packages/oslo_concurrency/lockutils.py:400}}
Mar 31 21:37:50.796251 dv-cinder-836073-1-smb devstack@n-api.service[123581]: DEBUG nova.policy [None req-99ac15bb-a936-4177-8e8f-954a467e8ae8 tempest-VolumesActionsTest-222055535 tempest-VolumesActionsTest-222055535-project] Policy check for os_compute_api:os-extended-server-attributes failed with credentials {'is_admin': False, 'user_id': '2d27bf4292414bd4a3cdf6a122ca7383', 'user_domain_id': 'default', 'system_scope': None, 'domain_id': None, 'project_id': '3f03ca94eef9448f99208ec40ed9df15', 'project_domain_id': 'default', 'roles': ['member', 'reader'], 'is_admin_project': True, 'service_user_id': None, 'service_user_domain_id': None, 'service_project_id': None, 'service_project_domain_id': None, 'service_roles': []} {{(pid=123581) authorize /opt/stack/nova/nova/policy.py:199}}
Mar 31 21:37:50.812796 dv-cinder-836073-1-smb devstack@n-api.service[123581]: INFO nova.api.openstack.requestlog [None req-99ac15bb-a936-4177-8e8f-954a467e8ae8 tempest-VolumesActionsTest-222055535 tempest-VolumesActionsTest-222055535-project] 10.222.0.18 "GET /compute/v2.1/servers/61a8b0fb-3aa2-47e8-ab8c-0bff7389ba47" status: 200 len: 1503 microversion: 2.1 time: 0.602493
Mar 31 21:37:50.814495 dv-cinder-836073-1-smb devstack@n-api.service[123581]: [pid: 123581|app: 0|req: 71/145] 10.222.0.18 () {58 vars in 1235 bytes} [Thu Mar 31 21:37:50 2022] GET /compute/v2.1/servers/61a8b0fb-3aa2-47e8-ab8c-0bff7389ba47 => generated 1503 bytes in 605 msecs (HTTP/1.1 200) 9 headers in 358 bytes (1 switches on core 0)
Mar 31 21:37:50.820552 dv-cinder-836073-1-smb devstack@n-api.service[123581]: DEBUG nova.api.openstack.wsgi [None req-05cb30d1-4ed4-413e-b560-8bd696e2d17e tempest-VolumesSnapshotTestJSON-919103317 tempest-VolumesSnapshotTestJSON-919103317-project] Calling method '<bound method ServersController.show of <nova.api.openstack.compute.servers.ServersController object at 0x7f5d3ac2cdf0>>' {{(pid=123581) _process_stack /opt/stack/nova/nova/api/openstack/wsgi.py:513}}
Mar 31 21:37:50.821448 dv-cinder-836073-1-smb devstack@n-api.service[123581]: DEBUG nova.compute.api [None req-05cb30d1-4ed4-413e-b560-8bd696e2d17e tempest-VolumesSnapshotTestJSON-919103317 tempest-VolumesSnapshotTestJSON-919103317-project] [instance: bc8e4c5d-6b33-445c-9c39-3c3d099ee22f] Fetching instance by UUID {{(pid=123581) get /opt/stack/nova/nova/compute/api.py:2918}}
Mar 31 21:37:50.843742 dv-cinder-836073-1-smb devstack@n-api.service[123581]: DEBUG oslo_concurrency.lockutils [None req-05cb30d1-4ed4-413e-b560-8bd696e2d17e tempest-VolumesSnapshotTestJSON-919103317 tempest-VolumesSnapshotTestJSON-919103317-project] Lock "9579fc22-b702-44fe-b69b-85e50cfdc8e8" acquired by "nova.context.set_target_cell.<locals>.get_or_set_cached_cell_and_set_connections" :: waited 0.000s {{(pid=123581) inner /usr/local/lib/python3.8/dist-packages/oslo_concurrency/lockutils.py:386}}
Mar 31 21:37:50.844503 dv-cinder-836073-1-smb devstack@n-api.service[123581]: DEBUG oslo_concurrency.lockutils [None req-05cb30d1-4ed4-413e-b560-8bd696e2d17e tempest-VolumesSnapshotTestJSON-919103317 tempest-VolumesSnapshotTestJSON-919103317-project] Lock "9579fc22-b702-44fe-b69b-85e50cfdc8e8" "released" by "nova.context.set_target_cell.<locals>.get_or_set_cached_cell_and_set_connections" :: held 0.002s {{(pid=123581) inner /usr/local/lib/python3.8/dist-packages/oslo_concurrency/lockutils.py:400}}
Mar 31 21:37:50.846384 dv-cinder-836073-1-smb devstack@n-api.service[123581]: DEBUG oslo_concurrency.lockutils [None req-05cb30d1-4ed4-413e-b560-8bd696e2d17e tempest-VolumesSnapshotTestJSON-919103317 tempest-VolumesSnapshotTestJSON-919103317-project] Lock "9579fc22-b702-44fe-b69b-85e50cfdc8e8" acquired by "nova.context.set_target_cell.<locals>.get_or_set_cached_cell_and_set_connections" :: waited 0.000s {{(pid=123581) inner /usr/local/lib/python3.8/dist-packages/oslo_concurrency/lockutils.py:386}}
Mar 31 21:37:50.847569 dv-cinder-836073-1-smb devstack@n-api.service[123581]: DEBUG oslo_concurrency.lockutils [None req-05cb30d1-4ed4-413e-b560-8bd696e2d17e tempest-VolumesSnapshotTestJSON-919103317 tempest-VolumesSnapshotTestJSON-919103317-project] Lock "9579fc22-b702-44fe-b69b-85e50cfdc8e8" "released" by "nova.context.set_target_cell.<locals>.get_or_set_cached_cell_and_set_connections" :: held 0.001s {{(pid=123581) inner /usr/local/lib/python3.8/dist-packages/oslo_concurrency/lockutils.py:400}}
Mar 31 21:37:51.033308 dv-cinder-836073-1-smb devstack@n-api.service[123582]: DEBUG nova.virt.hardware [None req-3609b393-e018-47dd-b1ee-35074f7ef265 tempest-AttachVolumeTestJSON-219986494 tempest-AttachVolumeTestJSON-219986494-project] Flavor limits 0:0:0 {{(pid=123582) get_cpu_topology_constraints /opt/stack/nova/nova/virt/hardware.py:343}}
Mar 31 21:37:51.033852 dv-cinder-836073-1-smb devstack@n-api.service[123582]: DEBUG nova.virt.hardware [None req-3609b393-e018-47dd-b1ee-35074f7ef265 tempest-AttachVolumeTestJSON-219986494 tempest-AttachVolumeTestJSON-219986494-project] Image limits 0:0:0 {{(pid=123582) get_cpu_topology_constraints /opt/stack/nova/nova/virt/hardware.py:347}}
Mar 31 21:37:51.034294 dv-cinder-836073-1-smb devstack@n-api.service[123582]: DEBUG nova.virt.hardware [None req-3609b393-e018-47dd-b1ee-35074f7ef265 tempest-AttachVolumeTestJSON-219986494 tempest-AttachVolumeTestJSON-219986494-project] Flavor pref 0:0:0 {{(pid=123582) get_cpu_topology_constraints /opt/stack/nova/nova/virt/hardware.py:383}}
Mar 31 21:37:51.034612 dv-cinder-836073-1-smb devstack@n-api.service[123582]: DEBUG nova.virt.hardware [None req-3609b393-e018-47dd-b1ee-35074f7ef265 tempest-AttachVolumeTestJSON-219986494 tempest-AttachVolumeTestJSON-219986494-project] Image pref 0:0:0 {{(pid=123582) get_cpu_topology_constraints /opt/stack/nova/nova/virt/hardware.py:387}}
Mar 31 21:37:51.035020 dv-cinder-836073-1-smb devstack@n-api.service[123582]: DEBUG nova.virt.hardware [None req-3609b393-e018-47dd-b1ee-35074f7ef265 tempest-AttachVolumeTestJSON-219986494 tempest-AttachVolumeTestJSON-219986494-project] Chose sockets=0, cores=0, threads=0; limits were sockets=65536, cores=65536, threads=65536 {{(pid=123582) get_cpu_topology_constraints /opt/stack/nova/nova/virt/hardware.py:425}}
Mar 31 21:37:51.081440 dv-cinder-836073-1-smb devstack@n-api.service[123582]: DEBUG oslo_concurrency.lockutils [None req-3609b393-e018-47dd-b1ee-35074f7ef265 tempest-AttachVolumeTestJSON-219986494 tempest-AttachVolumeTestJSON-219986494-project] Lock "00000000-0000-0000-0000-000000000000" acquired by "nova.context.set_target_cell.<locals>.get_or_set_cached_cell_and_set_connections" :: waited 0.000s {{(pid=123582) inner /usr/local/lib/python3.8/dist-packages/oslo_concurrency/lockutils.py:386}}
Mar 31 21:37:51.086097 dv-cinder-836073-1-smb devstack@n-api.service[123582]: DEBUG oslo_concurrency.lockutils [None req-3609b393-e018-47dd-b1ee-35074f7ef265 tempest-AttachVolumeTestJSON-219986494 tempest-AttachVolumeTestJSON-219986494-project] Lock "00000000-0000-0000-0000-000000000000" "released" by "nova.context.set_target_cell.<locals>.get_or_set_cached_cell_and_set_connections" :: held 0.016s {{(pid=123582) inner /usr/local/lib/python3.8/dist-packages/oslo_concurrency/lockutils.py:400}}
Mar 31 21:37:51.088031 dv-cinder-836073-1-smb devstack@n-api.service[123582]: DEBUG oslo_concurrency.lockutils [None req-3609b393-e018-47dd-b1ee-35074f7ef265 tempest-AttachVolumeTestJSON-219986494 tempest-AttachVolumeTestJSON-219986494-project] Lock "9579fc22-b702-44fe-b69b-85e50cfdc8e8" acquired by "nova.context.set_target_cell.<locals>.get_or_set_cached_cell_and_set_connections" :: waited 0.000s {{(pid=123582) inner /usr/local/lib/python3.8/dist-packages/oslo_concurrency/lockutils.py:386}}
Mar 31 21:37:51.098075 dv-cinder-836073-1-smb devstack@n-api.service[123582]: DEBUG oslo_concurrency.lockutils [None req-3609b393-e018-47dd-b1ee-35074f7ef265 tempest-AttachVolumeTestJSON-219986494 tempest-AttachVolumeTestJSON-219986494-project] Lock "9579fc22-b702-44fe-b69b-85e50cfdc8e8" "released" by "nova.context.set_target_cell.<locals>.get_or_set_cached_cell_and_set_connections" :: held 0.003s {{(pid=123582) inner /usr/local/lib/python3.8/dist-packages/oslo_concurrency/lockutils.py:400}}
Mar 31 21:37:51.147593 dv-cinder-836073-1-smb devstack@n-api.service[123581]: DEBUG nova.policy [None req-05cb30d1-4ed4-413e-b560-8bd696e2d17e tempest-VolumesSnapshotTestJSON-919103317 tempest-VolumesSnapshotTestJSON-919103317-project] Policy check for os_compute_api:os-extended-server-attributes failed with credentials {'is_admin': False, 'user_id': 'c5c01bf079d343e9bf5ed2be5d9ef560', 'user_domain_id': 'default', 'system_scope': None, 'domain_id': None, 'project_id': 'dde68d9cb86142218c711964a0a41595', 'project_domain_id': 'default', 'roles': ['member', 'reader'], 'is_admin_project': True, 'service_user_id': None, 'service_user_domain_id': None, 'service_project_id': None, 'service_project_domain_id': None, 'service_roles': []} {{(pid=123581) authorize /opt/stack/nova/nova/policy.py:199}}
Mar 31 21:37:51.157608 dv-cinder-836073-1-smb devstack@n-api.service[123581]: INFO nova.api.openstack.requestlog [None req-05cb30d1-4ed4-413e-b560-8bd696e2d17e tempest-VolumesSnapshotTestJSON-919103317 tempest-VolumesSnapshotTestJSON-919103317-project] 10.222.0.18 "GET /compute/v2.1/servers/bc8e4c5d-6b33-445c-9c39-3c3d099ee22f" status: 200 len: 1319 microversion: 2.1 time: 0.341483
Mar 31 21:37:51.158866 dv-cinder-836073-1-smb devstack@n-api.service[123581]: [pid: 123581|app: 0|req: 72/146] 10.222.0.18 () {58 vars in 1235 bytes} [Thu Mar 31 21:37:50 2022] GET /compute/v2.1/servers/bc8e4c5d-6b33-445c-9c39-3c3d099ee22f => generated 1319 bytes in 343 msecs (HTTP/1.1 200) 9 headers in 358 bytes (1 switches on core 0)
Mar 31 21:37:51.165443 dv-cinder-836073-1-smb devstack@n-api.service[123582]: DEBUG nova.quota [None req-3609b393-e018-47dd-b1ee-35074f7ef265 tempest-AttachVolumeTestJSON-219986494 tempest-AttachVolumeTestJSON-219986494-project] Getting quotas for project e704bdcdf5734f49b3be317488d6a035. Resources: {'instances', 'cores', 'ram'} {{(pid=123582) _get_quotas /opt/stack/nova/nova/quota.py:393}}
Mar 31 21:37:51.176653 dv-cinder-836073-1-smb devstack@n-api.service[123582]: DEBUG nova.quota [None req-3609b393-e018-47dd-b1ee-35074f7ef265 tempest-AttachVolumeTestJSON-219986494 tempest-AttachVolumeTestJSON-219986494-project] Getting quotas for user e32ccc471b6e4b7d980002f3436ffc40 and project e704bdcdf5734f49b3be317488d6a035. Resources: {'instances', 'cores', 'ram'} {{(pid=123582) _get_quotas /opt/stack/nova/nova/quota.py:383}}
Mar 31 21:37:51.215871 dv-cinder-836073-1-smb devstack@n-api.service[123582]: DEBUG nova.compute.api [None req-3609b393-e018-47dd-b1ee-35074f7ef265 tempest-AttachVolumeTestJSON-219986494 tempest-AttachVolumeTestJSON-219986494-project] Going to run 1 instances... {{(pid=123582) _provision_instances /opt/stack/nova/nova/compute/api.py:1389}}
Mar 31 21:37:51.218661 dv-cinder-836073-1-smb devstack@n-api.service[123582]: DEBUG nova.compute.api [None req-3609b393-e018-47dd-b1ee-35074f7ef265 tempest-AttachVolumeTestJSON-219986494 tempest-AttachVolumeTestJSON-219986494-project] [instance: db96c034-346a-40fd-9d4a-060e480b6644] block_device_mapping [BlockDeviceMapping(attachment_id=<?>,boot_index=0,connection_info=None,created_at=<?>,delete_on_termination=True,deleted=<?>,deleted_at=<?>,destination_type='local',device_name=None,device_type='disk',disk_bus=None,guest_format=None,id=<?>,image_id='25bfefce-44f0-4d12-bb14-7940b02a51b3',instance=<?>,instance_uuid=<?>,no_device=False,snapshot_id=None,source_type='image',tag=None,updated_at=<?>,uuid=<?>,volume_id=None,volume_size=None,volume_type=None)] {{(pid=123582) _bdm_validate_set_size_and_instance /opt/stack/nova/nova/compute/api.py:1807}}
Mar 31 21:37:51.228478 dv-cinder-836073-1-smb devstack@n-api.service[123581]: DEBUG nova.api.openstack.wsgi [None req-42d5e75a-f069-48eb-a39d-338c5bf6f707 tempest-ServerRescueNegativeTestJSON-486604330 tempest-ServerRescueNegativeTestJSON-486604330-project] Calling method '<bound method ServersController.show of <nova.api.openstack.compute.servers.ServersController object at 0x7f5d3ac2cdf0>>' {{(pid=123581) _process_stack /opt/stack/nova/nova/api/openstack/wsgi.py:513}}
Mar 31 21:37:51.230426 dv-cinder-836073-1-smb devstack@n-api.service[123581]: DEBUG nova.compute.api [None req-42d5e75a-f069-48eb-a39d-338c5bf6f707 tempest-ServerRescueNegativeTestJSON-486604330 tempest-ServerRescueNegativeTestJSON-486604330-project] [instance: e77fd45e-4a85-43ef-ad7d-943af5c70bc1] Fetching instance by UUID {{(pid=123581) get /opt/stack/nova/nova/compute/api.py:2918}}
Mar 31 21:37:51.243568 dv-cinder-836073-1-smb devstack@n-api.service[123581]: DEBUG oslo_concurrency.lockutils [None req-42d5e75a-f069-48eb-a39d-338c5bf6f707 tempest-ServerRescueNegativeTestJSON-486604330 tempest-ServerRescueNegativeTestJSON-486604330-project] Lock "9579fc22-b702-44fe-b69b-85e50cfdc8e8" acquired by "nova.context.set_target_cell.<locals>.get_or_set_cached_cell_and_set_connections" :: waited 0.000s {{(pid=123581) inner /usr/local/lib/python3.8/dist-packages/oslo_concurrency/lockutils.py:386}}
Mar 31 21:37:51.246972 dv-cinder-836073-1-smb devstack@n-api.service[123581]: DEBUG oslo_concurrency.lockutils [None req-42d5e75a-f069-48eb-a39d-338c5bf6f707 tempest-ServerRescueNegativeTestJSON-486604330 tempest-ServerRescueNegativeTestJSON-486604330-project] Lock "9579fc22-b702-44fe-b69b-85e50cfdc8e8" "released" by "nova.context.set_target_cell.<locals>.get_or_set_cached_cell_and_set_connections" :: held 0.003s {{(pid=123581) inner /usr/local/lib/python3.8/dist-packages/oslo_concurrency/lockutils.py:400}}
Mar 31 21:37:51.249765 dv-cinder-836073-1-smb devstack@n-api.service[123581]: DEBUG oslo_concurrency.lockutils [None req-42d5e75a-f069-48eb-a39d-338c5bf6f707 tempest-ServerRescueNegativeTestJSON-486604330 tempest-ServerRescueNegativeTestJSON-486604330-project] Lock "9579fc22-b702-44fe-b69b-85e50cfdc8e8" acquired by "nova.context.set_target_cell.<locals>.get_or_set_cached_cell_and_set_connections" :: waited 0.000s {{(pid=123581) inner /usr/local/lib/python3.8/dist-packages/oslo_concurrency/lockutils.py:386}}
Mar 31 21:37:51.250757 dv-cinder-836073-1-smb devstack@n-api.service[123581]: DEBUG oslo_concurrency.lockutils [None req-42d5e75a-f069-48eb-a39d-338c5bf6f707 tempest-ServerRescueNegativeTestJSON-486604330 tempest-ServerRescueNegativeTestJSON-486604330-project] Lock "9579fc22-b702-44fe-b69b-85e50cfdc8e8" "released" by "nova.context.set_target_cell.<locals>.get_or_set_cached_cell_and_set_connections" :: held 0.002s {{(pid=123581) inner /usr/local/lib/python3.8/dist-packages/oslo_concurrency/lockutils.py:400}}
Mar 31 21:37:51.344717 dv-cinder-836073-1-smb devstack@n-api.service[123582]: INFO nova.api.openstack.requestlog [None req-3609b393-e018-47dd-b1ee-35074f7ef265 tempest-AttachVolumeTestJSON-219986494 tempest-AttachVolumeTestJSON-219986494-project] 10.222.0.18 "POST /compute/v2.1/servers" status: 202 len: 402 microversion: 2.1 time: 1.782051
Mar 31 21:37:51.351998 dv-cinder-836073-1-smb devstack@n-api.service[123582]: [pid: 123582|app: 0|req: 75/147] 10.222.0.18 () {60 vars in 1146 bytes} [Thu Mar 31 21:37:49 2022] POST /compute/v2.1/servers => generated 402 bytes in 1790 msecs (HTTP/1.1 202) 10 headers in 451 bytes (1 switches on core 0)
Mar 31 21:37:51.365421 dv-cinder-836073-1-smb devstack@n-api.service[123582]: DEBUG nova.api.openstack.wsgi [None req-98ab73a7-7150-42bb-ba04-746535766c6b tempest-AttachVolumeTestJSON-219986494 tempest-AttachVolumeTestJSON-219986494-project] Calling method '<bound method ServersController.show of <nova.api.openstack.compute.servers.ServersController object at 0x7f5d3ac2cdf0>>' {{(pid=123582) _process_stack /opt/stack/nova/nova/api/openstack/wsgi.py:513}}
