Mar 31 20:36:57.876522 dv-cinder-836072-1-smb devstack@c-api.service[110371]: DEBUG cinder.api.middleware.request_id [None req-3ab29b51-4042-42c5-8fb8-19ec52bf9302 None None] RequestId filter calling following filter/app {{(pid=110371) _context_setter /opt/stack/cinder/cinder/api/middleware/request_id.py:62}}
Mar 31 20:36:57.879609 dv-cinder-836072-1-smb devstack@c-api.service[110372]: INFO cinder.api.openstack.wsgi [None req-ceb93244-c581-4d94-a109-33c6e1b438f1 tempest-GroupsV320Test-1738891415 tempest-GroupsV320Test-1738891415-project] POST http://10.222.0.60/volume/v3/60916db04a184c6b9ea94719558fb126/groups
Mar 31 20:36:57.880346 dv-cinder-836072-1-smb devstack@c-api.service[110372]: DEBUG cinder.api.openstack.wsgi [None req-ceb93244-c581-4d94-a109-33c6e1b438f1 tempest-GroupsV320Test-1738891415 tempest-GroupsV320Test-1738891415-project] Action: 'create', calling method: version_select, body: {"group": {"group_type": "631637ae-db5b-4ccb-ae24-ef5d142ca4b0", "volume_types": ["75fd00e8-696a-4efd-a122-4be112be466b"], "name": "tempest-GroupsV320Test-Group-119071879"}} {{(pid=110372) _process_stack /opt/stack/cinder/cinder/api/openstack/wsgi.py:866}}
Mar 31 20:36:57.881375 dv-cinder-836072-1-smb devstack@c-api.service[110372]: DEBUG cinder.api.v3.groups [None req-ceb93244-c581-4d94-a109-33c6e1b438f1 tempest-GroupsV320Test-1738891415 tempest-GroupsV320Test-1738891415-project] Creating new group {'group': {'group_type': '631637ae-db5b-4ccb-ae24-ef5d142ca4b0', 'volume_types': ['75fd00e8-696a-4efd-a122-4be112be466b'], 'name': 'tempest-GroupsV320Test-Group-119071879'}} {{(pid=110372) create /opt/stack/cinder/cinder/api/v3/groups.py:190}}
Mar 31 20:36:57.881784 dv-cinder-836072-1-smb devstack@c-api.service[110371]: INFO cinder.api.openstack.wsgi [None req-3ab29b51-4042-42c5-8fb8-19ec52bf9302 tempest-DeleteServersTestJSON-1799658678 tempest-DeleteServersTestJSON-1799658678-project] POST http://10.222.0.60/volume/v3/6cba41bb43984c1d958e70218d69fffd/volumes
Mar 31 20:36:57.882814 dv-cinder-836072-1-smb devstack@c-api.service[110371]: DEBUG cinder.api.openstack.wsgi [None req-3ab29b51-4042-42c5-8fb8-19ec52bf9302 tempest-DeleteServersTestJSON-1799658678 tempest-DeleteServersTestJSON-1799658678-project] Action: 'create', calling method: create, body: {"volume": {"size": 1, "display_name": "tempest-DeleteServersTestJSON-volume-1194405787"}} {{(pid=110371) _process_stack /opt/stack/cinder/cinder/api/openstack/wsgi.py:866}}
Mar 31 20:36:57.886385 dv-cinder-836072-1-smb devstack@c-api.service[110371]: DEBUG cinder.api.v3.volumes [None req-3ab29b51-4042-42c5-8fb8-19ec52bf9302 tempest-DeleteServersTestJSON-1799658678 tempest-DeleteServersTestJSON-1799658678-project] Create volume request body: {'volume': {'size': 1, 'display_name': 'tempest-DeleteServersTestJSON-volume-1194405787'}} {{(pid=110371) create /opt/stack/cinder/cinder/api/v3/volumes.py:298}}
Mar 31 20:36:57.886827 dv-cinder-836072-1-smb devstack@c-api.service[110371]: INFO cinder.api.v3.volumes [None req-3ab29b51-4042-42c5-8fb8-19ec52bf9302 tempest-DeleteServersTestJSON-1799658678 tempest-DeleteServersTestJSON-1799658678-project] Create volume of 1 GB
Mar 31 20:36:57.887683 dv-cinder-836072-1-smb devstack@c-api.service[110371]: /usr/local/lib/python3.8/dist-packages/oslo_context/context.py:100: DeprecationWarning: Policy enforcement is depending on the value of is_admin. This key is deprecated. Please update your policy file to use the standard policy values.
Mar 31 20:36:57.887683 dv-cinder-836072-1-smb devstack@c-api.service[110371]:   warnings.warn('Policy enforcement is depending on the value of '
Mar 31 20:36:57.897540 dv-cinder-836072-1-smb devstack@c-api.service[110371]: INFO cinder.volume.api [None req-3ab29b51-4042-42c5-8fb8-19ec52bf9302 tempest-DeleteServersTestJSON-1799658678 tempest-DeleteServersTestJSON-1799658678-project] Availability Zones retrieved successfully.
Mar 31 20:36:57.906014 dv-cinder-836072-1-smb devstack@c-api.service[110372]: INFO cinder.api.v3.groups [None req-ceb93244-c581-4d94-a109-33c6e1b438f1 tempest-GroupsV320Test-1738891415 tempest-GroupsV320Test-1738891415-project] Creating group tempest-GroupsV320Test-Group-119071879.
Mar 31 20:36:57.927951 dv-cinder-836072-1-smb devstack@c-api.service[110371]: DEBUG cinder.volume.api [None req-3ab29b51-4042-42c5-8fb8-19ec52bf9302 tempest-DeleteServersTestJSON-1799658678 tempest-DeleteServersTestJSON-1799658678-project] Flow 'volume_create_api' (47812020-1a40-4042-9f21-7fb15878836a) transitioned into state 'RUNNING' from state 'PENDING' {{(pid=110371) _flow_receiver /usr/local/lib/python3.8/dist-packages/taskflow/listeners/logging.py:141}}
Mar 31 20:36:57.935952 dv-cinder-836072-1-smb devstack@c-api.service[110372]: INFO cinder.volume.api [None req-ceb93244-c581-4d94-a109-33c6e1b438f1 tempest-GroupsV320Test-1738891415 tempest-GroupsV320Test-1738891415-project] Availability Zones retrieved successfully.
Mar 31 20:36:57.940817 dv-cinder-836072-1-smb devstack@c-api.service[110371]: DEBUG cinder.volume.api [None req-3ab29b51-4042-42c5-8fb8-19ec52bf9302 tempest-DeleteServersTestJSON-1799658678 tempest-DeleteServersTestJSON-1799658678-project] Task 'cinder.volume.flows.api.create_volume.ExtractVolumeRequestTask;volume:create' (2dc7dacd-b9ba-4dae-a00b-90f33e33b46b) transitioned into state 'RUNNING' from state 'PENDING' {{(pid=110371) _task_receiver /usr/local/lib/python3.8/dist-packages/taskflow/listeners/logging.py:190}}
Mar 31 20:36:57.951293 dv-cinder-836072-1-smb devstack@c-api.service[110371]: DEBUG cinder.volume.flows.api.create_volume [None req-3ab29b51-4042-42c5-8fb8-19ec52bf9302 tempest-DeleteServersTestJSON-1799658678 tempest-DeleteServersTestJSON-1799658678-project] Validating volume size '1' using validate_int {{(pid=110371) _extract_size /opt/stack/cinder/cinder/volume/flows/api/create_volume.py:225}}
Mar 31 20:36:57.991134 dv-cinder-836072-1-smb devstack@c-api.service[110372]: DEBUG cinder.quota [None req-ceb93244-c581-4d94-a109-33c6e1b438f1 tempest-GroupsV320Test-1738891415 tempest-GroupsV320Test-1738891415-project] Created reservations ['b71bb16e-935a-452e-ae8f-29add9f22d39'] {{(pid=110372) reserve /opt/stack/cinder/cinder/quota.py:755}}
Mar 31 20:36:58.014888 dv-cinder-836072-1-smb devstack@c-api.service[110371]: DEBUG cinder.volume.api [None req-3ab29b51-4042-42c5-8fb8-19ec52bf9302 tempest-DeleteServersTestJSON-1799658678 tempest-DeleteServersTestJSON-1799658678-project] Task 'cinder.volume.flows.api.create_volume.ExtractVolumeRequestTask;volume:create' (2dc7dacd-b9ba-4dae-a00b-90f33e33b46b) transitioned into state 'SUCCESS' from state 'RUNNING' with result '{'size': 1, 'snapshot_id': None, 'source_volid': None, 'volume_type': VolumeType(created_at=2022-03-31T20:26:05Z,deleted=False,deleted_at=None,description='Default Volume Type',extra_specs={},id=86bddaa2-2f4a-41b3-a60f-18608836262f,is_public=True,name='__DEFAULT__',projects=[],qos_specs=<?>,qos_specs_id=None,updated_at=2022-03-31T20:26:05Z), 'volume_type_id': '86bddaa2-2f4a-41b3-a60f-18608836262f', 'encryption_key_id': None, 'qos_specs': None, 'consistencygroup_id': None, 'cgsnapshot_id': None, 'group_id': None, 'replication_status': 'disabled', 'refresh_az': False, 'backup_id': None, 'multiattach': False, 'availability_zones': ['nova']}' {{(pid=110371) _task_receiver /usr/local/lib/python3.8/dist-packages/taskflow/listeners/logging.py:178}}
Mar 31 20:36:58.018451 dv-cinder-836072-1-smb devstack@c-api.service[110371]: DEBUG cinder.volume.api [None req-3ab29b51-4042-42c5-8fb8-19ec52bf9302 tempest-DeleteServersTestJSON-1799658678 tempest-DeleteServersTestJSON-1799658678-project] Task 'cinder.volume.flows.api.create_volume.QuotaReserveTask;volume:create' (ddca6aa1-d339-4c4a-8f46-533f27efe720) transitioned into state 'RUNNING' from state 'PENDING' {{(pid=110371) _task_receiver /usr/local/lib/python3.8/dist-packages/taskflow/listeners/logging.py:190}}
Mar 31 20:36:58.047943 dv-cinder-836072-1-smb devstack@c-api.service[110372]: INFO cinder.api.openstack.wsgi [None req-ceb93244-c581-4d94-a109-33c6e1b438f1 tempest-GroupsV320Test-1738891415 tempest-GroupsV320Test-1738891415-project] http://10.222.0.60/volume/v3/60916db04a184c6b9ea94719558fb126/groups returned with HTTP 202
Mar 31 20:36:58.049393 dv-cinder-836072-1-smb devstack@c-api.service[110372]: [pid: 110372|app: 0|req: 104/201] 10.222.0.60 () {62 vars in 1273 bytes} [Thu Mar 31 20:36:57 2022] POST /volume/v3/60916db04a184c6b9ea94719558fb126/groups => generated 107 bytes in 799 msecs (HTTP/1.1 202) 7 headers in 292 bytes (1 switches on core 0)
Mar 31 20:36:58.054912 dv-cinder-836072-1-smb devstack@c-api.service[110372]: DEBUG cinder.api.middleware.request_id [None req-31f2fc28-eb36-49df-8a89-b9aef1b9c10a None None] RequestId filter calling following filter/app {{(pid=110372) _context_setter /opt/stack/cinder/cinder/api/middleware/request_id.py:62}}
Mar 31 20:36:58.061372 dv-cinder-836072-1-smb devstack@c-api.service[110372]: INFO cinder.api.openstack.wsgi [None req-31f2fc28-eb36-49df-8a89-b9aef1b9c10a tempest-VolumesImageMetadata-999105658 tempest-VolumesImageMetadata-999105658-project] GET http://10.222.0.60/volume/v3/c9fb9147e4bc4411b0d68f3a3acd559c/volumes/3eda8853-a897-4a5e-9c00-bb8ec5514c6f
Mar 31 20:36:58.062066 dv-cinder-836072-1-smb devstack@c-api.service[110372]: DEBUG cinder.api.openstack.wsgi [None req-31f2fc28-eb36-49df-8a89-b9aef1b9c10a tempest-VolumesImageMetadata-999105658 tempest-VolumesImageMetadata-999105658-project] Empty body provided in request {{(pid=110372) get_body /opt/stack/cinder/cinder/api/openstack/wsgi.py:715}}
Mar 31 20:36:58.063324 dv-cinder-836072-1-smb devstack@c-api.service[110372]: DEBUG cinder.api.openstack.wsgi [None req-31f2fc28-eb36-49df-8a89-b9aef1b9c10a tempest-VolumesImageMetadata-999105658 tempest-VolumesImageMetadata-999105658-project] Calling method 'show' {{(pid=110372) _process_stack /opt/stack/cinder/cinder/api/openstack/wsgi.py:868}}
Mar 31 20:36:58.096042 dv-cinder-836072-1-smb devstack@c-api.service[110372]: /usr/local/lib/python3.8/dist-packages/oslo_context/context.py:100: DeprecationWarning: Policy enforcement is depending on the value of is_admin. This key is deprecated. Please update your policy file to use the standard policy values.
Mar 31 20:36:58.096042 dv-cinder-836072-1-smb devstack@c-api.service[110372]:   warnings.warn('Policy enforcement is depending on the value of '
Mar 31 20:36:58.115064 dv-cinder-836072-1-smb devstack@c-api.service[110372]: INFO cinder.volume.api [None req-31f2fc28-eb36-49df-8a89-b9aef1b9c10a tempest-VolumesImageMetadata-999105658 tempest-VolumesImageMetadata-999105658-project] Volume info retrieved successfully.
Mar 31 20:36:58.144417 dv-cinder-836072-1-smb devstack@c-api.service[110372]: INFO cinder.api.openstack.wsgi [None req-31f2fc28-eb36-49df-8a89-b9aef1b9c10a tempest-VolumesImageMetadata-999105658 tempest-VolumesImageMetadata-999105658-project] http://10.222.0.60/volume/v3/c9fb9147e4bc4411b0d68f3a3acd559c/volumes/3eda8853-a897-4a5e-9c00-bb8ec5514c6f returned with HTTP 200
Mar 31 20:36:58.151994 dv-cinder-836072-1-smb devstack@c-api.service[110372]: [pid: 110372|app: 0|req: 105/202] 10.222.0.60 () {58 vars in 1324 bytes} [Thu Mar 31 20:36:58 2022] GET /volume/v3/c9fb9147e4bc4411b0d68f3a3acd559c/volumes/3eda8853-a897-4a5e-9c00-bb8ec5514c6f => generated 887 bytes in 98 msecs (HTTP/1.1 200) 7 headers in 285 bytes (1 switches on core 0)
Mar 31 20:36:58.153787 dv-cinder-836072-1-smb devstack@c-api.service[110372]: DEBUG cinder.api.middleware.request_id [None req-afa9dfd3-b58b-444f-a5d4-0aace356a320 None None] RequestId filter calling following filter/app {{(pid=110372) _context_setter /opt/stack/cinder/cinder/api/middleware/request_id.py:62}}
Mar 31 20:36:58.161827 dv-cinder-836072-1-smb devstack@c-api.service[110372]: INFO cinder.api.openstack.wsgi [None req-afa9dfd3-b58b-444f-a5d4-0aace356a320 tempest-GroupsV320Test-1738891415 tempest-GroupsV320Test-1738891415-project] GET http://10.222.0.60/volume/v3/60916db04a184c6b9ea94719558fb126/groups/c0d4c144-7e2c-4b80-9fa1-9f0f5857e6ae
Mar 31 20:36:58.166947 dv-cinder-836072-1-smb devstack@c-api.service[110372]: DEBUG cinder.api.openstack.wsgi [None req-afa9dfd3-b58b-444f-a5d4-0aace356a320 tempest-GroupsV320Test-1738891415 tempest-GroupsV320Test-1738891415-project] Empty body provided in request {{(pid=110372) get_body /opt/stack/cinder/cinder/api/openstack/wsgi.py:715}}
Mar 31 20:36:58.167890 dv-cinder-836072-1-smb devstack@c-api.service[110372]: DEBUG cinder.api.openstack.wsgi [None req-afa9dfd3-b58b-444f-a5d4-0aace356a320 tempest-GroupsV320Test-1738891415 tempest-GroupsV320Test-1738891415-project] Calling method 'version_select' {{(pid=110372) _process_stack /opt/stack/cinder/cinder/api/openstack/wsgi.py:868}}
Mar 31 20:36:58.170091 dv-cinder-836072-1-smb devstack@c-api.service[110372]: DEBUG cinder.api.v3.groups [None req-afa9dfd3-b58b-444f-a5d4-0aace356a320 tempest-GroupsV320Test-1738891415 tempest-GroupsV320Test-1738891415-project] show called for member c0d4c144-7e2c-4b80-9fa1-9f0f5857e6ae {{(pid=110372) show /opt/stack/cinder/cinder/api/v3/groups.py:58}}
Mar 31 20:36:58.175435 dv-cinder-836072-1-smb devstack@c-api.service[110371]: DEBUG cinder.quota [None req-3ab29b51-4042-42c5-8fb8-19ec52bf9302 tempest-DeleteServersTestJSON-1799658678 tempest-DeleteServersTestJSON-1799658678-project] Created reservations ['b0c4a8ed-66d4-41b6-b280-de588e41dd97', '43f0b031-445c-4077-848f-4c1a9528a5df', '5822193e-5aa3-41d0-8c0e-6b0350db5140', 'ad762c3a-c426-4e1c-9653-da5a8164e94e'] {{(pid=110371) reserve /opt/stack/cinder/cinder/quota.py:755}}
Mar 31 20:36:58.179025 dv-cinder-836072-1-smb devstack@c-api.service[110371]: DEBUG cinder.volume.api [None req-3ab29b51-4042-42c5-8fb8-19ec52bf9302 tempest-DeleteServersTestJSON-1799658678 tempest-DeleteServersTestJSON-1799658678-project] Task 'cinder.volume.flows.api.create_volume.QuotaReserveTask;volume:create' (ddca6aa1-d339-4c4a-8f46-533f27efe720) transitioned into state 'SUCCESS' from state 'RUNNING' with result '{'reservations': ['b0c4a8ed-66d4-41b6-b280-de588e41dd97', '43f0b031-445c-4077-848f-4c1a9528a5df', '5822193e-5aa3-41d0-8c0e-6b0350db5140', 'ad762c3a-c426-4e1c-9653-da5a8164e94e']}' {{(pid=110371) _task_receiver /usr/local/lib/python3.8/dist-packages/taskflow/listeners/logging.py:178}}
Mar 31 20:36:58.183146 dv-cinder-836072-1-smb devstack@c-api.service[110371]: DEBUG cinder.volume.api [None req-3ab29b51-4042-42c5-8fb8-19ec52bf9302 tempest-DeleteServersTestJSON-1799658678 tempest-DeleteServersTestJSON-1799658678-project] Task 'cinder.volume.flows.api.create_volume.EntryCreateTask;volume:create' (814709b3-5341-49d1-a3c9-6d48300ed332) transitioned into state 'RUNNING' from state 'PENDING' {{(pid=110371) _task_receiver /usr/local/lib/python3.8/dist-packages/taskflow/listeners/logging.py:190}}
Mar 31 20:36:58.187623 dv-cinder-836072-1-smb devstack@c-api.service[110372]: /usr/local/lib/python3.8/dist-packages/oslo_context/context.py:100: DeprecationWarning: Policy enforcement is depending on the value of is_admin. This key is deprecated. Please update your policy file to use the standard policy values.
Mar 31 20:36:58.187623 dv-cinder-836072-1-smb devstack@c-api.service[110372]:   warnings.warn('Policy enforcement is depending on the value of '
Mar 31 20:36:58.240212 dv-cinder-836072-1-smb devstack@c-api.service[110371]: DEBUG cinder.volume.api [None req-3ab29b51-4042-42c5-8fb8-19ec52bf9302 tempest-DeleteServersTestJSON-1799658678 tempest-DeleteServersTestJSON-1799658678-project] Task 'cinder.volume.flows.api.create_volume.EntryCreateTask;volume:create' (814709b3-5341-49d1-a3c9-6d48300ed332) transitioned into state 'SUCCESS' from state 'RUNNING' with result '{'volume_id': 'b3496932-5e15-48ed-bc44-67e1638b0bbb', 'volume_properties': VolumeProperties(attach_status='detached',availability_zone='nova',cgsnapshot_id=None,consistencygroup_id=None,display_description=None,display_name='tempest-DeleteServersTestJSON-volume-1194405787',encryption_key_id=None,group_id=None,group_type_id=<?>,metadata={},multiattach=False,project_id='6cba41bb43984c1d958e70218d69fffd',qos_specs=None,replication_status=<?>,reservations=['b0c4a8ed-66d4-41b6-b280-de588e41dd97','43f0b031-445c-4077-848f-4c1a9528a5df','5822193e-5aa3-41d0-8c0e-6b0350db5140','ad762c3a-c426-4e1c-9653-da5a8164e94e'],size=1,snapshot_id=None,source_replicaid=<?>,source_volid=None,status='creating',user_id='f9bd66665e494c8b98b6e90d657b5627',volume_type_id=86bddaa2-2f4a-41b3-a60f-18608836262f), 'volume': Volume(_name_id=None,admin_metadata=<?>,attach_status='detached',availability_zone='nova',bootable=False,cluster=<?>,cluster_name=None,consistencygroup=<?>,consistencygroup_id=None,created_at=2022-03-31T20:36:58Z,deleted=False,deleted_at=None,display_description=None,display_name='tempest-DeleteServersTestJSON-volume-1194405787',ec2_id=None,encryption_key_id=None,glance_metadata=<?>,group=<?>,group_id=None,host=None,id=b3496932-5e15-48ed-bc44-67e1638b0bbb,launched_at=None,metadata={},migration_status=None,multiattach=False,previous_status=None,project_id='6cba41bb43984c1d958e70218d69fffd',provider_auth=None,provider_geometry=None,provider_id=None,provider_location=None,replication_driver_data=None,replication_extended_status=None,replication_status=None,scheduled_at=None,service_uuid=None,shared_targets=True,size=1,snapshot_id=None,snapshots=<?>,source_volid=None,status='creating',terminated_at=None,updated_at=None,use_quota=True,user_id='f9bd66665e494c8b98b6e90d657b5627',volume_attachment=VolumeAttachmentList,volume_type=VolumeType(86bddaa2-2f4a-41b3-a60f-18608836262f),volume_type_id=86bddaa2-2f4a-41b3-a60f-18608836262f)}' {{(pid=110371) _task_receiver /usr/local/lib/python3.8/dist-packages/taskflow/listeners/logging.py:178}}
Mar 31 20:36:58.243566 dv-cinder-836072-1-smb devstack@c-api.service[110372]: INFO cinder.api.openstack.wsgi [None req-afa9dfd3-b58b-444f-a5d4-0aace356a320 tempest-GroupsV320Test-1738891415 tempest-GroupsV320Test-1738891415-project] http://10.222.0.60/volume/v3/60916db04a184c6b9ea94719558fb126/groups/c0d4c144-7e2c-4b80-9fa1-9f0f5857e6ae returned with HTTP 200
Mar 31 20:36:58.244270 dv-cinder-836072-1-smb devstack@c-api.service[110372]: [pid: 110372|app: 0|req: 106/203] 10.222.0.60 () {60 vars in 1362 bytes} [Thu Mar 31 20:36:58 2022] GET /volume/v3/60916db04a184c6b9ea94719558fb126/groups/c0d4c144-7e2c-4b80-9fa1-9f0f5857e6ae => generated 387 bytes in 91 msecs (HTTP/1.1 200) 7 headers in 286 bytes (1 switches on core 0)
Mar 31 20:36:58.245635 dv-cinder-836072-1-smb devstack@c-api.service[110371]: DEBUG cinder.volume.api [None req-3ab29b51-4042-42c5-8fb8-19ec52bf9302 tempest-DeleteServersTestJSON-1799658678 tempest-DeleteServersTestJSON-1799658678-project] Task 'cinder.volume.flows.api.create_volume.QuotaCommitTask;volume:create' (7a5e4704-0443-45c2-b372-19b15ee24f7a) transitioned into state 'RUNNING' from state 'PENDING' {{(pid=110371) _task_receiver /usr/local/lib/python3.8/dist-packages/taskflow/listeners/logging.py:190}}
Mar 31 20:36:58.293147 dv-cinder-836072-1-smb devstack@c-api.service[110371]: DEBUG cinder.volume.api [None req-3ab29b51-4042-42c5-8fb8-19ec52bf9302 tempest-DeleteServersTestJSON-1799658678 tempest-DeleteServersTestJSON-1799658678-project] Task 'cinder.volume.flows.api.create_volume.QuotaCommitTask;volume:create' (7a5e4704-0443-45c2-b372-19b15ee24f7a) transitioned into state 'SUCCESS' from state 'RUNNING' with result '{'volume_properties': VolumeProperties(attach_status='detached',availability_zone='nova',cgsnapshot_id=None,consistencygroup_id=None,display_description=None,display_name='tempest-DeleteServersTestJSON-volume-1194405787',encryption_key_id=None,group_id=None,group_type_id=<?>,metadata={},multiattach=False,project_id='6cba41bb43984c1d958e70218d69fffd',qos_specs=None,replication_status=<?>,reservations=['b0c4a8ed-66d4-41b6-b280-de588e41dd97','43f0b031-445c-4077-848f-4c1a9528a5df','5822193e-5aa3-41d0-8c0e-6b0350db5140','ad762c3a-c426-4e1c-9653-da5a8164e94e'],size=1,snapshot_id=None,source_replicaid=<?>,source_volid=None,status='creating',user_id='f9bd66665e494c8b98b6e90d657b5627',volume_type_id=86bddaa2-2f4a-41b3-a60f-18608836262f)}' {{(pid=110371) _task_receiver /usr/local/lib/python3.8/dist-packages/taskflow/listeners/logging.py:178}}
Mar 31 20:36:58.295815 dv-cinder-836072-1-smb devstack@c-api.service[110371]: DEBUG cinder.volume.api [None req-3ab29b51-4042-42c5-8fb8-19ec52bf9302 tempest-DeleteServersTestJSON-1799658678 tempest-DeleteServersTestJSON-1799658678-project] Task 'cinder.volume.flows.api.create_volume.VolumeCastTask;volume:create' (46cfa1a8-4b0d-4f84-a5c7-e4f9f3e50dab) transitioned into state 'RUNNING' from state 'PENDING' {{(pid=110371) _task_receiver /usr/local/lib/python3.8/dist-packages/taskflow/listeners/logging.py:190}}
Mar 31 20:36:58.350073 dv-cinder-836072-1-smb devstack@c-api.service[110371]: DEBUG cinder.volume.api [None req-3ab29b51-4042-42c5-8fb8-19ec52bf9302 tempest-DeleteServersTestJSON-1799658678 tempest-DeleteServersTestJSON-1799658678-project] Task 'cinder.volume.flows.api.create_volume.VolumeCastTask;volume:create' (46cfa1a8-4b0d-4f84-a5c7-e4f9f3e50dab) transitioned into state 'SUCCESS' from state 'RUNNING' with result 'None' {{(pid=110371) _task_receiver /usr/local/lib/python3.8/dist-packages/taskflow/listeners/logging.py:178}}
Mar 31 20:36:58.352366 dv-cinder-836072-1-smb devstack@c-api.service[110371]: DEBUG cinder.volume.api [None req-3ab29b51-4042-42c5-8fb8-19ec52bf9302 tempest-DeleteServersTestJSON-1799658678 tempest-DeleteServersTestJSON-1799658678-project] Flow 'volume_create_api' (47812020-1a40-4042-9f21-7fb15878836a) transitioned into state 'SUCCESS' from state 'RUNNING' {{(pid=110371) _flow_receiver /usr/local/lib/python3.8/dist-packages/taskflow/listeners/logging.py:141}}
Mar 31 20:36:58.353424 dv-cinder-836072-1-smb devstack@c-api.service[110371]: INFO cinder.volume.api [None req-3ab29b51-4042-42c5-8fb8-19ec52bf9302 tempest-DeleteServersTestJSON-1799658678 tempest-DeleteServersTestJSON-1799658678-project] Create volume request issued successfully.
Mar 31 20:36:58.354789 dv-cinder-836072-1-smb devstack@c-api.service[110371]: INFO cinder.api.openstack.wsgi [None req-3ab29b51-4042-42c5-8fb8-19ec52bf9302 tempest-DeleteServersTestJSON-1799658678 tempest-DeleteServersTestJSON-1799658678-project] http://10.222.0.60/volume/v3/6cba41bb43984c1d958e70218d69fffd/volumes returned with HTTP 202
Mar 31 20:36:58.355618 dv-cinder-836072-1-smb devstack@c-api.service[110371]: [pid: 110371|app: 0|req: 98/204] 10.222.0.60 () {60 vars in 1234 bytes} [Thu Mar 31 20:36:57 2022] POST /volume/v3/6cba41bb43984c1d958e70218d69fffd/volumes => generated 821 bytes in 481 msecs (HTTP/1.1 202) 7 headers in 291 bytes (1 switches on core 0)
Mar 31 20:36:58.367286 dv-cinder-836072-1-smb devstack@c-api.service[110372]: DEBUG cinder.api.middleware.request_id [None req-9b9bae28-6bb7-4a70-bb00-c65564de1c30 None None] RequestId filter calling following filter/app {{(pid=110372) _context_setter /opt/stack/cinder/cinder/api/middleware/request_id.py:62}}
Mar 31 20:36:58.375119 dv-cinder-836072-1-smb devstack@c-api.service[110372]: INFO cinder.api.openstack.wsgi [None req-9b9bae28-6bb7-4a70-bb00-c65564de1c30 tempest-DeleteServersTestJSON-1799658678 tempest-DeleteServersTestJSON-1799658678-project] GET http://10.222.0.60/volume/v3/6cba41bb43984c1d958e70218d69fffd/volumes/b3496932-5e15-48ed-bc44-67e1638b0bbb
Mar 31 20:36:58.375918 dv-cinder-836072-1-smb devstack@c-api.service[110372]: DEBUG cinder.api.openstack.wsgi [None req-9b9bae28-6bb7-4a70-bb00-c65564de1c30 tempest-DeleteServersTestJSON-1799658678 tempest-DeleteServersTestJSON-1799658678-project] Empty body provided in request {{(pid=110372) get_body /opt/stack/cinder/cinder/api/openstack/wsgi.py:715}}
Mar 31 20:36:58.376936 dv-cinder-836072-1-smb devstack@c-api.service[110372]: DEBUG cinder.api.openstack.wsgi [None req-9b9bae28-6bb7-4a70-bb00-c65564de1c30 tempest-DeleteServersTestJSON-1799658678 tempest-DeleteServersTestJSON-1799658678-project] Calling method 'show' {{(pid=110372) _process_stack /opt/stack/cinder/cinder/api/openstack/wsgi.py:868}}
Mar 31 20:36:58.413046 dv-cinder-836072-1-smb devstack@c-api.service[110372]: /usr/local/lib/python3.8/dist-packages/oslo_context/context.py:100: DeprecationWarning: Policy enforcement is depending on the value of is_admin. This key is deprecated. Please update your policy file to use the standard policy values.
Mar 31 20:36:58.413046 dv-cinder-836072-1-smb devstack@c-api.service[110372]:   warnings.warn('Policy enforcement is depending on the value of '
Mar 31 20:36:58.444045 dv-cinder-836072-1-smb devstack@c-api.service[110372]: INFO cinder.volume.api [None req-9b9bae28-6bb7-4a70-bb00-c65564de1c30 tempest-DeleteServersTestJSON-1799658678 tempest-DeleteServersTestJSON-1799658678-project] Volume info retrieved successfully.
Mar 31 20:36:58.471527 dv-cinder-836072-1-smb devstack@c-api.service[110372]: INFO cinder.api.openstack.wsgi [None req-9b9bae28-6bb7-4a70-bb00-c65564de1c30 tempest-DeleteServersTestJSON-1799658678 tempest-DeleteServersTestJSON-1799658678-project] http://10.222.0.60/volume/v3/6cba41bb43984c1d958e70218d69fffd/volumes/b3496932-5e15-48ed-bc44-67e1638b0bbb returned with HTTP 200
Mar 31 20:36:58.473271 dv-cinder-836072-1-smb devstack@c-api.service[110372]: [pid: 110372|app: 0|req: 107/205] 10.222.0.60 () {58 vars in 1324 bytes} [Thu Mar 31 20:36:58 2022] GET /volume/v3/6cba41bb43984c1d958e70218d69fffd/volumes/b3496932-5e15-48ed-bc44-67e1638b0bbb => generated 889 bytes in 107 msecs (HTTP/1.1 200) 7 headers in 285 bytes (2 switches on core 0)
Mar 31 20:36:59.167249 dv-cinder-836072-1-smb devstack@c-api.service[110371]: DEBUG cinder.api.middleware.request_id [None req-03bb7203-5c7e-450c-87d8-0ccf54aa9302 None None] RequestId filter calling following filter/app {{(pid=110371) _context_setter /opt/stack/cinder/cinder/api/middleware/request_id.py:62}}
Mar 31 20:36:59.172641 dv-cinder-836072-1-smb devstack@c-api.service[110371]: INFO cinder.api.openstack.wsgi [None req-03bb7203-5c7e-450c-87d8-0ccf54aa9302 tempest-VolumesImageMetadata-999105658 tempest-VolumesImageMetadata-999105658-project] GET http://10.222.0.60/volume/v3/c9fb9147e4bc4411b0d68f3a3acd559c/volumes/3eda8853-a897-4a5e-9c00-bb8ec5514c6f
Mar 31 20:36:59.173385 dv-cinder-836072-1-smb devstack@c-api.service[110371]: DEBUG cinder.api.openstack.wsgi [None req-03bb7203-5c7e-450c-87d8-0ccf54aa9302 tempest-VolumesImageMetadata-999105658 tempest-VolumesImageMetadata-999105658-project] Empty body provided in request {{(pid=110371) get_body /opt/stack/cinder/cinder/api/openstack/wsgi.py:715}}
Mar 31 20:36:59.173868 dv-cinder-836072-1-smb devstack@c-api.service[110371]: DEBUG cinder.api.openstack.wsgi [None req-03bb7203-5c7e-450c-87d8-0ccf54aa9302 tempest-VolumesImageMetadata-999105658 tempest-VolumesImageMetadata-999105658-project] Calling method 'show' {{(pid=110371) _process_stack /opt/stack/cinder/cinder/api/openstack/wsgi.py:868}}
Mar 31 20:36:59.190228 dv-cinder-836072-1-smb devstack@c-api.service[110371]: /usr/local/lib/python3.8/dist-packages/oslo_context/context.py:100: DeprecationWarning: Policy enforcement is depending on the value of is_admin. This key is deprecated. Please update your policy file to use the standard policy values.
Mar 31 20:36:59.190228 dv-cinder-836072-1-smb devstack@c-api.service[110371]:   warnings.warn('Policy enforcement is depending on the value of '
Mar 31 20:36:59.197260 dv-cinder-836072-1-smb devstack@c-api.service[110371]: INFO cinder.volume.api [None req-03bb7203-5c7e-450c-87d8-0ccf54aa9302 tempest-VolumesImageMetadata-999105658 tempest-VolumesImageMetadata-999105658-project] Volume info retrieved successfully.
Mar 31 20:36:59.210008 dv-cinder-836072-1-smb devstack@c-api.service[110371]: INFO cinder.api.openstack.wsgi [None req-03bb7203-5c7e-450c-87d8-0ccf54aa9302 tempest-VolumesImageMetadata-999105658 tempest-VolumesImageMetadata-999105658-project] http://10.222.0.60/volume/v3/c9fb9147e4bc4411b0d68f3a3acd559c/volumes/3eda8853-a897-4a5e-9c00-bb8ec5514c6f returned with HTTP 200
Mar 31 20:36:59.220018 dv-cinder-836072-1-smb devstack@c-api.service[110371]: [pid: 110371|app: 0|req: 99/206] 10.222.0.60 () {58 vars in 1324 bytes} [Thu Mar 31 20:36:59 2022] GET /volume/v3/c9fb9147e4bc4411b0d68f3a3acd559c/volumes/3eda8853-a897-4a5e-9c00-bb8ec5514c6f => generated 911 bytes in 55 msecs (HTTP/1.1 200) 7 headers in 285 bytes (1 switches on core 0)
Mar 31 20:36:59.256321 dv-cinder-836072-1-smb devstack@c-api.service[110372]: DEBUG cinder.api.middleware.request_id [None req-411f6274-5936-47ea-aac0-2e088ca63b10 None None] RequestId filter calling following filter/app {{(pid=110372) _context_setter /opt/stack/cinder/cinder/api/middleware/request_id.py:62}}
Mar 31 20:36:59.264456 dv-cinder-836072-1-smb devstack@c-api.service[110372]: INFO cinder.api.openstack.wsgi [None req-411f6274-5936-47ea-aac0-2e088ca63b10 tempest-GroupsV320Test-1738891415 tempest-GroupsV320Test-1738891415-project] GET http://10.222.0.60/volume/v3/60916db04a184c6b9ea94719558fb126/groups/c0d4c144-7e2c-4b80-9fa1-9f0f5857e6ae
Mar 31 20:36:59.265195 dv-cinder-836072-1-smb devstack@c-api.service[110372]: DEBUG cinder.api.openstack.wsgi [None req-411f6274-5936-47ea-aac0-2e088ca63b10 tempest-GroupsV320Test-1738891415 tempest-GroupsV320Test-1738891415-project] Empty body provided in request {{(pid=110372) get_body /opt/stack/cinder/cinder/api/openstack/wsgi.py:715}}
Mar 31 20:36:59.266303 dv-cinder-836072-1-smb devstack@c-api.service[110372]: DEBUG cinder.api.openstack.wsgi [None req-411f6274-5936-47ea-aac0-2e088ca63b10 tempest-GroupsV320Test-1738891415 tempest-GroupsV320Test-1738891415-project] Calling method 'version_select' {{(pid=110372) _process_stack /opt/stack/cinder/cinder/api/openstack/wsgi.py:868}}
Mar 31 20:36:59.267019 dv-cinder-836072-1-smb devstack@c-api.service[110372]: DEBUG cinder.api.v3.groups [None req-411f6274-5936-47ea-aac0-2e088ca63b10 tempest-GroupsV320Test-1738891415 tempest-GroupsV320Test-1738891415-project] show called for member c0d4c144-7e2c-4b80-9fa1-9f0f5857e6ae {{(pid=110372) show /opt/stack/cinder/cinder/api/v3/groups.py:58}}
Mar 31 20:36:59.287166 dv-cinder-836072-1-smb devstack@c-api.service[110372]: /usr/local/lib/python3.8/dist-packages/oslo_context/context.py:100: DeprecationWarning: Policy enforcement is depending on the value of is_admin. This key is deprecated. Please update your policy file to use the standard policy values.
Mar 31 20:36:59.287166 dv-cinder-836072-1-smb devstack@c-api.service[110372]:   warnings.warn('Policy enforcement is depending on the value of '
Mar 31 20:36:59.304877 dv-cinder-836072-1-smb devstack@c-api.service[110372]: INFO cinder.api.openstack.wsgi [None req-411f6274-5936-47ea-aac0-2e088ca63b10 tempest-GroupsV320Test-1738891415 tempest-GroupsV320Test-1738891415-project] http://10.222.0.60/volume/v3/60916db04a184c6b9ea94719558fb126/groups/c0d4c144-7e2c-4b80-9fa1-9f0f5857e6ae returned with HTTP 200
Mar 31 20:36:59.311610 dv-cinder-836072-1-smb devstack@c-api.service[110372]: [pid: 110372|app: 0|req: 108/207] 10.222.0.60 () {60 vars in 1362 bytes} [Thu Mar 31 20:36:59 2022] GET /volume/v3/60916db04a184c6b9ea94719558fb126/groups/c0d4c144-7e2c-4b80-9fa1-9f0f5857e6ae => generated 388 bytes in 53 msecs (HTTP/1.1 200) 7 headers in 286 bytes (1 switches on core 0)
Mar 31 20:36:59.313284 dv-cinder-836072-1-smb devstack@c-api.service[110371]: DEBUG cinder.api.middleware.request_id [None req-a44b79df-ecbd-467e-9e58-18a5e3d27c53 None None] RequestId filter calling following filter/app {{(pid=110371) _context_setter /opt/stack/cinder/cinder/api/middleware/request_id.py:62}}
Mar 31 20:36:59.317478 dv-cinder-836072-1-smb devstack@c-api.service[110371]: INFO cinder.api.openstack.wsgi [None req-a44b79df-ecbd-467e-9e58-18a5e3d27c53 tempest-GroupsV320Test-47525162 tempest-GroupsV320Test-47525162-project-admin] POST http://10.222.0.60/volume/v3/7ee762c0bdff466f926be6d156b75d72/groups/c0d4c144-7e2c-4b80-9fa1-9f0f5857e6ae/action
Mar 31 20:36:59.318272 dv-cinder-836072-1-smb devstack@c-api.service[110371]: DEBUG cinder.api.openstack.wsgi [None req-a44b79df-ecbd-467e-9e58-18a5e3d27c53 tempest-GroupsV320Test-47525162 tempest-GroupsV320Test-47525162-project-admin] Action body: b'{"reset_status": {"status": "creating"}}' {{(pid=110371) get_method /opt/stack/cinder/cinder/api/openstack/wsgi.py:983}}
Mar 31 20:36:59.318595 dv-cinder-836072-1-smb devstack@c-api.service[110371]: DEBUG cinder.api.openstack.wsgi [None req-a44b79df-ecbd-467e-9e58-18a5e3d27c53 tempest-GroupsV320Test-47525162 tempest-GroupsV320Test-47525162-project-admin] Action: 'action', calling method: version_select, body: {"reset_status": {"status": "creating"}} {{(pid=110371) _process_stack /opt/stack/cinder/cinder/api/openstack/wsgi.py:866}}
Mar 31 20:36:59.319407 dv-cinder-836072-1-smb devstack@c-api.service[110371]: DEBUG cinder.api.v3.groups [None req-a44b79df-ecbd-467e-9e58-18a5e3d27c53 tempest-GroupsV320Test-47525162 tempest-GroupsV320Test-47525162-project-admin] Updating group 'c0d4c144-7e2c-4b80-9fa1-9f0f5857e6ae' with 'creating' {{(pid=110371) _reset_status /opt/stack/cinder/cinder/api/v3/groups.py:82}}
Mar 31 20:36:59.327718 dv-cinder-836072-1-smb devstack@c-api.service[110371]: /usr/local/lib/python3.8/dist-packages/oslo_context/context.py:100: DeprecationWarning: Policy enforcement is depending on the value of is_admin. This key is deprecated. Please update your policy file to use the standard policy values.
Mar 31 20:36:59.327718 dv-cinder-836072-1-smb devstack@c-api.service[110371]:   warnings.warn('Policy enforcement is depending on the value of '
Mar 31 20:36:59.340275 dv-cinder-836072-1-smb devstack@c-api.service[110371]: INFO cinder.api.openstack.wsgi [None req-a44b79df-ecbd-467e-9e58-18a5e3d27c53 tempest-GroupsV320Test-47525162 tempest-GroupsV320Test-47525162-project-admin] http://10.222.0.60/volume/v3/7ee762c0bdff466f926be6d156b75d72/groups/c0d4c144-7e2c-4b80-9fa1-9f0f5857e6ae/action returned with HTTP 202
Mar 31 20:36:59.342136 dv-cinder-836072-1-smb devstack@c-api.service[110371]: [pid: 110371|app: 0|req: 100/208] 10.222.0.60 () {62 vars in 1404 bytes} [Thu Mar 31 20:36:59 2022] POST /volume/v3/7ee762c0bdff466f926be6d156b75d72/groups/c0d4c144-7e2c-4b80-9fa1-9f0f5857e6ae/action => generated 0 bytes in 30 msecs (HTTP/1.1 202) 6 headers in 234 bytes (1 switches on core 0)
Mar 31 20:36:59.347053 dv-cinder-836072-1-smb devstack@c-api.service[110372]: DEBUG cinder.api.middleware.request_id [None req-b32e4200-cce8-4eb8-a9b4-3da6fe0af61f None None] RequestId filter calling following filter/app {{(pid=110372) _context_setter /opt/stack/cinder/cinder/api/middleware/request_id.py:62}}
Mar 31 20:36:59.351263 dv-cinder-836072-1-smb devstack@c-api.service[110372]: INFO cinder.api.openstack.wsgi [None req-b32e4200-cce8-4eb8-a9b4-3da6fe0af61f tempest-GroupsV320Test-1738891415 tempest-GroupsV320Test-1738891415-project] GET http://10.222.0.60/volume/v3/60916db04a184c6b9ea94719558fb126/groups/c0d4c144-7e2c-4b80-9fa1-9f0f5857e6ae
Mar 31 20:36:59.352365 dv-cinder-836072-1-smb devstack@c-api.service[110372]: DEBUG cinder.api.openstack.wsgi [None req-b32e4200-cce8-4eb8-a9b4-3da6fe0af61f tempest-GroupsV320Test-1738891415 tempest-GroupsV320Test-1738891415-project] Empty body provided in request {{(pid=110372) get_body /opt/stack/cinder/cinder/api/openstack/wsgi.py:715}}
Mar 31 20:36:59.352898 dv-cinder-836072-1-smb devstack@c-api.service[110372]: DEBUG cinder.api.openstack.wsgi [None req-b32e4200-cce8-4eb8-a9b4-3da6fe0af61f tempest-GroupsV320Test-1738891415 tempest-GroupsV320Test-1738891415-project] Calling method 'version_select' {{(pid=110372) _process_stack /opt/stack/cinder/cinder/api/openstack/wsgi.py:868}}
Mar 31 20:36:59.353421 dv-cinder-836072-1-smb devstack@c-api.service[110372]: DEBUG cinder.api.v3.groups [None req-b32e4200-cce8-4eb8-a9b4-3da6fe0af61f tempest-GroupsV320Test-1738891415 tempest-GroupsV320Test-1738891415-project] show called for member c0d4c144-7e2c-4b80-9fa1-9f0f5857e6ae {{(pid=110372) show /opt/stack/cinder/cinder/api/v3/groups.py:58}}
Mar 31 20:36:59.364225 dv-cinder-836072-1-smb devstack@c-api.service[110372]: /usr/local/lib/python3.8/dist-packages/oslo_context/context.py:100: DeprecationWarning: Policy enforcement is depending on the value of is_admin. This key is deprecated. Please update your policy file to use the standard policy values.
Mar 31 20:36:59.364225 dv-cinder-836072-1-smb devstack@c-api.service[110372]:   warnings.warn('Policy enforcement is depending on the value of '
Mar 31 20:36:59.405757 dv-cinder-836072-1-smb devstack@c-api.service[110372]: INFO cinder.api.openstack.wsgi [None req-b32e4200-cce8-4eb8-a9b4-3da6fe0af61f tempest-GroupsV320Test-1738891415 tempest-GroupsV320Test-1738891415-project] http://10.222.0.60/volume/v3/60916db04a184c6b9ea94719558fb126/groups/c0d4c144-7e2c-4b80-9fa1-9f0f5857e6ae returned with HTTP 200
Mar 31 20:36:59.414182 dv-cinder-836072-1-smb devstack@c-api.service[110372]: [pid: 110372|app: 0|req: 109/209] 10.222.0.60 () {60 vars in 1362 bytes} [Thu Mar 31 20:36:59 2022] GET /volume/v3/60916db04a184c6b9ea94719558fb126/groups/c0d4c144-7e2c-4b80-9fa1-9f0f5857e6ae => generated 387 bytes in 69 msecs (HTTP/1.1 200) 7 headers in 286 bytes (1 switches on core 0)
Mar 31 20:36:59.422319 dv-cinder-836072-1-smb devstack@c-api.service[110371]: DEBUG cinder.api.middleware.request_id [None req-4850b812-9885-4736-93fe-95ea00daf393 None None] RequestId filter calling following filter/app {{(pid=110371) _context_setter /opt/stack/cinder/cinder/api/middleware/request_id.py:62}}
Mar 31 20:36:59.428116 dv-cinder-836072-1-smb devstack@c-api.service[110371]: INFO cinder.api.openstack.wsgi [None req-4850b812-9885-4736-93fe-95ea00daf393 tempest-GroupsV320Test-47525162 tempest-GroupsV320Test-47525162-project-admin] POST http://10.222.0.60/volume/v3/7ee762c0bdff466f926be6d156b75d72/groups/c0d4c144-7e2c-4b80-9fa1-9f0f5857e6ae/action
Mar 31 20:36:59.430123 dv-cinder-836072-1-smb devstack@c-api.service[110371]: DEBUG cinder.api.openstack.wsgi [None req-4850b812-9885-4736-93fe-95ea00daf393 tempest-GroupsV320Test-47525162 tempest-GroupsV320Test-47525162-project-admin] Action body: b'{"reset_status": {"status": "available"}}' {{(pid=110371) get_method /opt/stack/cinder/cinder/api/openstack/wsgi.py:983}}
Mar 31 20:36:59.431001 dv-cinder-836072-1-smb devstack@c-api.service[110371]: DEBUG cinder.api.openstack.wsgi [None req-4850b812-9885-4736-93fe-95ea00daf393 tempest-GroupsV320Test-47525162 tempest-GroupsV320Test-47525162-project-admin] Action: 'action', calling method: reset_status, body: {"reset_status": {"status": "available"}} {{(pid=110371) _process_stack /opt/stack/cinder/cinder/api/openstack/wsgi.py:866}}
Mar 31 20:36:59.432516 dv-cinder-836072-1-smb devstack@c-api.service[110371]: DEBUG cinder.api.v3.groups [None req-4850b812-9885-4736-93fe-95ea00daf393 tempest-GroupsV320Test-47525162 tempest-GroupsV320Test-47525162-project-admin] Updating group 'c0d4c144-7e2c-4b80-9fa1-9f0f5857e6ae' with 'available' {{(pid=110371) _reset_status /opt/stack/cinder/cinder/api/v3/groups.py:82}}
Mar 31 20:36:59.439849 dv-cinder-836072-1-smb devstack@c-api.service[110371]: /usr/local/lib/python3.8/dist-packages/oslo_context/context.py:100: DeprecationWarning: Policy enforcement is depending on the value of is_admin. This key is deprecated. Please update your policy file to use the standard policy values.
Mar 31 20:36:59.439849 dv-cinder-836072-1-smb devstack@c-api.service[110371]:   warnings.warn('Policy enforcement is depending on the value of '
Mar 31 20:36:59.454415 dv-cinder-836072-1-smb devstack@c-api.service[110371]: INFO cinder.api.openstack.wsgi [None req-4850b812-9885-4736-93fe-95ea00daf393 tempest-GroupsV320Test-47525162 tempest-GroupsV320Test-47525162-project-admin] http://10.222.0.60/volume/v3/7ee762c0bdff466f926be6d156b75d72/groups/c0d4c144-7e2c-4b80-9fa1-9f0f5857e6ae/action returned with HTTP 202
Mar 31 20:36:59.455935 dv-cinder-836072-1-smb devstack@c-api.service[110371]: [pid: 110371|app: 0|req: 101/210] 10.222.0.60 () {62 vars in 1404 bytes} [Thu Mar 31 20:36:59 2022] POST /volume/v3/7ee762c0bdff466f926be6d156b75d72/groups/c0d4c144-7e2c-4b80-9fa1-9f0f5857e6ae/action => generated 0 bytes in 35 msecs (HTTP/1.1 202) 6 headers in 234 bytes (1 switches on core 0)
Mar 31 20:36:59.462968 dv-cinder-836072-1-smb devstack@c-api.service[110372]: DEBUG cinder.api.middleware.request_id [None req-828a2f04-04d8-41e9-8526-7c960f204709 None None] RequestId filter calling following filter/app {{(pid=110372) _context_setter /opt/stack/cinder/cinder/api/middleware/request_id.py:62}}
Mar 31 20:36:59.468264 dv-cinder-836072-1-smb devstack@c-api.service[110372]: INFO cinder.api.openstack.wsgi [None req-828a2f04-04d8-41e9-8526-7c960f204709 tempest-GroupsV320Test-1738891415 tempest-GroupsV320Test-1738891415-project] GET http://10.222.0.60/volume/v3/60916db04a184c6b9ea94719558fb126/groups/c0d4c144-7e2c-4b80-9fa1-9f0f5857e6ae
Mar 31 20:36:59.468941 dv-cinder-836072-1-smb devstack@c-api.service[110372]: DEBUG cinder.api.openstack.wsgi [None req-828a2f04-04d8-41e9-8526-7c960f204709 tempest-GroupsV320Test-1738891415 tempest-GroupsV320Test-1738891415-project] Empty body provided in request {{(pid=110372) get_body /opt/stack/cinder/cinder/api/openstack/wsgi.py:715}}
Mar 31 20:36:59.469559 dv-cinder-836072-1-smb devstack@c-api.service[110372]: DEBUG cinder.api.openstack.wsgi [None req-828a2f04-04d8-41e9-8526-7c960f204709 tempest-GroupsV320Test-1738891415 tempest-GroupsV320Test-1738891415-project] Calling method 'version_select' {{(pid=110372) _process_stack /opt/stack/cinder/cinder/api/openstack/wsgi.py:868}}
Mar 31 20:36:59.470525 dv-cinder-836072-1-smb devstack@c-api.service[110372]: DEBUG cinder.api.v3.groups [None req-828a2f04-04d8-41e9-8526-7c960f204709 tempest-GroupsV320Test-1738891415 tempest-GroupsV320Test-1738891415-project] show called for member c0d4c144-7e2c-4b80-9fa1-9f0f5857e6ae {{(pid=110372) show /opt/stack/cinder/cinder/api/v3/groups.py:58}}
Mar 31 20:36:59.482132 dv-cinder-836072-1-smb devstack@c-api.service[110372]: /usr/local/lib/python3.8/dist-packages/oslo_context/context.py:100: DeprecationWarning: Policy enforcement is depending on the value of is_admin. This key is deprecated. Please update your policy file to use the standard policy values.
Mar 31 20:36:59.482132 dv-cinder-836072-1-smb devstack@c-api.service[110372]:   warnings.warn('Policy enforcement is depending on the value of '
Mar 31 20:36:59.484963 dv-cinder-836072-1-smb devstack@c-api.service[110371]: DEBUG cinder.api.middleware.request_id [None req-c319c454-b12a-4b13-80d2-31c4d67684f3 None None] RequestId filter calling following filter/app {{(pid=110371) _context_setter /opt/stack/cinder/cinder/api/middleware/request_id.py:62}}
Mar 31 20:36:59.493954 dv-cinder-836072-1-smb devstack@c-api.service[110371]: INFO cinder.api.openstack.wsgi [None req-c319c454-b12a-4b13-80d2-31c4d67684f3 tempest-DeleteServersTestJSON-1799658678 tempest-DeleteServersTestJSON-1799658678-project] GET http://10.222.0.60/volume/v3/6cba41bb43984c1d958e70218d69fffd/volumes/b3496932-5e15-48ed-bc44-67e1638b0bbb
Mar 31 20:36:59.495050 dv-cinder-836072-1-smb devstack@c-api.service[110371]: DEBUG cinder.api.openstack.wsgi [None req-c319c454-b12a-4b13-80d2-31c4d67684f3 tempest-DeleteServersTestJSON-1799658678 tempest-DeleteServersTestJSON-1799658678-project] Empty body provided in request {{(pid=110371) get_body /opt/stack/cinder/cinder/api/openstack/wsgi.py:715}}
Mar 31 20:36:59.495170 dv-cinder-836072-1-smb devstack@c-api.service[110371]: DEBUG cinder.api.openstack.wsgi [None req-c319c454-b12a-4b13-80d2-31c4d67684f3 tempest-DeleteServersTestJSON-1799658678 tempest-DeleteServersTestJSON-1799658678-project] Calling method 'show' {{(pid=110371) _process_stack /opt/stack/cinder/cinder/api/openstack/wsgi.py:868}}
Mar 31 20:36:59.524367 dv-cinder-836072-1-smb devstack@c-api.service[110371]: /usr/local/lib/python3.8/dist-packages/oslo_context/context.py:100: DeprecationWarning: Policy enforcement is depending on the value of is_admin. This key is deprecated. Please update your policy file to use the standard policy values.
Mar 31 20:36:59.524367 dv-cinder-836072-1-smb devstack@c-api.service[110371]:   warnings.warn('Policy enforcement is depending on the value of '
Mar 31 20:36:59.553547 dv-cinder-836072-1-smb devstack@c-api.service[110372]: INFO cinder.api.openstack.wsgi [None req-828a2f04-04d8-41e9-8526-7c960f204709 tempest-GroupsV320Test-1738891415 tempest-GroupsV320Test-1738891415-project] http://10.222.0.60/volume/v3/60916db04a184c6b9ea94719558fb126/groups/c0d4c144-7e2c-4b80-9fa1-9f0f5857e6ae returned with HTTP 200
Mar 31 20:36:59.553547 dv-cinder-836072-1-smb devstack@c-api.service[110372]: [pid: 110372|app: 0|req: 110/211] 10.222.0.60 () {60 vars in 1362 bytes} [Thu Mar 31 20:36:59 2022] GET /volume/v3/60916db04a184c6b9ea94719558fb126/groups/c0d4c144-7e2c-4b80-9fa1-9f0f5857e6ae => generated 388 bytes in 85 msecs (HTTP/1.1 200) 7 headers in 286 bytes (1 switches on core 0)
Mar 31 20:36:59.555472 dv-cinder-836072-1-smb devstack@c-api.service[110372]: DEBUG cinder.api.middleware.request_id [None req-0811a5a7-1853-422c-82c4-78959bcfe879 None None] RequestId filter calling following filter/app {{(pid=110372) _context_setter /opt/stack/cinder/cinder/api/middleware/request_id.py:62}}
Mar 31 20:36:59.559254 dv-cinder-836072-1-smb devstack@c-api.service[110372]: INFO cinder.api.openstack.wsgi [None req-0811a5a7-1853-422c-82c4-78959bcfe879 tempest-GroupsV320Test-47525162 tempest-GroupsV320Test-47525162-project-admin] POST http://10.222.0.60/volume/v3/7ee762c0bdff466f926be6d156b75d72/groups/c0d4c144-7e2c-4b80-9fa1-9f0f5857e6ae/action
Mar 31 20:36:59.560020 dv-cinder-836072-1-smb devstack@c-api.service[110372]: DEBUG cinder.api.openstack.wsgi [None req-0811a5a7-1853-422c-82c4-78959bcfe879 tempest-GroupsV320Test-47525162 tempest-GroupsV320Test-47525162-project-admin] Action body: b'{"reset_status": {"status": "error"}}' {{(pid=110372) get_method /opt/stack/cinder/cinder/api/openstack/wsgi.py:983}}
Mar 31 20:36:59.560330 dv-cinder-836072-1-smb devstack@c-api.service[110372]: DEBUG cinder.api.openstack.wsgi [None req-0811a5a7-1853-422c-82c4-78959bcfe879 tempest-GroupsV320Test-47525162 tempest-GroupsV320Test-47525162-project-admin] Action: 'action', calling method: version_select, body: {"reset_status": {"status": "error"}} {{(pid=110372) _process_stack /opt/stack/cinder/cinder/api/openstack/wsgi.py:866}}
Mar 31 20:36:59.561145 dv-cinder-836072-1-smb devstack@c-api.service[110372]: DEBUG cinder.api.v3.groups [None req-0811a5a7-1853-422c-82c4-78959bcfe879 tempest-GroupsV320Test-47525162 tempest-GroupsV320Test-47525162-project-admin] Updating group 'c0d4c144-7e2c-4b80-9fa1-9f0f5857e6ae' with 'error' {{(pid=110372) _reset_status /opt/stack/cinder/cinder/api/v3/groups.py:82}}
Mar 31 20:36:59.564185 dv-cinder-836072-1-smb devstack@c-api.service[110371]: INFO cinder.volume.api [None req-c319c454-b12a-4b13-80d2-31c4d67684f3 tempest-DeleteServersTestJSON-1799658678 tempest-DeleteServersTestJSON-1799658678-project] Volume info retrieved successfully.
Mar 31 20:36:59.576180 dv-cinder-836072-1-smb devstack@c-api.service[110371]: INFO cinder.api.openstack.wsgi [None req-c319c454-b12a-4b13-80d2-31c4d67684f3 tempest-DeleteServersTestJSON-1799658678 tempest-DeleteServersTestJSON-1799658678-project] http://10.222.0.60/volume/v3/6cba41bb43984c1d958e70218d69fffd/volumes/b3496932-5e15-48ed-bc44-67e1638b0bbb returned with HTTP 200
Mar 31 20:36:59.580370 dv-cinder-836072-1-smb devstack@c-api.service[110372]: /usr/local/lib/python3.8/dist-packages/oslo_context/context.py:100: DeprecationWarning: Policy enforcement is depending on the value of is_admin. This key is deprecated. Please update your policy file to use the standard policy values.
Mar 31 20:36:59.580370 dv-cinder-836072-1-smb devstack@c-api.service[110372]:   warnings.warn('Policy enforcement is depending on the value of '
Mar 31 20:36:59.582084 dv-cinder-836072-1-smb devstack@c-api.service[110371]: [pid: 110371|app: 0|req: 102/212] 10.222.0.60 () {58 vars in 1324 bytes} [Thu Mar 31 20:36:59 2022] GET /volume/v3/6cba41bb43984c1d958e70218d69fffd/volumes/b3496932-5e15-48ed-bc44-67e1638b0bbb => generated 914 bytes in 95 msecs (HTTP/1.1 200) 7 headers in 285 bytes (2 switches on core 0)
Mar 31 20:36:59.596099 dv-cinder-836072-1-smb devstack@c-api.service[110372]: INFO cinder.api.openstack.wsgi [None req-0811a5a7-1853-422c-82c4-78959bcfe879 tempest-GroupsV320Test-47525162 tempest-GroupsV320Test-47525162-project-admin] http://10.222.0.60/volume/v3/7ee762c0bdff466f926be6d156b75d72/groups/c0d4c144-7e2c-4b80-9fa1-9f0f5857e6ae/action returned with HTTP 202
Mar 31 20:36:59.598682 dv-cinder-836072-1-smb devstack@c-api.service[110372]: [pid: 110372|app: 0|req: 111/213] 10.222.0.60 () {62 vars in 1404 bytes} [Thu Mar 31 20:36:59 2022] POST /volume/v3/7ee762c0bdff466f926be6d156b75d72/groups/c0d4c144-7e2c-4b80-9fa1-9f0f5857e6ae/action => generated 0 bytes in 44 msecs (HTTP/1.1 202) 6 headers in 234 bytes (1 switches on core 0)
Mar 31 20:36:59.601826 dv-cinder-836072-1-smb devstack@c-api.service[110371]: DEBUG cinder.api.middleware.request_id [None req-9b65d67f-9103-492c-bf4a-d4950289842c None None] RequestId filter calling following filter/app {{(pid=110371) _context_setter /opt/stack/cinder/cinder/api/middleware/request_id.py:62}}
Mar 31 20:36:59.606205 dv-cinder-836072-1-smb devstack@c-api.service[110371]: INFO cinder.api.openstack.wsgi [None req-9b65d67f-9103-492c-bf4a-d4950289842c tempest-GroupsV320Test-1738891415 tempest-GroupsV320Test-1738891415-project] GET http://10.222.0.60/volume/v3/60916db04a184c6b9ea94719558fb126/groups/c0d4c144-7e2c-4b80-9fa1-9f0f5857e6ae
Mar 31 20:36:59.606802 dv-cinder-836072-1-smb devstack@c-api.service[110371]: DEBUG cinder.api.openstack.wsgi [None req-9b65d67f-9103-492c-bf4a-d4950289842c tempest-GroupsV320Test-1738891415 tempest-GroupsV320Test-1738891415-project] Empty body provided in request {{(pid=110371) get_body /opt/stack/cinder/cinder/api/openstack/wsgi.py:715}}
