Mar 31 20:44:40.136453 dv-cinder-836072-1-iscsi devstack@c-api.service[117319]: DEBUG cinder.volume.api [None req-436927a1-d20b-4405-a621-b4612dbbcac1 tempest-GroupsV314Test-81374307 tempest-GroupsV314Test-81374307-project] Task 'cinder.volume.flows.api.create_volume.ExtractVolumeRequestTask;volume:create' (9336dfcf-4226-4248-ae81-4d6cd36ba098) transitioned into state 'RUNNING' from state 'PENDING' {{(pid=117319) _task_receiver /usr/local/lib/python3.8/dist-packages/taskflow/listeners/logging.py:190}}
Mar 31 20:44:40.141790 dv-cinder-836072-1-iscsi devstack@c-api.service[117319]: DEBUG cinder.volume.flows.api.create_volume [None req-436927a1-d20b-4405-a621-b4612dbbcac1 tempest-GroupsV314Test-81374307 tempest-GroupsV314Test-81374307-project] Validating volume size '1' using validate_int, validate_source_size {{(pid=117319) _extract_size /opt/stack/cinder/cinder/volume/flows/api/create_volume.py:225}}
Mar 31 20:44:40.155414 dv-cinder-836072-1-iscsi devstack@c-api.service[117320]: DEBUG cinder.api.middleware.request_id [req-4e117d98-a926-4033-99db-b74ce1b4662f req-423f7db1-2e4b-4872-a0b0-5a4bcb853f08 None None] RequestId filter calling following filter/app {{(pid=117320) _context_setter /opt/stack/cinder/cinder/api/middleware/request_id.py:62}}
Mar 31 20:44:40.156938 dv-cinder-836072-1-iscsi devstack@c-api.service[117320]: WARNING keystonemiddleware.auth_token [req-4e117d98-a926-4033-99db-b74ce1b4662f req-423f7db1-2e4b-4872-a0b0-5a4bcb853f08 None None] A valid token was submitted as a service token, but it was not a valid service token. This is incorrect but backwards compatible behaviour. This will be removed in future releases.
Mar 31 20:44:40.160148 dv-cinder-836072-1-iscsi devstack@c-api.service[117320]: INFO cinder.api.openstack.wsgi [req-4e117d98-a926-4033-99db-b74ce1b4662f req-423f7db1-2e4b-4872-a0b0-5a4bcb853f08 tempest-VolumesTestJSON-1300376703 tempest-VolumesTestJSON-1300376703-project] GET http://10.222.0.61/volume/v3/fc5821385fd44ccb9f5e8304a2a73ce2/volumes/c70f6bd0-fb19-4db5-868e-3ed04bb688cc
Mar 31 20:44:40.160671 dv-cinder-836072-1-iscsi devstack@c-api.service[117320]: DEBUG cinder.api.openstack.wsgi [req-4e117d98-a926-4033-99db-b74ce1b4662f req-423f7db1-2e4b-4872-a0b0-5a4bcb853f08 tempest-VolumesTestJSON-1300376703 tempest-VolumesTestJSON-1300376703-project] Empty body provided in request {{(pid=117320) get_body /opt/stack/cinder/cinder/api/openstack/wsgi.py:715}}
Mar 31 20:44:40.161132 dv-cinder-836072-1-iscsi devstack@c-api.service[117320]: DEBUG cinder.api.openstack.wsgi [req-4e117d98-a926-4033-99db-b74ce1b4662f req-423f7db1-2e4b-4872-a0b0-5a4bcb853f08 tempest-VolumesTestJSON-1300376703 tempest-VolumesTestJSON-1300376703-project] Calling method 'show' {{(pid=117320) _process_stack /opt/stack/cinder/cinder/api/openstack/wsgi.py:868}}
Mar 31 20:44:40.187823 dv-cinder-836072-1-iscsi devstack@c-api.service[117319]: DEBUG cinder.volume.api [None req-436927a1-d20b-4405-a621-b4612dbbcac1 tempest-GroupsV314Test-81374307 tempest-GroupsV314Test-81374307-project] Task 'cinder.volume.flows.api.create_volume.ExtractVolumeRequestTask;volume:create' (9336dfcf-4226-4248-ae81-4d6cd36ba098) transitioned into state 'SUCCESS' from state 'RUNNING' with result '{'size': 1, 'snapshot_id': None, 'source_volid': 'c1531c3b-bcc8-4081-b98f-6af0613aafbe', 'volume_type': VolumeType(created_at=2022-03-31T20:44:34Z,deleted=False,deleted_at=None,description=None,extra_specs={},id=5c47b02c-edc9-46ef-86d5-25fab8bd30d9,is_public=True,name='tempest-GroupsV314Test-volume-type-1589928593',projects=[],qos_specs=,qos_specs_id=None,updated_at=None), 'volume_type_id': '5c47b02c-edc9-46ef-86d5-25fab8bd30d9', 'encryption_key_id': None, 'qos_specs': None, 'consistencygroup_id': None, 'cgsnapshot_id': None, 'group_id': 'dc3cd64c-7103-4989-b7ea-259dbf38653d', 'replication_status': 'disabled', 'refresh_az': False, 'backup_id': None, 'multiattach': False, 'availability_zones': ['nova']}' {{(pid=117319) _task_receiver /usr/local/lib/python3.8/dist-packages/taskflow/listeners/logging.py:178}}
Mar 31 20:44:40.190298 dv-cinder-836072-1-iscsi devstack@c-api.service[117319]: DEBUG cinder.volume.api [None req-436927a1-d20b-4405-a621-b4612dbbcac1 tempest-GroupsV314Test-81374307 tempest-GroupsV314Test-81374307-project] Task 'cinder.volume.flows.api.create_volume.QuotaReserveTask;volume:create' (78fd3ace-4c13-4b77-a89e-42ad7fa68631) transitioned into state 'RUNNING' from state 'PENDING' {{(pid=117319) _task_receiver /usr/local/lib/python3.8/dist-packages/taskflow/listeners/logging.py:190}}
Mar 31 20:44:40.193414 dv-cinder-836072-1-iscsi devstack@c-api.service[117320]: /usr/local/lib/python3.8/dist-packages/oslo_context/context.py:100: DeprecationWarning: Policy enforcement is depending on the value of is_admin. This key is deprecated. Please update your policy file to use the standard policy values.
Mar 31 20:44:40.193414 dv-cinder-836072-1-iscsi devstack@c-api.service[117320]: warnings.warn('Policy enforcement is depending on the value of '
Mar 31 20:44:40.225866 dv-cinder-836072-1-iscsi devstack@c-api.service[117320]: INFO cinder.volume.api [req-4e117d98-a926-4033-99db-b74ce1b4662f req-423f7db1-2e4b-4872-a0b0-5a4bcb853f08 tempest-VolumesTestJSON-1300376703 tempest-VolumesTestJSON-1300376703-project] Volume info retrieved successfully.
Mar 31 20:44:40.231108 dv-cinder-836072-1-iscsi devstack@c-api.service[117319]: WARNING cinder.quota [None req-436927a1-d20b-4405-a621-b4612dbbcac1 tempest-GroupsV314Test-81374307 tempest-GroupsV314Test-81374307-project] Deprecated: Default quota for resource: volumes_tempest-GroupsV314Test-volume-type-1589928593 is set by the default quota flag: quota_volumes_tempest-GroupsV314Test-volume-type-1589928593, it is now deprecated. Please use the default quota class for default quota.
Mar 31 20:44:40.233591 dv-cinder-836072-1-iscsi devstack@c-api.service[117319]: WARNING cinder.quota [None req-436927a1-d20b-4405-a621-b4612dbbcac1 tempest-GroupsV314Test-81374307 tempest-GroupsV314Test-81374307-project] Deprecated: Default quota for resource: gigabytes_tempest-GroupsV314Test-volume-type-1589928593 is set by the default quota flag: quota_gigabytes_tempest-GroupsV314Test-volume-type-1589928593, it is now deprecated. Please use the default quota class for default quota.
Mar 31 20:44:40.258605 dv-cinder-836072-1-iscsi devstack@c-api.service[117320]: INFO cinder.api.openstack.wsgi [req-4e117d98-a926-4033-99db-b74ce1b4662f req-423f7db1-2e4b-4872-a0b0-5a4bcb853f08 tempest-VolumesTestJSON-1300376703 tempest-VolumesTestJSON-1300376703-project] http://10.222.0.61/volume/v3/fc5821385fd44ccb9f5e8304a2a73ce2/volumes/c70f6bd0-fb19-4db5-868e-3ed04bb688cc returned with HTTP 200
Mar 31 20:44:40.268107 dv-cinder-836072-1-iscsi devstack@c-api.service[117320]: [pid: 117320|app: 0|req: 19/34] 10.222.0.61 () {60 vars in 1578 bytes} [Thu Mar 31 20:44:40 2022] GET /volume/v3/fc5821385fd44ccb9f5e8304a2a73ce2/volumes/c70f6bd0-fb19-4db5-868e-3ed04bb688cc => generated 922 bytes in 115 msecs (HTTP/1.1 200) 7 headers in 285 bytes (1 switches on core 0)
Mar 31 20:44:40.277237 dv-cinder-836072-1-iscsi devstack@c-api.service[117320]: DEBUG cinder.api.middleware.request_id [None req-35b41400-fbca-48d9-b980-2d662681d9d0 None None] RequestId filter calling following filter/app {{(pid=117320) _context_setter /opt/stack/cinder/cinder/api/middleware/request_id.py:62}}
Mar 31 20:44:40.287882 dv-cinder-836072-1-iscsi devstack@c-api.service[117320]: INFO cinder.api.openstack.wsgi [None req-35b41400-fbca-48d9-b980-2d662681d9d0 tempest-VolumesTestJSON-1300376703 tempest-VolumesTestJSON-1300376703-project] POST http://10.222.0.61/volume/v3/fc5821385fd44ccb9f5e8304a2a73ce2/volumes
Mar 31 20:44:40.288608 dv-cinder-836072-1-iscsi devstack@c-api.service[117320]: DEBUG cinder.api.openstack.wsgi [None req-35b41400-fbca-48d9-b980-2d662681d9d0 tempest-VolumesTestJSON-1300376703 tempest-VolumesTestJSON-1300376703-project] Action: 'create', calling method: create, body: {"volume": {"metadata": {"Type": "work"}, "size": 1, "display_name": "tempest-VolumesTestJSON-volume-535933156"}} {{(pid=117320) _process_stack /opt/stack/cinder/cinder/api/openstack/wsgi.py:866}}
Mar 31 20:44:40.289933 dv-cinder-836072-1-iscsi devstack@c-api.service[117320]: DEBUG cinder.api.v3.volumes [None req-35b41400-fbca-48d9-b980-2d662681d9d0 tempest-VolumesTestJSON-1300376703 tempest-VolumesTestJSON-1300376703-project] Create volume request body: {'volume': {'metadata': {'Type': 'work'}, 'size': 1, 'display_name': 'tempest-VolumesTestJSON-volume-535933156'}} {{(pid=117320) create /opt/stack/cinder/cinder/api/v3/volumes.py:298}}
Mar 31 20:44:40.295419 dv-cinder-836072-1-iscsi devstack@c-api.service[117320]: INFO cinder.api.v3.volumes [None req-35b41400-fbca-48d9-b980-2d662681d9d0 tempest-VolumesTestJSON-1300376703 tempest-VolumesTestJSON-1300376703-project] Create volume of 1 GB
Mar 31 20:44:40.316416 dv-cinder-836072-1-iscsi devstack@c-api.service[117320]: INFO cinder.volume.api [None req-35b41400-fbca-48d9-b980-2d662681d9d0 tempest-VolumesTestJSON-1300376703 tempest-VolumesTestJSON-1300376703-project] Availability Zones retrieved successfully.
Mar 31 20:44:40.346737 dv-cinder-836072-1-iscsi devstack@c-api.service[117320]: DEBUG cinder.volume.api [None req-35b41400-fbca-48d9-b980-2d662681d9d0 tempest-VolumesTestJSON-1300376703 tempest-VolumesTestJSON-1300376703-project] Flow 'volume_create_api' (634091e0-d5ad-4b5a-aa61-8d104787ded7) transitioned into state 'RUNNING' from state 'PENDING' {{(pid=117320) _flow_receiver /usr/local/lib/python3.8/dist-packages/taskflow/listeners/logging.py:141}}
Mar 31 20:44:40.349806 dv-cinder-836072-1-iscsi devstack@c-api.service[117320]: DEBUG cinder.volume.api [None req-35b41400-fbca-48d9-b980-2d662681d9d0 tempest-VolumesTestJSON-1300376703 tempest-VolumesTestJSON-1300376703-project] Task 'cinder.volume.flows.api.create_volume.ExtractVolumeRequestTask;volume:create' (b7354d46-5274-4864-b9f5-ccc055aa7169) transitioned into state 'RUNNING' from state 'PENDING' {{(pid=117320) _task_receiver /usr/local/lib/python3.8/dist-packages/taskflow/listeners/logging.py:190}}
Mar 31 20:44:40.354962 dv-cinder-836072-1-iscsi devstack@c-api.service[117319]: DEBUG cinder.quota [None req-436927a1-d20b-4405-a621-b4612dbbcac1 tempest-GroupsV314Test-81374307 tempest-GroupsV314Test-81374307-project] Created reservations ['e88b759e-a024-49db-a7f7-652a024831f0', '31f68bc8-6096-4e13-be06-ed313a5730f4', 'ebd8a4d7-c3b8-40ee-94a3-5ff8f5246f3c', '8a36cea9-60c2-439e-8a34-b10bdc1f1121'] {{(pid=117319) reserve /opt/stack/cinder/cinder/quota.py:755}}
Mar 31 20:44:40.356941 dv-cinder-836072-1-iscsi devstack@c-api.service[117319]: DEBUG cinder.volume.api [None req-436927a1-d20b-4405-a621-b4612dbbcac1 tempest-GroupsV314Test-81374307 tempest-GroupsV314Test-81374307-project] Task 'cinder.volume.flows.api.create_volume.QuotaReserveTask;volume:create' (78fd3ace-4c13-4b77-a89e-42ad7fa68631) transitioned into state 'SUCCESS' from state 'RUNNING' with result '{'reservations': ['e88b759e-a024-49db-a7f7-652a024831f0', '31f68bc8-6096-4e13-be06-ed313a5730f4', 'ebd8a4d7-c3b8-40ee-94a3-5ff8f5246f3c', '8a36cea9-60c2-439e-8a34-b10bdc1f1121']}' {{(pid=117319) _task_receiver /usr/local/lib/python3.8/dist-packages/taskflow/listeners/logging.py:178}}
Mar 31 20:44:40.358083 dv-cinder-836072-1-iscsi devstack@c-api.service[117320]: DEBUG cinder.volume.flows.api.create_volume [None req-35b41400-fbca-48d9-b980-2d662681d9d0 tempest-VolumesTestJSON-1300376703 tempest-VolumesTestJSON-1300376703-project] Validating volume size '1' using validate_int {{(pid=117320) _extract_size /opt/stack/cinder/cinder/volume/flows/api/create_volume.py:225}}
Mar 31 20:44:40.359749 dv-cinder-836072-1-iscsi devstack@c-api.service[117319]: DEBUG cinder.volume.api [None req-436927a1-d20b-4405-a621-b4612dbbcac1 tempest-GroupsV314Test-81374307 tempest-GroupsV314Test-81374307-project] Task 'cinder.volume.flows.api.create_volume.EntryCreateTask;volume:create' (effeac8f-2870-4298-8e7d-357fb05505d3) transitioned into state 'RUNNING' from state 'PENDING' {{(pid=117319) _task_receiver /usr/local/lib/python3.8/dist-packages/taskflow/listeners/logging.py:190}}
Mar 31 20:44:40.450836 dv-cinder-836072-1-iscsi devstack@c-api.service[117320]: DEBUG cinder.volume.api [None req-35b41400-fbca-48d9-b980-2d662681d9d0 tempest-VolumesTestJSON-1300376703 tempest-VolumesTestJSON-1300376703-project] Task 'cinder.volume.flows.api.create_volume.ExtractVolumeRequestTask;volume:create' (b7354d46-5274-4864-b9f5-ccc055aa7169) transitioned into state 'SUCCESS' from state 'RUNNING' with result '{'size': 1, 'snapshot_id': None, 'source_volid': None, 'volume_type': VolumeType(created_at=2022-03-31T20:27:44Z,deleted=False,deleted_at=None,description='Default Volume Type',extra_specs={},id=fde61f54-7042-47f3-af3f-202817a019b9,is_public=True,name='__DEFAULT__',projects=[],qos_specs=,qos_specs_id=None,updated_at=2022-03-31T20:27:44Z), 'volume_type_id': 'fde61f54-7042-47f3-af3f-202817a019b9', 'encryption_key_id': None, 'qos_specs': None, 'consistencygroup_id': None, 'cgsnapshot_id': None, 'group_id': None, 'replication_status': 'disabled', 'refresh_az': False, 'backup_id': None, 'multiattach': False, 'availability_zones': ['nova']}' {{(pid=117320) _task_receiver /usr/local/lib/python3.8/dist-packages/taskflow/listeners/logging.py:178}}
Mar 31 20:44:40.452928 dv-cinder-836072-1-iscsi devstack@c-api.service[117320]: DEBUG cinder.volume.api [None req-35b41400-fbca-48d9-b980-2d662681d9d0 tempest-VolumesTestJSON-1300376703 tempest-VolumesTestJSON-1300376703-project] Task 'cinder.volume.flows.api.create_volume.QuotaReserveTask;volume:create' (3451726e-4144-4843-a7ee-f17621f5c9f8) transitioned into state 'RUNNING' from state 'PENDING' {{(pid=117320) _task_receiver /usr/local/lib/python3.8/dist-packages/taskflow/listeners/logging.py:190}}
Mar 31 20:44:40.541012 dv-cinder-836072-1-iscsi devstack@c-api.service[117319]: DEBUG cinder.volume.api [None req-436927a1-d20b-4405-a621-b4612dbbcac1 tempest-GroupsV314Test-81374307 tempest-GroupsV314Test-81374307-project] Task 'cinder.volume.flows.api.create_volume.EntryCreateTask;volume:create' (effeac8f-2870-4298-8e7d-357fb05505d3) transitioned into state 'SUCCESS' from state 'RUNNING' with result '{'volume_id': 'b0be01cf-0066-4441-ae41-a9563c92e1dc', 'volume_properties': VolumeProperties(attach_status='detached',availability_zone='nova',cgsnapshot_id=None,consistencygroup_id=None,display_description=None,display_name=None,encryption_key_id=None,group_id=dc3cd64c-7103-4989-b7ea-259dbf38653d,group_type_id=,metadata={},multiattach=False,project_id='bbfbc8462098475087362a877e4c6f7f',qos_specs=None,replication_status=,reservations=['e88b759e-a024-49db-a7f7-652a024831f0','31f68bc8-6096-4e13-be06-ed313a5730f4','ebd8a4d7-c3b8-40ee-94a3-5ff8f5246f3c','8a36cea9-60c2-439e-8a34-b10bdc1f1121'],size=1,snapshot_id=None,source_replicaid=,source_volid=c1531c3b-bcc8-4081-b98f-6af0613aafbe,status='creating',user_id='822d2e84998b42b78c4d54e18b44b2dd',volume_type_id=5c47b02c-edc9-46ef-86d5-25fab8bd30d9), 'volume': Volume(_name_id=None,admin_metadata=,attach_status='detached',availability_zone='nova',bootable=False,cluster=,cluster_name=None,consistencygroup=,consistencygroup_id=None,created_at=2022-03-31T20:44:40Z,deleted=False,deleted_at=None,display_description=None,display_name=None,ec2_id=None,encryption_key_id=None,glance_metadata=,group=,group_id=dc3cd64c-7103-4989-b7ea-259dbf38653d,host=None,id=b0be01cf-0066-4441-ae41-a9563c92e1dc,launched_at=None,metadata={},migration_status=None,multiattach=False,previous_status=None,project_id='bbfbc8462098475087362a877e4c6f7f',provider_auth=None,provider_geometry=None,provider_id=None,provider_location=None,replication_driver_data=None,replication_extended_status=None,replication_status=None,scheduled_at=None,service_uuid=None,shared_targets=True,size=1,snapshot_id=None,snapshots=,source_volid=c1531c3b-bcc8-4081-b98f-6af0613aafbe,status='creating',terminated_at=None,updated_at=None,use_quota=True,user_id='822d2e84998b42b78c4d54e18b44b2dd',volume_attachment=VolumeAttachmentList,volume_type=VolumeType(5c47b02c-edc9-46ef-86d5-25fab8bd30d9),volume_type_id=5c47b02c-edc9-46ef-86d5-25fab8bd30d9)}' {{(pid=117319) _task_receiver /usr/local/lib/python3.8/dist-packages/taskflow/listeners/logging.py:178}}
Mar 31 20:44:40.543063 dv-cinder-836072-1-iscsi devstack@c-api.service[117319]: DEBUG cinder.volume.api [None req-436927a1-d20b-4405-a621-b4612dbbcac1 tempest-GroupsV314Test-81374307 tempest-GroupsV314Test-81374307-project] Task 'cinder.volume.flows.api.create_volume.QuotaCommitTask;volume:create' (19d7d1bd-b4ef-4b75-9b33-d76d968f7d19) transitioned into state 'RUNNING' from state 'PENDING' {{(pid=117319) _task_receiver /usr/local/lib/python3.8/dist-packages/taskflow/listeners/logging.py:190}}
Mar 31 20:44:40.552581 dv-cinder-836072-1-iscsi devstack@c-api.service[117320]: WARNING cinder.quota [None req-35b41400-fbca-48d9-b980-2d662681d9d0 tempest-VolumesTestJSON-1300376703 tempest-VolumesTestJSON-1300376703-project] Deprecated: Default quota for resource: volumes___DEFAULT__ is set by the default quota flag: quota_volumes___DEFAULT__, it is now deprecated. Please use the default quota class for default quota.
Mar 31 20:44:40.558680 dv-cinder-836072-1-iscsi devstack@c-api.service[117320]: WARNING cinder.quota [None req-35b41400-fbca-48d9-b980-2d662681d9d0 tempest-VolumesTestJSON-1300376703 tempest-VolumesTestJSON-1300376703-project] Deprecated: Default quota for resource: gigabytes___DEFAULT__ is set by the default quota flag: quota_gigabytes___DEFAULT__, it is now deprecated. Please use the default quota class for default quota.
Mar 31 20:44:40.727894 dv-cinder-836072-1-iscsi devstack@c-api.service[117319]: DEBUG cinder.volume.api [None req-436927a1-d20b-4405-a621-b4612dbbcac1 tempest-GroupsV314Test-81374307 tempest-GroupsV314Test-81374307-project] Task 'cinder.volume.flows.api.create_volume.QuotaCommitTask;volume:create' (19d7d1bd-b4ef-4b75-9b33-d76d968f7d19) transitioned into state 'SUCCESS' from state 'RUNNING' with result '{'volume_properties': VolumeProperties(attach_status='detached',availability_zone='nova',cgsnapshot_id=None,consistencygroup_id=None,display_description=None,display_name=None,encryption_key_id=None,group_id=dc3cd64c-7103-4989-b7ea-259dbf38653d,group_type_id=,metadata={},multiattach=False,project_id='bbfbc8462098475087362a877e4c6f7f',qos_specs=None,replication_status=,reservations=['e88b759e-a024-49db-a7f7-652a024831f0','31f68bc8-6096-4e13-be06-ed313a5730f4','ebd8a4d7-c3b8-40ee-94a3-5ff8f5246f3c','8a36cea9-60c2-439e-8a34-b10bdc1f1121'],size=1,snapshot_id=None,source_replicaid=,source_volid=c1531c3b-bcc8-4081-b98f-6af0613aafbe,status='creating',user_id='822d2e84998b42b78c4d54e18b44b2dd',volume_type_id=5c47b02c-edc9-46ef-86d5-25fab8bd30d9)}' {{(pid=117319) _task_receiver /usr/local/lib/python3.8/dist-packages/taskflow/listeners/logging.py:178}}
Mar 31 20:44:40.730380 dv-cinder-836072-1-iscsi devstack@c-api.service[117319]: DEBUG cinder.volume.api [None req-436927a1-d20b-4405-a621-b4612dbbcac1 tempest-GroupsV314Test-81374307 tempest-GroupsV314Test-81374307-project] Flow 'volume_create_api' (b5102b77-2021-446e-8d4b-9415b395bd81) transitioned into state 'SUCCESS' from state 'RUNNING' {{(pid=117319) _flow_receiver /usr/local/lib/python3.8/dist-packages/taskflow/listeners/logging.py:141}}
Mar 31 20:44:40.731374 dv-cinder-836072-1-iscsi devstack@c-api.service[117319]: INFO cinder.volume.api [None req-436927a1-d20b-4405-a621-b4612dbbcac1 tempest-GroupsV314Test-81374307 tempest-GroupsV314Test-81374307-project] Create volume request issued successfully.
Mar 31 20:44:40.830048 dv-cinder-836072-1-iscsi devstack@c-api.service[117320]: DEBUG cinder.quota [None req-35b41400-fbca-48d9-b980-2d662681d9d0 tempest-VolumesTestJSON-1300376703 tempest-VolumesTestJSON-1300376703-project] Created reservations ['ec60af1f-d7c8-4bb9-bc6b-055f5afaee0a', '96f8ad8e-9d83-4a5f-9c32-e55c5c122212', '9a077152-40f2-4cfd-a921-a1f30cbb5205', '62a0cc90-8d1f-485b-a017-85a94e211024'] {{(pid=117320) reserve /opt/stack/cinder/cinder/quota.py:755}}
Mar 31 20:44:40.836922 dv-cinder-836072-1-iscsi devstack@c-api.service[117320]: DEBUG cinder.volume.api [None req-35b41400-fbca-48d9-b980-2d662681d9d0 tempest-VolumesTestJSON-1300376703 tempest-VolumesTestJSON-1300376703-project] Task 'cinder.volume.flows.api.create_volume.QuotaReserveTask;volume:create' (3451726e-4144-4843-a7ee-f17621f5c9f8) transitioned into state 'SUCCESS' from state 'RUNNING' with result '{'reservations': ['ec60af1f-d7c8-4bb9-bc6b-055f5afaee0a', '96f8ad8e-9d83-4a5f-9c32-e55c5c122212', '9a077152-40f2-4cfd-a921-a1f30cbb5205', '62a0cc90-8d1f-485b-a017-85a94e211024']}' {{(pid=117320) _task_receiver /usr/local/lib/python3.8/dist-packages/taskflow/listeners/logging.py:178}}
Mar 31 20:44:40.841385 dv-cinder-836072-1-iscsi devstack@c-api.service[117320]: DEBUG cinder.volume.api [None req-35b41400-fbca-48d9-b980-2d662681d9d0 tempest-VolumesTestJSON-1300376703 tempest-VolumesTestJSON-1300376703-project] Task 'cinder.volume.flows.api.create_volume.EntryCreateTask;volume:create' (af73ed2e-5f15-4923-9a4e-8d86dd9edb1f) transitioned into state 'RUNNING' from state 'PENDING' {{(pid=117320) _task_receiver /usr/local/lib/python3.8/dist-packages/taskflow/listeners/logging.py:190}}
Mar 31 20:44:40.900228 dv-cinder-836072-1-iscsi devstack@c-api.service[117319]: INFO cinder.api.openstack.wsgi [None req-436927a1-d20b-4405-a621-b4612dbbcac1 tempest-GroupsV314Test-81374307 tempest-GroupsV314Test-81374307-project] http://10.222.0.61/volume/v3/bbfbc8462098475087362a877e4c6f7f/groups/action returned with HTTP 202
Mar 31 20:44:40.901065 dv-cinder-836072-1-iscsi devstack@c-api.service[117319]: [pid: 117319|app: 0|req: 16/35] 10.222.0.61 () {62 vars in 1294 bytes} [Thu Mar 31 20:44:39 2022] POST /volume/v3/bbfbc8462098475087362a877e4c6f7f/groups/action => generated 102 bytes in 1582 msecs (HTTP/1.1 202) 7 headers in 292 bytes (1 switches on core 0)
Mar 31 20:44:40.902772 dv-cinder-836072-1-iscsi devstack@c-api.service[117319]: DEBUG cinder.api.middleware.request_id [None req-1b4741d1-ee80-46c6-8576-670fc6563f69 None None] RequestId filter calling following filter/app {{(pid=117319) _context_setter /opt/stack/cinder/cinder/api/middleware/request_id.py:62}}
Mar 31 20:44:40.907506 dv-cinder-836072-1-iscsi devstack@c-api.service[117319]: INFO cinder.api.openstack.wsgi [None req-1b4741d1-ee80-46c6-8576-670fc6563f69 tempest-GroupsTest-1883574802 tempest-GroupsTest-1883574802-project] GET http://10.222.0.61/volume/v3/989637487b714bb3ab3516c7e9620a8e/volumes/e877a758-c221-4325-935a-bc737f49aa18
Mar 31 20:44:40.908049 dv-cinder-836072-1-iscsi devstack@c-api.service[117319]: DEBUG cinder.api.openstack.wsgi [None req-1b4741d1-ee80-46c6-8576-670fc6563f69 tempest-GroupsTest-1883574802 tempest-GroupsTest-1883574802-project] Empty body provided in request {{(pid=117319) get_body /opt/stack/cinder/cinder/api/openstack/wsgi.py:715}}
Mar 31 20:44:40.908520 dv-cinder-836072-1-iscsi devstack@c-api.service[117319]: DEBUG cinder.api.openstack.wsgi [None req-1b4741d1-ee80-46c6-8576-670fc6563f69 tempest-GroupsTest-1883574802 tempest-GroupsTest-1883574802-project] Calling method 'show' {{(pid=117319) _process_stack /opt/stack/cinder/cinder/api/openstack/wsgi.py:868}}
Mar 31 20:44:40.949884 dv-cinder-836072-1-iscsi devstack@c-api.service[117319]: /usr/local/lib/python3.8/dist-packages/oslo_context/context.py:100: DeprecationWarning: Policy enforcement is depending on the value of is_admin. This key is deprecated. Please update your policy file to use the standard policy values.
Mar 31 20:44:40.949884 dv-cinder-836072-1-iscsi devstack@c-api.service[117319]: warnings.warn('Policy enforcement is depending on the value of '
Mar 31 20:44:40.968143 dv-cinder-836072-1-iscsi devstack@c-api.service[117319]: INFO cinder.volume.api [None req-1b4741d1-ee80-46c6-8576-670fc6563f69 tempest-GroupsTest-1883574802 tempest-GroupsTest-1883574802-project] Volume info retrieved successfully.
Mar 31 20:44:40.972129 dv-cinder-836072-1-iscsi devstack@c-api.service[117319]: WARNING stevedore.named [None req-1b4741d1-ee80-46c6-8576-670fc6563f69 tempest-GroupsTest-1883574802 tempest-GroupsTest-1883574802-project] Could not load cinder.keymgr.conf_key_mgr.ConfKeyManager
Mar 31 20:44:40.972540 dv-cinder-836072-1-iscsi devstack@c-api.service[117319]: WARNING castellan.key_manager [None req-1b4741d1-ee80-46c6-8576-670fc6563f69 tempest-GroupsTest-1883574802 tempest-GroupsTest-1883574802-project] Deprecation Warning : cinder.keymgr.conf_key_mgr.ConfKeyManager is not a stevedore based driver, trying to load it as a class: stevedore.exception.NoMatches: No 'castellan.drivers' driver found, looking for 'cinder.keymgr.conf_key_mgr.ConfKeyManager'
Mar 31 20:44:40.999578 dv-cinder-836072-1-iscsi devstack@c-api.service[117319]: DEBUG oslo_db.sqlalchemy.engines [None req-1b4741d1-ee80-46c6-8576-670fc6563f69 tempest-GroupsTest-1883574802 tempest-GroupsTest-1883574802-project] MySQL server mode set to STRICT_TRANS_TABLES,STRICT_ALL_TABLES,NO_ZERO_IN_DATE,NO_ZERO_DATE,ERROR_FOR_DIVISION_BY_ZERO,TRADITIONAL,NO_ENGINE_SUBSTITUTION {{(pid=117319) _check_effective_sql_mode /usr/local/lib/python3.8/dist-packages/oslo_db/sqlalchemy/engines.py:314}}
Mar 31 20:44:41.005330 dv-cinder-836072-1-iscsi devstack@c-api.service[117319]: /usr/local/lib/python3.8/dist-packages/oslo_context/context.py:100: DeprecationWarning: Policy enforcement is depending on the value of is_admin. This key is deprecated. Please update your policy file to use the standard policy values.
Mar 31 20:44:41.005330 dv-cinder-836072-1-iscsi devstack@c-api.service[117319]: warnings.warn('Policy enforcement is depending on the value of '
Mar 31 20:44:41.028967 dv-cinder-836072-1-iscsi devstack@c-api.service[117319]: INFO cinder.api.openstack.wsgi [None req-1b4741d1-ee80-46c6-8576-670fc6563f69 tempest-GroupsTest-1883574802 tempest-GroupsTest-1883574802-project] http://10.222.0.61/volume/v3/989637487b714bb3ab3516c7e9620a8e/volumes/e877a758-c221-4325-935a-bc737f49aa18 returned with HTTP 200
Mar 31 20:44:41.032387 dv-cinder-836072-1-iscsi devstack@c-api.service[117319]: [pid: 117319|app: 0|req: 17/36] 10.222.0.61 () {60 vars in 1365 bytes} [Thu Mar 31 20:44:40 2022] GET /volume/v3/989637487b714bb3ab3516c7e9620a8e/volumes/e877a758-c221-4325-935a-bc737f49aa18 => generated 974 bytes in 131 msecs (HTTP/1.1 200) 7 headers in 286 bytes (1 switches on core 0)
Mar 31 20:44:41.033976 dv-cinder-836072-1-iscsi devstack@c-api.service[117319]: DEBUG cinder.api.middleware.request_id [None req-da6e98ab-ea49-4971-8434-09117e9b5d9f None None] RequestId filter calling following filter/app {{(pid=117319) _context_setter /opt/stack/cinder/cinder/api/middleware/request_id.py:62}}
Mar 31 20:44:41.043663 dv-cinder-836072-1-iscsi devstack@c-api.service[117319]: INFO cinder.api.openstack.wsgi [None req-da6e98ab-ea49-4971-8434-09117e9b5d9f tempest-GroupsV314Test-81374307 tempest-GroupsV314Test-81374307-project] GET http://10.222.0.61/volume/v3/bbfbc8462098475087362a877e4c6f7f/volumes/detail
Mar 31 20:44:41.048883 dv-cinder-836072-1-iscsi devstack@c-api.service[117319]: DEBUG cinder.api.openstack.wsgi [None req-da6e98ab-ea49-4971-8434-09117e9b5d9f tempest-GroupsV314Test-81374307 tempest-GroupsV314Test-81374307-project] Empty body provided in request {{(pid=117319) get_body /opt/stack/cinder/cinder/api/openstack/wsgi.py:715}}
Mar 31 20:44:41.049369 dv-cinder-836072-1-iscsi devstack@c-api.service[117319]: DEBUG cinder.api.openstack.wsgi [None req-da6e98ab-ea49-4971-8434-09117e9b5d9f tempest-GroupsV314Test-81374307 tempest-GroupsV314Test-81374307-project] Calling method 'detail' {{(pid=117319) _process_stack /opt/stack/cinder/cinder/api/openstack/wsgi.py:868}}
Mar 31 20:44:41.050397 dv-cinder-836072-1-iscsi devstack@c-api.service[117319]: DEBUG cinder.api.api_utils [None req-da6e98ab-ea49-4971-8434-09117e9b5d9f tempest-GroupsV314Test-81374307 tempest-GroupsV314Test-81374307-project] Removing options '' from query. {{(pid=117319) remove_invalid_filter_options /opt/stack/cinder/cinder/api/api_utils.py:73}}
Mar 31 20:44:41.051244 dv-cinder-836072-1-iscsi devstack@c-api.service[117320]: DEBUG cinder.volume.api [None req-35b41400-fbca-48d9-b980-2d662681d9d0 tempest-VolumesTestJSON-1300376703 tempest-VolumesTestJSON-1300376703-project] Task 'cinder.volume.flows.api.create_volume.EntryCreateTask;volume:create' (af73ed2e-5f15-4923-9a4e-8d86dd9edb1f) transitioned into state 'SUCCESS' from state 'RUNNING' with result '{'volume_id': '2d7f4c38-3ef3-4063-820d-5b3762bb8e22', 'volume_properties': VolumeProperties(attach_status='detached',availability_zone='nova',cgsnapshot_id=None,consistencygroup_id=None,display_description=None,display_name='tempest-VolumesTestJSON-volume-535933156',encryption_key_id=None,group_id=None,group_type_id=,metadata={Type='work'},multiattach=False,project_id='fc5821385fd44ccb9f5e8304a2a73ce2',qos_specs=None,replication_status=,reservations=['ec60af1f-d7c8-4bb9-bc6b-055f5afaee0a','96f8ad8e-9d83-4a5f-9c32-e55c5c122212','9a077152-40f2-4cfd-a921-a1f30cbb5205','62a0cc90-8d1f-485b-a017-85a94e211024'],size=1,snapshot_id=None,source_replicaid=,source_volid=None,status='creating',user_id='52851214739240daaf14bd1b6d1bfcd3',volume_type_id=fde61f54-7042-47f3-af3f-202817a019b9), 'volume': Volume(_name_id=None,admin_metadata=,attach_status='detached',availability_zone='nova',bootable=False,cluster=,cluster_name=None,consistencygroup=,consistencygroup_id=None,created_at=2022-03-31T20:44:40Z,deleted=False,deleted_at=None,display_description=None,display_name='tempest-VolumesTestJSON-volume-535933156',ec2_id=None,encryption_key_id=None,glance_metadata=,group=,group_id=None,host=None,id=2d7f4c38-3ef3-4063-820d-5b3762bb8e22,launched_at=None,metadata={Type='work'},migration_status=None,multiattach=False,previous_status=None,project_id='fc5821385fd44ccb9f5e8304a2a73ce2',provider_auth=None,provider_geometry=None,provider_id=None,provider_location=None,replication_driver_data=None,replication_extended_status=None,replication_status=None,scheduled_at=None,service_uuid=None,shared_targets=True,size=1,snapshot_id=None,snapshots=,source_volid=None,status='creating',terminated_at=None,updated_at=None,use_quota=True,user_id='52851214739240daaf14bd1b6d1bfcd3',volume_attachment=VolumeAttachmentList,volume_type=VolumeType(fde61f54-7042-47f3-af3f-202817a019b9),volume_type_id=fde61f54-7042-47f3-af3f-202817a019b9)}' {{(pid=117320) _task_receiver /usr/local/lib/python3.8/dist-packages/taskflow/listeners/logging.py:178}}
Mar 31 20:44:41.061007 dv-cinder-836072-1-iscsi devstack@c-api.service[117319]: DEBUG cinder.volume.api [None req-da6e98ab-ea49-4971-8434-09117e9b5d9f tempest-GroupsV314Test-81374307 tempest-GroupsV314Test-81374307-project] Searching by: MultiDict([('no_migration_targets', True)]). {{(pid=117319) get_all /opt/stack/cinder/cinder/volume/api.py:662}}
Mar 31 20:44:41.063293 dv-cinder-836072-1-iscsi devstack@c-api.service[117320]: DEBUG cinder.volume.api [None req-35b41400-fbca-48d9-b980-2d662681d9d0 tempest-VolumesTestJSON-1300376703 tempest-VolumesTestJSON-1300376703-project] Task 'cinder.volume.flows.api.create_volume.QuotaCommitTask;volume:create' (f8c3104a-f23f-434a-8de0-6ad834a6279b) transitioned into state 'RUNNING' from state 'PENDING' {{(pid=117320) _task_receiver /usr/local/lib/python3.8/dist-packages/taskflow/listeners/logging.py:190}}
Mar 31 20:44:41.172495 dv-cinder-836072-1-iscsi devstack@c-api.service[117319]: INFO cinder.volume.api [None req-da6e98ab-ea49-4971-8434-09117e9b5d9f tempest-GroupsV314Test-81374307 tempest-GroupsV314Test-81374307-project] Get all volumes completed successfully.
Mar 31 20:44:41.176573 dv-cinder-836072-1-iscsi devstack@c-api.service[117319]: WARNING stevedore.named [None req-da6e98ab-ea49-4971-8434-09117e9b5d9f tempest-GroupsV314Test-81374307 tempest-GroupsV314Test-81374307-project] Could not load cinder.keymgr.conf_key_mgr.ConfKeyManager
Mar 31 20:44:41.177019 dv-cinder-836072-1-iscsi devstack@c-api.service[117319]: WARNING castellan.key_manager [None req-da6e98ab-ea49-4971-8434-09117e9b5d9f tempest-GroupsV314Test-81374307 tempest-GroupsV314Test-81374307-project] Deprecation Warning : cinder.keymgr.conf_key_mgr.ConfKeyManager is not a stevedore based driver, trying to load it as a class: stevedore.exception.NoMatches: No 'castellan.drivers' driver found, looking for 'cinder.keymgr.conf_key_mgr.ConfKeyManager'
Mar 31 20:44:41.193472 dv-cinder-836072-1-iscsi devstack@c-api.service[117319]: DEBUG oslo_db.sqlalchemy.engines [None req-da6e98ab-ea49-4971-8434-09117e9b5d9f tempest-GroupsV314Test-81374307 tempest-GroupsV314Test-81374307-project] MySQL server mode set to STRICT_TRANS_TABLES,STRICT_ALL_TABLES,NO_ZERO_IN_DATE,NO_ZERO_DATE,ERROR_FOR_DIVISION_BY_ZERO,TRADITIONAL,NO_ENGINE_SUBSTITUTION {{(pid=117319) _check_effective_sql_mode /usr/local/lib/python3.8/dist-packages/oslo_db/sqlalchemy/engines.py:314}}
Mar 31 20:44:41.205206 dv-cinder-836072-1-iscsi devstack@c-api.service[117319]: /usr/local/lib/python3.8/dist-packages/oslo_context/context.py:100: DeprecationWarning: Policy enforcement is depending on the value of is_admin. This key is deprecated. Please update your policy file to use the standard policy values.
Mar 31 20:44:41.205206 dv-cinder-836072-1-iscsi devstack@c-api.service[117319]: warnings.warn('Policy enforcement is depending on the value of '
Mar 31 20:44:41.221920 dv-cinder-836072-1-iscsi devstack@c-api.service[117319]: WARNING stevedore.named [None req-da6e98ab-ea49-4971-8434-09117e9b5d9f tempest-GroupsV314Test-81374307 tempest-GroupsV314Test-81374307-project] Could not load cinder.keymgr.conf_key_mgr.ConfKeyManager
Mar 31 20:44:41.222318 dv-cinder-836072-1-iscsi devstack@c-api.service[117319]: WARNING castellan.key_manager [None req-da6e98ab-ea49-4971-8434-09117e9b5d9f tempest-GroupsV314Test-81374307 tempest-GroupsV314Test-81374307-project] Deprecation Warning : cinder.keymgr.conf_key_mgr.ConfKeyManager is not a stevedore based driver, trying to load it as a class: stevedore.exception.NoMatches: No 'castellan.drivers' driver found, looking for 'cinder.keymgr.conf_key_mgr.ConfKeyManager'
Mar 31 20:44:41.223324 dv-cinder-836072-1-iscsi devstack@c-api.service[117320]: DEBUG cinder.volume.api [None req-35b41400-fbca-48d9-b980-2d662681d9d0 tempest-VolumesTestJSON-1300376703 tempest-VolumesTestJSON-1300376703-project] Task 'cinder.volume.flows.api.create_volume.QuotaCommitTask;volume:create' (f8c3104a-f23f-434a-8de0-6ad834a6279b) transitioned into state 'SUCCESS' from state 'RUNNING' with result '{'volume_properties': VolumeProperties(attach_status='detached',availability_zone='nova',cgsnapshot_id=None,consistencygroup_id=None,display_description=None,display_name='tempest-VolumesTestJSON-volume-535933156',encryption_key_id=None,group_id=None,group_type_id=,metadata={Type='work'},multiattach=False,project_id='fc5821385fd44ccb9f5e8304a2a73ce2',qos_specs=None,replication_status=,reservations=['ec60af1f-d7c8-4bb9-bc6b-055f5afaee0a','96f8ad8e-9d83-4a5f-9c32-e55c5c122212','9a077152-40f2-4cfd-a921-a1f30cbb5205','62a0cc90-8d1f-485b-a017-85a94e211024'],size=1,snapshot_id=None,source_replicaid=,source_volid=None,status='creating',user_id='52851214739240daaf14bd1b6d1bfcd3',volume_type_id=fde61f54-7042-47f3-af3f-202817a019b9)}' {{(pid=117320) _task_receiver /usr/local/lib/python3.8/dist-packages/taskflow/listeners/logging.py:178}}
Mar 31 20:44:41.225923 dv-cinder-836072-1-iscsi devstack@c-api.service[117320]: DEBUG cinder.volume.api [None req-35b41400-fbca-48d9-b980-2d662681d9d0 tempest-VolumesTestJSON-1300376703 tempest-VolumesTestJSON-1300376703-project] Task 'cinder.volume.flows.api.create_volume.VolumeCastTask;volume:create' (47e5358e-ce23-426a-97ab-c6c927e92045) transitioned into state 'RUNNING' from state 'PENDING' {{(pid=117320) _task_receiver /usr/local/lib/python3.8/dist-packages/taskflow/listeners/logging.py:190}}
Mar 31 20:44:41.234348 dv-cinder-836072-1-iscsi devstack@c-api.service[117319]: DEBUG oslo_db.sqlalchemy.engines [None req-da6e98ab-ea49-4971-8434-09117e9b5d9f tempest-GroupsV314Test-81374307 tempest-GroupsV314Test-81374307-project] MySQL server mode set to STRICT_TRANS_TABLES,STRICT_ALL_TABLES,NO_ZERO_IN_DATE,NO_ZERO_DATE,ERROR_FOR_DIVISION_BY_ZERO,TRADITIONAL,NO_ENGINE_SUBSTITUTION {{(pid=117319) _check_effective_sql_mode /usr/local/lib/python3.8/dist-packages/oslo_db/sqlalchemy/engines.py:314}}
Mar 31 20:44:41.249486 dv-cinder-836072-1-iscsi devstack@c-api.service[117319]: /usr/local/lib/python3.8/dist-packages/oslo_context/context.py:100: DeprecationWarning: Policy enforcement is depending on the value of is_admin. This key is deprecated. Please update your policy file to use the standard policy values.
Mar 31 20:44:41.249486 dv-cinder-836072-1-iscsi devstack@c-api.service[117319]: warnings.warn('Policy enforcement is depending on the value of '
Mar 31 20:44:41.279580 dv-cinder-836072-1-iscsi devstack@c-api.service[117319]: INFO cinder.api.openstack.wsgi [None req-da6e98ab-ea49-4971-8434-09117e9b5d9f tempest-GroupsV314Test-81374307 tempest-GroupsV314Test-81374307-project] http://10.222.0.61/volume/v3/bbfbc8462098475087362a877e4c6f7f/volumes/detail returned with HTTP 200
Mar 31 20:44:41.283530 dv-cinder-836072-1-iscsi devstack@c-api.service[117319]: [pid: 117319|app: 0|req: 18/37] 10.222.0.61 () {60 vars in 1275 bytes} [Thu Mar 31 20:44:41 2022] GET /volume/v3/bbfbc8462098475087362a877e4c6f7f/volumes/detail => generated 1974 bytes in 250 msecs (HTTP/1.1 200) 7 headers in 287 bytes (1 switches on core 0)
Mar 31 20:44:41.285588 dv-cinder-836072-1-iscsi devstack@c-api.service[117319]: DEBUG cinder.api.middleware.request_id [None req-379ff722-9171-404d-9106-55f1267717f6 None None] RequestId filter calling following filter/app {{(pid=117319) _context_setter /opt/stack/cinder/cinder/api/middleware/request_id.py:62}}
Mar 31 20:44:41.294830 dv-cinder-836072-1-iscsi devstack@c-api.service[117319]: INFO cinder.api.openstack.wsgi [None req-379ff722-9171-404d-9106-55f1267717f6 tempest-GroupsTest-1883574802 tempest-GroupsTest-1883574802-project] GET http://10.222.0.61/volume/v3/989637487b714bb3ab3516c7e9620a8e/groups/001fdacd-5655-4f6e-8851-0fdcba1113df
Mar 31 20:44:41.296366 dv-cinder-836072-1-iscsi devstack@c-api.service[117319]: DEBUG cinder.api.openstack.wsgi [None req-379ff722-9171-404d-9106-55f1267717f6 tempest-GroupsTest-1883574802 tempest-GroupsTest-1883574802-project] Empty body provided in request {{(pid=117319) get_body /opt/stack/cinder/cinder/api/openstack/wsgi.py:715}}
Mar 31 20:44:41.298814 dv-cinder-836072-1-iscsi devstack@c-api.service[117319]: DEBUG cinder.api.openstack.wsgi [None req-379ff722-9171-404d-9106-55f1267717f6 tempest-GroupsTest-1883574802 tempest-GroupsTest-1883574802-project] Calling method 'version_select' {{(pid=117319) _process_stack /opt/stack/cinder/cinder/api/openstack/wsgi.py:868}}
Mar 31 20:44:41.299356 dv-cinder-836072-1-iscsi devstack@c-api.service[117319]: DEBUG cinder.api.v3.groups [None req-379ff722-9171-404d-9106-55f1267717f6 tempest-GroupsTest-1883574802 tempest-GroupsTest-1883574802-project] show called for member 001fdacd-5655-4f6e-8851-0fdcba1113df {{(pid=117319) show /opt/stack/cinder/cinder/api/v3/groups.py:58}}
Mar 31 20:44:41.305815 dv-cinder-836072-1-iscsi devstack@c-api.service[117320]: DEBUG cinder.volume.api [None req-35b41400-fbca-48d9-b980-2d662681d9d0 tempest-VolumesTestJSON-1300376703 tempest-VolumesTestJSON-1300376703-project] Task 'cinder.volume.flows.api.create_volume.VolumeCastTask;volume:create' (47e5358e-ce23-426a-97ab-c6c927e92045) transitioned into state 'SUCCESS' from state 'RUNNING' with result 'None' {{(pid=117320) _task_receiver /usr/local/lib/python3.8/dist-packages/taskflow/listeners/logging.py:178}}
Mar 31 20:44:41.309282 dv-cinder-836072-1-iscsi devstack@c-api.service[117320]: DEBUG cinder.volume.api [None req-35b41400-fbca-48d9-b980-2d662681d9d0 tempest-VolumesTestJSON-1300376703 tempest-VolumesTestJSON-1300376703-project] Flow 'volume_create_api' (634091e0-d5ad-4b5a-aa61-8d104787ded7) transitioned into state 'SUCCESS' from state 'RUNNING' {{(pid=117320) _flow_receiver /usr/local/lib/python3.8/dist-packages/taskflow/listeners/logging.py:141}}
Mar 31 20:44:41.312232 dv-cinder-836072-1-iscsi devstack@c-api.service[117320]: INFO cinder.volume.api [None req-35b41400-fbca-48d9-b980-2d662681d9d0 tempest-VolumesTestJSON-1300376703 tempest-VolumesTestJSON-1300376703-project] Create volume request issued successfully.
Mar 31 20:44:41.316300 dv-cinder-836072-1-iscsi devstack@c-api.service[117320]: INFO cinder.api.openstack.wsgi [None req-35b41400-fbca-48d9-b980-2d662681d9d0 tempest-VolumesTestJSON-1300376703 tempest-VolumesTestJSON-1300376703-project] http://10.222.0.61/volume/v3/fc5821385fd44ccb9f5e8304a2a73ce2/volumes returned with HTTP 202
Mar 31 20:44:41.323804 dv-cinder-836072-1-iscsi devstack@c-api.service[117320]: [pid: 117320|app: 0|req: 20/38] 10.222.0.61 () {60 vars in 1235 bytes} [Thu Mar 31 20:44:40 2022] POST /volume/v3/fc5821385fd44ccb9f5e8304a2a73ce2/volumes => generated 828 bytes in 1041 msecs (HTTP/1.1 202) 7 headers in 291 bytes (1 switches on core 0)
Mar 31 20:44:41.331752 dv-cinder-836072-1-iscsi devstack@c-api.service[117319]: /usr/local/lib/python3.8/dist-packages/oslo_context/context.py:100: DeprecationWarning: Policy enforcement is depending on the value of is_admin. This key is deprecated. Please update your policy file to use the standard policy values.
Mar 31 20:44:41.331752 dv-cinder-836072-1-iscsi devstack@c-api.service[117319]: warnings.warn('Policy enforcement is depending on the value of '
Mar 31 20:44:41.333821 dv-cinder-836072-1-iscsi devstack@c-api.service[117320]: DEBUG cinder.api.middleware.request_id [None req-8d2b36e0-585d-414b-b598-f3954e9d10bd None None] RequestId filter calling following filter/app {{(pid=117320) _context_setter /opt/stack/cinder/cinder/api/middleware/request_id.py:62}}
Mar 31 20:44:41.343261 dv-cinder-836072-1-iscsi devstack@c-api.service[117320]: INFO cinder.api.openstack.wsgi [None req-8d2b36e0-585d-414b-b598-f3954e9d10bd tempest-GroupsV314Test-81374307 tempest-GroupsV314Test-81374307-project] GET http://10.222.0.61/volume/v3/bbfbc8462098475087362a877e4c6f7f/volumes/b0be01cf-0066-4441-ae41-a9563c92e1dc
Mar 31 20:44:41.344426 dv-cinder-836072-1-iscsi devstack@c-api.service[117320]: DEBUG cinder.api.openstack.wsgi [None req-8d2b36e0-585d-414b-b598-f3954e9d10bd tempest-GroupsV314Test-81374307 tempest-GroupsV314Test-81374307-project] Empty body provided in request {{(pid=117320) get_body /opt/stack/cinder/cinder/api/openstack/wsgi.py:715}}
Mar 31 20:44:41.345843 dv-cinder-836072-1-iscsi devstack@c-api.service[117320]: DEBUG cinder.api.openstack.wsgi [None req-8d2b36e0-585d-414b-b598-f3954e9d10bd tempest-GroupsV314Test-81374307 tempest-GroupsV314Test-81374307-project] Calling method 'show' {{(pid=117320) _process_stack /opt/stack/cinder/cinder/api/openstack/wsgi.py:868}}
Mar 31 20:44:41.364355 dv-cinder-836072-1-iscsi devstack@c-api.service[117319]: INFO cinder.api.openstack.wsgi [None req-379ff722-9171-404d-9106-55f1267717f6 tempest-GroupsTest-1883574802 tempest-GroupsTest-1883574802-project] http://10.222.0.61/volume/v3/989637487b714bb3ab3516c7e9620a8e/groups/001fdacd-5655-4f6e-8851-0fdcba1113df returned with HTTP 200
Mar 31 20:44:41.375691 dv-cinder-836072-1-iscsi devstack@c-api.service[117319]: [pid: 117319|app: 0|req: 19/39] 10.222.0.61 () {60 vars in 1362 bytes} [Thu Mar 31 20:44:41 2022] GET /volume/v3/989637487b714bb3ab3516c7e9620a8e/groups/001fdacd-5655-4f6e-8851-0fdcba1113df => generated 323 bytes in 91 msecs (HTTP/1.1 200) 7 headers in 286 bytes (1 switches on core 0)
Mar 31 20:44:41.377248 dv-cinder-836072-1-iscsi devstack@c-api.service[117319]: DEBUG cinder.api.middleware.request_id [None req-b64070a3-eb8d-4985-9146-fefdaf8122dd None None] RequestId filter calling following filter/app {{(pid=117319) _context_setter /opt/stack/cinder/cinder/api/middleware/request_id.py:62}}
Mar 31 20:44:41.378459 dv-cinder-836072-1-iscsi devstack@c-api.service[117320]: /usr/local/lib/python3.8/dist-packages/oslo_context/context.py:100: DeprecationWarning: Policy enforcement is depending on the value of is_admin. This key is deprecated. Please update your policy file to use the standard policy values.
Mar 31 20:44:41.378459 dv-cinder-836072-1-iscsi devstack@c-api.service[117320]: warnings.warn('Policy enforcement is depending on the value of '
Mar 31 20:44:41.381925 dv-cinder-836072-1-iscsi devstack@c-api.service[117319]: INFO cinder.api.openstack.wsgi [None req-b64070a3-eb8d-4985-9146-fefdaf8122dd tempest-VolumesTestJSON-1300376703 tempest-VolumesTestJSON-1300376703-project] GET http://10.222.0.61/volume/v3/fc5821385fd44ccb9f5e8304a2a73ce2/volumes/2d7f4c38-3ef3-4063-820d-5b3762bb8e22
Mar 31 20:44:41.382448 dv-cinder-836072-1-iscsi devstack@c-api.service[117319]: DEBUG cinder.api.openstack.wsgi [None req-b64070a3-eb8d-4985-9146-fefdaf8122dd tempest-VolumesTestJSON-1300376703 tempest-VolumesTestJSON-1300376703-project] Empty body provided in request {{(pid=117319) get_body /opt/stack/cinder/cinder/api/openstack/wsgi.py:715}}
Mar 31 20:44:41.382856 dv-cinder-836072-1-iscsi devstack@c-api.service[117319]: DEBUG cinder.api.openstack.wsgi [None req-b64070a3-eb8d-4985-9146-fefdaf8122dd tempest-VolumesTestJSON-1300376703 tempest-VolumesTestJSON-1300376703-project] Calling method 'show' {{(pid=117319) _process_stack /opt/stack/cinder/cinder/api/openstack/wsgi.py:868}}
Mar 31 20:44:41.397691 dv-cinder-836072-1-iscsi devstack@c-api.service[117320]: INFO cinder.volume.api [None req-8d2b36e0-585d-414b-b598-f3954e9d10bd tempest-GroupsV314Test-81374307 tempest-GroupsV314Test-81374307-project] Volume info retrieved successfully.
Mar 31 20:44:41.401036 dv-cinder-836072-1-iscsi devstack@c-api.service[117320]: WARNING stevedore.named [None req-8d2b36e0-585d-414b-b598-f3954e9d10bd tempest-GroupsV314Test-81374307 tempest-GroupsV314Test-81374307-project] Could not load cinder.keymgr.conf_key_mgr.ConfKeyManager
Mar 31 20:44:41.403632 dv-cinder-836072-1-iscsi devstack@c-api.service[117320]: WARNING castellan.key_manager [None req-8d2b36e0-585d-414b-b598-f3954e9d10bd tempest-GroupsV314Test-81374307 tempest-GroupsV314Test-81374307-project] Deprecation Warning : cinder.keymgr.conf_key_mgr.ConfKeyManager is not a stevedore based driver, trying to load it as a class: stevedore.exception.NoMatches: No 'castellan.drivers' driver found, looking for 'cinder.keymgr.conf_key_mgr.ConfKeyManager'
Mar 31 20:44:41.413563 dv-cinder-836072-1-iscsi devstack@c-api.service[117319]: /usr/local/lib/python3.8/dist-packages/oslo_context/context.py:100: DeprecationWarning: Policy enforcement is depending on the value of is_admin. This key is deprecated. Please update your policy file to use the standard policy values.
Mar 31 20:44:41.413563 dv-cinder-836072-1-iscsi devstack@c-api.service[117319]: warnings.warn('Policy enforcement is depending on the value of '
Mar 31 20:44:41.417574 dv-cinder-836072-1-iscsi devstack@c-api.service[117320]: DEBUG oslo_db.sqlalchemy.engines [None req-8d2b36e0-585d-414b-b598-f3954e9d10bd tempest-GroupsV314Test-81374307 tempest-GroupsV314Test-81374307-project] MySQL server mode set to STRICT_TRANS_TABLES,STRICT_ALL_TABLES,NO_ZERO_IN_DATE,NO_ZERO_DATE,ERROR_FOR_DIVISION_BY_ZERO,TRADITIONAL,NO_ENGINE_SUBSTITUTION {{(pid=117320) _check_effective_sql_mode /usr/local/lib/python3.8/dist-packages/oslo_db/sqlalchemy/engines.py:314}}
Mar 31 20:44:41.432753 dv-cinder-836072-1-iscsi devstack@c-api.service[117319]: INFO cinder.volume.api [None req-b64070a3-eb8d-4985-9146-fefdaf8122dd tempest-VolumesTestJSON-1300376703 tempest-VolumesTestJSON-1300376703-project] Volume info retrieved successfully.
Mar 31 20:44:41.436001 dv-cinder-836072-1-iscsi devstack@c-api.service[117320]: /usr/local/lib/python3.8/dist-packages/oslo_context/context.py:100: DeprecationWarning: Policy enforcement is depending on the value of is_admin. This key is deprecated. Please update your policy file to use the standard policy values.
Mar 31 20:44:41.436001 dv-cinder-836072-1-iscsi devstack@c-api.service[117320]: warnings.warn('Policy enforcement is depending on the value of '
Mar 31 20:44:41.442254 dv-cinder-836072-1-iscsi devstack@c-api.service[117319]: INFO cinder.api.openstack.wsgi [None req-b64070a3-eb8d-4985-9146-fefdaf8122dd tempest-VolumesTestJSON-1300376703 tempest-VolumesTestJSON-1300376703-project] http://10.222.0.61/volume/v3/fc5821385fd44ccb9f5e8304a2a73ce2/volumes/2d7f4c38-3ef3-4063-820d-5b3762bb8e22 returned with HTTP 200
Mar 31 20:44:41.443888 dv-cinder-836072-1-iscsi devstack@c-api.service[117319]: [pid: 117319|app: 0|req: 20/40] 10.222.0.61 () {58 vars in 1324 bytes} [Thu Mar 31 20:44:41 2022] GET /volume/v3/fc5821385fd44ccb9f5e8304a2a73ce2/volumes/2d7f4c38-3ef3-4063-820d-5b3762bb8e22 => generated 896 bytes in 67 msecs (HTTP/1.1 200) 7 headers in 285 bytes (1 switches on core 0)
Mar 31 20:44:41.446082 dv-cinder-836072-1-iscsi devstack@c-api.service[117319]: DEBUG cinder.api.middleware.request_id [None req-19722f4e-a85a-48a7-8ff5-39541adcd8dd None None] RequestId filter calling following filter/app {{(pid=117319) _context_setter /opt/stack/cinder/cinder/api/middleware/request_id.py:62}}
Mar 31 20:44:41.455691 dv-cinder-836072-1-iscsi devstack@c-api.service[117319]: INFO cinder.api.openstack.wsgi [None req-19722f4e-a85a-48a7-8ff5-39541adcd8dd tempest-GroupsTest-1883574802 tempest-GroupsTest-1883574802-project] GET http://10.222.0.61/volume/v3/989637487b714bb3ab3516c7e9620a8e/groups/8939f802-4cf5-45a3-8790-0dc4d7505156
Mar 31 20:44:41.456677 dv-cinder-836072-1-iscsi devstack@c-api.service[117319]: DEBUG cinder.api.openstack.wsgi [None req-19722f4e-a85a-48a7-8ff5-39541adcd8dd tempest-GroupsTest-1883574802 tempest-GroupsTest-1883574802-project] Empty body provided in request {{(pid=117319) get_body /opt/stack/cinder/cinder/api/openstack/wsgi.py:715}}
