May 26 16:33:14.654386 dv-cinder-836071-5-iscsi devstack@c-api.service[117332]: /usr/local/lib/python3.8/dist-packages/oslo_policy/policy.py:809: UserWarning: Policy "volume:delete":"rule:admin_or_owner" was deprecated in X in favor of "volume:delete":"rule:xena_system_admin_or_project_member". Reason: Default policies now support the three Keystone default roles, namely 'admin', 'member', and 'reader' to implement three Cinder "personas". See "Policy Personas and Permissions" in the "Cinder Service Configuration" documentation (Xena release) for details.. Either ensure your deployment is ready for the new default or copy/paste the deprecated policy into your policy file and maintain it manually.
May 26 16:33:14.654386 dv-cinder-836071-5-iscsi devstack@c-api.service[117332]: warnings.warn(deprecated_msg)
May 26 16:33:14.654386 dv-cinder-836071-5-iscsi devstack@c-api.service[117332]: /usr/local/lib/python3.8/dist-packages/oslo_policy/policy.py:809: UserWarning: Policy "volume_extension:volume_tenant_attribute":"rule:admin_or_owner" was deprecated in X in favor of "volume_extension:volume_tenant_attribute":"rule:xena_system_admin_or_project_reader". Reason: Default policies now support the three Keystone default roles, namely 'admin', 'member', and 'reader' to implement three Cinder "personas". See "Policy Personas and Permissions" in the "Cinder Service Configuration" documentation (Xena release) for details.. Either ensure your deployment is ready for the new default or copy/paste the deprecated policy into your policy file and maintain it manually.
May 26 16:33:14.654386 dv-cinder-836071-5-iscsi devstack@c-api.service[117332]: warnings.warn(deprecated_msg)
May 26 16:33:14.654942 dv-cinder-836071-5-iscsi devstack@c-api.service[117332]: /usr/local/lib/python3.8/dist-packages/oslo_policy/policy.py:809: UserWarning: Policy "volume_extension:volume_encryption_metadata":"rule:admin_or_owner" was deprecated in X in favor of "volume_extension:volume_encryption_metadata":"rule:xena_system_admin_or_project_reader". Reason: Default policies now support the three Keystone default roles, namely 'admin', 'member', and 'reader' to implement three Cinder "personas". See "Policy Personas and Permissions" in the "Cinder Service Configuration" documentation (Xena release) for details.. Either ensure your deployment is ready for the new default or copy/paste the deprecated policy into your policy file and maintain it manually.
May 26 16:33:14.654942 dv-cinder-836071-5-iscsi devstack@c-api.service[117332]: warnings.warn(deprecated_msg)
May 26 16:33:14.654942 dv-cinder-836071-5-iscsi devstack@c-api.service[117332]: /usr/local/lib/python3.8/dist-packages/oslo_policy/policy.py:809: UserWarning: Policy "volume:multiattach":"rule:admin_or_owner" was deprecated in X in favor of "volume:multiattach":"rule:xena_system_admin_or_project_member". Reason: Default policies now support the three Keystone default roles, namely 'admin', 'member', and 'reader' to implement three Cinder "personas". See "Policy Personas and Permissions" in the "Cinder Service Configuration" documentation (Xena release) for details.. Either ensure your deployment is ready for the new default or copy/paste the deprecated policy into your policy file and maintain it manually.
May 26 16:33:14.654942 dv-cinder-836071-5-iscsi devstack@c-api.service[117332]: warnings.warn(deprecated_msg)
May 26 16:33:14.655387 dv-cinder-836071-5-iscsi devstack@c-api.service[117332]: /usr/local/lib/python3.8/dist-packages/oslo_policy/policy.py:809: UserWarning: Policy "volume_extension:default_set_or_update":"rule:system_or_domain_or_project_admin" was deprecated in X in favor of "volume_extension:default_set_or_update":"rule:admin_api". Reason: Default policies now support the three Keystone default roles, namely 'admin', 'member', and 'reader' to implement three Cinder "personas". See "Policy Personas and Permissions" in the "Cinder Service Configuration" documentation (Xena release) for details.. Either ensure your deployment is ready for the new default or copy/paste the deprecated policy into your policy file and maintain it manually.
May 26 16:33:14.655387 dv-cinder-836071-5-iscsi devstack@c-api.service[117332]: warnings.warn(deprecated_msg)
May 26 16:33:14.655387 dv-cinder-836071-5-iscsi devstack@c-api.service[117332]: /usr/local/lib/python3.8/dist-packages/oslo_policy/policy.py:809: UserWarning: Policy "volume_extension:default_get":"rule:system_or_domain_or_project_admin" was deprecated in X in favor of "volume_extension:default_get":"rule:admin_api". Reason: Default policies now support the three Keystone default roles, namely 'admin', 'member', and 'reader' to implement three Cinder "personas". See "Policy Personas and Permissions" in the "Cinder Service Configuration" documentation (Xena release) for details.. Either ensure your deployment is ready for the new default or copy/paste the deprecated policy into your policy file and maintain it manually.
May 26 16:33:14.655387 dv-cinder-836071-5-iscsi devstack@c-api.service[117332]: warnings.warn(deprecated_msg)
May 26 16:33:14.655387 dv-cinder-836071-5-iscsi devstack@c-api.service[117332]: /usr/local/lib/python3.8/dist-packages/oslo_policy/policy.py:809: UserWarning: Policy "volume_extension:default_get_all":"role:admin and system_scope:all" was deprecated in X in favor of "volume_extension:default_get_all":"rule:admin_api". Reason: Default policies now support the three Keystone default roles, namely 'admin', 'member', and 'reader' to implement three Cinder "personas". See "Policy Personas and Permissions" in the "Cinder Service Configuration" documentation (Xena release) for details.. Either ensure your deployment is ready for the new default or copy/paste the deprecated policy into your policy file and maintain it manually.
May 26 16:33:14.655695 dv-cinder-836071-5-iscsi devstack@c-api.service[117332]: warnings.warn(deprecated_msg)
May 26 16:33:14.655695 dv-cinder-836071-5-iscsi devstack@c-api.service[117332]: /usr/local/lib/python3.8/dist-packages/oslo_policy/policy.py:809: UserWarning: Policy "volume_extension:default_unset":"rule:system_or_domain_or_project_admin" was deprecated in X in favor of "volume_extension:default_unset":"rule:admin_api". Reason: Default policies now support the three Keystone default roles, namely 'admin', 'member', and 'reader' to implement three Cinder "personas". See "Policy Personas and Permissions" in the "Cinder Service Configuration" documentation (Xena release) for details.. Either ensure your deployment is ready for the new default or copy/paste the deprecated policy into your policy file and maintain it manually.
May 26 16:33:14.655695 dv-cinder-836071-5-iscsi devstack@c-api.service[117332]: warnings.warn(deprecated_msg)
May 26 16:33:14.655695 dv-cinder-836071-5-iscsi devstack@c-api.service[117332]: DEBUG cinder.api.middleware.request_id [req-3419ba18-36aa-4184-a442-685653a9666a req-e1333c01-1f39-452a-a357-1c9a96a4596a None None] RequestId filter calling following filter/app {{(pid=117332) _context_setter /opt/stack/cinder/cinder/api/middleware/request_id.py:62}}
May 26 16:33:15.286514 dv-cinder-836071-5-iscsi devstack@c-api.service[117332]: INFO cinder.api.openstack.wsgi [req-3419ba18-36aa-4184-a442-685653a9666a req-e1333c01-1f39-452a-a357-1c9a96a4596a admin admin] POST http://10.222.0.102/volume/v3/6d72a14f73b1482981ce0e1b7a09f3ea/types/99761386-e92d-45cc-a84c-368fa507ffb0/extra_specs
May 26 16:33:15.287707 dv-cinder-836071-5-iscsi devstack@c-api.service[117332]: DEBUG cinder.api.openstack.wsgi [req-3419ba18-36aa-4184-a442-685653a9666a req-e1333c01-1f39-452a-a357-1c9a96a4596a admin admin] Action: 'create', calling method: create, body: {"extra_specs": {"volume_backend_name": "lvmdriver-1"}} {{(pid=117332) _process_stack /opt/stack/cinder/cinder/api/openstack/wsgi.py:866}}
May 26 16:33:15.289808 dv-cinder-836071-5-iscsi devstack@c-api.service[117332]: /usr/local/lib/python3.8/dist-packages/oslo_context/context.py:100: DeprecationWarning: Policy enforcement is depending on the value of is_admin. This key is deprecated. Please update your policy file to use the standard policy values.
May 26 16:33:15.289808 dv-cinder-836071-5-iscsi devstack@c-api.service[117332]: warnings.warn('Policy enforcement is depending on the value of '
May 26 16:33:15.298210 dv-cinder-836071-5-iscsi devstack@c-api.service[117332]: DEBUG oslo_db.sqlalchemy.engines [req-3419ba18-36aa-4184-a442-685653a9666a req-e1333c01-1f39-452a-a357-1c9a96a4596a admin admin] MySQL server mode set to STRICT_TRANS_TABLES,STRICT_ALL_TABLES,NO_ZERO_IN_DATE,NO_ZERO_DATE,ERROR_FOR_DIVISION_BY_ZERO,TRADITIONAL,NO_ENGINE_SUBSTITUTION {{(pid=117332) _check_effective_sql_mode /usr/local/lib/python3.8/dist-packages/oslo_db/sqlalchemy/engines.py:314}}
May 26 16:33:15.427408 dv-cinder-836071-5-iscsi devstack@c-api.service[117332]: INFO cinder.api.openstack.wsgi [req-3419ba18-36aa-4184-a442-685653a9666a req-e1333c01-1f39-452a-a357-1c9a96a4596a admin admin] http://10.222.0.102/volume/v3/6d72a14f73b1482981ce0e1b7a09f3ea/types/99761386-e92d-45cc-a84c-368fa507ffb0/extra_specs returned with HTTP 200
May 26 16:33:15.428343 dv-cinder-836071-5-iscsi devstack@c-api.service[117332]: [pid: 117332|app: 0|req: 1/3] 10.222.0.102 () {62 vars in 1459 bytes} [Thu May 26 16:33:14 2022] POST /volume/v3/6d72a14f73b1482981ce0e1b7a09f3ea/types/99761386-e92d-45cc-a84c-368fa507ffb0/extra_specs => generated 55 bytes in 858 msecs (HTTP/1.1 200) 7 headers in 284 bytes (1 switches on core 0)
May 26 16:33:24.557216 dv-cinder-836071-5-iscsi devstack@c-api.service[117333]: DEBUG dbcounter [-] [117333] Writing DB stats cinder:SELECT=20,cinder:INSERT=1 {{(pid=117333) stat_writer /usr/local/lib/python3.8/dist-packages/dbcounter.py:114}}
May 26 16:33:25.422742 dv-cinder-836071-5-iscsi devstack@c-api.service[117332]: DEBUG dbcounter [-] [117332] Writing DB stats cinder:SELECT=25,cinder:INSERT=1 {{(pid=117332) stat_writer /usr/local/lib/python3.8/dist-packages/dbcounter.py:114}}
May 26 16:33:56.027468 dv-cinder-836071-5-iscsi devstack@c-api.service[117333]: DEBUG cinder.api.middleware.request_id [None req-00148949-cdbe-4e1a-b9a0-14ae791efe83 None None] RequestId filter calling following filter/app {{(pid=117333) _context_setter /opt/stack/cinder/cinder/api/middleware/request_id.py:62}}
May 26 16:33:56.028759 dv-cinder-836071-5-iscsi devstack@c-api.service[117333]: INFO cinder.api.openstack.wsgi [None req-00148949-cdbe-4e1a-b9a0-14ae791efe83 None None] GET http://10.222.0.102/volume//
May 26 16:33:56.029170 dv-cinder-836071-5-iscsi devstack@c-api.service[117333]: DEBUG cinder.api.openstack.wsgi [None req-00148949-cdbe-4e1a-b9a0-14ae791efe83 None None] Empty body provided in request {{(pid=117333) get_body /opt/stack/cinder/cinder/api/openstack/wsgi.py:715}}
May 26 16:33:56.029620 dv-cinder-836071-5-iscsi devstack@c-api.service[117333]: DEBUG cinder.api.openstack.wsgi [None req-00148949-cdbe-4e1a-b9a0-14ae791efe83 None None] Calling method 'all' {{(pid=117333) _process_stack /opt/stack/cinder/cinder/api/openstack/wsgi.py:868}}
May 26 16:33:56.030846 dv-cinder-836071-5-iscsi devstack@c-api.service[117333]: INFO cinder.api.openstack.wsgi [None req-00148949-cdbe-4e1a-b9a0-14ae791efe83 None None] http://10.222.0.102/volume// returned with HTTP 300
May 26 16:33:56.031413 dv-cinder-836071-5-iscsi devstack@c-api.service[117333]: [pid: 117333|app: 0|req: 3/4] 10.222.0.102 () {56 vars in 1103 bytes} [Thu May 26 16:33:56 2022] GET /volume/ => generated 387 bytes in 6 msecs (HTTP/1.1 300) 7 headers in 299 bytes (2 switches on core 0)
May 26 16:37:03.275743 dv-cinder-836071-5-iscsi devstack@c-api.service[117332]: DEBUG cinder.api.middleware.request_id [None req-03db22c2-fd5f-4fac-8601-6c839080325c None None] RequestId filter calling following filter/app {{(pid=117332) _context_setter /opt/stack/cinder/cinder/api/middleware/request_id.py:62}}
May 26 16:37:03.520149 dv-cinder-836071-5-iscsi devstack@c-api.service[117332]: INFO cinder.api.openstack.wsgi [None req-03db22c2-fd5f-4fac-8601-6c839080325c tempest-verify_tempest_config-1242518402 tempest-verify_tempest_config-1242518402-project] GET http://10.222.0.102/volume/v3/42b9e7a9ca964836907e376bc9f52a12/extensions
May 26 16:37:03.520638 dv-cinder-836071-5-iscsi devstack@c-api.service[117332]: DEBUG cinder.api.openstack.wsgi [None req-03db22c2-fd5f-4fac-8601-6c839080325c tempest-verify_tempest_config-1242518402 tempest-verify_tempest_config-1242518402-project] Empty body provided in request {{(pid=117332) get_body /opt/stack/cinder/cinder/api/openstack/wsgi.py:715}}
May 26 16:37:03.521086 dv-cinder-836071-5-iscsi devstack@c-api.service[117332]: DEBUG cinder.api.openstack.wsgi [None req-03db22c2-fd5f-4fac-8601-6c839080325c tempest-verify_tempest_config-1242518402 tempest-verify_tempest_config-1242518402-project] Calling method 'index' {{(pid=117332) _process_stack /opt/stack/cinder/cinder/api/openstack/wsgi.py:868}}
May 26 16:37:03.521817 dv-cinder-836071-5-iscsi devstack@c-api.service[117332]: INFO cinder.api.openstack.wsgi [None req-03db22c2-fd5f-4fac-8601-6c839080325c tempest-verify_tempest_config-1242518402 tempest-verify_tempest_config-1242518402-project] http://10.222.0.102/volume/v3/42b9e7a9ca964836907e376bc9f52a12/extensions returned with HTTP 200
May 26 16:37:03.522605 dv-cinder-836071-5-iscsi devstack@c-api.service[117332]: [pid: 117332|app: 0|req: 2/5] 10.222.0.102 () {58 vars in 1227 bytes} [Thu May 26 16:37:03 2022] GET /volume/v3/42b9e7a9ca964836907e376bc9f52a12/extensions => generated 5245 bytes in 249 msecs (HTTP/1.1 200) 7 headers in 286 bytes (1 switches on core 0)
May 26 16:39:16.656121 dv-cinder-836071-5-iscsi devstack@c-api.service[117333]: DEBUG cinder.api.middleware.request_id [None req-25d2b290-d5b9-4028-acf2-5b93e9e5673b None None] RequestId filter calling following filter/app {{(pid=117333) _context_setter /opt/stack/cinder/cinder/api/middleware/request_id.py:62}}
May 26 16:39:16.754539 dv-cinder-836071-5-iscsi devstack@c-api.service[117333]: INFO cinder.api.openstack.wsgi [None req-25d2b290-d5b9-4028-acf2-5b93e9e5673b admin admin] GET http://10.222.0.102/volume/v3/6d72a14f73b1482981ce0e1b7a09f3ea/os-services
May 26 16:39:16.755013 dv-cinder-836071-5-iscsi devstack@c-api.service[117333]: DEBUG cinder.api.openstack.wsgi [None req-25d2b290-d5b9-4028-acf2-5b93e9e5673b admin admin] Empty body provided in request {{(pid=117333) get_body /opt/stack/cinder/cinder/api/openstack/wsgi.py:715}}
May 26 16:39:16.755456 dv-cinder-836071-5-iscsi devstack@c-api.service[117333]: DEBUG cinder.api.openstack.wsgi [None req-25d2b290-d5b9-4028-acf2-5b93e9e5673b admin admin] Calling method 'index' {{(pid=117333) _process_stack /opt/stack/cinder/cinder/api/openstack/wsgi.py:868}}
May 26 16:39:16.764793 dv-cinder-836071-5-iscsi devstack@c-api.service[117333]: INFO cinder.api.openstack.wsgi [None req-25d2b290-d5b9-4028-acf2-5b93e9e5673b admin admin] http://10.222.0.102/volume/v3/6d72a14f73b1482981ce0e1b7a09f3ea/os-services returned with HTTP 200
May 26 16:39:16.765476 dv-cinder-836071-5-iscsi devstack@c-api.service[117333]: [pid: 117333|app: 0|req: 4/6] 10.222.0.102 () {56 vars in 1206 bytes} [Thu May 26 16:39:16 2022] GET /volume/v3/6d72a14f73b1482981ce0e1b7a09f3ea/os-services => generated 642 bytes in 111 msecs (HTTP/1.1 200) 7 headers in 285 bytes (1 switches on core 0)
May 26 16:39:19.282450 dv-cinder-836071-5-iscsi devstack@c-api.service[117332]: DEBUG cinder.api.middleware.request_id [None req-d6cefe14-56d6-4ac1-ad71-6120f48dd028 None None] RequestId filter calling following filter/app {{(pid=117332) _context_setter /opt/stack/cinder/cinder/api/middleware/request_id.py:62}}
May 26 16:39:19.334656 dv-cinder-836071-5-iscsi devstack@c-api.service[117332]: INFO cinder.api.openstack.wsgi [None req-d6cefe14-56d6-4ac1-ad71-6120f48dd028 admin admin] GET http://10.222.0.102/volume/v3/6d72a14f73b1482981ce0e1b7a09f3ea/os-services
May 26 16:39:19.335108 dv-cinder-836071-5-iscsi devstack@c-api.service[117332]: DEBUG cinder.api.openstack.wsgi [None req-d6cefe14-56d6-4ac1-ad71-6120f48dd028 admin admin] Empty body provided in request {{(pid=117332) get_body /opt/stack/cinder/cinder/api/openstack/wsgi.py:715}}
May 26 16:39:19.335562 dv-cinder-836071-5-iscsi devstack@c-api.service[117332]: DEBUG cinder.api.openstack.wsgi [None req-d6cefe14-56d6-4ac1-ad71-6120f48dd028 admin admin] Calling method 'index' {{(pid=117332) _process_stack /opt/stack/cinder/cinder/api/openstack/wsgi.py:868}}
May 26 16:39:19.344829 dv-cinder-836071-5-iscsi devstack@c-api.service[117332]: INFO cinder.api.openstack.wsgi [None req-d6cefe14-56d6-4ac1-ad71-6120f48dd028 admin admin] http://10.222.0.102/volume/v3/6d72a14f73b1482981ce0e1b7a09f3ea/os-services returned with HTTP 200
May 26 16:39:19.345523 dv-cinder-836071-5-iscsi devstack@c-api.service[117332]: [pid: 117332|app: 0|req: 3/7] 10.222.0.102 () {56 vars in 1206 bytes} [Thu May 26 16:39:19 2022] GET /volume/v3/6d72a14f73b1482981ce0e1b7a09f3ea/os-services => generated 642 bytes in 64 msecs (HTTP/1.1 200) 7 headers in 285 bytes (1 switches on core 0)
May 26 16:39:26.760751 dv-cinder-836071-5-iscsi devstack@c-api.service[117333]: DEBUG dbcounter [-] [117333] Writing DB stats cinder:SELECT=2 {{(pid=117333) stat_writer /usr/local/lib/python3.8/dist-packages/dbcounter.py:114}}
May 26 16:39:29.340530 dv-cinder-836071-5-iscsi devstack@c-api.service[117332]: DEBUG dbcounter [-] [117332] Writing DB stats cinder:SELECT=2 {{(pid=117332) stat_writer /usr/local/lib/python3.8/dist-packages/dbcounter.py:114}}
May 26 16:40:59.574665 dv-cinder-836071-5-iscsi devstack@c-api.service[117333]: DEBUG cinder.api.middleware.request_id [None req-5374beb3-ac2b-4494-8e07-4eb31098b2d6 None None] RequestId filter calling following filter/app {{(pid=117333) _context_setter /opt/stack/cinder/cinder/api/middleware/request_id.py:62}}
May 26 16:41:00.090006 dv-cinder-836071-5-iscsi devstack@c-api.service[117333]: INFO cinder.api.openstack.wsgi [None req-5374beb3-ac2b-4494-8e07-4eb31098b2d6 tempest-VolumesTestJSON-1861020662 tempest-VolumesTestJSON-1861020662-project] POST http://10.222.0.102/volume/v3/92f59916468749d7b3f0a41b9ede29b3/volumes
May 26 16:41:00.092205 dv-cinder-836071-5-iscsi devstack@c-api.service[117333]: DEBUG cinder.api.openstack.wsgi [None req-5374beb3-ac2b-4494-8e07-4eb31098b2d6 tempest-VolumesTestJSON-1861020662 tempest-VolumesTestJSON-1861020662-project] Action: 'create', calling method: create, body: {"volume": {"metadata": {"Type": "work"}, "size": 1, "display_name": "tempest-VolumesTestJSON-volume-1041460640"}} {{(pid=117333) _process_stack /opt/stack/cinder/cinder/api/openstack/wsgi.py:866}}
May 26 16:41:00.094232 dv-cinder-836071-5-iscsi devstack@c-api.service[117333]: DEBUG cinder.api.v3.volumes [None req-5374beb3-ac2b-4494-8e07-4eb31098b2d6 tempest-VolumesTestJSON-1861020662 tempest-VolumesTestJSON-1861020662-project] Create volume request body: {'volume': {'metadata': {'Type': 'work'}, 'size': 1, 'display_name': 'tempest-VolumesTestJSON-volume-1041460640'}} {{(pid=117333) create /opt/stack/cinder/cinder/api/v3/volumes.py:298}}
May 26 16:41:00.094448 dv-cinder-836071-5-iscsi devstack@c-api.service[117333]: INFO cinder.api.v3.volumes [None req-5374beb3-ac2b-4494-8e07-4eb31098b2d6 tempest-VolumesTestJSON-1861020662 tempest-VolumesTestJSON-1861020662-project] Create volume of 1 GB
May 26 16:41:00.122411 dv-cinder-836071-5-iscsi devstack@c-api.service[117333]: DEBUG cinder.volume.api [None req-5374beb3-ac2b-4494-8e07-4eb31098b2d6 tempest-VolumesTestJSON-1861020662 tempest-VolumesTestJSON-1861020662-project] Availability zone cache updated, next update will occur around 2022-05-26 17:41:00.121186. {{(pid=117333) list_availability_zones /opt/stack/cinder/cinder/volume/api.py:153}}
May 26 16:41:00.123514 dv-cinder-836071-5-iscsi devstack@c-api.service[117333]: INFO cinder.volume.api [None req-5374beb3-ac2b-4494-8e07-4eb31098b2d6 tempest-VolumesTestJSON-1861020662 tempest-VolumesTestJSON-1861020662-project] Availability Zones retrieved successfully.
May 26 16:41:00.365461 dv-cinder-836071-5-iscsi devstack@c-api.service[117333]: DEBUG cinder.volume.api [None req-5374beb3-ac2b-4494-8e07-4eb31098b2d6 tempest-VolumesTestJSON-1861020662 tempest-VolumesTestJSON-1861020662-project] Flow 'volume_create_api' (87b702ad-bab9-4db8-94c1-76dfdc94dffc) transitioned into state 'RUNNING' from state 'PENDING' {{(pid=117333) _flow_receiver /usr/local/lib/python3.8/dist-packages/taskflow/listeners/logging.py:141}}
May 26 16:41:00.368897 dv-cinder-836071-5-iscsi devstack@c-api.service[117333]: DEBUG cinder.volume.api [None req-5374beb3-ac2b-4494-8e07-4eb31098b2d6 tempest-VolumesTestJSON-1861020662 tempest-VolumesTestJSON-1861020662-project] Task 'cinder.volume.flows.api.create_volume.ExtractVolumeRequestTask;volume:create' (cceddccd-77b6-4f1e-9289-8b06c49e5715) transitioned into state 'RUNNING' from state 'PENDING' {{(pid=117333) _task_receiver /usr/local/lib/python3.8/dist-packages/taskflow/listeners/logging.py:190}}
May 26 16:41:00.371498 dv-cinder-836071-5-iscsi devstack@c-api.service[117333]: DEBUG cinder.volume.flows.api.create_volume [None req-5374beb3-ac2b-4494-8e07-4eb31098b2d6 tempest-VolumesTestJSON-1861020662 tempest-VolumesTestJSON-1861020662-project] Validating volume size '1' using validate_int {{(pid=117333) _extract_size /opt/stack/cinder/cinder/volume/flows/api/create_volume.py:228}}
May 26 16:41:00.473155 dv-cinder-836071-5-iscsi devstack@c-api.service[117333]: DEBUG cinder.volume.api [None req-5374beb3-ac2b-4494-8e07-4eb31098b2d6 tempest-VolumesTestJSON-1861020662 tempest-VolumesTestJSON-1861020662-project] Task 'cinder.volume.flows.api.create_volume.ExtractVolumeRequestTask;volume:create' (cceddccd-77b6-4f1e-9289-8b06c49e5715) transitioned into state 'SUCCESS' from state 'RUNNING' with result '{'size': 1, 'snapshot_id': None, 'source_volid': None, 'volume_type': VolumeType(created_at=2022-05-26T16:30:16Z,deleted=False,deleted_at=None,description='Default Volume Type',extra_specs={},id=55a5b3d7-a943-4077-99e7-ae9110a46c9a,is_public=True,name='__DEFAULT__',projects=[],qos_specs=,qos_specs_id=None,updated_at=2022-05-26T16:30:16Z), 'volume_type_id': '55a5b3d7-a943-4077-99e7-ae9110a46c9a', 'encryption_key_id': None, 'qos_specs': None, 'consistencygroup_id': None, 'cgsnapshot_id': None, 'group_id': None, 'replication_status': 'disabled', 'refresh_az': False, 'backup_id': None, 'multiattach': False, 'availability_zones': ['nova']}' {{(pid=117333) _task_receiver /usr/local/lib/python3.8/dist-packages/taskflow/listeners/logging.py:178}}
May 26 16:41:00.475867 dv-cinder-836071-5-iscsi devstack@c-api.service[117333]: DEBUG cinder.volume.api [None req-5374beb3-ac2b-4494-8e07-4eb31098b2d6 tempest-VolumesTestJSON-1861020662 tempest-VolumesTestJSON-1861020662-project] Task 'cinder.volume.flows.api.create_volume.QuotaReserveTask;volume:create' (92183ca6-03bf-4a92-9583-95f0190d355f) transitioned into state 'RUNNING' from state 'PENDING' {{(pid=117333) _task_receiver /usr/local/lib/python3.8/dist-packages/taskflow/listeners/logging.py:190}}
May 26 16:41:00.541160 dv-cinder-836071-5-iscsi devstack@c-api.service[117333]: WARNING cinder.quota [None req-5374beb3-ac2b-4494-8e07-4eb31098b2d6 tempest-VolumesTestJSON-1861020662 tempest-VolumesTestJSON-1861020662-project] Deprecated: Default quota for resource: volumes___DEFAULT__ is set by the default quota flag: quota_volumes___DEFAULT__, it is now deprecated. Please use the default quota class for default quota.
May 26 16:41:00.542810 dv-cinder-836071-5-iscsi devstack@c-api.service[117333]: WARNING cinder.quota [None req-5374beb3-ac2b-4494-8e07-4eb31098b2d6 tempest-VolumesTestJSON-1861020662 tempest-VolumesTestJSON-1861020662-project] Deprecated: Default quota for resource: gigabytes___DEFAULT__ is set by the default quota flag: quota_gigabytes___DEFAULT__, it is now deprecated. Please use the default quota class for default quota.
May 26 16:41:00.631255 dv-cinder-836071-5-iscsi devstack@c-api.service[117332]: DEBUG cinder.api.middleware.request_id [req-d12d7e53-dcb5-4c4a-bc36-eef04a216271 req-267050b0-d7a1-40b6-b2e3-9ed2c5981914 None None] RequestId filter calling following filter/app {{(pid=117332) _context_setter /opt/stack/cinder/cinder/api/middleware/request_id.py:62}}
May 26 16:41:00.704278 dv-cinder-836071-5-iscsi devstack@c-api.service[117333]: DEBUG cinder.quota [None req-5374beb3-ac2b-4494-8e07-4eb31098b2d6 tempest-VolumesTestJSON-1861020662 tempest-VolumesTestJSON-1861020662-project] Created reservations ['01dfad6f-49f2-4126-9c9c-87bb1ed3ff6f', '9046071a-0349-4c9e-90f5-e1a703a7f416', 'd84fbc4b-3ed0-4683-8628-e15c7acf2ebf', '8ce325ec-7217-4017-a428-e092224ed51c'] {{(pid=117333) reserve /opt/stack/cinder/cinder/quota.py:755}}
May 26 16:41:00.706625 dv-cinder-836071-5-iscsi devstack@c-api.service[117333]: DEBUG cinder.volume.api [None req-5374beb3-ac2b-4494-8e07-4eb31098b2d6 tempest-VolumesTestJSON-1861020662 tempest-VolumesTestJSON-1861020662-project] Task 'cinder.volume.flows.api.create_volume.QuotaReserveTask;volume:create' (92183ca6-03bf-4a92-9583-95f0190d355f) transitioned into state 'SUCCESS' from state 'RUNNING' with result '{'reservations': ['01dfad6f-49f2-4126-9c9c-87bb1ed3ff6f', '9046071a-0349-4c9e-90f5-e1a703a7f416', 'd84fbc4b-3ed0-4683-8628-e15c7acf2ebf', '8ce325ec-7217-4017-a428-e092224ed51c']}' {{(pid=117333) _task_receiver /usr/local/lib/python3.8/dist-packages/taskflow/listeners/logging.py:178}}
May 26 16:41:00.708593 dv-cinder-836071-5-iscsi devstack@c-api.service[117333]: DEBUG cinder.volume.api [None req-5374beb3-ac2b-4494-8e07-4eb31098b2d6 tempest-VolumesTestJSON-1861020662 tempest-VolumesTestJSON-1861020662-project] Task 'cinder.volume.flows.api.create_volume.EntryCreateTask;volume:create' (4415d7e3-4862-4926-890e-476334eef653) transitioned into state 'RUNNING' from state 'PENDING' {{(pid=117333) _task_receiver /usr/local/lib/python3.8/dist-packages/taskflow/listeners/logging.py:190}}
May 26 16:41:00.720019 dv-cinder-836071-5-iscsi devstack@c-api.service[117332]: WARNING keystonemiddleware.auth_token [req-d12d7e53-dcb5-4c4a-bc36-eef04a216271 req-267050b0-d7a1-40b6-b2e3-9ed2c5981914 None None] A valid token was submitted as a service token, but it was not a valid service token. This is incorrect but backwards compatible behaviour. This will be removed in future releases.
May 26 16:41:00.728794 dv-cinder-836071-5-iscsi devstack@c-api.service[117332]: INFO cinder.api.openstack.wsgi [req-d12d7e53-dcb5-4c4a-bc36-eef04a216271 req-267050b0-d7a1-40b6-b2e3-9ed2c5981914 tempest-VolumesGetTestJSON-1501673832 tempest-VolumesGetTestJSON-1501673832-project] POST http://10.222.0.102/volume/v3/adace30fd6d94630a8bbf637826c4cfe/volumes
May 26 16:41:00.729524 dv-cinder-836071-5-iscsi devstack@c-api.service[117332]: DEBUG cinder.api.openstack.wsgi [req-d12d7e53-dcb5-4c4a-bc36-eef04a216271 req-267050b0-d7a1-40b6-b2e3-9ed2c5981914 tempest-VolumesGetTestJSON-1501673832 tempest-VolumesGetTestJSON-1501673832-project] Action: 'create', calling method: create, body: {"volume": {"size": 1, "consistencygroup_id": null, "snapshot_id": null, "name": "tempest-VolumesGetTestJSON-Volume-1798319085", "description": null, "volume_type": null, "availability_zone": null, "metadata": {"Type": "work"}, "imageRef": null, "source_volid": null, "backup_id": null}} {{(pid=117332) _process_stack /opt/stack/cinder/cinder/api/openstack/wsgi.py:866}}
May 26 16:41:00.731418 dv-cinder-836071-5-iscsi devstack@c-api.service[117332]: DEBUG cinder.api.v3.volumes [req-d12d7e53-dcb5-4c4a-bc36-eef04a216271 req-267050b0-d7a1-40b6-b2e3-9ed2c5981914 tempest-VolumesGetTestJSON-1501673832 tempest-VolumesGetTestJSON-1501673832-project] Create volume request body: {'volume': {'size': 1, 'consistencygroup_id': None, 'snapshot_id': None, 'name': 'tempest-VolumesGetTestJSON-Volume-1798319085', 'description': None, 'volume_type': None, 'availability_zone': None, 'metadata': {'Type': 'work'}, 'imageRef': None, 'source_volid': None, 'backup_id': None}} {{(pid=117332) create /opt/stack/cinder/cinder/api/v3/volumes.py:298}}
May 26 16:41:00.732036 dv-cinder-836071-5-iscsi devstack@c-api.service[117332]: INFO cinder.api.v3.volumes [req-d12d7e53-dcb5-4c4a-bc36-eef04a216271 req-267050b0-d7a1-40b6-b2e3-9ed2c5981914 tempest-VolumesGetTestJSON-1501673832 tempest-VolumesGetTestJSON-1501673832-project] Create volume of 1 GB
May 26 16:41:00.768658 dv-cinder-836071-5-iscsi devstack@c-api.service[117332]: DEBUG cinder.volume.api [req-d12d7e53-dcb5-4c4a-bc36-eef04a216271 req-267050b0-d7a1-40b6-b2e3-9ed2c5981914 tempest-VolumesGetTestJSON-1501673832 tempest-VolumesGetTestJSON-1501673832-project] Availability zone cache updated, next update will occur around 2022-05-26 17:41:00.767607. {{(pid=117332) list_availability_zones /opt/stack/cinder/cinder/volume/api.py:153}}
May 26 16:41:00.768949 dv-cinder-836071-5-iscsi devstack@c-api.service[117332]: INFO cinder.volume.api [req-d12d7e53-dcb5-4c4a-bc36-eef04a216271 req-267050b0-d7a1-40b6-b2e3-9ed2c5981914 tempest-VolumesGetTestJSON-1501673832 tempest-VolumesGetTestJSON-1501673832-project] Availability Zones retrieved successfully.
May 26 16:41:00.853128 dv-cinder-836071-5-iscsi devstack@c-api.service[117332]: DEBUG cinder.volume.api [req-d12d7e53-dcb5-4c4a-bc36-eef04a216271 req-267050b0-d7a1-40b6-b2e3-9ed2c5981914 tempest-VolumesGetTestJSON-1501673832 tempest-VolumesGetTestJSON-1501673832-project] Flow 'volume_create_api' (fdb002b2-e53c-48bd-82f3-7f182bc66189) transitioned into state 'RUNNING' from state 'PENDING' {{(pid=117332) _flow_receiver /usr/local/lib/python3.8/dist-packages/taskflow/listeners/logging.py:141}}
May 26 16:41:00.856404 dv-cinder-836071-5-iscsi devstack@c-api.service[117332]: DEBUG cinder.volume.api [req-d12d7e53-dcb5-4c4a-bc36-eef04a216271 req-267050b0-d7a1-40b6-b2e3-9ed2c5981914 tempest-VolumesGetTestJSON-1501673832 tempest-VolumesGetTestJSON-1501673832-project] Task 'cinder.volume.flows.api.create_volume.ExtractVolumeRequestTask;volume:create' (f91acb45-70be-480f-92e8-0e1f5927e1ed) transitioned into state 'RUNNING' from state 'PENDING' {{(pid=117332) _task_receiver /usr/local/lib/python3.8/dist-packages/taskflow/listeners/logging.py:190}}
May 26 16:41:00.859632 dv-cinder-836071-5-iscsi devstack@c-api.service[117332]: DEBUG cinder.volume.flows.api.create_volume [req-d12d7e53-dcb5-4c4a-bc36-eef04a216271 req-267050b0-d7a1-40b6-b2e3-9ed2c5981914 tempest-VolumesGetTestJSON-1501673832 tempest-VolumesGetTestJSON-1501673832-project] Validating volume size '1' using validate_int {{(pid=117332) _extract_size /opt/stack/cinder/cinder/volume/flows/api/create_volume.py:228}}
May 26 16:41:00.870389 dv-cinder-836071-5-iscsi devstack@c-api.service[117333]: DEBUG cinder.volume.api [None req-5374beb3-ac2b-4494-8e07-4eb31098b2d6 tempest-VolumesTestJSON-1861020662 tempest-VolumesTestJSON-1861020662-project] Task 'cinder.volume.flows.api.create_volume.EntryCreateTask;volume:create' (4415d7e3-4862-4926-890e-476334eef653) transitioned into state 'SUCCESS' from state 'RUNNING' with result '{'volume_id': '3cfc936b-cc92-4709-814f-00e30a389eca', 'volume_properties': VolumeProperties(attach_status='detached',availability_zone='nova',cgsnapshot_id=None,consistencygroup_id=None,display_description=None,display_name='tempest-VolumesTestJSON-volume-1041460640',encryption_key_id=None,group_id=None,group_type_id=,metadata={Type='work'},multiattach=False,project_id='92f59916468749d7b3f0a41b9ede29b3',qos_specs=None,replication_status=,reservations=['01dfad6f-49f2-4126-9c9c-87bb1ed3ff6f','9046071a-0349-4c9e-90f5-e1a703a7f416','d84fbc4b-3ed0-4683-8628-e15c7acf2ebf','8ce325ec-7217-4017-a428-e092224ed51c'],size=1,snapshot_id=None,source_replicaid=,source_volid=None,status='creating',user_id='a10274a364b34cc689aba9e2e6b0c113',volume_type_id=55a5b3d7-a943-4077-99e7-ae9110a46c9a), 'volume': Volume(_name_id=None,admin_metadata=,attach_status='detached',availability_zone='nova',bootable=False,cluster=,cluster_name=None,consistencygroup=,consistencygroup_id=None,created_at=2022-05-26T16:41:00Z,deleted=False,deleted_at=None,display_description=None,display_name='tempest-VolumesTestJSON-volume-1041460640',ec2_id=None,encryption_key_id=None,glance_metadata=,group=,group_id=None,host=None,id=3cfc936b-cc92-4709-814f-00e30a389eca,launched_at=None,metadata={Type='work'},migration_status=None,multiattach=False,previous_status=None,project_id='92f59916468749d7b3f0a41b9ede29b3',provider_auth=None,provider_geometry=None,provider_id=None,provider_location=None,replication_driver_data=None,replication_extended_status=None,replication_status=None,scheduled_at=None,service_uuid=None,shared_targets=True,size=1,snapshot_id=None,snapshots=,source_volid=None,status='creating',terminated_at=None,updated_at=None,use_quota=True,user_id='a10274a364b34cc689aba9e2e6b0c113',volume_attachment=VolumeAttachmentList,volume_type=VolumeType(55a5b3d7-a943-4077-99e7-ae9110a46c9a),volume_type_id=55a5b3d7-a943-4077-99e7-ae9110a46c9a)}' {{(pid=117333) _task_receiver /usr/local/lib/python3.8/dist-packages/taskflow/listeners/logging.py:178}}
May 26 16:41:00.874728 dv-cinder-836071-5-iscsi devstack@c-api.service[117333]: DEBUG cinder.volume.api [None req-5374beb3-ac2b-4494-8e07-4eb31098b2d6 tempest-VolumesTestJSON-1861020662 tempest-VolumesTestJSON-1861020662-project] Task 'cinder.volume.flows.api.create_volume.QuotaCommitTask;volume:create' (45a4eece-1f21-4bbd-9ba7-b05e67205240) transitioned into state 'RUNNING' from state 'PENDING' {{(pid=117333) _task_receiver /usr/local/lib/python3.8/dist-packages/taskflow/listeners/logging.py:190}}
May 26 16:41:00.937058 dv-cinder-836071-5-iscsi devstack@c-api.service[117333]: DEBUG cinder.volume.api [None req-5374beb3-ac2b-4494-8e07-4eb31098b2d6 tempest-VolumesTestJSON-1861020662 tempest-VolumesTestJSON-1861020662-project] Task 'cinder.volume.flows.api.create_volume.QuotaCommitTask;volume:create' (45a4eece-1f21-4bbd-9ba7-b05e67205240) transitioned into state 'SUCCESS' from state 'RUNNING' with result '{'volume_properties': VolumeProperties(attach_status='detached',availability_zone='nova',cgsnapshot_id=None,consistencygroup_id=None,display_description=None,display_name='tempest-VolumesTestJSON-volume-1041460640',encryption_key_id=None,group_id=None,group_type_id=,metadata={Type='work'},multiattach=False,project_id='92f59916468749d7b3f0a41b9ede29b3',qos_specs=None,replication_status=,reservations=['01dfad6f-49f2-4126-9c9c-87bb1ed3ff6f','9046071a-0349-4c9e-90f5-e1a703a7f416','d84fbc4b-3ed0-4683-8628-e15c7acf2ebf','8ce325ec-7217-4017-a428-e092224ed51c'],size=1,snapshot_id=None,source_replicaid=,source_volid=None,status='creating',user_id='a10274a364b34cc689aba9e2e6b0c113',volume_type_id=55a5b3d7-a943-4077-99e7-ae9110a46c9a)}' {{(pid=117333) _task_receiver /usr/local/lib/python3.8/dist-packages/taskflow/listeners/logging.py:178}}
May 26 16:41:00.938279 dv-cinder-836071-5-iscsi devstack@c-api.service[117332]: DEBUG cinder.volume.api [req-d12d7e53-dcb5-4c4a-bc36-eef04a216271 req-267050b0-d7a1-40b6-b2e3-9ed2c5981914 tempest-VolumesGetTestJSON-1501673832 tempest-VolumesGetTestJSON-1501673832-project] Task 'cinder.volume.flows.api.create_volume.ExtractVolumeRequestTask;volume:create' (f91acb45-70be-480f-92e8-0e1f5927e1ed) transitioned into state 'SUCCESS' from state 'RUNNING' with result '{'size': 1, 'snapshot_id': None, 'source_volid': None, 'volume_type': VolumeType(created_at=2022-05-26T16:30:16Z,deleted=False,deleted_at=None,description='Default Volume Type',extra_specs={},id=55a5b3d7-a943-4077-99e7-ae9110a46c9a,is_public=True,name='__DEFAULT__',projects=[],qos_specs=,qos_specs_id=None,updated_at=2022-05-26T16:30:16Z), 'volume_type_id': '55a5b3d7-a943-4077-99e7-ae9110a46c9a', 'encryption_key_id': None, 'qos_specs': None, 'consistencygroup_id': None, 'cgsnapshot_id': None, 'group_id': None, 'replication_status': 'disabled', 'refresh_az': False, 'backup_id': None, 'multiattach': False, 'availability_zones': ['nova']}' {{(pid=117332) _task_receiver /usr/local/lib/python3.8/dist-packages/taskflow/listeners/logging.py:178}}
May 26 16:41:00.939881 dv-cinder-836071-5-iscsi devstack@c-api.service[117333]: DEBUG cinder.volume.api [None req-5374beb3-ac2b-4494-8e07-4eb31098b2d6 tempest-VolumesTestJSON-1861020662 tempest-VolumesTestJSON-1861020662-project] Task 'cinder.volume.flows.api.create_volume.VolumeCastTask;volume:create' (4981fedc-af75-41be-b1b6-3ff32e4bf675) transitioned into state 'RUNNING' from state 'PENDING' {{(pid=117333) _task_receiver /usr/local/lib/python3.8/dist-packages/taskflow/listeners/logging.py:190}}
May 26 16:41:00.940664 dv-cinder-836071-5-iscsi devstack@c-api.service[117332]: DEBUG cinder.volume.api [req-d12d7e53-dcb5-4c4a-bc36-eef04a216271 req-267050b0-d7a1-40b6-b2e3-9ed2c5981914 tempest-VolumesGetTestJSON-1501673832 tempest-VolumesGetTestJSON-1501673832-project] Task 'cinder.volume.flows.api.create_volume.QuotaReserveTask;volume:create' (d3ffa92c-4013-43f2-aec4-9092393c102e) transitioned into state 'RUNNING' from state 'PENDING' {{(pid=117332) _task_receiver /usr/local/lib/python3.8/dist-packages/taskflow/listeners/logging.py:190}}
May 26 16:41:00.995020 dv-cinder-836071-5-iscsi devstack@c-api.service[117333]: DEBUG cinder.volume.api [None req-5374beb3-ac2b-4494-8e07-4eb31098b2d6 tempest-VolumesTestJSON-1861020662 tempest-VolumesTestJSON-1861020662-project] Task 'cinder.volume.flows.api.create_volume.VolumeCastTask;volume:create' (4981fedc-af75-41be-b1b6-3ff32e4bf675) transitioned into state 'SUCCESS' from state 'RUNNING' with result 'None' {{(pid=117333) _task_receiver /usr/local/lib/python3.8/dist-packages/taskflow/listeners/logging.py:178}}
May 26 16:41:00.997695 dv-cinder-836071-5-iscsi devstack@c-api.service[117333]: DEBUG cinder.volume.api [None req-5374beb3-ac2b-4494-8e07-4eb31098b2d6 tempest-VolumesTestJSON-1861020662 tempest-VolumesTestJSON-1861020662-project] Flow 'volume_create_api' (87b702ad-bab9-4db8-94c1-76dfdc94dffc) transitioned into state 'SUCCESS' from state 'RUNNING' {{(pid=117333) _flow_receiver /usr/local/lib/python3.8/dist-packages/taskflow/listeners/logging.py:141}}
May 26 16:41:00.998573 dv-cinder-836071-5-iscsi devstack@c-api.service[117333]: INFO cinder.volume.api [None req-5374beb3-ac2b-4494-8e07-4eb31098b2d6 tempest-VolumesTestJSON-1861020662 tempest-VolumesTestJSON-1861020662-project] Create volume request issued successfully.
May 26 16:41:01.000654 dv-cinder-836071-5-iscsi devstack@c-api.service[117333]: INFO cinder.api.openstack.wsgi [None req-5374beb3-ac2b-4494-8e07-4eb31098b2d6 tempest-VolumesTestJSON-1861020662 tempest-VolumesTestJSON-1861020662-project] http://10.222.0.102/volume/v3/92f59916468749d7b3f0a41b9ede29b3/volumes returned with HTTP 202
May 26 16:41:01.002960 dv-cinder-836071-5-iscsi devstack@c-api.service[117333]: [pid: 117333|app: 0|req: 5/8] 10.222.0.102 () {60 vars in 1240 bytes} [Thu May 26 16:40:59 2022] POST /volume/v3/92f59916468749d7b3f0a41b9ede29b3/volumes => generated 831 bytes in 1430 msecs (HTTP/1.1 202) 7 headers in 291 bytes (1 switches on core 0)
May 26 16:41:01.005105 dv-cinder-836071-5-iscsi devstack@c-api.service[117333]: DEBUG cinder.api.middleware.request_id [req-e47e592d-da5d-45cb-bd4a-26fc9ad79283 req-86a5a1ac-41d1-4078-9b33-56fc94bc6eb4 None None] RequestId filter calling following filter/app {{(pid=117333) _context_setter /opt/stack/cinder/cinder/api/middleware/request_id.py:62}}
May 26 16:41:01.052607 dv-cinder-836071-5-iscsi devstack@c-api.service[117332]: WARNING cinder.quota [req-d12d7e53-dcb5-4c4a-bc36-eef04a216271 req-267050b0-d7a1-40b6-b2e3-9ed2c5981914 tempest-VolumesGetTestJSON-1501673832 tempest-VolumesGetTestJSON-1501673832-project] Deprecated: Default quota for resource: volumes___DEFAULT__ is set by the default quota flag: quota_volumes___DEFAULT__, it is now deprecated. Please use the default quota class for default quota.
May 26 16:41:01.053548 dv-cinder-836071-5-iscsi devstack@c-api.service[117332]: WARNING cinder.quota [req-d12d7e53-dcb5-4c4a-bc36-eef04a216271 req-267050b0-d7a1-40b6-b2e3-9ed2c5981914 tempest-VolumesGetTestJSON-1501673832 tempest-VolumesGetTestJSON-1501673832-project] Deprecated: Default quota for resource: gigabytes___DEFAULT__ is set by the default quota flag: quota_gigabytes___DEFAULT__, it is now deprecated. Please use the default quota class for default quota.
May 26 16:41:01.083493 dv-cinder-836071-5-iscsi devstack@c-api.service[117333]: WARNING keystonemiddleware.auth_token [req-e47e592d-da5d-45cb-bd4a-26fc9ad79283 req-86a5a1ac-41d1-4078-9b33-56fc94bc6eb4 None None] A valid token was submitted as a service token, but it was not a valid service token. This is incorrect but backwards compatible behaviour. This will be removed in future releases.
May 26 16:41:01.088560 dv-cinder-836071-5-iscsi devstack@c-api.service[117333]: INFO cinder.api.openstack.wsgi [req-e47e592d-da5d-45cb-bd4a-26fc9ad79283 req-86a5a1ac-41d1-4078-9b33-56fc94bc6eb4 tempest-VolumesSnapshotsTestJSON-143745927 tempest-VolumesSnapshotsTestJSON-143745927-project] POST http://10.222.0.102/volume/v3/f7449f3a96c8444a8efdb118290cc4e0/volumes
May 26 16:41:01.089481 dv-cinder-836071-5-iscsi devstack@c-api.service[117333]: DEBUG cinder.api.openstack.wsgi [req-e47e592d-da5d-45cb-bd4a-26fc9ad79283 req-86a5a1ac-41d1-4078-9b33-56fc94bc6eb4 tempest-VolumesSnapshotsTestJSON-143745927 tempest-VolumesSnapshotsTestJSON-143745927-project] Action: 'create', calling method: create, body: {"volume": {"size": 1, "consistencygroup_id": null, "snapshot_id": null, "name": "tempest-VolumesSnapshotsTestJSON-volume-1789651799", "description": null, "volume_type": null, "availability_zone": null, "metadata": {}, "imageRef": null, "source_volid": null, "backup_id": null}} {{(pid=117333) _process_stack /opt/stack/cinder/cinder/api/openstack/wsgi.py:866}}
May 26 16:41:01.091093 dv-cinder-836071-5-iscsi devstack@c-api.service[117333]: DEBUG cinder.api.v3.volumes [req-e47e592d-da5d-45cb-bd4a-26fc9ad79283 req-86a5a1ac-41d1-4078-9b33-56fc94bc6eb4 tempest-VolumesSnapshotsTestJSON-143745927 tempest-VolumesSnapshotsTestJSON-143745927-project] Create volume request body: {'volume': {'size': 1, 'consistencygroup_id': None, 'snapshot_id': None, 'name': 'tempest-VolumesSnapshotsTestJSON-volume-1789651799', 'description': None, 'volume_type': None, 'availability_zone': None, 'metadata': {}, 'imageRef': None, 'source_volid': None, 'backup_id': None}} {{(pid=117333) create /opt/stack/cinder/cinder/api/v3/volumes.py:298}}
May 26 16:41:01.091629 dv-cinder-836071-5-iscsi devstack@c-api.service[117333]: INFO cinder.api.v3.volumes [req-e47e592d-da5d-45cb-bd4a-26fc9ad79283 req-86a5a1ac-41d1-4078-9b33-56fc94bc6eb4 tempest-VolumesSnapshotsTestJSON-143745927 tempest-VolumesSnapshotsTestJSON-143745927-project] Create volume of 1 GB
May 26 16:41:01.093978 dv-cinder-836071-5-iscsi devstack@c-api.service[117333]: /usr/local/lib/python3.8/dist-packages/oslo_context/context.py:100: DeprecationWarning: Policy enforcement is depending on the value of is_admin. This key is deprecated. Please update your policy file to use the standard policy values.
May 26 16:41:01.093978 dv-cinder-836071-5-iscsi devstack@c-api.service[117333]: warnings.warn('Policy enforcement is depending on the value of '
May 26 16:41:01.104217 dv-cinder-836071-5-iscsi devstack@c-api.service[117333]: INFO cinder.volume.api [req-e47e592d-da5d-45cb-bd4a-26fc9ad79283 req-86a5a1ac-41d1-4078-9b33-56fc94bc6eb4 tempest-VolumesSnapshotsTestJSON-143745927 tempest-VolumesSnapshotsTestJSON-143745927-project] Availability Zones retrieved successfully.
May 26 16:41:01.125495 dv-cinder-836071-5-iscsi devstack@c-api.service[117333]: DEBUG cinder.volume.api [req-e47e592d-da5d-45cb-bd4a-26fc9ad79283 req-86a5a1ac-41d1-4078-9b33-56fc94bc6eb4 tempest-VolumesSnapshotsTestJSON-143745927 tempest-VolumesSnapshotsTestJSON-143745927-project] Flow 'volume_create_api' (6aff9aa6-04b7-41e8-9f77-829927a47804) transitioned into state 'RUNNING' from state 'PENDING' {{(pid=117333) _flow_receiver /usr/local/lib/python3.8/dist-packages/taskflow/listeners/logging.py:141}}
May 26 16:41:01.128733 dv-cinder-836071-5-iscsi devstack@c-api.service[117333]: DEBUG cinder.volume.api [req-e47e592d-da5d-45cb-bd4a-26fc9ad79283 req-86a5a1ac-41d1-4078-9b33-56fc94bc6eb4 tempest-VolumesSnapshotsTestJSON-143745927 tempest-VolumesSnapshotsTestJSON-143745927-project] Task 'cinder.volume.flows.api.create_volume.ExtractVolumeRequestTask;volume:create' (5bbf1a66-035c-4b6b-bc9f-227a06e84d08) transitioned into state 'RUNNING' from state 'PENDING' {{(pid=117333) _task_receiver /usr/local/lib/python3.8/dist-packages/taskflow/listeners/logging.py:190}}
May 26 16:41:01.132899 dv-cinder-836071-5-iscsi devstack@c-api.service[117333]: DEBUG cinder.volume.flows.api.create_volume [req-e47e592d-da5d-45cb-bd4a-26fc9ad79283 req-86a5a1ac-41d1-4078-9b33-56fc94bc6eb4 tempest-VolumesSnapshotsTestJSON-143745927 tempest-VolumesSnapshotsTestJSON-143745927-project] Validating volume size '1' using validate_int {{(pid=117333) _extract_size /opt/stack/cinder/cinder/volume/flows/api/create_volume.py:228}}
May 26 16:41:01.197934 dv-cinder-836071-5-iscsi devstack@c-api.service[117333]: DEBUG cinder.volume.api [req-e47e592d-da5d-45cb-bd4a-26fc9ad79283 req-86a5a1ac-41d1-4078-9b33-56fc94bc6eb4 tempest-VolumesSnapshotsTestJSON-143745927 tempest-VolumesSnapshotsTestJSON-143745927-project] Task 'cinder.volume.flows.api.create_volume.ExtractVolumeRequestTask;volume:create' (5bbf1a66-035c-4b6b-bc9f-227a06e84d08) transitioned into state 'SUCCESS' from state 'RUNNING' with result '{'size': 1, 'snapshot_id': None, 'source_volid': None, 'volume_type': VolumeType(created_at=2022-05-26T16:30:16Z,deleted=False,deleted_at=None,description='Default Volume Type',extra_specs={},id=55a5b3d7-a943-4077-99e7-ae9110a46c9a,is_public=True,name='__DEFAULT__',projects=[],qos_specs=,qos_specs_id=None,updated_at=2022-05-26T16:30:16Z), 'volume_type_id': '55a5b3d7-a943-4077-99e7-ae9110a46c9a', 'encryption_key_id': None, 'qos_specs': None, 'consistencygroup_id': None, 'cgsnapshot_id': None, 'group_id': None, 'replication_status': 'disabled', 'refresh_az': False, 'backup_id': None, 'multiattach': False, 'availability_zones': ['nova']}' {{(pid=117333) _task_receiver /usr/local/lib/python3.8/dist-packages/taskflow/listeners/logging.py:178}}
May 26 16:41:01.200926 dv-cinder-836071-5-iscsi devstack@c-api.service[117333]: DEBUG cinder.volume.api [req-e47e592d-da5d-45cb-bd4a-26fc9ad79283 req-86a5a1ac-41d1-4078-9b33-56fc94bc6eb4 tempest-VolumesSnapshotsTestJSON-143745927 tempest-VolumesSnapshotsTestJSON-143745927-project] Task 'cinder.volume.flows.api.create_volume.QuotaReserveTask;volume:create' (869e4345-87f2-46c2-9b11-ac08bd055b27) transitioned into state 'RUNNING' from state 'PENDING' {{(pid=117333) _task_receiver /usr/local/lib/python3.8/dist-packages/taskflow/listeners/logging.py:190}}
May 26 16:41:01.267962 dv-cinder-836071-5-iscsi devstack@c-api.service[117333]: DEBUG dbcounter [-] [117333] Writing DB stats cinder:SELECT=77,cinder:INSERT=11,cinder:UPDATE=12 {{(pid=117333) stat_writer /usr/local/lib/python3.8/dist-packages/dbcounter.py:114}}
May 26 16:41:01.301402 dv-cinder-836071-5-iscsi devstack@c-api.service[117332]: DEBUG cinder.quota [req-d12d7e53-dcb5-4c4a-bc36-eef04a216271 req-267050b0-d7a1-40b6-b2e3-9ed2c5981914 tempest-VolumesGetTestJSON-1501673832 tempest-VolumesGetTestJSON-1501673832-project] Created reservations ['8013f667-0b38-485e-896a-a023d326e7e9', 'fc0421be-164b-4da3-8478-f4ffe977d61e', 'd7cf0ad6-9a85-4c8a-94da-4e8cb87964ee', 'dfb954d6-2b6c-4e4d-9015-6f6ed2f95918'] {{(pid=117332) reserve /opt/stack/cinder/cinder/quota.py:755}}
May 26 16:41:01.304230 dv-cinder-836071-5-iscsi devstack@c-api.service[117332]: DEBUG cinder.volume.api [req-d12d7e53-dcb5-4c4a-bc36-eef04a216271 req-267050b0-d7a1-40b6-b2e3-9ed2c5981914 tempest-VolumesGetTestJSON-1501673832 tempest-VolumesGetTestJSON-1501673832-project] Task 'cinder.volume.flows.api.create_volume.QuotaReserveTask;volume:create' (d3ffa92c-4013-43f2-aec4-9092393c102e) transitioned into state 'SUCCESS' from state 'RUNNING' with result '{'reservations': ['8013f667-0b38-485e-896a-a023d326e7e9', 'fc0421be-164b-4da3-8478-f4ffe977d61e', 'd7cf0ad6-9a85-4c8a-94da-4e8cb87964ee', 'dfb954d6-2b6c-4e4d-9015-6f6ed2f95918']}' {{(pid=117332) _task_receiver /usr/local/lib/python3.8/dist-packages/taskflow/listeners/logging.py:178}}
May 26 16:41:01.311077 dv-cinder-836071-5-iscsi devstack@c-api.service[117332]: DEBUG cinder.volume.api [req-d12d7e53-dcb5-4c4a-bc36-eef04a216271 req-267050b0-d7a1-40b6-b2e3-9ed2c5981914 tempest-VolumesGetTestJSON-1501673832 tempest-VolumesGetTestJSON-1501673832-project] Task 'cinder.volume.flows.api.create_volume.EntryCreateTask;volume:create' (dac2a489-201b-4834-9893-75ef51e0385e) transitioned into state 'RUNNING' from state 'PENDING' {{(pid=117332) _task_receiver /usr/local/lib/python3.8/dist-packages/taskflow/listeners/logging.py:190}}
May 26 16:41:01.410338 dv-cinder-836071-5-iscsi devstack@c-api.service[117333]: DEBUG cinder.quota [req-e47e592d-da5d-45cb-bd4a-26fc9ad79283 req-86a5a1ac-41d1-4078-9b33-56fc94bc6eb4 tempest-VolumesSnapshotsTestJSON-143745927 tempest-VolumesSnapshotsTestJSON-143745927-project] Created reservations ['3df94c2e-1be8-4428-a129-857777c68200', '0a680b4d-ee77-4074-916b-027dfea97553', 'c94d76b8-d5b5-4bd1-8a8b-c272dd5d99c1', '675bc07d-e7a0-49ff-8f19-27326d22bb55'] {{(pid=117333) reserve /opt/stack/cinder/cinder/quota.py:755}}
