Mar 31 20:22:03.946160 dv-cinder-836071-1-iscsi devstack@n-api.service[116934]: DEBUG nova.api.openstack.wsgi [None req-5c316e8b-2de9-41d0-943b-e82b9fb4b1b4 tempest-VolumesTestJSON-317191291 tempest-VolumesTestJSON-317191291-project] Calling method '.version_select at 0x7fccf24ad3a0>' {{(pid=116934) _process_stack /opt/stack/nova/nova/api/openstack/wsgi.py:513}}
Mar 31 20:22:04.126046 dv-cinder-836071-1-iscsi devstack@n-api.service[116934]: INFO nova.api.openstack.requestlog [None req-5c316e8b-2de9-41d0-943b-e82b9fb4b1b4 tempest-VolumesTestJSON-317191291 tempest-VolumesTestJSON-317191291-project] 10.222.0.82 "GET /compute/v2.1/os-volumes" status: 200 len: 1035 microversion: 2.1 time: 0.183602
Mar 31 20:22:04.133308 dv-cinder-836071-1-iscsi devstack@n-api.service[116934]: [pid: 116934|app: 0|req: 10/12] 10.222.0.82 () {58 vars in 1133 bytes} [Thu Mar 31 20:22:03 2022] GET /compute/v2.1/os-volumes => generated 1035 bytes in 186 msecs (HTTP/1.1 200) 9 headers in 358 bytes (1 switches on core 0)
Mar 31 20:22:04.139539 dv-cinder-836071-1-iscsi devstack@n-api.service[116934]: DEBUG nova.api.openstack.wsgi [None req-5093adf0-06ab-441e-9992-79ad731d0fbe tempest-VolumesTestJSON-317191291 tempest-VolumesTestJSON-317191291-project] Calling method '.version_select at 0x7fccf2490940>' {{(pid=116934) _process_stack /opt/stack/nova/nova/api/openstack/wsgi.py:513}}
Mar 31 20:22:04.337547 dv-cinder-836071-1-iscsi devstack@n-api.service[116934]: INFO nova.api.openstack.requestlog [None req-5093adf0-06ab-441e-9992-79ad731d0fbe tempest-VolumesTestJSON-317191291 tempest-VolumesTestJSON-317191291-project] 10.222.0.82 "GET /compute/v2.1/os-volumes?offset=1&limit=1" status: 200 len: 354 microversion: 2.1 time: 0.202446
Mar 31 20:22:04.339453 dv-cinder-836071-1-iscsi devstack@n-api.service[116934]: [pid: 116934|app: 0|req: 11/13] 10.222.0.82 () {58 vars in 1166 bytes} [Thu Mar 31 20:22:04 2022] GET /compute/v2.1/os-volumes?offset=1&limit=1 => generated 354 bytes in 205 msecs (HTTP/1.1 200) 9 headers in 357 bytes (2 switches on core 0)
Mar 31 20:22:04.353237 dv-cinder-836071-1-iscsi devstack@n-api.service[116934]: DEBUG nova.api.openstack.wsgi [None req-9ad9c260-53c0-4e7c-9c88-51a4aab373b4 tempest-VolumesTestJSON-317191291 tempest-VolumesTestJSON-317191291-project] Calling method '.version_select at 0x7fccf24a18b0>' {{(pid=116934) _process_stack /opt/stack/nova/nova/api/openstack/wsgi.py:513}}
Mar 31 20:22:04.489736 dv-cinder-836071-1-iscsi devstack@n-api.service[116933]: DEBUG nova.virt.hardware [None req-7ac69cbb-ee13-4092-9234-014c3b58bb20 tempest-DeleteServersTestJSON-1446497111 tempest-DeleteServersTestJSON-1446497111-project] Flavor limits 0:0:0 {{(pid=116933) get_cpu_topology_constraints /opt/stack/nova/nova/virt/hardware.py:343}}
Mar 31 20:22:04.490355 dv-cinder-836071-1-iscsi devstack@n-api.service[116933]: DEBUG nova.virt.hardware [None req-7ac69cbb-ee13-4092-9234-014c3b58bb20 tempest-DeleteServersTestJSON-1446497111 tempest-DeleteServersTestJSON-1446497111-project] Image limits 0:0:0 {{(pid=116933) get_cpu_topology_constraints /opt/stack/nova/nova/virt/hardware.py:347}}
Mar 31 20:22:04.490628 dv-cinder-836071-1-iscsi devstack@n-api.service[116933]: DEBUG nova.virt.hardware [None req-7ac69cbb-ee13-4092-9234-014c3b58bb20 tempest-DeleteServersTestJSON-1446497111 tempest-DeleteServersTestJSON-1446497111-project] Flavor pref 0:0:0 {{(pid=116933) get_cpu_topology_constraints /opt/stack/nova/nova/virt/hardware.py:383}}
Mar 31 20:22:04.491646 dv-cinder-836071-1-iscsi devstack@n-api.service[116933]: DEBUG nova.virt.hardware [None req-7ac69cbb-ee13-4092-9234-014c3b58bb20 tempest-DeleteServersTestJSON-1446497111 tempest-DeleteServersTestJSON-1446497111-project] Image pref 0:0:0 {{(pid=116933) get_cpu_topology_constraints /opt/stack/nova/nova/virt/hardware.py:387}}
Mar 31 20:22:04.492232 dv-cinder-836071-1-iscsi devstack@n-api.service[116933]: DEBUG nova.virt.hardware [None req-7ac69cbb-ee13-4092-9234-014c3b58bb20 tempest-DeleteServersTestJSON-1446497111 tempest-DeleteServersTestJSON-1446497111-project] Chose sockets=0, cores=0, threads=0; limits were sockets=65536, cores=65536, threads=65536 {{(pid=116933) get_cpu_topology_constraints /opt/stack/nova/nova/virt/hardware.py:425}}
Mar 31 20:22:04.532789 dv-cinder-836071-1-iscsi devstack@n-api.service[116934]: INFO nova.api.openstack.requestlog [None req-9ad9c260-53c0-4e7c-9c88-51a4aab373b4 tempest-VolumesTestJSON-317191291 tempest-VolumesTestJSON-317191291-project] 10.222.0.82 "GET /compute/v2.1/os-volumes/detail?limit=2" status: 200 len: 695 microversion: 2.1 time: 0.183731
Mar 31 20:22:04.533562 dv-cinder-836071-1-iscsi devstack@n-api.service[116934]: [pid: 116934|app: 0|req: 12/14] 10.222.0.82 () {58 vars in 1169 bytes} [Thu Mar 31 20:22:04 2022] GET /compute/v2.1/os-volumes/detail?limit=2 => generated 695 bytes in 185 msecs (HTTP/1.1 200) 9 headers in 357 bytes (2 switches on core 0)
Mar 31 20:22:04.546234 dv-cinder-836071-1-iscsi devstack@n-api.service[116934]: DEBUG nova.api.openstack.wsgi [None req-3d44c84f-d808-40c7-b873-06d4a0f9b790 tempest-VolumesTestJSON-317191291 tempest-VolumesTestJSON-317191291-project] Calling method '.version_select at 0x7fccf24ad9d0>' {{(pid=116934) _process_stack /opt/stack/nova/nova/api/openstack/wsgi.py:513}}
Mar 31 20:22:04.547950 dv-cinder-836071-1-iscsi devstack@n-api.service[116933]: DEBUG oslo_concurrency.lockutils [None req-7ac69cbb-ee13-4092-9234-014c3b58bb20 tempest-DeleteServersTestJSON-1446497111 tempest-DeleteServersTestJSON-1446497111-project] Lock "00000000-0000-0000-0000-000000000000" acquired by "nova.context.set_target_cell..get_or_set_cached_cell_and_set_connections" :: waited 0.000s {{(pid=116933) inner /usr/local/lib/python3.8/dist-packages/oslo_concurrency/lockutils.py:386}}
Mar 31 20:22:04.548412 dv-cinder-836071-1-iscsi devstack@n-api.service[116933]: DEBUG oslo_concurrency.lockutils [None req-7ac69cbb-ee13-4092-9234-014c3b58bb20 tempest-DeleteServersTestJSON-1446497111 tempest-DeleteServersTestJSON-1446497111-project] Lock "00000000-0000-0000-0000-000000000000" "released" by "nova.context.set_target_cell..get_or_set_cached_cell_and_set_connections" :: held 0.001s {{(pid=116933) inner /usr/local/lib/python3.8/dist-packages/oslo_concurrency/lockutils.py:400}}
Mar 31 20:22:04.576840 dv-cinder-836071-1-iscsi devstack@n-api.service[116933]: DEBUG oslo_concurrency.lockutils [None req-7ac69cbb-ee13-4092-9234-014c3b58bb20 tempest-DeleteServersTestJSON-1446497111 tempest-DeleteServersTestJSON-1446497111-project] Lock "1109769a-7298-4748-ae17-733789e7a090" acquired by "nova.context.set_target_cell..get_or_set_cached_cell_and_set_connections" :: waited 0.000s {{(pid=116933) inner /usr/local/lib/python3.8/dist-packages/oslo_concurrency/lockutils.py:386}}
Mar 31 20:22:04.586083 dv-cinder-836071-1-iscsi devstack@n-api.service[116933]: DEBUG oslo_concurrency.lockutils [None req-7ac69cbb-ee13-4092-9234-014c3b58bb20 tempest-DeleteServersTestJSON-1446497111 tempest-DeleteServersTestJSON-1446497111-project] Lock "1109769a-7298-4748-ae17-733789e7a090" "released" by "nova.context.set_target_cell..get_or_set_cached_cell_and_set_connections" :: held 0.007s {{(pid=116933) inner /usr/local/lib/python3.8/dist-packages/oslo_concurrency/lockutils.py:400}}
Mar 31 20:22:04.699162 dv-cinder-836071-1-iscsi devstack@n-api.service[116934]: INFO nova.api.openstack.requestlog [None req-3d44c84f-d808-40c7-b873-06d4a0f9b790 tempest-VolumesTestJSON-317191291 tempest-VolumesTestJSON-317191291-project] 10.222.0.82 "GET /compute/v2.1/os-volumes/detail" status: 200 len: 1035 microversion: 2.1 time: 0.157074
Mar 31 20:22:04.699754 dv-cinder-836071-1-iscsi devstack@n-api.service[116934]: [pid: 116934|app: 0|req: 13/15] 10.222.0.82 () {58 vars in 1154 bytes} [Thu Mar 31 20:22:04 2022] GET /compute/v2.1/os-volumes/detail => generated 1035 bytes in 158 msecs (HTTP/1.1 200) 9 headers in 358 bytes (2 switches on core 0)
Mar 31 20:22:04.712206 dv-cinder-836071-1-iscsi devstack@n-api.service[116934]: DEBUG nova.api.openstack.wsgi [None req-50803b5b-e8c2-4140-b95d-11c3d50aae9a tempest-VolumesTestJSON-317191291 tempest-VolumesTestJSON-317191291-project] Calling method '.version_select at 0x7fccf24a1b80>' {{(pid=116934) _process_stack /opt/stack/nova/nova/api/openstack/wsgi.py:513}}
Mar 31 20:22:04.724009 dv-cinder-836071-1-iscsi devstack@n-api.service[116933]: DEBUG nova.quota [None req-7ac69cbb-ee13-4092-9234-014c3b58bb20 tempest-DeleteServersTestJSON-1446497111 tempest-DeleteServersTestJSON-1446497111-project] Getting quotas for project b2dc8e0e7dd04f4d9cdc30d320fdba47. Resources: {'ram', 'instances', 'cores'} {{(pid=116933) _get_quotas /opt/stack/nova/nova/quota.py:393}}
Mar 31 20:22:04.753397 dv-cinder-836071-1-iscsi devstack@n-api.service[116933]: DEBUG nova.quota [None req-7ac69cbb-ee13-4092-9234-014c3b58bb20 tempest-DeleteServersTestJSON-1446497111 tempest-DeleteServersTestJSON-1446497111-project] Getting quotas for user f5365c639d56468d900026a78481af64 and project b2dc8e0e7dd04f4d9cdc30d320fdba47. Resources: {'ram', 'instances', 'cores'} {{(pid=116933) _get_quotas /opt/stack/nova/nova/quota.py:383}}
Mar 31 20:22:04.804619 dv-cinder-836071-1-iscsi devstack@n-api.service[116933]: DEBUG nova.compute.api [None req-7ac69cbb-ee13-4092-9234-014c3b58bb20 tempest-DeleteServersTestJSON-1446497111 tempest-DeleteServersTestJSON-1446497111-project] Going to run 1 instances... {{(pid=116933) _provision_instances /opt/stack/nova/nova/compute/api.py:1389}}
Mar 31 20:22:04.813818 dv-cinder-836071-1-iscsi devstack@n-api.service[116933]: DEBUG nova.compute.api [None req-7ac69cbb-ee13-4092-9234-014c3b58bb20 tempest-DeleteServersTestJSON-1446497111 tempest-DeleteServersTestJSON-1446497111-project] [instance: cead3601-c912-4212-8a6e-f26dfef2006f] block_device_mapping [BlockDeviceMapping(attachment_id=,boot_index=0,connection_info=None,created_at=,delete_on_termination=True,deleted=,deleted_at=,destination_type='local',device_name=None,device_type='disk',disk_bus=None,guest_format=None,id=,image_id='e7fee5b9-e011-461d-b100-e4763f930b41',instance=,instance_uuid=,no_device=False,snapshot_id=None,source_type='image',tag=None,updated_at=,uuid=,volume_id=None,volume_size=None,volume_type=None)] {{(pid=116933) _bdm_validate_set_size_and_instance /opt/stack/nova/nova/compute/api.py:1807}}
Mar 31 20:22:04.946754 dv-cinder-836071-1-iscsi devstack@n-api.service[116934]: INFO nova.api.openstack.requestlog [None req-50803b5b-e8c2-4140-b95d-11c3d50aae9a tempest-VolumesTestJSON-317191291 tempest-VolumesTestJSON-317191291-project] 10.222.0.82 "GET /compute/v2.1/os-volumes/detail?offset=1&limit=1" status: 200 len: 354 microversion: 2.1 time: 0.238728
Mar 31 20:22:04.947465 dv-cinder-836071-1-iscsi devstack@n-api.service[116934]: [pid: 116934|app: 0|req: 14/16] 10.222.0.82 () {58 vars in 1187 bytes} [Thu Mar 31 20:22:04 2022] GET /compute/v2.1/os-volumes/detail?offset=1&limit=1 => generated 354 bytes in 240 msecs (HTTP/1.1 200) 9 headers in 357 bytes (1 switches on core 0)
Mar 31 20:22:04.960148 dv-cinder-836071-1-iscsi devstack@n-api.service[116934]: DEBUG nova.api.openstack.wsgi [None req-24040e48-ac04-4c20-b724-8abd0f392c8f tempest-VolumesTestJSON-317191291 tempest-VolumesTestJSON-317191291-project] Calling method '.version_select at 0x7fccf2490ee0>' {{(pid=116934) _process_stack /opt/stack/nova/nova/api/openstack/wsgi.py:513}}
Mar 31 20:22:05.075323 dv-cinder-836071-1-iscsi devstack@n-api.service[116933]: INFO nova.api.openstack.requestlog [None req-7ac69cbb-ee13-4092-9234-014c3b58bb20 tempest-DeleteServersTestJSON-1446497111 tempest-DeleteServersTestJSON-1446497111-project] 10.222.0.82 "POST /compute/v2.1/servers" status: 202 len: 380 microversion: 2.1 time: 3.637470
Mar 31 20:22:05.076095 dv-cinder-836071-1-iscsi devstack@n-api.service[116933]: [pid: 116933|app: 0|req: 3/17] 10.222.0.82 () {60 vars in 1146 bytes} [Thu Mar 31 20:22:01 2022] POST /compute/v2.1/servers => generated 380 bytes in 3646 msecs (HTTP/1.1 202) 10 headers in 451 bytes (1 switches on core 0)
Mar 31 20:22:05.156438 dv-cinder-836071-1-iscsi devstack@n-api.service[116933]: DEBUG nova.api.openstack.wsgi [None req-69e5c0dd-00e0-4e74-b22a-48dc96f0b7f5 tempest-DeleteServersTestJSON-1446497111 tempest-DeleteServersTestJSON-1446497111-project] Calling method '>' {{(pid=116933) _process_stack /opt/stack/nova/nova/api/openstack/wsgi.py:513}}
Mar 31 20:22:05.156438 dv-cinder-836071-1-iscsi devstack@n-api.service[116933]: DEBUG nova.compute.api [None req-69e5c0dd-00e0-4e74-b22a-48dc96f0b7f5 tempest-DeleteServersTestJSON-1446497111 tempest-DeleteServersTestJSON-1446497111-project] [instance: cead3601-c912-4212-8a6e-f26dfef2006f] Fetching instance by UUID {{(pid=116933) get /opt/stack/nova/nova/compute/api.py:2918}}
Mar 31 20:22:05.204732 dv-cinder-836071-1-iscsi devstack@n-api.service[116934]: INFO nova.api.openstack.requestlog [None req-24040e48-ac04-4c20-b724-8abd0f392c8f tempest-VolumesTestJSON-317191291 tempest-VolumesTestJSON-317191291-project] 10.222.0.82 "GET /compute/v2.1/os-volumes/detail" status: 200 len: 1035 microversion: 2.1 time: 0.248633
Mar 31 20:22:05.205739 dv-cinder-836071-1-iscsi devstack@n-api.service[116934]: [pid: 116934|app: 0|req: 15/18] 10.222.0.82 () {58 vars in 1154 bytes} [Thu Mar 31 20:22:04 2022] GET /compute/v2.1/os-volumes/detail => generated 1035 bytes in 250 msecs (HTTP/1.1 200) 9 headers in 358 bytes (1 switches on core 0)
Mar 31 20:22:05.583111 dv-cinder-836071-1-iscsi devstack@n-api.service[116933]: DEBUG nova.policy [None req-69e5c0dd-00e0-4e74-b22a-48dc96f0b7f5 tempest-DeleteServersTestJSON-1446497111 tempest-DeleteServersTestJSON-1446497111-project] Policy check for os_compute_api:os-extended-server-attributes failed with credentials {'is_admin': False, 'user_id': 'f5365c639d56468d900026a78481af64', 'user_domain_id': 'default', 'system_scope': None, 'domain_id': None, 'project_id': 'b2dc8e0e7dd04f4d9cdc30d320fdba47', 'project_domain_id': 'default', 'roles': ['member', 'reader'], 'is_admin_project': True, 'service_user_id': None, 'service_user_domain_id': None, 'service_project_id': None, 'service_project_domain_id': None, 'service_roles': []} {{(pid=116933) authorize /opt/stack/nova/nova/policy.py:199}}
Mar 31 20:22:05.607561 dv-cinder-836071-1-iscsi devstack@n-api.service[116933]: INFO nova.api.openstack.requestlog [None req-69e5c0dd-00e0-4e74-b22a-48dc96f0b7f5 tempest-DeleteServersTestJSON-1446497111 tempest-DeleteServersTestJSON-1446497111-project] 10.222.0.82 "GET /compute/v2.1/servers/cead3601-c912-4212-8a6e-f26dfef2006f" status: 200 len: 1215 microversion: 2.1 time: 0.520699
Mar 31 20:22:05.608462 dv-cinder-836071-1-iscsi devstack@n-api.service[116933]: [pid: 116933|app: 0|req: 4/19] 10.222.0.82 () {58 vars in 1235 bytes} [Thu Mar 31 20:22:05 2022] GET /compute/v2.1/servers/cead3601-c912-4212-8a6e-f26dfef2006f => generated 1215 bytes in 524 msecs (HTTP/1.1 200) 9 headers in 358 bytes (1 switches on core 0)
Mar 31 20:22:06.627737 dv-cinder-836071-1-iscsi devstack@n-api.service[116934]: DEBUG nova.api.openstack.wsgi [None req-3ba359e7-f675-451b-a694-24429d5eb104 tempest-DeleteServersTestJSON-1446497111 tempest-DeleteServersTestJSON-1446497111-project] Calling method '>' {{(pid=116934) _process_stack /opt/stack/nova/nova/api/openstack/wsgi.py:513}}
Mar 31 20:22:06.628503 dv-cinder-836071-1-iscsi devstack@n-api.service[116934]: DEBUG nova.compute.api [None req-3ba359e7-f675-451b-a694-24429d5eb104 tempest-DeleteServersTestJSON-1446497111 tempest-DeleteServersTestJSON-1446497111-project] [instance: cead3601-c912-4212-8a6e-f26dfef2006f] Fetching instance by UUID {{(pid=116934) get /opt/stack/nova/nova/compute/api.py:2918}}
Mar 31 20:22:06.887705 dv-cinder-836071-1-iscsi devstack@n-api.service[116934]: DEBUG nova.policy [None req-3ba359e7-f675-451b-a694-24429d5eb104 tempest-DeleteServersTestJSON-1446497111 tempest-DeleteServersTestJSON-1446497111-project] Policy check for os_compute_api:os-extended-server-attributes failed with credentials {'is_admin': False, 'user_id': 'f5365c639d56468d900026a78481af64', 'user_domain_id': 'default', 'system_scope': None, 'domain_id': None, 'project_id': 'b2dc8e0e7dd04f4d9cdc30d320fdba47', 'project_domain_id': 'default', 'roles': ['member', 'reader'], 'is_admin_project': True, 'service_user_id': None, 'service_user_domain_id': None, 'service_project_id': None, 'service_project_domain_id': None, 'service_roles': []} {{(pid=116934) authorize /opt/stack/nova/nova/policy.py:199}}
Mar 31 20:22:06.914078 dv-cinder-836071-1-iscsi devstack@n-api.service[116934]: INFO nova.api.openstack.requestlog [None req-3ba359e7-f675-451b-a694-24429d5eb104 tempest-DeleteServersTestJSON-1446497111 tempest-DeleteServersTestJSON-1446497111-project] 10.222.0.82 "GET /compute/v2.1/servers/cead3601-c912-4212-8a6e-f26dfef2006f" status: 200 len: 1215 microversion: 2.1 time: 0.290469
Mar 31 20:22:06.917754 dv-cinder-836071-1-iscsi devstack@n-api.service[116934]: [pid: 116934|app: 0|req: 16/20] 10.222.0.82 () {58 vars in 1235 bytes} [Thu Mar 31 20:22:06 2022] GET /compute/v2.1/servers/cead3601-c912-4212-8a6e-f26dfef2006f => generated 1215 bytes in 296 msecs (HTTP/1.1 200) 9 headers in 358 bytes (1 switches on core 0)
Mar 31 20:22:07.933845 dv-cinder-836071-1-iscsi devstack@n-api.service[116933]: DEBUG nova.api.openstack.wsgi [None req-4cef8f36-5f25-4a3a-b921-b67ba8a5584c tempest-DeleteServersTestJSON-1446497111 tempest-DeleteServersTestJSON-1446497111-project] Calling method '>' {{(pid=116933) _process_stack /opt/stack/nova/nova/api/openstack/wsgi.py:513}}
Mar 31 20:22:07.934462 dv-cinder-836071-1-iscsi devstack@n-api.service[116933]: DEBUG nova.compute.api [None req-4cef8f36-5f25-4a3a-b921-b67ba8a5584c tempest-DeleteServersTestJSON-1446497111 tempest-DeleteServersTestJSON-1446497111-project] [instance: cead3601-c912-4212-8a6e-f26dfef2006f] Fetching instance by UUID {{(pid=116933) get /opt/stack/nova/nova/compute/api.py:2918}}
Mar 31 20:22:07.947027 dv-cinder-836071-1-iscsi devstack@n-api.service[116933]: DEBUG oslo_concurrency.lockutils [None req-4cef8f36-5f25-4a3a-b921-b67ba8a5584c tempest-DeleteServersTestJSON-1446497111 tempest-DeleteServersTestJSON-1446497111-project] Lock "1109769a-7298-4748-ae17-733789e7a090" acquired by "nova.context.set_target_cell..get_or_set_cached_cell_and_set_connections" :: waited 0.000s {{(pid=116933) inner /usr/local/lib/python3.8/dist-packages/oslo_concurrency/lockutils.py:386}}
Mar 31 20:22:07.947941 dv-cinder-836071-1-iscsi devstack@n-api.service[116933]: DEBUG oslo_concurrency.lockutils [None req-4cef8f36-5f25-4a3a-b921-b67ba8a5584c tempest-DeleteServersTestJSON-1446497111 tempest-DeleteServersTestJSON-1446497111-project] Lock "1109769a-7298-4748-ae17-733789e7a090" "released" by "nova.context.set_target_cell..get_or_set_cached_cell_and_set_connections" :: held 0.001s {{(pid=116933) inner /usr/local/lib/python3.8/dist-packages/oslo_concurrency/lockutils.py:400}}
Mar 31 20:22:07.949119 dv-cinder-836071-1-iscsi devstack@n-api.service[116933]: DEBUG oslo_concurrency.lockutils [None req-4cef8f36-5f25-4a3a-b921-b67ba8a5584c tempest-DeleteServersTestJSON-1446497111 tempest-DeleteServersTestJSON-1446497111-project] Lock "1109769a-7298-4748-ae17-733789e7a090" acquired by "nova.context.set_target_cell..get_or_set_cached_cell_and_set_connections" :: waited 0.000s {{(pid=116933) inner /usr/local/lib/python3.8/dist-packages/oslo_concurrency/lockutils.py:386}}
Mar 31 20:22:07.949761 dv-cinder-836071-1-iscsi devstack@n-api.service[116933]: DEBUG oslo_concurrency.lockutils [None req-4cef8f36-5f25-4a3a-b921-b67ba8a5584c tempest-DeleteServersTestJSON-1446497111 tempest-DeleteServersTestJSON-1446497111-project] Lock "1109769a-7298-4748-ae17-733789e7a090" "released" by "nova.context.set_target_cell..get_or_set_cached_cell_and_set_connections" :: held 0.001s {{(pid=116933) inner /usr/local/lib/python3.8/dist-packages/oslo_concurrency/lockutils.py:400}}
Mar 31 20:22:08.350186 dv-cinder-836071-1-iscsi devstack@n-api.service[116933]: DEBUG nova.policy [None req-4cef8f36-5f25-4a3a-b921-b67ba8a5584c tempest-DeleteServersTestJSON-1446497111 tempest-DeleteServersTestJSON-1446497111-project] Policy check for os_compute_api:os-extended-server-attributes failed with credentials {'is_admin': False, 'user_id': 'f5365c639d56468d900026a78481af64', 'user_domain_id': 'default', 'system_scope': None, 'domain_id': None, 'project_id': 'b2dc8e0e7dd04f4d9cdc30d320fdba47', 'project_domain_id': 'default', 'roles': ['member', 'reader'], 'is_admin_project': True, 'service_user_id': None, 'service_user_domain_id': None, 'service_project_id': None, 'service_project_domain_id': None, 'service_roles': []} {{(pid=116933) authorize /opt/stack/nova/nova/policy.py:199}}
Mar 31 20:22:08.382491 dv-cinder-836071-1-iscsi devstack@n-api.service[116933]: INFO nova.api.openstack.requestlog [None req-4cef8f36-5f25-4a3a-b921-b67ba8a5584c tempest-DeleteServersTestJSON-1446497111 tempest-DeleteServersTestJSON-1446497111-project] 10.222.0.82 "GET /compute/v2.1/servers/cead3601-c912-4212-8a6e-f26dfef2006f" status: 200 len: 1211 microversion: 2.1 time: 0.448667
Mar 31 20:22:08.385871 dv-cinder-836071-1-iscsi devstack@n-api.service[116933]: [pid: 116933|app: 0|req: 5/21] 10.222.0.82 () {58 vars in 1235 bytes} [Thu Mar 31 20:22:07 2022] GET /compute/v2.1/servers/cead3601-c912-4212-8a6e-f26dfef2006f => generated 1211 bytes in 456 msecs (HTTP/1.1 200) 9 headers in 358 bytes (1 switches on core 0)
Mar 31 20:22:09.400719 dv-cinder-836071-1-iscsi devstack@n-api.service[116934]: DEBUG nova.api.openstack.wsgi [None req-b33ef6cc-442d-465a-8b1b-6f63d7c32932 tempest-DeleteServersTestJSON-1446497111 tempest-DeleteServersTestJSON-1446497111-project] Calling method '>' {{(pid=116934) _process_stack /opt/stack/nova/nova/api/openstack/wsgi.py:513}}
Mar 31 20:22:09.401899 dv-cinder-836071-1-iscsi devstack@n-api.service[116934]: DEBUG nova.compute.api [None req-b33ef6cc-442d-465a-8b1b-6f63d7c32932 tempest-DeleteServersTestJSON-1446497111 tempest-DeleteServersTestJSON-1446497111-project] [instance: cead3601-c912-4212-8a6e-f26dfef2006f] Fetching instance by UUID {{(pid=116934) get /opt/stack/nova/nova/compute/api.py:2918}}
Mar 31 20:22:09.410584 dv-cinder-836071-1-iscsi devstack@n-api.service[116934]: DEBUG oslo_concurrency.lockutils [None req-b33ef6cc-442d-465a-8b1b-6f63d7c32932 tempest-DeleteServersTestJSON-1446497111 tempest-DeleteServersTestJSON-1446497111-project] Lock "1109769a-7298-4748-ae17-733789e7a090" acquired by "nova.context.set_target_cell..get_or_set_cached_cell_and_set_connections" :: waited 0.000s {{(pid=116934) inner /usr/local/lib/python3.8/dist-packages/oslo_concurrency/lockutils.py:386}}
Mar 31 20:22:09.413131 dv-cinder-836071-1-iscsi devstack@n-api.service[116934]: DEBUG oslo_concurrency.lockutils [None req-b33ef6cc-442d-465a-8b1b-6f63d7c32932 tempest-DeleteServersTestJSON-1446497111 tempest-DeleteServersTestJSON-1446497111-project] Lock "1109769a-7298-4748-ae17-733789e7a090" "released" by "nova.context.set_target_cell..get_or_set_cached_cell_and_set_connections" :: held 0.001s {{(pid=116934) inner /usr/local/lib/python3.8/dist-packages/oslo_concurrency/lockutils.py:400}}
Mar 31 20:22:09.415433 dv-cinder-836071-1-iscsi devstack@n-api.service[116934]: DEBUG oslo_concurrency.lockutils [None req-b33ef6cc-442d-465a-8b1b-6f63d7c32932 tempest-DeleteServersTestJSON-1446497111 tempest-DeleteServersTestJSON-1446497111-project] Lock "1109769a-7298-4748-ae17-733789e7a090" acquired by "nova.context.set_target_cell..get_or_set_cached_cell_and_set_connections" :: waited 0.000s {{(pid=116934) inner /usr/local/lib/python3.8/dist-packages/oslo_concurrency/lockutils.py:386}}
Mar 31 20:22:09.416842 dv-cinder-836071-1-iscsi devstack@n-api.service[116934]: DEBUG oslo_concurrency.lockutils [None req-b33ef6cc-442d-465a-8b1b-6f63d7c32932 tempest-DeleteServersTestJSON-1446497111 tempest-DeleteServersTestJSON-1446497111-project] Lock "1109769a-7298-4748-ae17-733789e7a090" "released" by "nova.context.set_target_cell..get_or_set_cached_cell_and_set_connections" :: held 0.001s {{(pid=116934) inner /usr/local/lib/python3.8/dist-packages/oslo_concurrency/lockutils.py:400}}
Mar 31 20:22:09.746272 dv-cinder-836071-1-iscsi devstack@n-api.service[116934]: DEBUG nova.policy [None req-b33ef6cc-442d-465a-8b1b-6f63d7c32932 tempest-DeleteServersTestJSON-1446497111 tempest-DeleteServersTestJSON-1446497111-project] Policy check for os_compute_api:os-extended-server-attributes failed with credentials {'is_admin': False, 'user_id': 'f5365c639d56468d900026a78481af64', 'user_domain_id': 'default', 'system_scope': None, 'domain_id': None, 'project_id': 'b2dc8e0e7dd04f4d9cdc30d320fdba47', 'project_domain_id': 'default', 'roles': ['member', 'reader'], 'is_admin_project': True, 'service_user_id': None, 'service_user_domain_id': None, 'service_project_id': None, 'service_project_domain_id': None, 'service_roles': []} {{(pid=116934) authorize /opt/stack/nova/nova/policy.py:199}}
Mar 31 20:22:09.758960 dv-cinder-836071-1-iscsi devstack@n-api.service[116934]: INFO nova.api.openstack.requestlog [None req-b33ef6cc-442d-465a-8b1b-6f63d7c32932 tempest-DeleteServersTestJSON-1446497111 tempest-DeleteServersTestJSON-1446497111-project] 10.222.0.82 "GET /compute/v2.1/servers/cead3601-c912-4212-8a6e-f26dfef2006f" status: 200 len: 1273 microversion: 2.1 time: 0.362154
Mar 31 20:22:09.768437 dv-cinder-836071-1-iscsi devstack@n-api.service[116934]: [pid: 116934|app: 0|req: 17/22] 10.222.0.82 () {58 vars in 1235 bytes} [Thu Mar 31 20:22:09 2022] GET /compute/v2.1/servers/cead3601-c912-4212-8a6e-f26dfef2006f => generated 1273 bytes in 372 msecs (HTTP/1.1 200) 9 headers in 358 bytes (1 switches on core 0)
Mar 31 20:22:10.786045 dv-cinder-836071-1-iscsi devstack@n-api.service[116933]: DEBUG nova.api.openstack.wsgi [None req-5f1197d5-0098-4eed-ad48-cfe4def938c0 tempest-DeleteServersTestJSON-1446497111 tempest-DeleteServersTestJSON-1446497111-project] Calling method '>' {{(pid=116933) _process_stack /opt/stack/nova/nova/api/openstack/wsgi.py:513}}
Mar 31 20:22:10.786730 dv-cinder-836071-1-iscsi devstack@n-api.service[116933]: DEBUG nova.compute.api [None req-5f1197d5-0098-4eed-ad48-cfe4def938c0 tempest-DeleteServersTestJSON-1446497111 tempest-DeleteServersTestJSON-1446497111-project] [instance: cead3601-c912-4212-8a6e-f26dfef2006f] Fetching instance by UUID {{(pid=116933) get /opt/stack/nova/nova/compute/api.py:2918}}
Mar 31 20:22:10.801589 dv-cinder-836071-1-iscsi devstack@n-api.service[116933]: DEBUG oslo_concurrency.lockutils [None req-5f1197d5-0098-4eed-ad48-cfe4def938c0 tempest-DeleteServersTestJSON-1446497111 tempest-DeleteServersTestJSON-1446497111-project] Lock "1109769a-7298-4748-ae17-733789e7a090" acquired by "nova.context.set_target_cell..get_or_set_cached_cell_and_set_connections" :: waited 0.000s {{(pid=116933) inner /usr/local/lib/python3.8/dist-packages/oslo_concurrency/lockutils.py:386}}
Mar 31 20:22:10.802067 dv-cinder-836071-1-iscsi devstack@n-api.service[116933]: DEBUG oslo_concurrency.lockutils [None req-5f1197d5-0098-4eed-ad48-cfe4def938c0 tempest-DeleteServersTestJSON-1446497111 tempest-DeleteServersTestJSON-1446497111-project] Lock "1109769a-7298-4748-ae17-733789e7a090" "released" by "nova.context.set_target_cell..get_or_set_cached_cell_and_set_connections" :: held 0.001s {{(pid=116933) inner /usr/local/lib/python3.8/dist-packages/oslo_concurrency/lockutils.py:400}}
Mar 31 20:22:10.802980 dv-cinder-836071-1-iscsi devstack@n-api.service[116933]: DEBUG oslo_concurrency.lockutils [None req-5f1197d5-0098-4eed-ad48-cfe4def938c0 tempest-DeleteServersTestJSON-1446497111 tempest-DeleteServersTestJSON-1446497111-project] Lock "1109769a-7298-4748-ae17-733789e7a090" acquired by "nova.context.set_target_cell..get_or_set_cached_cell_and_set_connections" :: waited 0.000s {{(pid=116933) inner /usr/local/lib/python3.8/dist-packages/oslo_concurrency/lockutils.py:386}}
Mar 31 20:22:10.809194 dv-cinder-836071-1-iscsi devstack@n-api.service[116933]: DEBUG oslo_concurrency.lockutils [None req-5f1197d5-0098-4eed-ad48-cfe4def938c0 tempest-DeleteServersTestJSON-1446497111 tempest-DeleteServersTestJSON-1446497111-project] Lock "1109769a-7298-4748-ae17-733789e7a090" "released" by "nova.context.set_target_cell..get_or_set_cached_cell_and_set_connections" :: held 0.006s {{(pid=116933) inner /usr/local/lib/python3.8/dist-packages/oslo_concurrency/lockutils.py:400}}
Mar 31 20:22:11.160809 dv-cinder-836071-1-iscsi devstack@n-api.service[116933]: DEBUG nova.policy [None req-5f1197d5-0098-4eed-ad48-cfe4def938c0 tempest-DeleteServersTestJSON-1446497111 tempest-DeleteServersTestJSON-1446497111-project] Policy check for os_compute_api:os-extended-server-attributes failed with credentials {'is_admin': False, 'user_id': 'f5365c639d56468d900026a78481af64', 'user_domain_id': 'default', 'system_scope': None, 'domain_id': None, 'project_id': 'b2dc8e0e7dd04f4d9cdc30d320fdba47', 'project_domain_id': 'default', 'roles': ['member', 'reader'], 'is_admin_project': True, 'service_user_id': None, 'service_user_domain_id': None, 'service_project_id': None, 'service_project_domain_id': None, 'service_roles': []} {{(pid=116933) authorize /opt/stack/nova/nova/policy.py:199}}
Mar 31 20:22:11.170027 dv-cinder-836071-1-iscsi devstack@n-api.service[116933]: INFO nova.api.openstack.requestlog [None req-5f1197d5-0098-4eed-ad48-cfe4def938c0 tempest-DeleteServersTestJSON-1446497111 tempest-DeleteServersTestJSON-1446497111-project] 10.222.0.82 "GET /compute/v2.1/servers/cead3601-c912-4212-8a6e-f26dfef2006f" status: 200 len: 1273 microversion: 2.1 time: 0.388347
Mar 31 20:22:11.175075 dv-cinder-836071-1-iscsi devstack@n-api.service[116933]: [pid: 116933|app: 0|req: 6/23] 10.222.0.82 () {58 vars in 1235 bytes} [Thu Mar 31 20:22:10 2022] GET /compute/v2.1/servers/cead3601-c912-4212-8a6e-f26dfef2006f => generated 1273 bytes in 394 msecs (HTTP/1.1 200) 9 headers in 358 bytes (1 switches on core 0)
Mar 31 20:22:12.174350 dv-cinder-836071-1-iscsi devstack@n-api.service[116934]: DEBUG nova.api.openstack.wsgi [None req-87f54e20-3084-4efb-8dfc-f26aebcfbb96 tempest-AttachVolumeNegativeTest-461068439 tempest-AttachVolumeNegativeTest-461068439-project] Action: 'create', calling method: .version_select at 0x7fccf23ee8b0>, body: {"keypair": {"name": "tempest-keypair-1340212171"}} {{(pid=116934) _process_stack /opt/stack/nova/nova/api/openstack/wsgi.py:511}}
Mar 31 20:22:12.198621 dv-cinder-836071-1-iscsi devstack@n-api.service[116933]: DEBUG nova.api.openstack.wsgi [None req-0d1656fe-623c-49f7-a627-a1502dd772d6 tempest-DeleteServersTestJSON-1446497111 tempest-DeleteServersTestJSON-1446497111-project] Calling method '>' {{(pid=116933) _process_stack /opt/stack/nova/nova/api/openstack/wsgi.py:513}}
Mar 31 20:22:12.201258 dv-cinder-836071-1-iscsi devstack@n-api.service[116933]: DEBUG nova.compute.api [None req-0d1656fe-623c-49f7-a627-a1502dd772d6 tempest-DeleteServersTestJSON-1446497111 tempest-DeleteServersTestJSON-1446497111-project] [instance: cead3601-c912-4212-8a6e-f26dfef2006f] Fetching instance by UUID {{(pid=116933) get /opt/stack/nova/nova/compute/api.py:2918}}
Mar 31 20:22:12.216486 dv-cinder-836071-1-iscsi devstack@n-api.service[116933]: DEBUG oslo_concurrency.lockutils [None req-0d1656fe-623c-49f7-a627-a1502dd772d6 tempest-DeleteServersTestJSON-1446497111 tempest-DeleteServersTestJSON-1446497111-project] Lock "1109769a-7298-4748-ae17-733789e7a090" acquired by "nova.context.set_target_cell..get_or_set_cached_cell_and_set_connections" :: waited 0.001s {{(pid=116933) inner /usr/local/lib/python3.8/dist-packages/oslo_concurrency/lockutils.py:386}}
Mar 31 20:22:12.230978 dv-cinder-836071-1-iscsi devstack@n-api.service[116933]: DEBUG oslo_concurrency.lockutils [None req-0d1656fe-623c-49f7-a627-a1502dd772d6 tempest-DeleteServersTestJSON-1446497111 tempest-DeleteServersTestJSON-1446497111-project] Lock "1109769a-7298-4748-ae17-733789e7a090" "released" by "nova.context.set_target_cell..get_or_set_cached_cell_and_set_connections" :: held 0.004s {{(pid=116933) inner /usr/local/lib/python3.8/dist-packages/oslo_concurrency/lockutils.py:400}}
Mar 31 20:22:12.231998 dv-cinder-836071-1-iscsi devstack@n-api.service[116933]: DEBUG oslo_concurrency.lockutils [None req-0d1656fe-623c-49f7-a627-a1502dd772d6 tempest-DeleteServersTestJSON-1446497111 tempest-DeleteServersTestJSON-1446497111-project] Lock "1109769a-7298-4748-ae17-733789e7a090" acquired by "nova.context.set_target_cell..get_or_set_cached_cell_and_set_connections" :: waited 0.000s {{(pid=116933) inner /usr/local/lib/python3.8/dist-packages/oslo_concurrency/lockutils.py:386}}
Mar 31 20:22:12.232563 dv-cinder-836071-1-iscsi devstack@n-api.service[116933]: DEBUG oslo_concurrency.lockutils [None req-0d1656fe-623c-49f7-a627-a1502dd772d6 tempest-DeleteServersTestJSON-1446497111 tempest-DeleteServersTestJSON-1446497111-project] Lock "1109769a-7298-4748-ae17-733789e7a090" "released" by "nova.context.set_target_cell..get_or_set_cached_cell_and_set_connections" :: held 0.001s {{(pid=116933) inner /usr/local/lib/python3.8/dist-packages/oslo_concurrency/lockutils.py:400}}
Mar 31 20:22:12.297512 dv-cinder-836071-1-iscsi devstack@n-api.service[116934]: DEBUG nova.quota [None req-87f54e20-3084-4efb-8dfc-f26aebcfbb96 tempest-AttachVolumeNegativeTest-461068439 tempest-AttachVolumeNegativeTest-461068439-project] Getting quotas for project 8458c23e6cee4d3ba8c3caf1196ae08b. Resources: {'key_pairs'} {{(pid=116934) _get_quotas /opt/stack/nova/nova/quota.py:393}}
Mar 31 20:22:12.341028 dv-cinder-836071-1-iscsi devstack@n-api.service[116934]: DEBUG nova.quota [None req-87f54e20-3084-4efb-8dfc-f26aebcfbb96 tempest-AttachVolumeNegativeTest-461068439 tempest-AttachVolumeNegativeTest-461068439-project] Getting quotas for user 25c4943f87f74e6e9a30f3488125ee23 and project 8458c23e6cee4d3ba8c3caf1196ae08b. Resources: {'key_pairs'} {{(pid=116934) _get_quotas /opt/stack/nova/nova/quota.py:383}}
Mar 31 20:22:12.387328 dv-cinder-836071-1-iscsi devstack@n-api.service[116933]: DEBUG nova.policy [None req-0d1656fe-623c-49f7-a627-a1502dd772d6 tempest-DeleteServersTestJSON-1446497111 tempest-DeleteServersTestJSON-1446497111-project] Policy check for os_compute_api:os-extended-server-attributes failed with credentials {'is_admin': False, 'user_id': 'f5365c639d56468d900026a78481af64', 'user_domain_id': 'default', 'system_scope': None, 'domain_id': None, 'project_id': 'b2dc8e0e7dd04f4d9cdc30d320fdba47', 'project_domain_id': 'default', 'roles': ['member', 'reader'], 'is_admin_project': True, 'service_user_id': None, 'service_user_domain_id': None, 'service_project_id': None, 'service_project_domain_id': None, 'service_roles': []} {{(pid=116933) authorize /opt/stack/nova/nova/policy.py:199}}
Mar 31 20:22:12.401334 dv-cinder-836071-1-iscsi devstack@n-api.service[116933]: INFO nova.api.openstack.requestlog [None req-0d1656fe-623c-49f7-a627-a1502dd772d6 tempest-DeleteServersTestJSON-1446497111 tempest-DeleteServersTestJSON-1446497111-project] 10.222.0.82 "GET /compute/v2.1/servers/cead3601-c912-4212-8a6e-f26dfef2006f" status: 200 len: 1273 microversion: 2.1 time: 0.211275
Mar 31 20:22:12.404294 dv-cinder-836071-1-iscsi devstack@n-api.service[116933]: [pid: 116933|app: 0|req: 7/24] 10.222.0.82 () {58 vars in 1235 bytes} [Thu Mar 31 20:22:12 2022] GET /compute/v2.1/servers/cead3601-c912-4212-8a6e-f26dfef2006f => generated 1273 bytes in 216 msecs (HTTP/1.1 200) 9 headers in 358 bytes (1 switches on core 0)
Mar 31 20:22:12.865837 dv-cinder-836071-1-iscsi devstack@n-api.service[116934]: DEBUG nova.quota [None req-87f54e20-3084-4efb-8dfc-f26aebcfbb96 tempest-AttachVolumeNegativeTest-461068439 tempest-AttachVolumeNegativeTest-461068439-project] Getting quotas for project 8458c23e6cee4d3ba8c3caf1196ae08b. Resources: {'key_pairs'} {{(pid=116934) _get_quotas /opt/stack/nova/nova/quota.py:393}}
Mar 31 20:22:12.871841 dv-cinder-836071-1-iscsi devstack@n-api.service[116934]: DEBUG nova.quota [None req-87f54e20-3084-4efb-8dfc-f26aebcfbb96 tempest-AttachVolumeNegativeTest-461068439 tempest-AttachVolumeNegativeTest-461068439-project] Getting quotas for user 25c4943f87f74e6e9a30f3488125ee23 and project 8458c23e6cee4d3ba8c3caf1196ae08b. Resources: {'key_pairs'} {{(pid=116934) _get_quotas /opt/stack/nova/nova/quota.py:383}}
Mar 31 20:22:12.915767 dv-cinder-836071-1-iscsi devstack@n-api.service[116934]: INFO nova.api.openstack.requestlog [None req-87f54e20-3084-4efb-8dfc-f26aebcfbb96 tempest-AttachVolumeNegativeTest-461068439 tempest-AttachVolumeNegativeTest-461068439-project] 10.222.0.82 "POST /compute/v2.1/os-keypairs" status: 200 len: 2301 microversion: 2.1 time: 1.009116
Mar 31 20:22:12.917632 dv-cinder-836071-1-iscsi devstack@n-api.service[116934]: [pid: 116934|app: 0|req: 18/25] 10.222.0.82 () {60 vars in 1157 bytes} [Thu Mar 31 20:22:11 2022] POST /compute/v2.1/os-keypairs => generated 2301 bytes in 1012 msecs (HTTP/1.1 200) 9 headers in 358 bytes (1 switches on core 0)
Mar 31 20:22:13.422800 dv-cinder-836071-1-iscsi devstack@n-api.service[116933]: DEBUG nova.api.openstack.wsgi [None req-cc8a6ac7-c86b-4994-962f-055bc80424c7 tempest-DeleteServersTestJSON-1446497111 tempest-DeleteServersTestJSON-1446497111-project] Calling method '>' {{(pid=116933) _process_stack /opt/stack/nova/nova/api/openstack/wsgi.py:513}}
Mar 31 20:22:13.424026 dv-cinder-836071-1-iscsi devstack@n-api.service[116933]: DEBUG nova.compute.api [None req-cc8a6ac7-c86b-4994-962f-055bc80424c7 tempest-DeleteServersTestJSON-1446497111 tempest-DeleteServersTestJSON-1446497111-project] [instance: cead3601-c912-4212-8a6e-f26dfef2006f] Fetching instance by UUID {{(pid=116933) get /opt/stack/nova/nova/compute/api.py:2918}}
Mar 31 20:22:13.448336 dv-cinder-836071-1-iscsi devstack@n-api.service[116933]: DEBUG oslo_concurrency.lockutils [None req-cc8a6ac7-c86b-4994-962f-055bc80424c7 tempest-DeleteServersTestJSON-1446497111 tempest-DeleteServersTestJSON-1446497111-project] Lock "1109769a-7298-4748-ae17-733789e7a090" acquired by "nova.context.set_target_cell..get_or_set_cached_cell_and_set_connections" :: waited 0.000s {{(pid=116933) inner /usr/local/lib/python3.8/dist-packages/oslo_concurrency/lockutils.py:386}}
Mar 31 20:22:13.453251 dv-cinder-836071-1-iscsi devstack@n-api.service[116933]: DEBUG oslo_concurrency.lockutils [None req-cc8a6ac7-c86b-4994-962f-055bc80424c7 tempest-DeleteServersTestJSON-1446497111 tempest-DeleteServersTestJSON-1446497111-project] Lock "1109769a-7298-4748-ae17-733789e7a090" "released" by "nova.context.set_target_cell..get_or_set_cached_cell_and_set_connections" :: held 0.009s {{(pid=116933) inner /usr/local/lib/python3.8/dist-packages/oslo_concurrency/lockutils.py:400}}
Mar 31 20:22:13.457941 dv-cinder-836071-1-iscsi devstack@n-api.service[116933]: DEBUG oslo_concurrency.lockutils [None req-cc8a6ac7-c86b-4994-962f-055bc80424c7 tempest-DeleteServersTestJSON-1446497111 tempest-DeleteServersTestJSON-1446497111-project] Lock "1109769a-7298-4748-ae17-733789e7a090" acquired by "nova.context.set_target_cell..get_or_set_cached_cell_and_set_connections" :: waited 0.000s {{(pid=116933) inner /usr/local/lib/python3.8/dist-packages/oslo_concurrency/lockutils.py:386}}
Mar 31 20:22:13.459022 dv-cinder-836071-1-iscsi devstack@n-api.service[116933]: DEBUG oslo_concurrency.lockutils [None req-cc8a6ac7-c86b-4994-962f-055bc80424c7 tempest-DeleteServersTestJSON-1446497111 tempest-DeleteServersTestJSON-1446497111-project] Lock "1109769a-7298-4748-ae17-733789e7a090" "released" by "nova.context.set_target_cell..get_or_set_cached_cell_and_set_connections" :: held 0.001s {{(pid=116933) inner /usr/local/lib/python3.8/dist-packages/oslo_concurrency/lockutils.py:400}}
Mar 31 20:22:13.788230 dv-cinder-836071-1-iscsi devstack@n-api.service[116933]: DEBUG nova.policy [None req-cc8a6ac7-c86b-4994-962f-055bc80424c7 tempest-DeleteServersTestJSON-1446497111 tempest-DeleteServersTestJSON-1446497111-project] Policy check for os_compute_api:os-extended-server-attributes failed with credentials {'is_admin': False, 'user_id': 'f5365c639d56468d900026a78481af64', 'user_domain_id': 'default', 'system_scope': None, 'domain_id': None, 'project_id': 'b2dc8e0e7dd04f4d9cdc30d320fdba47', 'project_domain_id': 'default', 'roles': ['member', 'reader'], 'is_admin_project': True, 'service_user_id': None, 'service_user_domain_id': None, 'service_project_id': None, 'service_project_domain_id': None, 'service_roles': []} {{(pid=116933) authorize /opt/stack/nova/nova/policy.py:199}}
Mar 31 20:22:13.802863 dv-cinder-836071-1-iscsi devstack@n-api.service[116933]: INFO nova.api.openstack.requestlog [None req-cc8a6ac7-c86b-4994-962f-055bc80424c7 tempest-DeleteServersTestJSON-1446497111 tempest-DeleteServersTestJSON-1446497111-project] 10.222.0.82 "GET /compute/v2.1/servers/cead3601-c912-4212-8a6e-f26dfef2006f" status: 200 len: 1273 microversion: 2.1 time: 0.383674
Mar 31 20:22:13.805616 dv-cinder-836071-1-iscsi devstack@n-api.service[116933]: [pid: 116933|app: 0|req: 8/26] 10.222.0.82 () {58 vars in 1235 bytes} [Thu Mar 31 20:22:13 2022] GET /compute/v2.1/servers/cead3601-c912-4212-8a6e-f26dfef2006f => generated 1273 bytes in 389 msecs (HTTP/1.1 200) 9 headers in 358 bytes (2 switches on core 0)
Mar 31 20:22:14.821899 dv-cinder-836071-1-iscsi devstack@n-api.service[116934]: DEBUG nova.api.openstack.wsgi [None req-1e84427e-1012-48c0-9e82-a3052b64ce5b tempest-DeleteServersTestJSON-1446497111 tempest-DeleteServersTestJSON-1446497111-project] Calling method '>' {{(pid=116934) _process_stack /opt/stack/nova/nova/api/openstack/wsgi.py:513}}
Mar 31 20:22:14.822625 dv-cinder-836071-1-iscsi devstack@n-api.service[116934]: DEBUG nova.compute.api [None req-1e84427e-1012-48c0-9e82-a3052b64ce5b tempest-DeleteServersTestJSON-1446497111 tempest-DeleteServersTestJSON-1446497111-project] [instance: cead3601-c912-4212-8a6e-f26dfef2006f] Fetching instance by UUID {{(pid=116934) get /opt/stack/nova/nova/compute/api.py:2918}}
Mar 31 20:22:14.837892 dv-cinder-836071-1-iscsi devstack@n-api.service[116934]: DEBUG oslo_concurrency.lockutils [None req-1e84427e-1012-48c0-9e82-a3052b64ce5b tempest-DeleteServersTestJSON-1446497111 tempest-DeleteServersTestJSON-1446497111-project] Lock "1109769a-7298-4748-ae17-733789e7a090" acquired by "nova.context.set_target_cell..get_or_set_cached_cell_and_set_connections" :: waited 0.000s {{(pid=116934) inner /usr/local/lib/python3.8/dist-packages/oslo_concurrency/lockutils.py:386}}
Mar 31 20:22:14.839476 dv-cinder-836071-1-iscsi devstack@n-api.service[116934]: DEBUG oslo_concurrency.lockutils [None req-1e84427e-1012-48c0-9e82-a3052b64ce5b tempest-DeleteServersTestJSON-1446497111 tempest-DeleteServersTestJSON-1446497111-project] Lock "1109769a-7298-4748-ae17-733789e7a090" "released" by "nova.context.set_target_cell..get_or_set_cached_cell_and_set_connections" :: held 0.002s {{(pid=116934) inner /usr/local/lib/python3.8/dist-packages/oslo_concurrency/lockutils.py:400}}
Mar 31 20:22:14.840626 dv-cinder-836071-1-iscsi devstack@n-api.service[116934]: DEBUG oslo_concurrency.lockutils [None req-1e84427e-1012-48c0-9e82-a3052b64ce5b tempest-DeleteServersTestJSON-1446497111 tempest-DeleteServersTestJSON-1446497111-project] Lock "1109769a-7298-4748-ae17-733789e7a090" acquired by "nova.context.set_target_cell..get_or_set_cached_cell_and_set_connections" :: waited 0.000s {{(pid=116934) inner /usr/local/lib/python3.8/dist-packages/oslo_concurrency/lockutils.py:386}}
Mar 31 20:22:14.841219 dv-cinder-836071-1-iscsi devstack@n-api.service[116934]: DEBUG oslo_concurrency.lockutils [None req-1e84427e-1012-48c0-9e82-a3052b64ce5b tempest-DeleteServersTestJSON-1446497111 tempest-DeleteServersTestJSON-1446497111-project] Lock "1109769a-7298-4748-ae17-733789e7a090" "released" by "nova.context.set_target_cell..get_or_set_cached_cell_and_set_connections" :: held 0.001s {{(pid=116934) inner /usr/local/lib/python3.8/dist-packages/oslo_concurrency/lockutils.py:400}}
Mar 31 20:22:15.792166 dv-cinder-836071-1-iscsi devstack@n-api.service[116934]: DEBUG nova.policy [None req-1e84427e-1012-48c0-9e82-a3052b64ce5b tempest-DeleteServersTestJSON-1446497111 tempest-DeleteServersTestJSON-1446497111-project] Policy check for os_compute_api:os-extended-server-attributes failed with credentials {'is_admin': False, 'user_id': 'f5365c639d56468d900026a78481af64', 'user_domain_id': 'default', 'system_scope': None, 'domain_id': None, 'project_id': 'b2dc8e0e7dd04f4d9cdc30d320fdba47', 'project_domain_id': 'default', 'roles': ['member', 'reader'], 'is_admin_project': True, 'service_user_id': None, 'service_user_domain_id': None, 'service_project_id': None, 'service_project_domain_id': None, 'service_roles': []} {{(pid=116934) authorize /opt/stack/nova/nova/policy.py:199}}
Mar 31 20:22:15.803406 dv-cinder-836071-1-iscsi devstack@n-api.service[116934]: INFO nova.api.openstack.requestlog [None req-1e84427e-1012-48c0-9e82-a3052b64ce5b tempest-DeleteServersTestJSON-1446497111 tempest-DeleteServersTestJSON-1446497111-project] 10.222.0.82 "GET /compute/v2.1/servers/cead3601-c912-4212-8a6e-f26dfef2006f" status: 200 len: 1273 microversion: 2.1 time: 0.985565
Mar 31 20:22:15.803994 dv-cinder-836071-1-iscsi devstack@n-api.service[116934]: [pid: 116934|app: 0|req: 19/27] 10.222.0.82 () {58 vars in 1235 bytes} [Thu Mar 31 20:22:14 2022] GET /compute/v2.1/servers/cead3601-c912-4212-8a6e-f26dfef2006f => generated 1273 bytes in 987 msecs (HTTP/1.1 200) 9 headers in 358 bytes (1 switches on core 0)
Mar 31 20:22:16.825202 dv-cinder-836071-1-iscsi devstack@n-api.service[116934]: DEBUG nova.api.openstack.wsgi [None req-356bb647-8e09-4ad5-a758-3aed664a05cc tempest-DeleteServersTestJSON-1446497111 tempest-DeleteServersTestJSON-1446497111-project] Calling method '>' {{(pid=116934) _process_stack /opt/stack/nova/nova/api/openstack/wsgi.py:513}}
Mar 31 20:22:16.825922 dv-cinder-836071-1-iscsi devstack@n-api.service[116934]: DEBUG nova.compute.api [None req-356bb647-8e09-4ad5-a758-3aed664a05cc tempest-DeleteServersTestJSON-1446497111 tempest-DeleteServersTestJSON-1446497111-project] [instance: cead3601-c912-4212-8a6e-f26dfef2006f] Fetching instance by UUID {{(pid=116934) get /opt/stack/nova/nova/compute/api.py:2918}}
Mar 31 20:22:16.843209 dv-cinder-836071-1-iscsi devstack@n-api.service[116934]: DEBUG oslo_concurrency.lockutils [None req-356bb647-8e09-4ad5-a758-3aed664a05cc tempest-DeleteServersTestJSON-1446497111 tempest-DeleteServersTestJSON-1446497111-project] Lock "1109769a-7298-4748-ae17-733789e7a090" acquired by "nova.context.set_target_cell..get_or_set_cached_cell_and_set_connections" :: waited 0.000s {{(pid=116934) inner /usr/local/lib/python3.8/dist-packages/oslo_concurrency/lockutils.py:386}}
Mar 31 20:22:16.847602 dv-cinder-836071-1-iscsi devstack@n-api.service[116934]: DEBUG oslo_concurrency.lockutils [None req-356bb647-8e09-4ad5-a758-3aed664a05cc tempest-DeleteServersTestJSON-1446497111 tempest-DeleteServersTestJSON-1446497111-project] Lock "1109769a-7298-4748-ae17-733789e7a090" "released" by "nova.context.set_target_cell..get_or_set_cached_cell_and_set_connections" :: held 0.003s {{(pid=116934) inner /usr/local/lib/python3.8/dist-packages/oslo_concurrency/lockutils.py:400}}
Mar 31 20:22:16.850881 dv-cinder-836071-1-iscsi devstack@n-api.service[116934]: DEBUG oslo_concurrency.lockutils [None req-356bb647-8e09-4ad5-a758-3aed664a05cc tempest-DeleteServersTestJSON-1446497111 tempest-DeleteServersTestJSON-1446497111-project] Lock "1109769a-7298-4748-ae17-733789e7a090" acquired by "nova.context.set_target_cell..get_or_set_cached_cell_and_set_connections" :: waited 0.000s {{(pid=116934) inner /usr/local/lib/python3.8/dist-packages/oslo_concurrency/lockutils.py:386}}
Mar 31 20:22:16.855131 dv-cinder-836071-1-iscsi devstack@n-api.service[116934]: DEBUG oslo_concurrency.lockutils [None req-356bb647-8e09-4ad5-a758-3aed664a05cc tempest-DeleteServersTestJSON-1446497111 tempest-DeleteServersTestJSON-1446497111-project] Lock "1109769a-7298-4748-ae17-733789e7a090" "released" by "nova.context.set_target_cell..get_or_set_cached_cell_and_set_connections" :: held 0.002s {{(pid=116934) inner /usr/local/lib/python3.8/dist-packages/oslo_concurrency/lockutils.py:400}}
Mar 31 20:22:17.087773 dv-cinder-836071-1-iscsi devstack@n-api.service[116933]: DEBUG nova.api.openstack.wsgi [None req-6f597743-9e14-48de-9e12-b9577e733709 tempest-AttachVolumeTestJSON-1797554221 tempest-AttachVolumeTestJSON-1797554221-project] Action: 'create', calling method: .version_select at 0x7fccf12319d0>, body: {"keypair": {"name": "tempest-keypair-563874920"}} {{(pid=116933) _process_stack /opt/stack/nova/nova/api/openstack/wsgi.py:511}}
Mar 31 20:22:17.177115 dv-cinder-836071-1-iscsi devstack@n-api.service[116933]: DEBUG nova.quota [None req-6f597743-9e14-48de-9e12-b9577e733709 tempest-AttachVolumeTestJSON-1797554221 tempest-AttachVolumeTestJSON-1797554221-project] Getting quotas for project 0ffda7d751584e3fa2a86ea0c5dd3a59. Resources: {'key_pairs'} {{(pid=116933) _get_quotas /opt/stack/nova/nova/quota.py:393}}
Mar 31 20:22:17.191956 dv-cinder-836071-1-iscsi devstack@n-api.service[116933]: DEBUG nova.quota [None req-6f597743-9e14-48de-9e12-b9577e733709 tempest-AttachVolumeTestJSON-1797554221 tempest-AttachVolumeTestJSON-1797554221-project] Getting quotas for user 2b95378097ea4752a30b69b6c3c811f3 and project 0ffda7d751584e3fa2a86ea0c5dd3a59. Resources: {'key_pairs'} {{(pid=116933) _get_quotas /opt/stack/nova/nova/quota.py:383}}
