May 26 16:42:30.095693 dv-cinder-836070-4-smb devstack@keystone.service[97429]: [pid: 97429|app: 0|req: 165/321] 10.222.0.93 () {56 vars in 1099 bytes} [Thu May 26 16:42:29 2022] GET /identity/v3/roles/member => generated 84 bytes in 257 msecs (HTTP/1.1 404) 5 headers in 183 bytes (1 switches on core 0)
May 26 16:42:30.099276 dv-cinder-836070-4-smb devstack@keystone.service[97428]: DEBUG keystone.server.flask.request_processing.middleware.auth_context [None req-744a1fd0-c137-482a-ac01-a13a22b077fa None None] Authenticating user token {{(pid=97428) process_request /usr/local/lib/python3.8/dist-packages/keystonemiddleware/auth_token/__init__.py:407}}
May 26 16:42:30.208320 dv-cinder-836070-4-smb devstack@keystone.service[97428]: DEBUG keystone.server.flask.request_processing.middleware.auth_context [None req-744a1fd0-c137-482a-ac01-a13a22b077fa None None] Validating token access rules against request {{(pid=97428) validate_allowed_request /usr/local/lib/python3.8/dist-packages/keystonemiddleware/auth_token/__init__.py:545}}
May 26 16:42:30.243225 dv-cinder-836070-4-smb devstack@keystone.service[97428]: DEBUG keystone.server.flask.request_processing.middleware.auth_context [None req-6150de5b-dee4-49d6-bcf4-582a97bbe6da None admin] RBAC: auth_context: {'token': , 'domain_id': None, 'trust_id': None, 'trustor_id': None, 'trustee_id': None, 'domain_name': None, 'group_ids': [], 'user_id': '35335aa619474ed5a5f6b04e6a89efaf', 'user_domain_id': 'default', 'system_scope': 'all', 'project_id': None, 'project_domain_id': None, 'roles': ['admin', 'member', 'reader'], 'is_admin_project': True, 'service_user_id': None, 'service_user_domain_id': None, 'service_project_id': None, 'service_project_domain_id': None, 'service_roles': []} {{(pid=97428) fill_context /opt/stack/keystone/keystone/server/flask/request_processing/middleware/auth_context.py:478}}
May 26 16:42:30.243920 dv-cinder-836070-4-smb devstack@keystone.service[97428]: DEBUG keystone.server.flask.request_processing.req_logging [None req-6150de5b-dee4-49d6-bcf4-582a97bbe6da None admin] REQUEST_METHOD: `GET` {{(pid=97428) log_request_info /opt/stack/keystone/keystone/server/flask/request_processing/req_logging.py:27}}
May 26 16:42:30.244203 dv-cinder-836070-4-smb devstack@keystone.service[97428]: DEBUG keystone.server.flask.request_processing.req_logging [None req-6150de5b-dee4-49d6-bcf4-582a97bbe6da None admin] SCRIPT_NAME: `/identity` {{(pid=97428) log_request_info /opt/stack/keystone/keystone/server/flask/request_processing/req_logging.py:28}}
May 26 16:42:30.244478 dv-cinder-836070-4-smb devstack@keystone.service[97428]: DEBUG keystone.server.flask.request_processing.req_logging [None req-6150de5b-dee4-49d6-bcf4-582a97bbe6da None admin] PATH_INFO: `/v3/roles` {{(pid=97428) log_request_info /opt/stack/keystone/keystone/server/flask/request_processing/req_logging.py:29}}
May 26 16:42:30.245230 dv-cinder-836070-4-smb devstack@keystone.service[97428]: DEBUG keystone.common.rbac_enforcer.enforcer [None req-6150de5b-dee4-49d6-bcf4-582a97bbe6da None admin] RBAC: Adding query filter params (name=member) {{(pid=97428) _extract_filter_values /opt/stack/keystone/keystone/common/rbac_enforcer/enforcer.py:167}}
May 26 16:42:30.245537 dv-cinder-836070-4-smb devstack@keystone.service[97428]: DEBUG keystone.common.rbac_enforcer.enforcer [None req-6150de5b-dee4-49d6-bcf4-582a97bbe6da None admin] RBAC: Authorizing `identity:list_roles()` {{(pid=97428) enforce_call /opt/stack/keystone/keystone/common/rbac_enforcer/enforcer.py:449}}
May 26 16:42:30.246935 dv-cinder-836070-4-smb devstack@keystone.service[97428]: DEBUG keystone.common.rbac_enforcer.enforcer [None req-6150de5b-dee4-49d6-bcf4-582a97bbe6da None admin] RBAC: Authorization granted {{(pid=97428) enforce_call /opt/stack/keystone/keystone/common/rbac_enforcer/enforcer.py:457}}
May 26 16:42:30.257491 dv-cinder-836070-4-smb devstack@keystone.service[97428]: [pid: 97428|app: 0|req: 157/322] 10.222.0.93 () {56 vars in 1101 bytes} [Thu May 26 16:42:30 2022] GET /identity/v3/roles?name=member => generated 341 bytes in 158 msecs (HTTP/1.1 200) 5 headers in 177 bytes (1 switches on core 0)
May 26 16:42:30.262997 dv-cinder-836070-4-smb devstack@keystone.service[97429]: DEBUG keystone.server.flask.request_processing.middleware.auth_context [None req-dce0b655-5f7a-40f9-96a0-8607077ba37a None admin] Authenticating user token {{(pid=97429) process_request /usr/local/lib/python3.8/dist-packages/keystonemiddleware/auth_token/__init__.py:407}}
May 26 16:42:30.315274 dv-cinder-836070-4-smb devstack@keystone.service[97428]: DEBUG keystone.server.flask.request_processing.req_logging [None req-ea36b4dc-13bb-4003-a4cc-929959430036 None None] REQUEST_METHOD: `GET` {{(pid=97428) log_request_info /opt/stack/keystone/keystone/server/flask/request_processing/req_logging.py:27}}
May 26 16:42:30.315485 dv-cinder-836070-4-smb devstack@keystone.service[97428]: DEBUG keystone.server.flask.request_processing.req_logging [None req-ea36b4dc-13bb-4003-a4cc-929959430036 None None] SCRIPT_NAME: `/identity` {{(pid=97428) log_request_info /opt/stack/keystone/keystone/server/flask/request_processing/req_logging.py:28}}
May 26 16:42:30.315793 dv-cinder-836070-4-smb devstack@keystone.service[97428]: DEBUG keystone.server.flask.request_processing.req_logging [None req-ea36b4dc-13bb-4003-a4cc-929959430036 None None] PATH_INFO: `/` {{(pid=97428) log_request_info /opt/stack/keystone/keystone/server/flask/request_processing/req_logging.py:29}}
May 26 16:42:30.317336 dv-cinder-836070-4-smb devstack@keystone.service[97428]: [pid: 97428|app: 0|req: 158/323] 10.222.0.93 () {54 vars in 926 bytes} [Thu May 26 16:42:30 2022] GET /identity => generated 270 bytes in 3 msecs (HTTP/1.1 300) 6 headers in 234 bytes (2 switches on core 0)
May 26 16:42:30.322136 dv-cinder-836070-4-smb devstack@keystone.service[97428]: DEBUG keystone.server.flask.request_processing.req_logging [None req-b1d38075-b3e6-4bc4-8804-5bb472593b60 None None] REQUEST_METHOD: `POST` {{(pid=97428) log_request_info /opt/stack/keystone/keystone/server/flask/request_processing/req_logging.py:27}}
May 26 16:42:30.322430 dv-cinder-836070-4-smb devstack@keystone.service[97428]: DEBUG keystone.server.flask.request_processing.req_logging [None req-b1d38075-b3e6-4bc4-8804-5bb472593b60 None None] SCRIPT_NAME: `/identity` {{(pid=97428) log_request_info /opt/stack/keystone/keystone/server/flask/request_processing/req_logging.py:28}}
May 26 16:42:30.322710 dv-cinder-836070-4-smb devstack@keystone.service[97428]: DEBUG keystone.server.flask.request_processing.req_logging [None req-b1d38075-b3e6-4bc4-8804-5bb472593b60 None None] PATH_INFO: `/v3/auth/tokens` {{(pid=97428) log_request_info /opt/stack/keystone/keystone/server/flask/request_processing/req_logging.py:29}}
May 26 16:42:30.335032 dv-cinder-836070-4-smb devstack@keystone.service[97429]: DEBUG dbcounter [-] [97429] Writing DB stats keystone:SELECT=100 {{(pid=97429) stat_writer /usr/local/lib/python3.8/dist-packages/dbcounter.py:114}}
May 26 16:42:30.340635 dv-cinder-836070-4-smb devstack@keystone.service[97428]: DEBUG keystone.auth.core [None req-b1d38075-b3e6-4bc4-8804-5bb472593b60 None None] MFA Rules not processed for user `35335aa619474ed5a5f6b04e6a89efaf`. Rule list: `[]` (Enabled: `True`). {{(pid=97428) check_auth_methods_against_rules /opt/stack/keystone/keystone/auth/core.py:438}}
May 26 16:42:30.342076 dv-cinder-836070-4-smb devstack@keystone.service[97428]: DEBUG keystone.common.fernet_utils [None req-b1d38075-b3e6-4bc4-8804-5bb472593b60 None None] Loaded 2 Fernet keys from /etc/keystone/fernet-keys/, but `[fernet_tokens] max_active_keys = 3`; perhaps there have not been enough key rotations to reach `max_active_keys` yet? {{(pid=97428) load_keys /opt/stack/keystone/keystone/common/fernet_utils.py:286}}
May 26 16:42:30.372351 dv-cinder-836070-4-smb devstack@keystone.service[97429]: DEBUG keystone.server.flask.request_processing.middleware.auth_context [None req-dce0b655-5f7a-40f9-96a0-8607077ba37a None admin] Validating token access rules against request {{(pid=97429) validate_allowed_request /usr/local/lib/python3.8/dist-packages/keystonemiddleware/auth_token/__init__.py:545}}
May 26 16:42:30.387496 dv-cinder-836070-4-smb devstack@keystone.service[97428]: DEBUG dbcounter [-] [97428] Writing DB stats keystone:SELECT=100 {{(pid=97428) stat_writer /usr/local/lib/python3.8/dist-packages/dbcounter.py:114}}
May 26 16:42:30.412773 dv-cinder-836070-4-smb devstack@keystone.service[97429]: DEBUG keystone.server.flask.request_processing.middleware.auth_context [None req-91ed6aca-a596-4d6f-a845-39fcee7f4c22 None admin] RBAC: auth_context: {'token': , 'domain_id': None, 'trust_id': None, 'trustor_id': None, 'trustee_id': None, 'domain_name': None, 'group_ids': [], 'user_id': '35335aa619474ed5a5f6b04e6a89efaf', 'user_domain_id': 'default', 'system_scope': 'all', 'project_id': None, 'project_domain_id': None, 'roles': ['admin', 'member', 'reader'], 'is_admin_project': True, 'service_user_id': None, 'service_user_domain_id': None, 'service_project_id': None, 'service_project_domain_id': None, 'service_roles': []} {{(pid=97429) fill_context /opt/stack/keystone/keystone/server/flask/request_processing/middleware/auth_context.py:478}}
May 26 16:42:30.413690 dv-cinder-836070-4-smb devstack@keystone.service[97429]: DEBUG keystone.server.flask.request_processing.req_logging [None req-91ed6aca-a596-4d6f-a845-39fcee7f4c22 None admin] REQUEST_METHOD: `GET` {{(pid=97429) log_request_info /opt/stack/keystone/keystone/server/flask/request_processing/req_logging.py:27}}
May 26 16:42:30.413920 dv-cinder-836070-4-smb devstack@keystone.service[97429]: DEBUG keystone.server.flask.request_processing.req_logging [None req-91ed6aca-a596-4d6f-a845-39fcee7f4c22 None admin] SCRIPT_NAME: `/identity` {{(pid=97429) log_request_info /opt/stack/keystone/keystone/server/flask/request_processing/req_logging.py:28}}
May 26 16:42:30.414295 dv-cinder-836070-4-smb devstack@keystone.service[97429]: DEBUG keystone.server.flask.request_processing.req_logging [None req-91ed6aca-a596-4d6f-a845-39fcee7f4c22 None admin] PATH_INFO: `/v3/users/777e21abd83c48aaaaa03fa24eec569b` {{(pid=97429) log_request_info /opt/stack/keystone/keystone/server/flask/request_processing/req_logging.py:29}}
May 26 16:42:30.428285 dv-cinder-836070-4-smb devstack@keystone.service[97429]: DEBUG keystone.common.rbac_enforcer.enforcer [None req-91ed6aca-a596-4d6f-a845-39fcee7f4c22 None admin] RBAC: Authorizing `identity:get_user(user_id=777e21abd83c48aaaaa03fa24eec569b)` {{(pid=97429) enforce_call /opt/stack/keystone/keystone/common/rbac_enforcer/enforcer.py:449}}
May 26 16:42:30.428447 dv-cinder-836070-4-smb devstack@keystone.service[97428]: [pid: 97428|app: 0|req: 159/324] 10.222.0.93 () {58 vars in 1023 bytes} [Thu May 26 16:42:30 2022] POST /identity/v3/auth/tokens => generated 799 bytes in 94 msecs (HTTP/1.1 201) 6 headers in 363 bytes (2 switches on core 0)
May 26 16:42:30.428528 dv-cinder-836070-4-smb devstack@keystone.service[97429]: DEBUG keystone.common.rbac_enforcer.enforcer [None req-91ed6aca-a596-4d6f-a845-39fcee7f4c22 None admin] RBAC: Authorization granted {{(pid=97429) enforce_call /opt/stack/keystone/keystone/common/rbac_enforcer/enforcer.py:457}}
May 26 16:42:30.428528 dv-cinder-836070-4-smb devstack@keystone.service[97429]: [pid: 97429|app: 0|req: 166/325] 10.222.0.93 () {56 vars in 1177 bytes} [Thu May 26 16:42:30 2022] GET /identity/v3/users/777e21abd83c48aaaaa03fa24eec569b => generated 293 bytes in 156 msecs (HTTP/1.1 200) 5 headers in 177 bytes (1 switches on core 0)
May 26 16:42:30.428650 dv-cinder-836070-4-smb devstack@keystone.service[97428]: DEBUG keystone.server.flask.request_processing.middleware.auth_context [None req-b1d38075-b3e6-4bc4-8804-5bb472593b60 None None] Authenticating user token {{(pid=97428) process_request /usr/local/lib/python3.8/dist-packages/keystonemiddleware/auth_token/__init__.py:407}}
May 26 16:42:30.440001 dv-cinder-836070-4-smb devstack@keystone.service[97429]: DEBUG keystone.server.flask.request_processing.middleware.auth_context [None req-91ed6aca-a596-4d6f-a845-39fcee7f4c22 None admin] Authenticating user token {{(pid=97429) process_request /usr/local/lib/python3.8/dist-packages/keystonemiddleware/auth_token/__init__.py:407}}
May 26 16:42:30.525342 dv-cinder-836070-4-smb devstack@keystone.service[97428]: DEBUG keystone.server.flask.request_processing.middleware.auth_context [None req-b1d38075-b3e6-4bc4-8804-5bb472593b60 None None] Validating token access rules against request {{(pid=97428) validate_allowed_request /usr/local/lib/python3.8/dist-packages/keystonemiddleware/auth_token/__init__.py:545}}
May 26 16:42:30.538302 dv-cinder-836070-4-smb devstack@keystone.service[97429]: DEBUG keystone.server.flask.request_processing.middleware.auth_context [None req-91ed6aca-a596-4d6f-a845-39fcee7f4c22 None admin] Validating token access rules against request {{(pid=97429) validate_allowed_request /usr/local/lib/python3.8/dist-packages/keystonemiddleware/auth_token/__init__.py:545}}
May 26 16:42:30.559552 dv-cinder-836070-4-smb devstack@keystone.service[97428]: DEBUG keystone.server.flask.request_processing.middleware.auth_context [None req-83a9416d-4cb6-4620-9c51-9700287994ab None admin] RBAC: auth_context: {'token': , 'domain_id': None, 'trust_id': None, 'trustor_id': None, 'trustee_id': None, 'domain_name': None, 'group_ids': [], 'user_id': '35335aa619474ed5a5f6b04e6a89efaf', 'user_domain_id': 'default', 'system_scope': 'all', 'project_id': None, 'project_domain_id': None, 'roles': ['admin', 'member', 'reader'], 'is_admin_project': True, 'service_user_id': None, 'service_user_domain_id': None, 'service_project_id': None, 'service_project_domain_id': None, 'service_roles': []} {{(pid=97428) fill_context /opt/stack/keystone/keystone/server/flask/request_processing/middleware/auth_context.py:478}}
May 26 16:42:30.560224 dv-cinder-836070-4-smb devstack@keystone.service[97428]: DEBUG keystone.server.flask.request_processing.req_logging [None req-83a9416d-4cb6-4620-9c51-9700287994ab None admin] REQUEST_METHOD: `GET` {{(pid=97428) log_request_info /opt/stack/keystone/keystone/server/flask/request_processing/req_logging.py:27}}
May 26 16:42:30.560507 dv-cinder-836070-4-smb devstack@keystone.service[97428]: DEBUG keystone.server.flask.request_processing.req_logging [None req-83a9416d-4cb6-4620-9c51-9700287994ab None admin] SCRIPT_NAME: `/identity` {{(pid=97428) log_request_info /opt/stack/keystone/keystone/server/flask/request_processing/req_logging.py:28}}
May 26 16:42:30.560782 dv-cinder-836070-4-smb devstack@keystone.service[97428]: DEBUG keystone.server.flask.request_processing.req_logging [None req-83a9416d-4cb6-4620-9c51-9700287994ab None admin] PATH_INFO: `/v3/role_assignments` {{(pid=97428) log_request_info /opt/stack/keystone/keystone/server/flask/request_processing/req_logging.py:29}}
May 26 16:42:30.562189 dv-cinder-836070-4-smb devstack@keystone.service[97428]: DEBUG keystone.common.rbac_enforcer.enforcer [None req-83a9416d-4cb6-4620-9c51-9700287994ab None admin] RBAC: Adding query filter params (role.id=9921f4d7024b4fec93767ff982451ef7, user.id=777e21abd83c48aaaaa03fa24eec569b, scope.system=all) {{(pid=97428) _extract_filter_values /opt/stack/keystone/keystone/common/rbac_enforcer/enforcer.py:167}}
May 26 16:42:30.562506 dv-cinder-836070-4-smb devstack@keystone.service[97428]: DEBUG keystone.common.rbac_enforcer.enforcer [None req-83a9416d-4cb6-4620-9c51-9700287994ab None admin] RBAC: Authorizing `identity:list_role_assignments()` {{(pid=97428) enforce_call /opt/stack/keystone/keystone/common/rbac_enforcer/enforcer.py:449}}
May 26 16:42:30.564012 dv-cinder-836070-4-smb devstack@keystone.service[97428]: DEBUG keystone.common.rbac_enforcer.enforcer [None req-83a9416d-4cb6-4620-9c51-9700287994ab None admin] RBAC: Authorization granted {{(pid=97428) enforce_call /opt/stack/keystone/keystone/common/rbac_enforcer/enforcer.py:457}}
May 26 16:42:30.572516 dv-cinder-836070-4-smb devstack@keystone.service[97429]: DEBUG keystone.server.flask.request_processing.middleware.auth_context [None req-3bce5b6e-c376-422d-b86d-59e46a8eb620 None admin] RBAC: auth_context: {'token': , 'domain_id': None, 'trust_id': None, 'trustor_id': None, 'trustee_id': None, 'domain_name': None, 'group_ids': [], 'user_id': '35335aa619474ed5a5f6b04e6a89efaf', 'user_domain_id': 'default', 'system_scope': 'all', 'project_id': None, 'project_domain_id': None, 'roles': ['admin', 'member', 'reader'], 'is_admin_project': True, 'service_user_id': None, 'service_user_domain_id': None, 'service_project_id': None, 'service_project_domain_id': None, 'service_roles': []} {{(pid=97429) fill_context /opt/stack/keystone/keystone/server/flask/request_processing/middleware/auth_context.py:478}}
May 26 16:42:30.573235 dv-cinder-836070-4-smb devstack@keystone.service[97429]: DEBUG keystone.server.flask.request_processing.req_logging [None req-3bce5b6e-c376-422d-b86d-59e46a8eb620 None admin] REQUEST_METHOD: `GET` {{(pid=97429) log_request_info /opt/stack/keystone/keystone/server/flask/request_processing/req_logging.py:27}}
May 26 16:42:30.573514 dv-cinder-836070-4-smb devstack@keystone.service[97429]: DEBUG keystone.server.flask.request_processing.req_logging [None req-3bce5b6e-c376-422d-b86d-59e46a8eb620 None admin] SCRIPT_NAME: `/identity` {{(pid=97429) log_request_info /opt/stack/keystone/keystone/server/flask/request_processing/req_logging.py:28}}
May 26 16:42:30.573785 dv-cinder-836070-4-smb devstack@keystone.service[97429]: DEBUG keystone.server.flask.request_processing.req_logging [None req-3bce5b6e-c376-422d-b86d-59e46a8eb620 None admin] PATH_INFO: `/v3/domains/default` {{(pid=97429) log_request_info /opt/stack/keystone/keystone/server/flask/request_processing/req_logging.py:29}}
May 26 16:42:30.574926 dv-cinder-836070-4-smb devstack@keystone.service[97429]: DEBUG keystone.common.rbac_enforcer.enforcer [None req-3bce5b6e-c376-422d-b86d-59e46a8eb620 None admin] RBAC: Authorizing `identity:get_domain(domain_id=default)` {{(pid=97429) enforce_call /opt/stack/keystone/keystone/common/rbac_enforcer/enforcer.py:449}}
May 26 16:42:30.576010 dv-cinder-836070-4-smb devstack@keystone.service[97428]: [pid: 97428|app: 0|req: 160/326] 10.222.0.93 () {56 vars in 1308 bytes} [Thu May 26 16:42:30 2022] GET /identity/v3/role_assignments?user.id=777e21abd83c48aaaaa03fa24eec569b&scope.system=all&role.id=9921f4d7024b4fec93767ff982451ef7 => generated 510 bytes in 152 msecs (HTTP/1.1 200) 5 headers in 177 bytes (2 switches on core 0)
May 26 16:42:30.576430 dv-cinder-836070-4-smb devstack@keystone.service[97429]: DEBUG keystone.common.rbac_enforcer.enforcer [None req-3bce5b6e-c376-422d-b86d-59e46a8eb620 None admin] RBAC: Authorization granted {{(pid=97429) enforce_call /opt/stack/keystone/keystone/common/rbac_enforcer/enforcer.py:457}}
May 26 16:42:30.577331 dv-cinder-836070-4-smb devstack@keystone.service[97428]: DEBUG keystone.server.flask.request_processing.req_logging [None req-7d1168db-f5dc-4c8b-b595-829aa2616f15 None None] REQUEST_METHOD: `GET` {{(pid=97428) log_request_info /opt/stack/keystone/keystone/server/flask/request_processing/req_logging.py:27}}
May 26 16:42:30.577626 dv-cinder-836070-4-smb devstack@keystone.service[97428]: DEBUG keystone.server.flask.request_processing.req_logging [None req-7d1168db-f5dc-4c8b-b595-829aa2616f15 None None] SCRIPT_NAME: `/identity` {{(pid=97428) log_request_info /opt/stack/keystone/keystone/server/flask/request_processing/req_logging.py:28}}
May 26 16:42:30.577902 dv-cinder-836070-4-smb devstack@keystone.service[97428]: DEBUG keystone.server.flask.request_processing.req_logging [None req-7d1168db-f5dc-4c8b-b595-829aa2616f15 None None] PATH_INFO: `/` {{(pid=97428) log_request_info /opt/stack/keystone/keystone/server/flask/request_processing/req_logging.py:29}}
May 26 16:42:30.579002 dv-cinder-836070-4-smb devstack@keystone.service[97429]: [pid: 97429|app: 0|req: 167/327] 10.222.0.93 () {56 vars in 1108 bytes} [Thu May 26 16:42:30 2022] GET /identity/v3/domains/default => generated 199 bytes in 139 msecs (HTTP/1.1 200) 5 headers in 177 bytes (2 switches on core 0)
May 26 16:42:30.580181 dv-cinder-836070-4-smb devstack@keystone.service[97428]: [pid: 97428|app: 0|req: 161/328] 10.222.0.93 () {54 vars in 926 bytes} [Thu May 26 16:42:30 2022] GET /identity => generated 270 bytes in 4 msecs (HTTP/1.1 300) 6 headers in 234 bytes (1 switches on core 0)
May 26 16:42:30.585056 dv-cinder-836070-4-smb devstack@keystone.service[97429]: DEBUG keystone.server.flask.request_processing.middleware.auth_context [None req-3bce5b6e-c376-422d-b86d-59e46a8eb620 None admin] Authenticating user token {{(pid=97429) process_request /usr/local/lib/python3.8/dist-packages/keystonemiddleware/auth_token/__init__.py:407}}
May 26 16:42:30.587116 dv-cinder-836070-4-smb devstack@keystone.service[97428]: DEBUG keystone.server.flask.request_processing.req_logging [None req-46088928-5ce1-4331-8b5a-f9aeec15a36c None None] REQUEST_METHOD: `POST` {{(pid=97428) log_request_info /opt/stack/keystone/keystone/server/flask/request_processing/req_logging.py:27}}
May 26 16:42:30.587394 dv-cinder-836070-4-smb devstack@keystone.service[97428]: DEBUG keystone.server.flask.request_processing.req_logging [None req-46088928-5ce1-4331-8b5a-f9aeec15a36c None None] SCRIPT_NAME: `/identity` {{(pid=97428) log_request_info /opt/stack/keystone/keystone/server/flask/request_processing/req_logging.py:28}}
May 26 16:42:30.587711 dv-cinder-836070-4-smb devstack@keystone.service[97428]: DEBUG keystone.server.flask.request_processing.req_logging [None req-46088928-5ce1-4331-8b5a-f9aeec15a36c None None] PATH_INFO: `/v3/auth/tokens` {{(pid=97428) log_request_info /opt/stack/keystone/keystone/server/flask/request_processing/req_logging.py:29}}
May 26 16:42:30.590507 dv-cinder-836070-4-smb devstack@keystone.service[97429]: DEBUG dbcounter [-] [97429] Writing DB stats keystone:SELECT=100 {{(pid=97429) stat_writer /usr/local/lib/python3.8/dist-packages/dbcounter.py:114}}
May 26 16:42:30.607410 dv-cinder-836070-4-smb devstack@keystone.service[97428]: DEBUG keystone.auth.core [None req-46088928-5ce1-4331-8b5a-f9aeec15a36c None None] MFA Rules not processed for user `35335aa619474ed5a5f6b04e6a89efaf`. Rule list: `[]` (Enabled: `True`). {{(pid=97428) check_auth_methods_against_rules /opt/stack/keystone/keystone/auth/core.py:438}}
May 26 16:42:30.609190 dv-cinder-836070-4-smb devstack@keystone.service[97428]: DEBUG keystone.common.fernet_utils [None req-46088928-5ce1-4331-8b5a-f9aeec15a36c None None] Loaded 2 Fernet keys from /etc/keystone/fernet-keys/, but `[fernet_tokens] max_active_keys = 3`; perhaps there have not been enough key rotations to reach `max_active_keys` yet? {{(pid=97428) load_keys /opt/stack/keystone/keystone/common/fernet_utils.py:286}}
May 26 16:42:30.638872 dv-cinder-836070-4-smb devstack@keystone.service[97428]: DEBUG dbcounter [-] [97428] Writing DB stats keystone:SELECT=100 {{(pid=97428) stat_writer /usr/local/lib/python3.8/dist-packages/dbcounter.py:114}}
May 26 16:42:30.686001 dv-cinder-836070-4-smb devstack@keystone.service[97428]: [pid: 97428|app: 0|req: 162/329] 10.222.0.93 () {58 vars in 1023 bytes} [Thu May 26 16:42:30 2022] POST /identity/v3/auth/tokens => generated 799 bytes in 99 msecs (HTTP/1.1 201) 6 headers in 363 bytes (2 switches on core 0)
May 26 16:42:30.708161 dv-cinder-836070-4-smb devstack@keystone.service[97428]: DEBUG keystone.server.flask.request_processing.middleware.auth_context [None req-46088928-5ce1-4331-8b5a-f9aeec15a36c None None] Authenticating user token {{(pid=97428) process_request /usr/local/lib/python3.8/dist-packages/keystonemiddleware/auth_token/__init__.py:407}}
May 26 16:42:30.717760 dv-cinder-836070-4-smb devstack@keystone.service[97429]: DEBUG keystone.server.flask.request_processing.middleware.auth_context [None req-3bce5b6e-c376-422d-b86d-59e46a8eb620 None admin] Validating token access rules against request {{(pid=97429) validate_allowed_request /usr/local/lib/python3.8/dist-packages/keystonemiddleware/auth_token/__init__.py:545}}
May 26 16:42:30.757945 dv-cinder-836070-4-smb devstack@keystone.service[97429]: DEBUG keystone.server.flask.request_processing.middleware.auth_context [None req-887608c8-70f3-40cd-a427-9f609306601c None admin] RBAC: auth_context: {'token': , 'domain_id': None, 'trust_id': None, 'trustor_id': None, 'trustee_id': None, 'domain_name': None, 'group_ids': [], 'user_id': '35335aa619474ed5a5f6b04e6a89efaf', 'user_domain_id': 'default', 'system_scope': 'all', 'project_id': None, 'project_domain_id': None, 'roles': ['admin', 'member', 'reader'], 'is_admin_project': True, 'service_user_id': None, 'service_user_domain_id': None, 'service_project_id': None, 'service_project_domain_id': None, 'service_roles': []} {{(pid=97429) fill_context /opt/stack/keystone/keystone/server/flask/request_processing/middleware/auth_context.py:478}}
May 26 16:42:30.758608 dv-cinder-836070-4-smb devstack@keystone.service[97429]: DEBUG keystone.server.flask.request_processing.req_logging [None req-887608c8-70f3-40cd-a427-9f609306601c None admin] REQUEST_METHOD: `POST` {{(pid=97429) log_request_info /opt/stack/keystone/keystone/server/flask/request_processing/req_logging.py:27}}
May 26 16:42:30.758888 dv-cinder-836070-4-smb devstack@keystone.service[97429]: DEBUG keystone.server.flask.request_processing.req_logging [None req-887608c8-70f3-40cd-a427-9f609306601c None admin] SCRIPT_NAME: `/identity` {{(pid=97429) log_request_info /opt/stack/keystone/keystone/server/flask/request_processing/req_logging.py:28}}
May 26 16:42:30.759164 dv-cinder-836070-4-smb devstack@keystone.service[97429]: DEBUG keystone.server.flask.request_processing.req_logging [None req-887608c8-70f3-40cd-a427-9f609306601c None admin] PATH_INFO: `/v3/groups` {{(pid=97429) log_request_info /opt/stack/keystone/keystone/server/flask/request_processing/req_logging.py:29}}
May 26 16:42:30.759900 dv-cinder-836070-4-smb devstack@keystone.service[97429]: DEBUG keystone.common.rbac_enforcer.enforcer [None req-887608c8-70f3-40cd-a427-9f609306601c None admin] RBAC: Authorizing `identity:create_group()` {{(pid=97429) enforce_call /opt/stack/keystone/keystone/common/rbac_enforcer/enforcer.py:449}}
May 26 16:42:30.761369 dv-cinder-836070-4-smb devstack@keystone.service[97429]: DEBUG keystone.common.rbac_enforcer.enforcer [None req-887608c8-70f3-40cd-a427-9f609306601c None admin] RBAC: Authorization granted {{(pid=97429) enforce_call /opt/stack/keystone/keystone/common/rbac_enforcer/enforcer.py:457}}
May 26 16:42:30.815400 dv-cinder-836070-4-smb devstack@keystone.service[97428]: DEBUG keystone.server.flask.request_processing.middleware.auth_context [None req-46088928-5ce1-4331-8b5a-f9aeec15a36c None None] Validating token access rules against request {{(pid=97428) validate_allowed_request /usr/local/lib/python3.8/dist-packages/keystonemiddleware/auth_token/__init__.py:545}}
May 26 16:42:30.856139 dv-cinder-836070-4-smb devstack@keystone.service[97428]: DEBUG keystone.server.flask.request_processing.middleware.auth_context [None req-d750a822-a0e1-41ed-b660-185f18c995fc None admin] RBAC: auth_context: {'token': , 'domain_id': None, 'trust_id': None, 'trustor_id': None, 'trustee_id': None, 'domain_name': None, 'group_ids': [], 'user_id': '35335aa619474ed5a5f6b04e6a89efaf', 'user_domain_id': 'default', 'system_scope': 'all', 'project_id': None, 'project_domain_id': None, 'roles': ['admin', 'member', 'reader'], 'is_admin_project': True, 'service_user_id': None, 'service_user_domain_id': None, 'service_project_id': None, 'service_project_domain_id': None, 'service_roles': []} {{(pid=97428) fill_context /opt/stack/keystone/keystone/server/flask/request_processing/middleware/auth_context.py:478}}
May 26 16:42:30.856901 dv-cinder-836070-4-smb devstack@keystone.service[97428]: DEBUG keystone.server.flask.request_processing.req_logging [None req-d750a822-a0e1-41ed-b660-185f18c995fc None admin] REQUEST_METHOD: `GET` {{(pid=97428) log_request_info /opt/stack/keystone/keystone/server/flask/request_processing/req_logging.py:27}}
May 26 16:42:30.857178 dv-cinder-836070-4-smb devstack@keystone.service[97428]: DEBUG keystone.server.flask.request_processing.req_logging [None req-d750a822-a0e1-41ed-b660-185f18c995fc None admin] SCRIPT_NAME: `/identity` {{(pid=97428) log_request_info /opt/stack/keystone/keystone/server/flask/request_processing/req_logging.py:28}}
May 26 16:42:30.857449 dv-cinder-836070-4-smb devstack@keystone.service[97428]: DEBUG keystone.server.flask.request_processing.req_logging [None req-d750a822-a0e1-41ed-b660-185f18c995fc None admin] PATH_INFO: `/v3/roles/reader` {{(pid=97428) log_request_info /opt/stack/keystone/keystone/server/flask/request_processing/req_logging.py:29}}
May 26 16:42:30.868110 dv-cinder-836070-4-smb devstack@keystone.service[97428]: DEBUG keystone.common.rbac_enforcer.enforcer [None req-d750a822-a0e1-41ed-b660-185f18c995fc None admin] Extracting inferred target data resulted in "NOT FOUND (404)". {{(pid=97428) enforce_call /opt/stack/keystone/keystone/common/rbac_enforcer/enforcer.py:409}}
May 26 16:42:30.875767 dv-cinder-836070-4-smb devstack@keystone.service[97428]: ERROR keystone.server.flask.application [None req-d750a822-a0e1-41ed-b660-185f18c995fc None admin] Could not find role: reader.: keystone.exception.RoleNotFound: Could not find role: reader.
May 26 16:42:30.875767 dv-cinder-836070-4-smb devstack@keystone.service[97428]: ERROR keystone.server.flask.application
Traceback (most recent call last):
May 26 16:42:30.875767 dv-cinder-836070-4-smb devstack@keystone.service[97428]: ERROR keystone.server.flask.application
File "/usr/local/lib/python3.8/dist-packages/flask/app.py", line 1523, in full_dispatch_request
May 26 16:42:30.875767 dv-cinder-836070-4-smb devstack@keystone.service[97428]: ERROR keystone.server.flask.application rv = self.dispatch_request()
May 26 16:42:30.875767 dv-cinder-836070-4-smb devstack@keystone.service[97428]: ERROR keystone.server.flask.application
File "/usr/local/lib/python3.8/dist-packages/flask/app.py", line 1509, in dispatch_request
May 26 16:42:30.875767 dv-cinder-836070-4-smb devstack@keystone.service[97428]: ERROR keystone.server.flask.application return self.ensure_sync(self.view_functions[rule.endpoint])(**req.view_args)
May 26 16:42:30.875767 dv-cinder-836070-4-smb devstack@keystone.service[97428]: ERROR keystone.server.flask.application
File "/usr/local/lib/python3.8/dist-packages/flask_restful/__init__.py", line 467, in wrapper
May 26 16:42:30.875767 dv-cinder-836070-4-smb devstack@keystone.service[97428]: ERROR keystone.server.flask.application resp = resource(*args, **kwargs)
May 26 16:42:30.875767 dv-cinder-836070-4-smb devstack@keystone.service[97428]: ERROR keystone.server.flask.application
File "/usr/local/lib/python3.8/dist-packages/flask/views.py", line 84, in view
May 26 16:42:30.875767 dv-cinder-836070-4-smb devstack@keystone.service[97428]: ERROR keystone.server.flask.application return current_app.ensure_sync(self.dispatch_request)(*args, **kwargs)
May 26 16:42:30.875767 dv-cinder-836070-4-smb devstack@keystone.service[97428]: ERROR keystone.server.flask.application
File "/usr/local/lib/python3.8/dist-packages/flask_restful/__init__.py", line 582, in dispatch_request
May 26 16:42:30.875767 dv-cinder-836070-4-smb devstack@keystone.service[97428]: ERROR keystone.server.flask.application resp = meth(*args, **kwargs)
May 26 16:42:30.875767 dv-cinder-836070-4-smb devstack@keystone.service[97428]: ERROR keystone.server.flask.application
File "/opt/stack/keystone/keystone/api/roles.py", line 50, in get
May 26 16:42:30.875767 dv-cinder-836070-4-smb devstack@keystone.service[97428]: ERROR keystone.server.flask.application return self._get_role(role_id)
May 26 16:42:30.875767 dv-cinder-836070-4-smb devstack@keystone.service[97428]: ERROR keystone.server.flask.application
File "/opt/stack/keystone/keystone/api/roles.py", line 70, in _get_role
May 26 16:42:30.875767 dv-cinder-836070-4-smb devstack@keystone.service[97428]: ERROR keystone.server.flask.application ENFORCER.enforce_call(action='identity:get_role')
May 26 16:42:30.876936 dv-cinder-836070-4-smb devstack@keystone.service[97428]: ERROR keystone.server.flask.application
File "/opt/stack/keystone/keystone/common/rbac_enforcer/enforcer.py", line 402, in enforce_call
May 26 16:42:30.876936 dv-cinder-836070-4-smb devstack@keystone.service[97428]: ERROR keystone.server.flask.application policy_dict.update(cls._extract_member_target_data(
May 26 16:42:30.876936 dv-cinder-836070-4-smb devstack@keystone.service[97428]: ERROR keystone.server.flask.application
File "/opt/stack/keystone/keystone/common/rbac_enforcer/enforcer.py", line 234, in _extract_member_target_data
May 26 16:42:30.876936 dv-cinder-836070-4-smb devstack@keystone.service[97428]: ERROR keystone.server.flask.application member_name: func(flask.request.view_args[key])
May 26 16:42:30.876936 dv-cinder-836070-4-smb devstack@keystone.service[97428]: ERROR keystone.server.flask.application
File "/opt/stack/keystone/keystone/common/manager.py", line 115, in wrapped
May 26 16:42:30.876936 dv-cinder-836070-4-smb devstack@keystone.service[97428]: ERROR keystone.server.flask.application __ret_val = __f(*args, **kwargs)
May 26 16:42:30.876936 dv-cinder-836070-4-smb devstack@keystone.service[97428]: ERROR keystone.server.flask.application
File "/usr/local/lib/python3.8/dist-packages/decorator.py", line 232, in fun
May 26 16:42:30.876936 dv-cinder-836070-4-smb devstack@keystone.service[97428]: ERROR keystone.server.flask.application return caller(func, *(extras + args), **kw)
May 26 16:42:30.876936 dv-cinder-836070-4-smb devstack@keystone.service[97428]: ERROR keystone.server.flask.application
File "/usr/local/lib/python3.8/dist-packages/dogpile/cache/region.py", line 1577, in get_or_create_for_user_func
May 26 16:42:30.876936 dv-cinder-836070-4-smb devstack@keystone.service[97428]: ERROR keystone.server.flask.application return self.get_or_create(
May 26 16:42:30.876936 dv-cinder-836070-4-smb devstack@keystone.service[97428]: ERROR keystone.server.flask.application
File "/usr/local/lib/python3.8/dist-packages/dogpile/cache/region.py", line 1042, in get_or_create
May 26 16:42:30.876936 dv-cinder-836070-4-smb devstack@keystone.service[97428]: ERROR keystone.server.flask.application with Lock(
May 26 16:42:30.876936 dv-cinder-836070-4-smb devstack@keystone.service[97428]: ERROR keystone.server.flask.application
File "/usr/local/lib/python3.8/dist-packages/dogpile/lock.py", line 185, in __enter__
May 26 16:42:30.876936 dv-cinder-836070-4-smb devstack@keystone.service[97428]: ERROR keystone.server.flask.application return self._enter()
May 26 16:42:30.876936 dv-cinder-836070-4-smb devstack@keystone.service[97428]: ERROR keystone.server.flask.application
File "/usr/local/lib/python3.8/dist-packages/dogpile/lock.py", line 94, in _enter
May 26 16:42:30.876936 dv-cinder-836070-4-smb devstack@keystone.service[97428]: ERROR keystone.server.flask.application generated = self._enter_create(value, createdtime)
May 26 16:42:30.877742 dv-cinder-836070-4-smb devstack@keystone.service[97428]: ERROR keystone.server.flask.application
File "/usr/local/lib/python3.8/dist-packages/dogpile/lock.py", line 178, in _enter_create
May 26 16:42:30.877742 dv-cinder-836070-4-smb devstack@keystone.service[97428]: ERROR keystone.server.flask.application return self.creator()
May 26 16:42:30.877742 dv-cinder-836070-4-smb devstack@keystone.service[97428]: ERROR keystone.server.flask.application
File "/usr/local/lib/python3.8/dist-packages/dogpile/cache/region.py", line 995, in gen_value
May 26 16:42:30.877742 dv-cinder-836070-4-smb devstack@keystone.service[97428]: ERROR keystone.server.flask.application created_value = creator(
May 26 16:42:30.877742 dv-cinder-836070-4-smb devstack@keystone.service[97428]: ERROR keystone.server.flask.application
File "/opt/stack/keystone/keystone/assignment/core.py", line 1276, in get_role
May 26 16:42:30.877742 dv-cinder-836070-4-smb devstack@keystone.service[97428]: ERROR keystone.server.flask.application return self.driver.get_role(role_id)
May 26 16:42:30.877742 dv-cinder-836070-4-smb devstack@keystone.service[97428]: ERROR keystone.server.flask.application
File "/opt/stack/keystone/keystone/assignment/role_backends/sql.py", line 70, in get_role
May 26 16:42:30.877742 dv-cinder-836070-4-smb devstack@keystone.service[97428]: ERROR keystone.server.flask.application return self._get_role(session, role_id).to_dict()
May 26 16:42:30.877742 dv-cinder-836070-4-smb devstack@keystone.service[97428]: ERROR keystone.server.flask.application
File "/opt/stack/keystone/keystone/assignment/role_backends/sql.py", line 65, in _get_role
May 26 16:42:30.877742 dv-cinder-836070-4-smb devstack@keystone.service[97428]: ERROR keystone.server.flask.application raise exception.RoleNotFound(role_id=role_id)
May 26 16:42:30.877742 dv-cinder-836070-4-smb devstack@keystone.service[97428]: ERROR keystone.server.flask.application keystone.exception.RoleNotFound: Could not find role: reader.
May 26 16:42:30.877742 dv-cinder-836070-4-smb devstack@keystone.service[97428]: ERROR keystone.server.flask.application
May 26 16:42:30.877742 dv-cinder-836070-4-smb devstack@keystone.service[97428]: [pid: 97428|app: 0|req: 163/330] 10.222.0.93 () {56 vars in 1099 bytes} [Thu May 26 16:42:30 2022] GET /identity/v3/roles/reader => generated 84 bytes in 169 msecs (HTTP/1.1 404) 5 headers in 183 bytes (2 switches on core 0)
May 26 16:42:30.884068 dv-cinder-836070-4-smb devstack@keystone.service[97428]: DEBUG keystone.server.flask.request_processing.middleware.auth_context [None req-d750a822-a0e1-41ed-b660-185f18c995fc None admin] Authenticating user token {{(pid=97428) process_request /usr/local/lib/python3.8/dist-packages/keystonemiddleware/auth_token/__init__.py:407}}
May 26 16:42:30.916182 dv-cinder-836070-4-smb devstack@keystone.service[97429]: [pid: 97429|app: 0|req: 168/331] 10.222.0.93 () {60 vars in 1134 bytes} [Thu May 26 16:42:30 2022] POST /identity/v3/groups => generated 226 bytes in 323 msecs (HTTP/1.1 201) 5 headers in 182 bytes (1 switches on core 0)
May 26 16:42:30.916967 dv-cinder-836070-4-smb devstack@keystone.service[97428]: DEBUG dbcounter [-] [97428] Writing DB stats keystone:SELECT=100 {{(pid=97428) stat_writer /usr/local/lib/python3.8/dist-packages/dbcounter.py:114}}
May 26 16:42:30.989679 dv-cinder-836070-4-smb devstack@keystone.service[97428]: DEBUG keystone.server.flask.request_processing.middleware.auth_context [None req-d750a822-a0e1-41ed-b660-185f18c995fc None admin] Validating token access rules against request {{(pid=97428) validate_allowed_request /usr/local/lib/python3.8/dist-packages/keystonemiddleware/auth_token/__init__.py:545}}
May 26 16:42:31.025270 dv-cinder-836070-4-smb devstack@keystone.service[97428]: DEBUG keystone.server.flask.request_processing.middleware.auth_context [None req-2415e524-75b9-4a66-862f-cd0170f606e5 None admin] RBAC: auth_context: {'token': , 'domain_id': None, 'trust_id': None, 'trustor_id': None, 'trustee_id': None, 'domain_name': None, 'group_ids': [], 'user_id': '35335aa619474ed5a5f6b04e6a89efaf', 'user_domain_id': 'default', 'system_scope': 'all', 'project_id': None, 'project_domain_id': None, 'roles': ['admin', 'member', 'reader'], 'is_admin_project': True, 'service_user_id': None, 'service_user_domain_id': None, 'service_project_id': None, 'service_project_domain_id': None, 'service_roles': []} {{(pid=97428) fill_context /opt/stack/keystone/keystone/server/flask/request_processing/middleware/auth_context.py:478}}
May 26 16:42:31.025997 dv-cinder-836070-4-smb devstack@keystone.service[97428]: DEBUG keystone.server.flask.request_processing.req_logging [None req-2415e524-75b9-4a66-862f-cd0170f606e5 None admin] REQUEST_METHOD: `GET` {{(pid=97428) log_request_info /opt/stack/keystone/keystone/server/flask/request_processing/req_logging.py:27}}
May 26 16:42:31.026284 dv-cinder-836070-4-smb devstack@keystone.service[97428]: DEBUG keystone.server.flask.request_processing.req_logging [None req-2415e524-75b9-4a66-862f-cd0170f606e5 None admin] SCRIPT_NAME: `/identity` {{(pid=97428) log_request_info /opt/stack/keystone/keystone/server/flask/request_processing/req_logging.py:28}}
May 26 16:42:31.026568 dv-cinder-836070-4-smb devstack@keystone.service[97428]: DEBUG keystone.server.flask.request_processing.req_logging [None req-2415e524-75b9-4a66-862f-cd0170f606e5 None admin] PATH_INFO: `/v3/roles` {{(pid=97428) log_request_info /opt/stack/keystone/keystone/server/flask/request_processing/req_logging.py:29}}
May 26 16:42:31.027372 dv-cinder-836070-4-smb devstack@keystone.service[97428]: DEBUG keystone.common.rbac_enforcer.enforcer [None req-2415e524-75b9-4a66-862f-cd0170f606e5 None admin] RBAC: Adding query filter params (name=reader) {{(pid=97428) _extract_filter_values /opt/stack/keystone/keystone/common/rbac_enforcer/enforcer.py:167}}
May 26 16:42:31.027714 dv-cinder-836070-4-smb devstack@keystone.service[97428]: DEBUG keystone.common.rbac_enforcer.enforcer [None req-2415e524-75b9-4a66-862f-cd0170f606e5 None admin] RBAC: Authorizing `identity:list_roles()` {{(pid=97428) enforce_call /opt/stack/keystone/keystone/common/rbac_enforcer/enforcer.py:449}}
May 26 16:42:31.029137 dv-cinder-836070-4-smb devstack@keystone.service[97428]: DEBUG keystone.common.rbac_enforcer.enforcer [None req-2415e524-75b9-4a66-862f-cd0170f606e5 None admin] RBAC: Authorization granted {{(pid=97428) enforce_call /opt/stack/keystone/keystone/common/rbac_enforcer/enforcer.py:457}}
May 26 16:42:31.038956 dv-cinder-836070-4-smb devstack@keystone.service[97428]: [pid: 97428|app: 0|req: 164/332] 10.222.0.93 () {56 vars in 1101 bytes} [Thu May 26 16:42:30 2022] GET /identity/v3/roles?name=reader => generated 341 bytes in 155 msecs (HTTP/1.1 200) 5 headers in 177 bytes (2 switches on core 0)
May 26 16:42:31.044852 dv-cinder-836070-4-smb devstack@keystone.service[97429]: DEBUG keystone.server.flask.request_processing.middleware.auth_context [None req-887608c8-70f3-40cd-a427-9f609306601c None admin] Authenticating user token {{(pid=97429) process_request /usr/local/lib/python3.8/dist-packages/keystonemiddleware/auth_token/__init__.py:407}}
May 26 16:42:31.112475 dv-cinder-836070-4-smb devstack@keystone.service[97429]: DEBUG dbcounter [-] [97429] Writing DB stats keystone:SELECT=99,keystone:INSERT=1 {{(pid=97429) stat_writer /usr/local/lib/python3.8/dist-packages/dbcounter.py:114}}
May 26 16:42:31.152182 dv-cinder-836070-4-smb devstack@keystone.service[97429]: DEBUG keystone.server.flask.request_processing.middleware.auth_context [None req-887608c8-70f3-40cd-a427-9f609306601c None admin] Validating token access rules against request {{(pid=97429) validate_allowed_request /usr/local/lib/python3.8/dist-packages/keystonemiddleware/auth_token/__init__.py:545}}
May 26 16:42:31.191729 dv-cinder-836070-4-smb devstack@keystone.service[97429]: DEBUG keystone.server.flask.request_processing.middleware.auth_context [None req-f73bc7ae-ce78-4e8a-9c0c-54e56cd76bf5 None admin] RBAC: auth_context: {'token': , 'domain_id': None, 'trust_id': None, 'trustor_id': None, 'trustee_id': None, 'domain_name': None, 'group_ids': [], 'user_id': '35335aa619474ed5a5f6b04e6a89efaf', 'user_domain_id': 'default', 'system_scope': 'all', 'project_id': None, 'project_domain_id': None, 'roles': ['admin', 'member', 'reader'], 'is_admin_project': True, 'service_user_id': None, 'service_user_domain_id': None, 'service_project_id': None, 'service_project_domain_id': None, 'service_roles': []} {{(pid=97429) fill_context /opt/stack/keystone/keystone/server/flask/request_processing/middleware/auth_context.py:478}}
May 26 16:42:31.192614 dv-cinder-836070-4-smb devstack@keystone.service[97429]: DEBUG keystone.server.flask.request_processing.req_logging [None req-f73bc7ae-ce78-4e8a-9c0c-54e56cd76bf5 None admin] REQUEST_METHOD: `GET` {{(pid=97429) log_request_info /opt/stack/keystone/keystone/server/flask/request_processing/req_logging.py:27}}
May 26 16:42:31.192895 dv-cinder-836070-4-smb devstack@keystone.service[97429]: DEBUG keystone.server.flask.request_processing.req_logging [None req-f73bc7ae-ce78-4e8a-9c0c-54e56cd76bf5 None admin] SCRIPT_NAME: `/identity` {{(pid=97429) log_request_info /opt/stack/keystone/keystone/server/flask/request_processing/req_logging.py:28}}
May 26 16:42:31.193167 dv-cinder-836070-4-smb devstack@keystone.service[97429]: DEBUG keystone.server.flask.request_processing.req_logging [None req-f73bc7ae-ce78-4e8a-9c0c-54e56cd76bf5 None admin] PATH_INFO: `/v3/users/9decfc96b5e4432a96afd702c81fbd6e` {{(pid=97429) log_request_info /opt/stack/keystone/keystone/server/flask/request_processing/req_logging.py:29}}
May 26 16:42:31.194376 dv-cinder-836070-4-smb devstack@keystone.service[97429]: DEBUG keystone.common.rbac_enforcer.enforcer [None req-f73bc7ae-ce78-4e8a-9c0c-54e56cd76bf5 None admin] RBAC: Authorizing `identity:get_user(user_id=9decfc96b5e4432a96afd702c81fbd6e)` {{(pid=97429) enforce_call /opt/stack/keystone/keystone/common/rbac_enforcer/enforcer.py:449}}
May 26 16:42:31.195914 dv-cinder-836070-4-smb devstack@keystone.service[97429]: DEBUG keystone.common.rbac_enforcer.enforcer [None req-f73bc7ae-ce78-4e8a-9c0c-54e56cd76bf5 None admin] RBAC: Authorization granted {{(pid=97429) enforce_call /opt/stack/keystone/keystone/common/rbac_enforcer/enforcer.py:457}}
May 26 16:42:31.197544 dv-cinder-836070-4-smb devstack@keystone.service[97429]: [pid: 97429|app: 0|req: 169/333] 10.222.0.93 () {56 vars in 1177 bytes} [Thu May 26 16:42:31 2022] GET /identity/v3/users/9decfc96b5e4432a96afd702c81fbd6e => generated 293 bytes in 153 msecs (HTTP/1.1 200) 5 headers in 177 bytes (1 switches on core 0)
May 26 16:42:31.204211 dv-cinder-836070-4-smb devstack@keystone.service[97428]: DEBUG keystone.server.flask.request_processing.middleware.auth_context [None req-2415e524-75b9-4a66-862f-cd0170f606e5 None admin] Authenticating user token {{(pid=97428) process_request /usr/local/lib/python3.8/dist-packages/keystonemiddleware/auth_token/__init__.py:407}}
May 26 16:42:31.298114 dv-cinder-836070-4-smb devstack@keystone.service[97428]: DEBUG dbcounter [-] [97428] Writing DB stats keystone:SELECT=100 {{(pid=97428) stat_writer /usr/local/lib/python3.8/dist-packages/dbcounter.py:114}}
May 26 16:42:31.313790 dv-cinder-836070-4-smb devstack@keystone.service[97428]: DEBUG keystone.server.flask.request_processing.middleware.auth_context [None req-2415e524-75b9-4a66-862f-cd0170f606e5 None admin] Validating token access rules against request {{(pid=97428) validate_allowed_request /usr/local/lib/python3.8/dist-packages/keystonemiddleware/auth_token/__init__.py:545}}
May 26 16:42:31.351651 dv-cinder-836070-4-smb devstack@keystone.service[97428]: DEBUG keystone.server.flask.request_processing.middleware.auth_context [None req-9d036f8e-0fcf-4ca7-8dc3-197952d0b3cc None admin] RBAC: auth_context: {'token': , 'domain_id': None, 'trust_id': None, 'trustor_id': None, 'trustee_id': None, 'domain_name': None, 'group_ids': [], 'user_id': '35335aa619474ed5a5f6b04e6a89efaf', 'user_domain_id': 'default', 'system_scope': 'all', 'project_id': None, 'project_domain_id': None, 'roles': ['admin', 'member', 'reader'], 'is_admin_project': True, 'service_user_id': None, 'service_user_domain_id': None, 'service_project_id': None, 'service_project_domain_id': None, 'service_roles': []} {{(pid=97428) fill_context /opt/stack/keystone/keystone/server/flask/request_processing/middleware/auth_context.py:478}}
May 26 16:42:31.352521 dv-cinder-836070-4-smb devstack@keystone.service[97428]: DEBUG keystone.server.flask.request_processing.req_logging [None req-9d036f8e-0fcf-4ca7-8dc3-197952d0b3cc None admin] REQUEST_METHOD: `PUT` {{(pid=97428) log_request_info /opt/stack/keystone/keystone/server/flask/request_processing/req_logging.py:27}}
May 26 16:42:31.352806 dv-cinder-836070-4-smb devstack@keystone.service[97428]: DEBUG keystone.server.flask.request_processing.req_logging [None req-9d036f8e-0fcf-4ca7-8dc3-197952d0b3cc None admin] SCRIPT_NAME: `/identity` {{(pid=97428) log_request_info /opt/stack/keystone/keystone/server/flask/request_processing/req_logging.py:28}}
May 26 16:42:31.353078 dv-cinder-836070-4-smb devstack@keystone.service[97428]: DEBUG keystone.server.flask.request_processing.req_logging [None req-9d036f8e-0fcf-4ca7-8dc3-197952d0b3cc None admin] PATH_INFO: `/v3/system/users/9decfc96b5e4432a96afd702c81fbd6e/roles/30fcc9db6fb54018807b35bc5f6ff66f` {{(pid=97428) log_request_info /opt/stack/keystone/keystone/server/flask/request_processing/req_logging.py:29}}
May 26 16:42:31.354617 dv-cinder-836070-4-smb devstack@keystone.service[97428]: DEBUG keystone.common.rbac_enforcer.enforcer [None req-9d036f8e-0fcf-4ca7-8dc3-197952d0b3cc None admin] RBAC: Authorizing `identity:create_system_grant_for_user(user_id=9decfc96b5e4432a96afd702c81fbd6e, role_id=30fcc9db6fb54018807b35bc5f6ff66f)` {{(pid=97428) enforce_call /opt/stack/keystone/keystone/common/rbac_enforcer/enforcer.py:449}}
May 26 16:42:31.356209 dv-cinder-836070-4-smb devstack@keystone.service[97428]: DEBUG keystone.common.rbac_enforcer.enforcer [None req-9d036f8e-0fcf-4ca7-8dc3-197952d0b3cc None admin] RBAC: Authorization granted {{(pid=97428) enforce_call /opt/stack/keystone/keystone/common/rbac_enforcer/enforcer.py:457}}
May 26 16:42:31.502680 dv-cinder-836070-4-smb devstack@keystone.service[97428]: [pid: 97428|app: 0|req: 165/334] 10.222.0.93 () {58 vars in 1334 bytes} [Thu May 26 16:42:31 2022] PUT /identity/v3/system/users/9decfc96b5e4432a96afd702c81fbd6e/roles/30fcc9db6fb54018807b35bc5f6ff66f => generated 0 bytes in 299 msecs (HTTP/1.1 204) 3 headers in 132 bytes (0 switches on core 0)
