Apr 06 10:55:14.616514 dv-cinder-836070-2-smb neutron-server[115181]: INFO neutron.wsgi [req-2589d6eb-e8fd-4f43-b4a0-8e63a3916925 req-8bfcf798-01a7-46d9-81df-6c9a9e25085c tempest-ServerRescueNegativeTestJSON-1440864857 tempest-ServerRescueNegativeTestJSON-1440864857-project] 10.222.0.15 "GET /v2.0/ports?device_id=78b8bccf-2b51-4a9d-a3a9-c41e14ec5b0e HTTP/1.1" status: 200 len: 931 time: 0.3147037
Apr 06 10:55:14.619781 dv-cinder-836070-2-smb neutron-server[115181]: INFO neutron.wsgi [req-7183ef9c-061b-4369-9bf0-84398cd48065 req-69d72471-9653-4f61-ad54-7ba9c9d2fc71 tempest-VolumesActionsTest-138084259 tempest-VolumesActionsTest-138084259-project] 10.222.0.15 "GET /v2.0/security-groups?id=1bf2c7f5-c03f-40a6-a9d3-33a42990b4ff&fields=id&fields=name HTTP/1.1" status: 200 len: 286 time: 0.1968305
Apr 06 10:55:14.641636 dv-cinder-836070-2-smb neutron-server[115181]: DEBUG neutron.api.rpc.handlers.resources_rpc [None req-0864092d-9365-4b50-a151-123d74075c19 service neutron] Pushing event updated for resources: {'Port': ['ID=1b9b416e-0ab0-40c3-8035-f4df1e0673ba,revision_number=2']} {{(pid=115181) push /opt/stack/neutron/neutron/api/rpc/handlers/resources_rpc.py:237}}
Apr 06 10:55:14.697453 dv-cinder-836070-2-smb neutron-server[115183]: DEBUG neutron_lib.callbacks.manager [None req-acc7f32a-742b-436d-9a80-693a05e37691 None None] Publish callbacks ['neutron.services.segments.db._update_segment_host_mapping_for_agent-8750806060647', 'neutron.plugins.ml2.plugin.Ml2Plugin._retry_binding_revived_agents-1570276'] for agent (bcb5a99a-b35a-4438-9aa4-32be998d9d0e), after_update {{(pid=115183) _notify_loop /usr/local/lib/python3.8/dist-packages/neutron_lib/callbacks/manager.py:176}}
Apr 06 10:55:14.736002 dv-cinder-836070-2-smb neutron-server[115181]: DEBUG neutron.plugins.ml2.managers [req-5be28904-4f99-4790-affa-ae492ce472cb req-0864092d-9365-4b50-a151-123d74075c19 service neutron] Attempting to bind port 1b9b416e-0ab0-40c3-8035-f4df1e0673ba on host hv-cinder-83607 for vnic_type normal with profile {{(pid=115181) bind_port /opt/stack/neutron/neutron/plugins/ml2/managers.py:795}}
Apr 06 10:55:14.736615 dv-cinder-836070-2-smb neutron-server[115181]: DEBUG neutron.plugins.ml2.managers [req-5be28904-4f99-4790-affa-ae492ce472cb req-0864092d-9365-4b50-a151-123d74075c19 service neutron] Attempting to bind port 1b9b416e-0ab0-40c3-8035-f4df1e0673ba by drivers openvswitch,hyperv on host hv-cinder-83607 at level 0 using segments [{'id': '4c146f7f-9b59-43f3-88b0-476d5b5dc8eb', 'network_type': 'vlan', 'physical_network': 'physnet1', 'segmentation_id': 130, 'network_id': '9acaae0e-4f4c-4dd0-b1b6-91193d256d65'}] {{(pid=115181) _bind_port_level /opt/stack/neutron/neutron/plugins/ml2/managers.py:820}}
Apr 06 10:55:14.737844 dv-cinder-836070-2-smb neutron-server[115181]: DEBUG neutron.plugins.ml2.drivers.mech_agent [req-5be28904-4f99-4790-affa-ae492ce472cb req-0864092d-9365-4b50-a151-123d74075c19 service neutron] Attempting to bind port 1b9b416e-0ab0-40c3-8035-f4df1e0673ba on network 9acaae0e-4f4c-4dd0-b1b6-91193d256d65 {{(pid=115181) bind_port /opt/stack/neutron/neutron/plugins/ml2/drivers/mech_agent.py:91}}
Apr 06 10:55:14.785265 dv-cinder-836070-2-smb neutron-server[115181]: DEBUG neutron.plugins.ml2.drivers.mech_agent [req-5be28904-4f99-4790-affa-ae492ce472cb req-0864092d-9365-4b50-a151-123d74075c19 service neutron] Port 1b9b416e-0ab0-40c3-8035-f4df1e0673ba on network 9acaae0e-4f4c-4dd0-b1b6-91193d256d65 not bound, no agent of type Open vSwitch agent registered on host hv-cinder-83607 {{(pid=115181) bind_port /opt/stack/neutron/neutron/plugins/ml2/drivers/mech_agent.py:103}}
Apr 06 10:55:14.785709 dv-cinder-836070-2-smb neutron-server[115181]: DEBUG neutron.plugins.ml2.drivers.mech_agent [req-5be28904-4f99-4790-affa-ae492ce472cb req-0864092d-9365-4b50-a151-123d74075c19 service neutron] Attempting to bind port 1b9b416e-0ab0-40c3-8035-f4df1e0673ba on network 9acaae0e-4f4c-4dd0-b1b6-91193d256d65 {{(pid=115181) bind_port /opt/stack/neutron/neutron/plugins/ml2/drivers/mech_agent.py:91}}
Apr 06 10:55:14.816613 dv-cinder-836070-2-smb neutron-server[115181]: DEBUG neutron.plugins.ml2.drivers.mech_agent [req-5be28904-4f99-4790-affa-ae492ce472cb req-0864092d-9365-4b50-a151-123d74075c19 service neutron] Checking agent: {'id': 'b63b95b6-a844-460f-aa28-f2cf5b5b6bc9', 'agent_type': 'HyperV agent', 'binary': 'neutron-hyperv-agent', 'topic': 'N/A', 'host': 'hv-cinder-83607', 'admin_state_up': True, 'created_at': datetime.datetime(2022, 4, 6, 10, 51, 35), 'started_at': datetime.datetime(2022, 4, 6, 10, 51, 35), 'heartbeat_timestamp': datetime.datetime(2022, 4, 6, 10, 55, 5), 'description': None, 'resources_synced': None, 'availability_zone': None, 'alive': True, 'configurations': {'vswitch_mappings': {'physnet1$': 'br-data'}}, 'resource_versions': {}} {{(pid=115181) bind_port /opt/stack/neutron/neutron/plugins/ml2/drivers/mech_agent.py:110}}
Apr 06 10:55:14.817239 dv-cinder-836070-2-smb neutron-server[115181]: DEBUG neutron.plugins.ml2.drivers.mech_agent [req-5be28904-4f99-4790-affa-ae492ce472cb req-0864092d-9365-4b50-a151-123d74075c19 service neutron] Checking segment: {'id': '4c146f7f-9b59-43f3-88b0-476d5b5dc8eb', 'network_type': 'vlan', 'physical_network': 'physnet1', 'segmentation_id': 130, 'network_id': '9acaae0e-4f4c-4dd0-b1b6-91193d256d65'} for mappings: {'physnet1$': 'br-data'} with network types: ['local', 'flat', 'vlan'] {{(pid=115181) check_segment_for_agent /opt/stack/neutron/neutron/plugins/ml2/drivers/mech_agent.py:373}}
Apr 06 10:55:14.817713 dv-cinder-836070-2-smb neutron-server[115181]: DEBUG neutron.plugins.ml2.drivers.mech_agent [req-5be28904-4f99-4790-affa-ae492ce472cb req-0864092d-9365-4b50-a151-123d74075c19 service neutron] Bound using segment: {'id': '4c146f7f-9b59-43f3-88b0-476d5b5dc8eb', 'network_type': 'vlan', 'physical_network': 'physnet1', 'segmentation_id': 130, 'network_id': '9acaae0e-4f4c-4dd0-b1b6-91193d256d65'} {{(pid=115181) bind_port /opt/stack/neutron/neutron/plugins/ml2/drivers/mech_agent.py:120}}
Apr 06 10:55:14.818415 dv-cinder-836070-2-smb neutron-server[115181]: DEBUG neutron.plugins.ml2.managers [req-5be28904-4f99-4790-affa-ae492ce472cb req-0864092d-9365-4b50-a151-123d74075c19 service neutron] Bound port: 1b9b416e-0ab0-40c3-8035-f4df1e0673ba, host: hv-cinder-83607, vif_type: hyperv, vif_details: {"connectivity": "legacy", "port_filter": false}, binding_levels: [{'bound_driver': 'hyperv', 'bound_segment': {'id': '4c146f7f-9b59-43f3-88b0-476d5b5dc8eb', 'network_type': 'vlan', 'physical_network': 'physnet1', 'segmentation_id': 130, 'network_id': '9acaae0e-4f4c-4dd0-b1b6-91193d256d65'}}] {{(pid=115181) _bind_port_level /opt/stack/neutron/neutron/plugins/ml2/managers.py:932}}
Apr 06 10:55:14.818789 dv-cinder-836070-2-smb neutron-server[115181]: DEBUG neutron_lib.callbacks.manager [req-5be28904-4f99-4790-affa-ae492ce472cb req-0864092d-9365-4b50-a151-123d74075c19 service neutron] Publish callbacks ['neutron.plugins.ml2.plugin.SecurityGroupDbMixin._ensure_default_security_group_handler-1479363'] for port (1b9b416e-0ab0-40c3-8035-f4df1e0673ba), before_update {{(pid=115181) _notify_loop /usr/local/lib/python3.8/dist-packages/neutron_lib/callbacks/manager.py:176}}
Apr 06 10:55:14.855033 dv-cinder-836070-2-smb neutron-server[115181]: INFO neutron.wsgi [req-2589d6eb-e8fd-4f43-b4a0-8e63a3916925 req-b4ca67b0-d571-4cbf-aecd-b64f82fe4c66 tempest-ServerRescueNegativeTestJSON-1440864857 tempest-ServerRescueNegativeTestJSON-1440864857-project] 10.222.0.15 "GET /v2.0/security-groups?id=947c7d01-864b-4eee-977f-a2c6dd87415e&fields=id&fields=name HTTP/1.1" status: 200 len: 286 time: 0.2221727
Apr 06 10:55:14.914671 dv-cinder-836070-2-smb neutron-server[115181]: DEBUG neutron.pecan_wsgi.hooks.policy_enforcement [req-f20c066c-c8a5-4c65-ae2a-d85b9c21d622 req-8152bc7a-9536-4bce-80c8-d88a9c9698d0 tempest-VolumesActionsTest-1543956132 tempest-VolumesActionsTest-1543956132-project] Attributes excluded by policy engine: ['standard_attr_id', 'binding:profile', 'binding:host_id', 'binding:vif_type', 'binding:vif_details'] {{(pid=115181) _exclude_attributes_by_policy /opt/stack/neutron/neutron/pecan_wsgi/hooks/policy_enforcement.py:255}}
Apr 06 10:55:14.916688 dv-cinder-836070-2-smb neutron-server[115181]: INFO neutron.wsgi [req-f20c066c-c8a5-4c65-ae2a-d85b9c21d622 req-8152bc7a-9536-4bce-80c8-d88a9c9698d0 tempest-VolumesActionsTest-1543956132 tempest-VolumesActionsTest-1543956132-project] 10.222.0.15 "GET /v2.0/ports?device_id=ecfa25d4-6fac-417d-a315-1b2f4ba619d6 HTTP/1.1" status: 200 len: 932 time: 0.1622083
Apr 06 10:55:14.962442 dv-cinder-836070-2-smb neutron-server[115181]: DEBUG neutron.plugins.ml2.db [req-5be28904-4f99-4790-affa-ae492ce472cb req-0864092d-9365-4b50-a151-123d74075c19 service neutron] For port 1b9b416e-0ab0-40c3-8035-f4df1e0673ba, host hv-cinder-83607, cleared binding levels {{(pid=115181) clear_binding_levels /opt/stack/neutron/neutron/plugins/ml2/db.py:87}}
Apr 06 10:55:14.998975 dv-cinder-836070-2-smb neutron-server[115181]: DEBUG neutron.plugins.ml2.db [req-5be28904-4f99-4790-affa-ae492ce472cb req-0864092d-9365-4b50-a151-123d74075c19 service neutron] For port 1b9b416e-0ab0-40c3-8035-f4df1e0673ba, host hv-cinder-83607, set binding levels [PortBindingLevel(driver='hyperv',host='hv-cinder-83607',level=0,port_id=1b9b416e-0ab0-40c3-8035-f4df1e0673ba,segment=NetworkSegment(4c146f7f-9b59-43f3-88b0-476d5b5dc8eb),segment_id=4c146f7f-9b59-43f3-88b0-476d5b5dc8eb)] {{(pid=115181) set_binding_levels /opt/stack/neutron/neutron/plugins/ml2/db.py:59}}
Apr 06 10:55:15.007884 dv-cinder-836070-2-smb neutron-server[115181]: INFO neutron.wsgi [req-f20c066c-c8a5-4c65-ae2a-d85b9c21d622 req-a7d770fe-03ec-4ce3-a773-0327b13e637a tempest-VolumesActionsTest-1543956132 tempest-VolumesActionsTest-1543956132-project] 10.222.0.15 "GET /v2.0/security-groups?id=be658b80-830b-4ef7-a8b2-771083e4cec6&fields=id&fields=name HTTP/1.1" status: 200 len: 286 time: 0.0791698
Apr 06 10:55:15.021459 dv-cinder-836070-2-smb neutron-server[115181]: DEBUG neutron_lib.callbacks.manager [req-5be28904-4f99-4790-affa-ae492ce472cb req-0864092d-9365-4b50-a151-123d74075c19 service neutron] Publish callbacks ['neutron.plugins.ml2.plugin.SecurityGroupServerNotifierRpcMixin._notify_sg_on_port_change-1479168', 'neutron.plugins.ml2.ovo_rpc._ObjectChangeHandler.handle_event-2023554', 'neutron.api.rpc.agentnotifiers.dhcp_rpc_agent_api.DhcpAgentNotifyAPI._native_event_send_dhcp_notification-1619973', 'neutron.db.l3_db.L3RpcNotifierMixin._notify_gateway_port_ip_changed-8750806090518', 'neutron.db.l3_dvrscheduler_db._notify_l3_agent_port_update-8750805605398', 'neutron.db.l3_hascheduler_db._notify_l3_agent_ha_port_update-8750805605416'] for port (1b9b416e-0ab0-40c3-8035-f4df1e0673ba), after_update {{(pid=115181) _notify_loop /usr/local/lib/python3.8/dist-packages/neutron_lib/callbacks/manager.py:176}}
Apr 06 10:55:15.099712 dv-cinder-836070-2-smb neutron-server[115181]: DEBUG neutron.pecan_wsgi.hooks.policy_enforcement [req-5be28904-4f99-4790-affa-ae492ce472cb req-0864092d-9365-4b50-a151-123d74075c19 service neutron] Attributes excluded by policy engine: ['standard_attr_id'] {{(pid=115181) _exclude_attributes_by_policy /opt/stack/neutron/neutron/pecan_wsgi/hooks/policy_enforcement.py:255}}
Apr 06 10:55:15.100877 dv-cinder-836070-2-smb neutron-server[115181]: DEBUG neutron_lib.callbacks.manager [req-5be28904-4f99-4790-affa-ae492ce472cb req-0864092d-9365-4b50-a151-123d74075c19 service neutron] Publish callbacks ['neutron.notifiers.nova.Notifier._send_nova_notification-61101'] for port (None), before_response {{(pid=115181) _notify_loop /usr/local/lib/python3.8/dist-packages/neutron_lib/callbacks/manager.py:176}}
Apr 06 10:55:15.103460 dv-cinder-836070-2-smb neutron-server[115181]: INFO neutron.wsgi [req-5be28904-4f99-4790-affa-ae492ce472cb req-0864092d-9365-4b50-a151-123d74075c19 service neutron] 10.222.0.30 "PUT /v2.0/ports/1b9b416e-0ab0-40c3-8035-f4df1e0673ba HTTP/1.1" status: 200 len: 1093 time: 2.4760201
Apr 06 10:55:15.107803 dv-cinder-836070-2-smb neutron-server[115181]: DEBUG neutron.notifiers.nova [-] Sending events: [{'name': 'network-changed', 'server_uuid': '0614cc42-b1c9-4501-9984-7140c08e506f', 'tag': '1b9b416e-0ab0-40c3-8035-f4df1e0673ba'}] {{(pid=115181) send_events /opt/stack/neutron/neutron/notifiers/nova.py:271}}
Apr 06 10:55:15.112173 dv-cinder-836070-2-smb neutron-server[115181]: DEBUG novaclient.v2.client [-] REQ: curl -g -i --cacert "/opt/stack/data/ca-bundle.pem" -X POST http://10.222.0.15/compute/v2.1/os-server-external-events -H "Accept: application/json" -H "Content-Type: application/json" -H "User-Agent: python-novaclient" -H "X-Auth-Token: {SHA256}18e17ad6c9c46b6ed94083dc51eaeef9322fc29b34372bd9dc44fb942a0333f3" -H "X-OpenStack-Nova-API-Version: 2.1" -H "X-OpenStack-Request-ID: req-f282b2a9-d63f-4921-8cc8-5802bd7a058c" -d '{"events": [{"name": "network-changed", "server_uuid": "0614cc42-b1c9-4501-9984-7140c08e506f", "tag": "1b9b416e-0ab0-40c3-8035-f4df1e0673ba"}]}' {{(pid=115181) _http_log_request /usr/local/lib/python3.8/dist-packages/keystoneauth1/session.py:519}}
Apr 06 10:55:15.175045 dv-cinder-836070-2-smb neutron-server[115181]: DEBUG neutron.api.rpc.handlers.resources_rpc [None req-0864092d-9365-4b50-a151-123d74075c19 service neutron] Pushing event updated for resources: {'Port': ['ID=1b9b416e-0ab0-40c3-8035-f4df1e0673ba,revision_number=3']} {{(pid=115181) push /opt/stack/neutron/neutron/api/rpc/handlers/resources_rpc.py:237}}
Apr 06 10:55:15.201911 dv-cinder-836070-2-smb neutron-server[115181]: DEBUG novaclient.v2.client [-] RESP: [200] Connection: close Content-Length: 179 Content-Type: application/json Date: Wed, 06 Apr 2022 10:55:15 GMT OpenStack-API-Version: compute 2.1 Server: Apache/2.4.41 (Ubuntu) Vary: OpenStack-API-Version,X-OpenStack-Nova-API-Version X-OpenStack-Nova-API-Version: 2.1 x-compute-request-id: req-af3f2875-5fd3-40b9-86c2-1271d75877b2 x-openstack-request-id: req-af3f2875-5fd3-40b9-86c2-1271d75877b2 {{(pid=115181) _http_log_response /usr/local/lib/python3.8/dist-packages/keystoneauth1/session.py:550}}
Apr 06 10:55:15.202692 dv-cinder-836070-2-smb neutron-server[115181]: DEBUG novaclient.v2.client [-] RESP BODY: {"events": [{"name": "network-changed", "server_uuid": "0614cc42-b1c9-4501-9984-7140c08e506f", "tag": "1b9b416e-0ab0-40c3-8035-f4df1e0673ba", "status": "completed", "code": 200}]} {{(pid=115181) _http_log_response /usr/local/lib/python3.8/dist-packages/keystoneauth1/session.py:582}}
Apr 06 10:55:15.203106 dv-cinder-836070-2-smb neutron-server[115181]: DEBUG novaclient.v2.client [-] POST call to compute for http://10.222.0.15/compute/v2.1/os-server-external-events used request id req-af3f2875-5fd3-40b9-86c2-1271d75877b2 {{(pid=115181) request /usr/local/lib/python3.8/dist-packages/keystoneauth1/session.py:954}}
Apr 06 10:55:15.203755 dv-cinder-836070-2-smb neutron-server[115181]: INFO neutron.notifiers.nova [-] Nova event matching ['req-af3f2875-5fd3-40b9-86c2-1271d75877b2'] response: {'name': 'network-changed', 'server_uuid': '0614cc42-b1c9-4501-9984-7140c08e506f', 'tag': '1b9b416e-0ab0-40c3-8035-f4df1e0673ba', 'status': 'completed', 'code': 200}
Apr 06 10:55:15.788813 dv-cinder-836070-2-smb neutron-server[115182]: DEBUG neutron.api.v2.base [req-0770bb56-4fb0-419b-86fe-7eea00a06d71 req-975e2d36-f558-4c5d-807f-753c013ae53c service neutron] Request body: {'port': {'device_id': 'ecfa25d4-6fac-417d-a315-1b2f4ba619d6', 'device_owner': 'compute:nova', 'binding:host_id': 'hv-cinder-83607'}} {{(pid=115182) prepare_request_body /opt/stack/neutron/neutron/api/v2/base.py:729}}
Apr 06 10:55:15.794606 dv-cinder-836070-2-smb neutron-server[115182]: DEBUG neutron.api.v2.base [req-081ea704-f7e8-42bc-a01d-7c72d215bcb5 req-a71ecdf3-2b27-47c5-abe1-87cb5ee1aa8a service neutron] Request body: {'port': {'device_id': '78b8bccf-2b51-4a9d-a3a9-c41e14ec5b0e', 'device_owner': 'compute:nova', 'binding:host_id': 'hv-cinder-83607'}} {{(pid=115182) prepare_request_body /opt/stack/neutron/neutron/api/v2/base.py:729}}
Apr 06 10:55:15.795085 dv-cinder-836070-2-smb neutron-server[115181]: DEBUG neutron.pecan_wsgi.hooks.policy_enforcement [req-65144b1b-a329-46f3-86cc-ee4f16aaadc9 req-7e864919-0810-4634-83e8-27c877a21070 tempest-VolumesActionsTest-138084259 tempest-VolumesActionsTest-138084259-project] Attributes excluded by policy engine: ['standard_attr_id', 'binding:profile', 'binding:host_id', 'binding:vif_type', 'binding:vif_details'] {{(pid=115181) _exclude_attributes_by_policy /opt/stack/neutron/neutron/pecan_wsgi/hooks/policy_enforcement.py:255}}
Apr 06 10:55:15.796982 dv-cinder-836070-2-smb neutron-server[115181]: INFO neutron.wsgi [req-65144b1b-a329-46f3-86cc-ee4f16aaadc9 req-7e864919-0810-4634-83e8-27c877a21070 tempest-VolumesActionsTest-138084259 tempest-VolumesActionsTest-138084259-project] 10.222.0.15 "GET /v2.0/ports?device_id=51c684ce-2b05-4797-8272-40e98f607414 HTTP/1.1" status: 200 len: 943 time: 0.0635641
Apr 06 10:55:15.909504 dv-cinder-836070-2-smb neutron-server[115182]: DEBUG neutron_lib.callbacks.manager [req-081ea704-f7e8-42bc-a01d-7c72d215bcb5 req-a71ecdf3-2b27-47c5-abe1-87cb5ee1aa8a service neutron] Publish callbacks ['neutron.plugins.ml2.plugin.SecurityGroupDbMixin._ensure_default_security_group_handler-1479363'] for port (9b960a41-2885-45c7-ae55-16f5f51c63a9), before_update {{(pid=115182) _notify_loop /usr/local/lib/python3.8/dist-packages/neutron_lib/callbacks/manager.py:176}}
Apr 06 10:55:16.003557 dv-cinder-836070-2-smb neutron-server[115182]: DEBUG neutron_lib.callbacks.manager [req-0770bb56-4fb0-419b-86fe-7eea00a06d71 req-975e2d36-f558-4c5d-807f-753c013ae53c service neutron] Publish callbacks ['neutron.plugins.ml2.plugin.SecurityGroupDbMixin._ensure_default_security_group_handler-1479363'] for port (7087397d-4869-4ddd-8dd8-d38df2d2bfa1), before_update {{(pid=115182) _notify_loop /usr/local/lib/python3.8/dist-packages/neutron_lib/callbacks/manager.py:176}}
Apr 06 10:55:16.186436 dv-cinder-836070-2-smb neutron-server[115181]: DEBUG neutron.pecan_wsgi.hooks.policy_enforcement [req-2a8a3e84-b8bf-4e9e-97c0-8f88e75645f7 req-d54cb77a-bb43-48a7-a952-78a8019810d5 service neutron] Attributes excluded by policy engine: ['standard_attr_id'] {{(pid=115181) _exclude_attributes_by_policy /opt/stack/neutron/neutron/pecan_wsgi/hooks/policy_enforcement.py:255}}
Apr 06 10:55:16.188110 dv-cinder-836070-2-smb neutron-server[115181]: INFO neutron.wsgi [req-2a8a3e84-b8bf-4e9e-97c0-8f88e75645f7 req-d54cb77a-bb43-48a7-a952-78a8019810d5 service neutron] 10.222.0.30 "GET /v2.0/ports?tenant_id=44cd6b99a7ea4211902ddd58ae309386&device_id=51c684ce-2b05-4797-8272-40e98f607414 HTTP/1.1" status: 200 len: 1127 time: 0.3888164
Apr 06 10:55:16.188687 dv-cinder-836070-2-smb neutron-server[115182]: DEBUG neutron.wsgi [-] (115182) accepted ('10.222.0.15', 59666) {{(pid=115182) server /usr/local/lib/python3.8/dist-packages/eventlet/wsgi.py:1004}}
Apr 06 10:55:16.244635 dv-cinder-836070-2-smb neutron-server[115181]: INFO neutron.wsgi [req-65144b1b-a329-46f3-86cc-ee4f16aaadc9 req-db88a86e-a266-44a8-9402-bc2a93174b10 tempest-VolumesActionsTest-138084259 tempest-VolumesActionsTest-138084259-project] 10.222.0.15 "GET /v2.0/security-groups?id=1bf2c7f5-c03f-40a6-a9d3-33a42990b4ff&fields=id&fields=name HTTP/1.1" status: 200 len: 286 time: 0.4229715
Apr 06 10:55:16.337393 dv-cinder-836070-2-smb neutron-server[115181]: DEBUG neutron.pecan_wsgi.hooks.policy_enforcement [req-f282b2a9-d63f-4921-8cc8-5802bd7a058c req-9152eb13-5a36-40f7-bca2-9644d27bfd25 service neutron] Attributes excluded by policy engine: ['standard_attr_id'] {{(pid=115181) _exclude_attributes_by_policy /opt/stack/neutron/neutron/pecan_wsgi/hooks/policy_enforcement.py:255}}
Apr 06 10:55:16.340699 dv-cinder-836070-2-smb neutron-server[115181]: INFO neutron.wsgi [req-f282b2a9-d63f-4921-8cc8-5802bd7a058c req-9152eb13-5a36-40f7-bca2-9644d27bfd25 service neutron] 10.222.0.30 "GET /v2.0/ports?tenant_id=c1411b106d5b4cde8746a2f85352af10&device_id=0614cc42-b1c9-4501-9984-7140c08e506f HTTP/1.1" status: 200 len: 1127 time: 0.4955268
Apr 06 10:55:16.450318 dv-cinder-836070-2-smb neutron-server[115182]: DEBUG neutron_lib.callbacks.manager [None req-64ddf134-7d09-4e57-a92a-7e9ef5118049 admin admin] Publish callbacks [] for security_group (None), before_create {{(pid=115182) _notify_loop /usr/local/lib/python3.8/dist-packages/neutron_lib/callbacks/manager.py:176}}
Apr 06 10:55:16.509034 dv-cinder-836070-2-smb neutron-server[115181]: DEBUG neutron.pecan_wsgi.hooks.policy_enforcement [req-d88c29f2-802a-4af8-a61b-eca9df3e7480 req-c15a2707-8bea-4098-a463-ee341403fd88 tempest-ServerRescueNegativeTestJSON-1440864857 tempest-ServerRescueNegativeTestJSON-1440864857-project] Attributes excluded by policy engine: ['standard_attr_id', 'binding:profile', 'binding:host_id', 'binding:vif_type', 'binding:vif_details'] {{(pid=115181) _exclude_attributes_by_policy /opt/stack/neutron/neutron/pecan_wsgi/hooks/policy_enforcement.py:255}}
Apr 06 10:55:16.510782 dv-cinder-836070-2-smb neutron-server[115181]: INFO neutron.wsgi [req-d88c29f2-802a-4af8-a61b-eca9df3e7480 req-c15a2707-8bea-4098-a463-ee341403fd88 tempest-ServerRescueNegativeTestJSON-1440864857 tempest-ServerRescueNegativeTestJSON-1440864857-project] 10.222.0.15 "GET /v2.0/ports?device_id=78b8bccf-2b51-4a9d-a3a9-c41e14ec5b0e HTTP/1.1" status: 200 len: 931 time: 0.3507590
Apr 06 10:55:16.573185 dv-cinder-836070-2-smb neutron-server[115182]: DEBUG neutron.notifiers.nova [req-081ea704-f7e8-42bc-a01d-7c72d215bcb5 req-a71ecdf3-2b27-47c5-abe1-87cb5ee1aa8a service neutron] Ignoring state change previous_port_status: DOWN current_port_status: DOWN port_id 9b960a41-2885-45c7-ae55-16f5f51c63a9 {{(pid=115182) record_port_status_changed /opt/stack/neutron/neutron/notifiers/nova.py:233}}
Apr 06 10:55:16.578874 dv-cinder-836070-2-smb neutron-server[115182]: DEBUG neutron.notifiers.nova [req-0770bb56-4fb0-419b-86fe-7eea00a06d71 req-975e2d36-f558-4c5d-807f-753c013ae53c service neutron] Ignoring state change previous_port_status: DOWN current_port_status: DOWN port_id 7087397d-4869-4ddd-8dd8-d38df2d2bfa1 {{(pid=115182) record_port_status_changed /opt/stack/neutron/neutron/notifiers/nova.py:233}}
Apr 06 10:55:16.590742 dv-cinder-836070-2-smb neutron-server[115182]: DEBUG neutron_lib.callbacks.manager [req-081ea704-f7e8-42bc-a01d-7c72d215bcb5 req-a71ecdf3-2b27-47c5-abe1-87cb5ee1aa8a service neutron] Publish callbacks [] for port (9b960a41-2885-45c7-ae55-16f5f51c63a9), precommit_update {{(pid=115182) _notify_loop /usr/local/lib/python3.8/dist-packages/neutron_lib/callbacks/manager.py:176}}
Apr 06 10:55:16.594524 dv-cinder-836070-2-smb neutron-server[115182]: DEBUG neutron_lib.callbacks.manager [req-0770bb56-4fb0-419b-86fe-7eea00a06d71 req-975e2d36-f558-4c5d-807f-753c013ae53c service neutron] Publish callbacks [] for port (7087397d-4869-4ddd-8dd8-d38df2d2bfa1), precommit_update {{(pid=115182) _notify_loop /usr/local/lib/python3.8/dist-packages/neutron_lib/callbacks/manager.py:176}}
Apr 06 10:55:16.594833 dv-cinder-836070-2-smb neutron-server[115181]: DEBUG neutron.pecan_wsgi.hooks.policy_enforcement [req-2a8a3e84-b8bf-4e9e-97c0-8f88e75645f7 req-74c186b9-cfa3-47e1-9bc4-9caf111d3788 service neutron] Attributes excluded by policy engine: ['standard_attr_id', 'vlan_transparent'] {{(pid=115181) _exclude_attributes_by_policy /opt/stack/neutron/neutron/pecan_wsgi/hooks/policy_enforcement.py:255}}
Apr 06 10:55:16.596279 dv-cinder-836070-2-smb neutron-server[115181]: INFO neutron.wsgi [req-2a8a3e84-b8bf-4e9e-97c0-8f88e75645f7 req-74c186b9-cfa3-47e1-9bc4-9caf111d3788 service neutron] 10.222.0.30 "GET /v2.0/networks?id=9231d528-f4cd-4a16-971d-65ee14f7915a HTTP/1.1" status: 200 len: 909 time: 0.3851192
Apr 06 10:55:16.624042 dv-cinder-836070-2-smb neutron-server[115182]: DEBUG neutron.db.provisioning_blocks [req-081ea704-f7e8-42bc-a01d-7c72d215bcb5 req-a71ecdf3-2b27-47c5-abe1-87cb5ee1aa8a service neutron] Transition to ACTIVE for port object 9b960a41-2885-45c7-ae55-16f5f51c63a9 will not be triggered until provisioned by entity L2. {{(pid=115182) add_provisioning_component /opt/stack/neutron/neutron/db/provisioning_blocks.py:74}}
Apr 06 10:55:16.626696 dv-cinder-836070-2-smb neutron-server[115182]: DEBUG neutron.db.provisioning_blocks [req-0770bb56-4fb0-419b-86fe-7eea00a06d71 req-975e2d36-f558-4c5d-807f-753c013ae53c service neutron] Transition to ACTIVE for port object 7087397d-4869-4ddd-8dd8-d38df2d2bfa1 will not be triggered until provisioned by entity L2. {{(pid=115182) add_provisioning_component /opt/stack/neutron/neutron/db/provisioning_blocks.py:74}}
Apr 06 10:55:16.641149 dv-cinder-836070-2-smb neutron-server[115182]: DEBUG neutron_lib.callbacks.manager [req-081ea704-f7e8-42bc-a01d-7c72d215bcb5 req-a71ecdf3-2b27-47c5-abe1-87cb5ee1aa8a service neutron] Publish callbacks ['neutron.plugins.ml2.plugin.SecurityGroupServerNotifierRpcMixin._notify_sg_on_port_change-1479168', 'neutron.plugins.ml2.ovo_rpc._ObjectChangeHandler.handle_event-2023554', 'neutron.api.rpc.agentnotifiers.dhcp_rpc_agent_api.DhcpAgentNotifyAPI._native_event_send_dhcp_notification-1619973', 'neutron.db.l3_db.L3RpcNotifierMixin._notify_gateway_port_ip_changed-8750806090518', 'neutron.db.l3_dvrscheduler_db._notify_l3_agent_port_update-8750805605398', 'neutron.db.l3_hascheduler_db._notify_l3_agent_ha_port_update-8750805605416', 'neutron.services.segments.plugin.NovaSegmentNotifier._notify_port_updated-9770103'] for port (9b960a41-2885-45c7-ae55-16f5f51c63a9), after_update {{(pid=115182) _notify_loop /usr/local/lib/python3.8/dist-packages/neutron_lib/callbacks/manager.py:176}}
Apr 06 10:55:16.646099 dv-cinder-836070-2-smb neutron-server[115182]: DEBUG neutron_lib.callbacks.manager [req-0770bb56-4fb0-419b-86fe-7eea00a06d71 req-975e2d36-f558-4c5d-807f-753c013ae53c service neutron] Publish callbacks ['neutron.plugins.ml2.plugin.SecurityGroupServerNotifierRpcMixin._notify_sg_on_port_change-1479168', 'neutron.plugins.ml2.ovo_rpc._ObjectChangeHandler.handle_event-2023554', 'neutron.api.rpc.agentnotifiers.dhcp_rpc_agent_api.DhcpAgentNotifyAPI._native_event_send_dhcp_notification-1619973', 'neutron.db.l3_db.L3RpcNotifierMixin._notify_gateway_port_ip_changed-8750806090518', 'neutron.db.l3_dvrscheduler_db._notify_l3_agent_port_update-8750805605398', 'neutron.db.l3_hascheduler_db._notify_l3_agent_ha_port_update-8750805605416', 'neutron.services.segments.plugin.NovaSegmentNotifier._notify_port_updated-9770103'] for port (7087397d-4869-4ddd-8dd8-d38df2d2bfa1), after_update {{(pid=115182) _notify_loop /usr/local/lib/python3.8/dist-packages/neutron_lib/callbacks/manager.py:176}}
Apr 06 10:55:16.672185 dv-cinder-836070-2-smb neutron-server[115181]: DEBUG neutron.pecan_wsgi.hooks.policy_enforcement [req-7a23f7e8-fb4d-4edd-aa71-44449501fd0e req-1395a810-8869-41d4-92b3-e3374aa4e773 tempest-VolumesActionsTest-1543956132 tempest-VolumesActionsTest-1543956132-project] Attributes excluded by policy engine: ['standard_attr_id', 'binding:profile', 'binding:host_id', 'binding:vif_type', 'binding:vif_details'] {{(pid=115181) _exclude_attributes_by_policy /opt/stack/neutron/neutron/pecan_wsgi/hooks/policy_enforcement.py:255}}
Apr 06 10:55:16.673801 dv-cinder-836070-2-smb neutron-server[115181]: INFO neutron.wsgi [req-7a23f7e8-fb4d-4edd-aa71-44449501fd0e req-1395a810-8869-41d4-92b3-e3374aa4e773 tempest-VolumesActionsTest-1543956132 tempest-VolumesActionsTest-1543956132-project] 10.222.0.15 "GET /v2.0/ports?device_id=ecfa25d4-6fac-417d-a315-1b2f4ba619d6 HTTP/1.1" status: 200 len: 932 time: 0.3272347
Apr 06 10:55:16.680939 dv-cinder-836070-2-smb neutron-server[115181]: DEBUG neutron.pecan_wsgi.hooks.policy_enforcement [req-f282b2a9-d63f-4921-8cc8-5802bd7a058c req-18ae5aac-33de-4def-a1b1-d281f83975c0 service neutron] Attributes excluded by policy engine: ['standard_attr_id', 'vlan_transparent'] {{(pid=115181) _exclude_attributes_by_policy /opt/stack/neutron/neutron/pecan_wsgi/hooks/policy_enforcement.py:255}}
Apr 06 10:55:16.682525 dv-cinder-836070-2-smb neutron-server[115181]: INFO neutron.wsgi [req-f282b2a9-d63f-4921-8cc8-5802bd7a058c req-18ae5aac-33de-4def-a1b1-d281f83975c0 service neutron] 10.222.0.30 "GET /v2.0/networks?tenant_id=c1411b106d5b4cde8746a2f85352af10&shared=False HTTP/1.1" status: 200 len: 920 time: 0.3312984
Apr 06 10:55:16.683884 dv-cinder-836070-2-smb neutron-server[115181]: INFO neutron.wsgi [req-2a8a3e84-b8bf-4e9e-97c0-8f88e75645f7 req-9741f858-cd83-4251-8366-e028d50e8763 service neutron] 10.222.0.30 "GET /v2.0/floatingips?fixed_ip_address=172.20.0.2&port_id=fe4046a5-7df6-4fd2-af98-0074058fad61 HTTP/1.1" status: 200 len: 217 time: 0.0789328
Apr 06 10:55:16.772999 dv-cinder-836070-2-smb neutron-server[115181]: DEBUG neutron.pecan_wsgi.hooks.policy_enforcement [req-2a8a3e84-b8bf-4e9e-97c0-8f88e75645f7 req-ccfa4a8b-a558-4f93-abe6-da8e206ce5a0 service neutron] Attributes excluded by policy engine: ['standard_attr_id', 'shared'] {{(pid=115181) _exclude_attributes_by_policy /opt/stack/neutron/neutron/pecan_wsgi/hooks/policy_enforcement.py:255}}
Apr 06 10:55:16.774685 dv-cinder-836070-2-smb neutron-server[115181]: INFO neutron.wsgi [req-2a8a3e84-b8bf-4e9e-97c0-8f88e75645f7 req-ccfa4a8b-a558-4f93-abe6-da8e206ce5a0 service neutron] 10.222.0.30 "GET /v2.0/subnets?id=26f47787-239d-4e58-8bbc-0eb989de6843 HTTP/1.1" status: 200 len: 848 time: 0.0773344
Apr 06 10:55:16.784614 dv-cinder-836070-2-smb neutron-server[115181]: INFO neutron.wsgi [req-d88c29f2-802a-4af8-a61b-eca9df3e7480 req-d43843ed-be53-4cdf-beee-3aa1cb028646 tempest-ServerRescueNegativeTestJSON-1440864857 tempest-ServerRescueNegativeTestJSON-1440864857-project] 10.222.0.15 "GET /v2.0/security-groups?id=947c7d01-864b-4eee-977f-a2c6dd87415e&fields=id&fields=name HTTP/1.1" status: 200 len: 286 time: 0.2449379
Apr 06 10:55:16.872695 dv-cinder-836070-2-smb neutron-server[115181]: INFO neutron.wsgi [req-2a8a3e84-b8bf-4e9e-97c0-8f88e75645f7 req-9325eb85-6b8d-46a7-bdc8-f6054ac2ca45 service neutron] 10.222.0.30 "GET /v2.0/ports?network_id=9231d528-f4cd-4a16-971d-65ee14f7915a&device_owner=network%3Adhcp HTTP/1.1" status: 200 len: 210 time: 0.0869715
Apr 06 10:55:16.964948 dv-cinder-836070-2-smb neutron-server[115181]: INFO neutron.wsgi [req-7a23f7e8-fb4d-4edd-aa71-44449501fd0e req-e8377dbf-e13d-4ee1-b46f-74520623599a tempest-VolumesActionsTest-1543956132 tempest-VolumesActionsTest-1543956132-project] 10.222.0.15 "GET /v2.0/security-groups?id=be658b80-830b-4ef7-a8b2-771083e4cec6&fields=id&fields=name HTTP/1.1" status: 200 len: 286 time: 0.2771008
Apr 06 10:55:17.006903 dv-cinder-836070-2-smb neutron-server[115183]: DEBUG neutron.plugins.ml2.rpc [None req-23403cc9-0868-48b2-a654-ac697c396057 None None] Device fe4046a5-7df6-4fd2-af98-0074058fad61 details requested by agent hyperv_hv-cinder-83607 with host hv-cinder-83607 {{(pid=115183) get_device_details /opt/stack/neutron/neutron/plugins/ml2/rpc.py:102}}
Apr 06 10:55:17.018755 dv-cinder-836070-2-smb neutron-server[115181]: DEBUG neutron.pecan_wsgi.hooks.policy_enforcement [req-f282b2a9-d63f-4921-8cc8-5802bd7a058c req-0a3276cd-8adb-408b-8293-541df1feaa3f service neutron] Attributes excluded by policy engine: ['standard_attr_id', 'vlan_transparent'] {{(pid=115181) _exclude_attributes_by_policy /opt/stack/neutron/neutron/pecan_wsgi/hooks/policy_enforcement.py:255}}
Apr 06 10:55:17.020878 dv-cinder-836070-2-smb neutron-server[115181]: INFO neutron.wsgi [req-f282b2a9-d63f-4921-8cc8-5802bd7a058c req-0a3276cd-8adb-408b-8293-541df1feaa3f service neutron] 10.222.0.30 "GET /v2.0/networks?shared=True HTTP/1.1" status: 200 len: 870 time: 0.3240736
Apr 06 10:55:17.028835 dv-cinder-836070-2-smb neutron-server[115182]: DEBUG neutron_lib.callbacks.manager [None req-64ddf134-7d09-4e57-a92a-7e9ef5118049 admin admin] Publish callbacks [] for security_group (2f01faaf-edcb-4565-935a-8b1c7c5964a4), precommit_create {{(pid=115182) _notify_loop /usr/local/lib/python3.8/dist-packages/neutron_lib/callbacks/manager.py:176}}
Apr 06 10:55:17.057504 dv-cinder-836070-2-smb neutron-server[115182]: DEBUG neutron.api.rpc.handlers.resources_rpc [None req-a71ecdf3-2b27-47c5-abe1-87cb5ee1aa8a service neutron] Pushing event updated for resources: {'Port': ['ID=9b960a41-2885-45c7-ae55-16f5f51c63a9,revision_number=2']} {{(pid=115182) push /opt/stack/neutron/neutron/api/rpc/handlers/resources_rpc.py:237}}
Apr 06 10:55:17.059617 dv-cinder-836070-2-smb neutron-server[115181]: INFO neutron.wsgi [req-2a8a3e84-b8bf-4e9e-97c0-8f88e75645f7 req-fced50c8-a79c-465e-84ff-b8dba9f84e7d service neutron] 10.222.0.30 "GET /v2.0/networks/9231d528-f4cd-4a16-971d-65ee14f7915a?fields=segments HTTP/1.1" status: 200 len: 212 time: 0.1766551
Apr 06 10:55:17.066309 dv-cinder-836070-2-smb neutron-server[115182]: DEBUG neutron_lib.callbacks.manager [None req-64ddf134-7d09-4e57-a92a-7e9ef5118049 admin admin] Publish callbacks ['neutron.plugins.ml2.ovo_rpc._ObjectChangeHandler.handle_event-1690219'] for security_group (2f01faaf-edcb-4565-935a-8b1c7c5964a4), after_create {{(pid=115182) _notify_loop /usr/local/lib/python3.8/dist-packages/neutron_lib/callbacks/manager.py:176}}
Apr 06 10:55:17.142542 dv-cinder-836070-2-smb neutron-server[115182]: DEBUG neutron.api.rpc.handlers.resources_rpc [None req-64ddf134-7d09-4e57-a92a-7e9ef5118049 admin admin] Pushing event updated for resources: {'SecurityGroup': ['ID=2f01faaf-edcb-4565-935a-8b1c7c5964a4,revision_number=1']} {{(pid=115182) push /opt/stack/neutron/neutron/api/rpc/handlers/resources_rpc.py:237}}
Apr 06 10:55:17.174230 dv-cinder-836070-2-smb neutron-server[115183]: DEBUG neutron.plugins.ml2.db [None req-23403cc9-0868-48b2-a654-ac697c396057 None None] For port fe4046a5-7df6-4fd2-af98-0074058fad61, host hv-cinder-83607, got binding levels [PortBindingLevel(driver='hyperv',host='hv-cinder-83607',level=0,port_id=fe4046a5-7df6-4fd2-af98-0074058fad61,segment=NetworkSegment(03a344bb-f29a-46d4-8ae2-4d440f882251),segment_id=03a344bb-f29a-46d4-8ae2-4d440f882251)] {{(pid=115183) get_binding_level_objs /opt/stack/neutron/neutron/plugins/ml2/db.py:74}}
Apr 06 10:55:17.190045 dv-cinder-836070-2-smb neutron-server[115183]: DEBUG neutron.plugins.ml2.rpc [None req-23403cc9-0868-48b2-a654-ac697c396057 None None] Returning: {'device': 'fe4046a5-7df6-4fd2-af98-0074058fad61', 'network_id': '9231d528-f4cd-4a16-971d-65ee14f7915a', 'port_id': 'fe4046a5-7df6-4fd2-af98-0074058fad61', 'mac_address': 'fa:16:3e:3a:d3:50', 'admin_state_up': True, 'network_type': 'vlan', 'segmentation_id': 118, 'physical_network': 'physnet1', 'mtu': 1500, 'fixed_ips': [{'subnet_id': '26f47787-239d-4e58-8bbc-0eb989de6843', 'ip_address': '172.20.0.2'}], 'device_owner': 'compute:nova', 'allowed_address_pairs': [], 'port_security_enabled': True, 'qos_policy_id': None, 'network_qos_policy_id': None, 'profile': {}, 'propagate_uplink_status': False} {{(pid=115183) _get_device_details /opt/stack/neutron/neutron/plugins/ml2/rpc.py:184}}
Apr 06 10:55:17.237621 dv-cinder-836070-2-smb neutron-server[115181]: DEBUG neutron.pecan_wsgi.hooks.policy_enforcement [req-5be28904-4f99-4790-affa-ae492ce472cb req-7b9f48ee-60c4-415e-95e8-af5677f5bd63 service neutron] Attributes excluded by policy engine: ['standard_attr_id'] {{(pid=115181) _exclude_attributes_by_policy /opt/stack/neutron/neutron/pecan_wsgi/hooks/policy_enforcement.py:255}}
Apr 06 10:55:17.240057 dv-cinder-836070-2-smb neutron-server[115181]: INFO neutron.wsgi [req-5be28904-4f99-4790-affa-ae492ce472cb req-7b9f48ee-60c4-415e-95e8-af5677f5bd63 service neutron] 10.222.0.30 "GET /v2.0/ports?tenant_id=c1411b106d5b4cde8746a2f85352af10&device_id=0614cc42-b1c9-4501-9984-7140c08e506f HTTP/1.1" status: 200 len: 1127 time: 0.1013989
Apr 06 10:55:17.242852 dv-cinder-836070-2-smb neutron-server[115181]: INFO neutron.wsgi [req-2a8a3e84-b8bf-4e9e-97c0-8f88e75645f7 req-16c6eee8-1427-4d14-b9c0-e83d056fb8ab service neutron] 10.222.0.30 "GET /v2.0/networks/9231d528-f4cd-4a16-971d-65ee14f7915a?fields=provider%3Aphysical_network&fields=provider%3Anetwork_type HTTP/1.1" status: 200 len: 281 time: 0.1714680
Apr 06 10:55:17.265585 dv-cinder-836070-2-smb neutron-server[115182]: INFO neutron.wsgi [None req-64ddf134-7d09-4e57-a92a-7e9ef5118049 admin admin] 10.222.0.15 "GET /v2.0/security-groups?tenant_id=0c0ce56d82ff4baaacd0fffb91be7536&name=default HTTP/1.1" status: 200 len: 2996 time: 1.0734658
Apr 06 10:55:17.272864 dv-cinder-836070-2-smb neutron-server[115182]: DEBUG neutron.wsgi [-] (115182) accepted ('10.222.0.15', 59682) {{(pid=115182) server /usr/local/lib/python3.8/dist-packages/eventlet/wsgi.py:1004}}
Apr 06 10:55:17.289128 dv-cinder-836070-2-smb neutron-server[115182]: DEBUG neutron.api.rpc.handlers.resources_rpc [None req-975e2d36-f558-4c5d-807f-753c013ae53c service neutron] Pushing event updated for resources: {'Port': ['ID=7087397d-4869-4ddd-8dd8-d38df2d2bfa1,revision_number=2']} {{(pid=115182) push /opt/stack/neutron/neutron/api/rpc/handlers/resources_rpc.py:237}}
Apr 06 10:55:17.320688 dv-cinder-836070-2-smb neutron-server[115183]: DEBUG neutron.plugins.ml2.plugin [None req-23403cc9-0868-48b2-a654-ac697c396057 None None] Current status of the port fe4046a5-7df6-4fd2-af98-0074058fad61 is: DOWN; New status is: BUILD {{(pid=115183) _update_individual_port_db_status /opt/stack/neutron/neutron/plugins/ml2/plugin.py:2256}}
Apr 06 10:55:17.321483 dv-cinder-836070-2-smb neutron-server[115183]: DEBUG neutron_lib.callbacks.manager [None req-23403cc9-0868-48b2-a654-ac697c396057 None None] Publish callbacks ['neutron.plugins.ml2.plugin.SecurityGroupDbMixin._ensure_default_security_group_handler-1479363'] for port (fe4046a5-7df6-4fd2-af98-0074058fad61), before_update {{(pid=115183) _notify_loop /usr/local/lib/python3.8/dist-packages/neutron_lib/callbacks/manager.py:176}}
Apr 06 10:55:17.361338 dv-cinder-836070-2-smb neutron-server[115183]: DEBUG neutron.notifiers.nova [None req-23403cc9-0868-48b2-a654-ac697c396057 None None] Ignoring state change previous_port_status: DOWN current_port_status: BUILD port_id fe4046a5-7df6-4fd2-af98-0074058fad61 {{(pid=115183) record_port_status_changed /opt/stack/neutron/neutron/notifiers/nova.py:233}}
Apr 06 10:55:17.365102 dv-cinder-836070-2-smb neutron-server[115182]: DEBUG neutron.plugins.ml2.managers [req-081ea704-f7e8-42bc-a01d-7c72d215bcb5 req-a71ecdf3-2b27-47c5-abe1-87cb5ee1aa8a service neutron] Attempting to bind port 9b960a41-2885-45c7-ae55-16f5f51c63a9 on host hv-cinder-83607 for vnic_type normal with profile {{(pid=115182) bind_port /opt/stack/neutron/neutron/plugins/ml2/managers.py:795}}
Apr 06 10:55:17.365525 dv-cinder-836070-2-smb neutron-server[115182]: DEBUG neutron.plugins.ml2.managers [req-081ea704-f7e8-42bc-a01d-7c72d215bcb5 req-a71ecdf3-2b27-47c5-abe1-87cb5ee1aa8a service neutron] Attempting to bind port 9b960a41-2885-45c7-ae55-16f5f51c63a9 by drivers openvswitch,hyperv on host hv-cinder-83607 at level 0 using segments [{'id': '4c146f7f-9b59-43f3-88b0-476d5b5dc8eb', 'network_type': 'vlan', 'physical_network': 'physnet1', 'segmentation_id': 130, 'network_id': '9acaae0e-4f4c-4dd0-b1b6-91193d256d65'}] {{(pid=115182) _bind_port_level /opt/stack/neutron/neutron/plugins/ml2/managers.py:820}}
Apr 06 10:55:17.365829 dv-cinder-836070-2-smb neutron-server[115182]: DEBUG neutron.plugins.ml2.drivers.mech_agent [req-081ea704-f7e8-42bc-a01d-7c72d215bcb5 req-a71ecdf3-2b27-47c5-abe1-87cb5ee1aa8a service neutron] Attempting to bind port 9b960a41-2885-45c7-ae55-16f5f51c63a9 on network 9acaae0e-4f4c-4dd0-b1b6-91193d256d65 {{(pid=115182) bind_port /opt/stack/neutron/neutron/plugins/ml2/drivers/mech_agent.py:91}}
Apr 06 10:55:17.369590 dv-cinder-836070-2-smb neutron-server[115182]: DEBUG neutron.plugins.ml2.managers [req-0770bb56-4fb0-419b-86fe-7eea00a06d71 req-975e2d36-f558-4c5d-807f-753c013ae53c service neutron] Attempting to bind port 7087397d-4869-4ddd-8dd8-d38df2d2bfa1 on host hv-cinder-83607 for vnic_type normal with profile {{(pid=115182) bind_port /opt/stack/neutron/neutron/plugins/ml2/managers.py:795}}
Apr 06 10:55:17.369926 dv-cinder-836070-2-smb neutron-server[115182]: DEBUG neutron.plugins.ml2.managers [req-0770bb56-4fb0-419b-86fe-7eea00a06d71 req-975e2d36-f558-4c5d-807f-753c013ae53c service neutron] Attempting to bind port 7087397d-4869-4ddd-8dd8-d38df2d2bfa1 by drivers openvswitch,hyperv on host hv-cinder-83607 at level 0 using segments [{'id': 'bf706502-d52f-42b9-83ac-c5eb2c49c5ad', 'network_type': 'vlan', 'physical_network': 'physnet1', 'segmentation_id': 134, 'network_id': 'c1966736-f115-4ffe-9dcf-f52bf0e88998'}] {{(pid=115182) _bind_port_level /opt/stack/neutron/neutron/plugins/ml2/managers.py:820}}
Apr 06 10:55:17.370319 dv-cinder-836070-2-smb neutron-server[115182]: DEBUG neutron.plugins.ml2.drivers.mech_agent [req-0770bb56-4fb0-419b-86fe-7eea00a06d71 req-975e2d36-f558-4c5d-807f-753c013ae53c service neutron] Attempting to bind port 7087397d-4869-4ddd-8dd8-d38df2d2bfa1 on network c1966736-f115-4ffe-9dcf-f52bf0e88998 {{(pid=115182) bind_port /opt/stack/neutron/neutron/plugins/ml2/drivers/mech_agent.py:91}}
Apr 06 10:55:17.370505 dv-cinder-836070-2-smb neutron-server[115181]: INFO neutron.wsgi [req-5be28904-4f99-4790-affa-ae492ce472cb req-d1914893-c1cc-402c-a078-8b0250f1d346 service neutron] 10.222.0.30 "GET /v2.0/floatingips?fixed_ip_address=172.20.0.8&port_id=1b9b416e-0ab0-40c3-8035-f4df1e0673ba HTTP/1.1" status: 200 len: 217 time: 0.1191640
Apr 06 10:55:17.385833 dv-cinder-836070-2-smb neutron-server[115182]: DEBUG neutron.plugins.ml2.drivers.mech_agent [req-0770bb56-4fb0-419b-86fe-7eea00a06d71 req-975e2d36-f558-4c5d-807f-753c013ae53c service neutron] Port 7087397d-4869-4ddd-8dd8-d38df2d2bfa1 on network c1966736-f115-4ffe-9dcf-f52bf0e88998 not bound, no agent of type Open vSwitch agent registered on host hv-cinder-83607 {{(pid=115182) bind_port /opt/stack/neutron/neutron/plugins/ml2/drivers/mech_agent.py:103}}
Apr 06 10:55:17.386174 dv-cinder-836070-2-smb neutron-server[115182]: DEBUG neutron.plugins.ml2.drivers.mech_agent [req-0770bb56-4fb0-419b-86fe-7eea00a06d71 req-975e2d36-f558-4c5d-807f-753c013ae53c service neutron] Attempting to bind port 7087397d-4869-4ddd-8dd8-d38df2d2bfa1 on network c1966736-f115-4ffe-9dcf-f52bf0e88998 {{(pid=115182) bind_port /opt/stack/neutron/neutron/plugins/ml2/drivers/mech_agent.py:91}}
Apr 06 10:55:17.390373 dv-cinder-836070-2-smb neutron-server[115182]: DEBUG neutron.plugins.ml2.drivers.mech_agent [req-081ea704-f7e8-42bc-a01d-7c72d215bcb5 req-a71ecdf3-2b27-47c5-abe1-87cb5ee1aa8a service neutron] Port 9b960a41-2885-45c7-ae55-16f5f51c63a9 on network 9acaae0e-4f4c-4dd0-b1b6-91193d256d65 not bound, no agent of type Open vSwitch agent registered on host hv-cinder-83607 {{(pid=115182) bind_port /opt/stack/neutron/neutron/plugins/ml2/drivers/mech_agent.py:103}}
Apr 06 10:55:17.390770 dv-cinder-836070-2-smb neutron-server[115182]: DEBUG neutron.plugins.ml2.drivers.mech_agent [req-081ea704-f7e8-42bc-a01d-7c72d215bcb5 req-a71ecdf3-2b27-47c5-abe1-87cb5ee1aa8a service neutron] Attempting to bind port 9b960a41-2885-45c7-ae55-16f5f51c63a9 on network 9acaae0e-4f4c-4dd0-b1b6-91193d256d65 {{(pid=115182) bind_port /opt/stack/neutron/neutron/plugins/ml2/drivers/mech_agent.py:91}}
Apr 06 10:55:17.395315 dv-cinder-836070-2-smb neutron-server[115182]: DEBUG neutron_lib.callbacks.manager [None req-16350d23-91a0-41f2-912e-f17b37d05240 admin admin] Publish callbacks [] for security_group (2f01faaf-edcb-4565-935a-8b1c7c5964a4), before_delete {{(pid=115182) _notify_loop /usr/local/lib/python3.8/dist-packages/neutron_lib/callbacks/manager.py:176}}
Apr 06 10:55:17.403847 dv-cinder-836070-2-smb neutron-server[115182]: DEBUG neutron.plugins.ml2.drivers.mech_agent [req-0770bb56-4fb0-419b-86fe-7eea00a06d71 req-975e2d36-f558-4c5d-807f-753c013ae53c service neutron] Checking agent: {'id': 'b63b95b6-a844-460f-aa28-f2cf5b5b6bc9', 'agent_type': 'HyperV agent', 'binary': 'neutron-hyperv-agent', 'topic': 'N/A', 'host': 'hv-cinder-83607', 'admin_state_up': True, 'created_at': datetime.datetime(2022, 4, 6, 10, 51, 35), 'started_at': datetime.datetime(2022, 4, 6, 10, 51, 35), 'heartbeat_timestamp': datetime.datetime(2022, 4, 6, 10, 55, 5), 'description': None, 'resources_synced': None, 'availability_zone': None, 'alive': True, 'configurations': {'vswitch_mappings': {'physnet1$': 'br-data'}}, 'resource_versions': {}} {{(pid=115182) bind_port /opt/stack/neutron/neutron/plugins/ml2/drivers/mech_agent.py:110}}
Apr 06 10:55:17.404333 dv-cinder-836070-2-smb neutron-server[115182]: DEBUG neutron.plugins.ml2.drivers.mech_agent [req-0770bb56-4fb0-419b-86fe-7eea00a06d71 req-975e2d36-f558-4c5d-807f-753c013ae53c service neutron] Checking segment: {'id': 'bf706502-d52f-42b9-83ac-c5eb2c49c5ad', 'network_type': 'vlan', 'physical_network': 'physnet1', 'segmentation_id': 134, 'network_id': 'c1966736-f115-4ffe-9dcf-f52bf0e88998'} for mappings: {'physnet1$': 'br-data'} with network types: ['local', 'flat', 'vlan'] {{(pid=115182) check_segment_for_agent /opt/stack/neutron/neutron/plugins/ml2/drivers/mech_agent.py:373}}
Apr 06 10:55:17.404740 dv-cinder-836070-2-smb neutron-server[115182]: DEBUG neutron.plugins.ml2.drivers.mech_agent [req-0770bb56-4fb0-419b-86fe-7eea00a06d71 req-975e2d36-f558-4c5d-807f-753c013ae53c service neutron] Bound using segment: {'id': 'bf706502-d52f-42b9-83ac-c5eb2c49c5ad', 'network_type': 'vlan', 'physical_network': 'physnet1', 'segmentation_id': 134, 'network_id': 'c1966736-f115-4ffe-9dcf-f52bf0e88998'} {{(pid=115182) bind_port /opt/stack/neutron/neutron/plugins/ml2/drivers/mech_agent.py:120}}
Apr 06 10:55:17.405201 dv-cinder-836070-2-smb neutron-server[115182]: DEBUG neutron.plugins.ml2.managers [req-0770bb56-4fb0-419b-86fe-7eea00a06d71 req-975e2d36-f558-4c5d-807f-753c013ae53c service neutron] Bound port: 7087397d-4869-4ddd-8dd8-d38df2d2bfa1, host: hv-cinder-83607, vif_type: hyperv, vif_details: {"connectivity": "legacy", "port_filter": false}, binding_levels: [{'bound_driver': 'hyperv', 'bound_segment': {'id': 'bf706502-d52f-42b9-83ac-c5eb2c49c5ad', 'network_type': 'vlan', 'physical_network': 'physnet1', 'segmentation_id': 134, 'network_id': 'c1966736-f115-4ffe-9dcf-f52bf0e88998'}}] {{(pid=115182) _bind_port_level /opt/stack/neutron/neutron/plugins/ml2/managers.py:932}}
Apr 06 10:55:17.405573 dv-cinder-836070-2-smb neutron-server[115182]: DEBUG neutron_lib.callbacks.manager [req-0770bb56-4fb0-419b-86fe-7eea00a06d71 req-975e2d36-f558-4c5d-807f-753c013ae53c service neutron] Publish callbacks ['neutron.plugins.ml2.plugin.SecurityGroupDbMixin._ensure_default_security_group_handler-1479363'] for port (7087397d-4869-4ddd-8dd8-d38df2d2bfa1), before_update {{(pid=115182) _notify_loop /usr/local/lib/python3.8/dist-packages/neutron_lib/callbacks/manager.py:176}}
Apr 06 10:55:17.415516 dv-cinder-836070-2-smb neutron-server[115182]: DEBUG neutron.plugins.ml2.drivers.mech_agent [req-081ea704-f7e8-42bc-a01d-7c72d215bcb5 req-a71ecdf3-2b27-47c5-abe1-87cb5ee1aa8a service neutron] Checking agent: {'id': 'b63b95b6-a844-460f-aa28-f2cf5b5b6bc9', 'agent_type': 'HyperV agent', 'binary': 'neutron-hyperv-agent', 'topic': 'N/A', 'host': 'hv-cinder-83607', 'admin_state_up': True, 'created_at': datetime.datetime(2022, 4, 6, 10, 51, 35), 'started_at': datetime.datetime(2022, 4, 6, 10, 51, 35), 'heartbeat_timestamp': datetime.datetime(2022, 4, 6, 10, 55, 5), 'description': None, 'resources_synced': None, 'availability_zone': None, 'alive': True, 'configurations': {'vswitch_mappings': {'physnet1$': 'br-data'}}, 'resource_versions': {}} {{(pid=115182) bind_port /opt/stack/neutron/neutron/plugins/ml2/drivers/mech_agent.py:110}}
Apr 06 10:55:17.415873 dv-cinder-836070-2-smb neutron-server[115182]: DEBUG neutron.plugins.ml2.drivers.mech_agent [req-081ea704-f7e8-42bc-a01d-7c72d215bcb5 req-a71ecdf3-2b27-47c5-abe1-87cb5ee1aa8a service neutron] Checking segment: {'id': '4c146f7f-9b59-43f3-88b0-476d5b5dc8eb', 'network_type': 'vlan', 'physical_network': 'physnet1', 'segmentation_id': 130, 'network_id': '9acaae0e-4f4c-4dd0-b1b6-91193d256d65'} for mappings: {'physnet1$': 'br-data'} with network types: ['local', 'flat', 'vlan'] {{(pid=115182) check_segment_for_agent /opt/stack/neutron/neutron/plugins/ml2/drivers/mech_agent.py:373}}
Apr 06 10:55:17.416273 dv-cinder-836070-2-smb neutron-server[115182]: DEBUG neutron.plugins.ml2.drivers.mech_agent [req-081ea704-f7e8-42bc-a01d-7c72d215bcb5 req-a71ecdf3-2b27-47c5-abe1-87cb5ee1aa8a service neutron] Bound using segment: {'id': '4c146f7f-9b59-43f3-88b0-476d5b5dc8eb', 'network_type': 'vlan', 'physical_network': 'physnet1', 'segmentation_id': 130, 'network_id': '9acaae0e-4f4c-4dd0-b1b6-91193d256d65'} {{(pid=115182) bind_port /opt/stack/neutron/neutron/plugins/ml2/drivers/mech_agent.py:120}}
Apr 06 10:55:17.416727 dv-cinder-836070-2-smb neutron-server[115182]: DEBUG neutron.plugins.ml2.managers [req-081ea704-f7e8-42bc-a01d-7c72d215bcb5 req-a71ecdf3-2b27-47c5-abe1-87cb5ee1aa8a service neutron] Bound port: 9b960a41-2885-45c7-ae55-16f5f51c63a9, host: hv-cinder-83607, vif_type: hyperv, vif_details: {"connectivity": "legacy", "port_filter": false}, binding_levels: [{'bound_driver': 'hyperv', 'bound_segment': {'id': '4c146f7f-9b59-43f3-88b0-476d5b5dc8eb', 'network_type': 'vlan', 'physical_network': 'physnet1', 'segmentation_id': 130, 'network_id': '9acaae0e-4f4c-4dd0-b1b6-91193d256d65'}}] {{(pid=115182) _bind_port_level /opt/stack/neutron/neutron/plugins/ml2/managers.py:932}}
Apr 06 10:55:17.417095 dv-cinder-836070-2-smb neutron-server[115182]: DEBUG neutron_lib.callbacks.manager [req-081ea704-f7e8-42bc-a01d-7c72d215bcb5 req-a71ecdf3-2b27-47c5-abe1-87cb5ee1aa8a service neutron] Publish callbacks ['neutron.plugins.ml2.plugin.SecurityGroupDbMixin._ensure_default_security_group_handler-1479363'] for port (9b960a41-2885-45c7-ae55-16f5f51c63a9), before_update {{(pid=115182) _notify_loop /usr/local/lib/python3.8/dist-packages/neutron_lib/callbacks/manager.py:176}}
