Apr 06 10:54:19.816099 dv-cinder-836070-2-iscsi devstack@c-api.service[121880]: INFO cinder.volume.api [None req-69940c03-b0be-426f-a22c-4c45b0438d13 tempest-GroupSnapshotsTest-322124488 tempest-GroupSnapshotsTest-322124488-project] Volume info retrieved successfully.
Apr 06 10:54:19.818194 dv-cinder-836070-2-iscsi devstack@c-api.service[121880]: WARNING stevedore.named [None req-69940c03-b0be-426f-a22c-4c45b0438d13 tempest-GroupSnapshotsTest-322124488 tempest-GroupSnapshotsTest-322124488-project] Could not load cinder.keymgr.conf_key_mgr.ConfKeyManager
Apr 06 10:54:19.818981 dv-cinder-836070-2-iscsi devstack@c-api.service[121880]: WARNING castellan.key_manager [None req-69940c03-b0be-426f-a22c-4c45b0438d13 tempest-GroupSnapshotsTest-322124488 tempest-GroupSnapshotsTest-322124488-project] Deprecation Warning : cinder.keymgr.conf_key_mgr.ConfKeyManager is not a stevedore based driver, trying to load it as a class: stevedore.exception.NoMatches: No 'castellan.drivers' driver found, looking for 'cinder.keymgr.conf_key_mgr.ConfKeyManager'
Apr 06 10:54:19.830610 dv-cinder-836070-2-iscsi devstack@c-api.service[121880]: DEBUG oslo_db.sqlalchemy.engines [None req-69940c03-b0be-426f-a22c-4c45b0438d13 tempest-GroupSnapshotsTest-322124488 tempest-GroupSnapshotsTest-322124488-project] MySQL server mode set to STRICT_TRANS_TABLES,STRICT_ALL_TABLES,NO_ZERO_IN_DATE,NO_ZERO_DATE,ERROR_FOR_DIVISION_BY_ZERO,TRADITIONAL,NO_ENGINE_SUBSTITUTION {{(pid=121880) _check_effective_sql_mode /usr/local/lib/python3.8/dist-packages/oslo_db/sqlalchemy/engines.py:314}}
Apr 06 10:54:19.840165 dv-cinder-836070-2-iscsi devstack@c-api.service[121880]: /usr/local/lib/python3.8/dist-packages/oslo_context/context.py:100: DeprecationWarning: Policy enforcement is depending on the value of is_admin. This key is deprecated. Please update your policy file to use the standard policy values.
Apr 06 10:54:19.840165 dv-cinder-836070-2-iscsi devstack@c-api.service[121880]: warnings.warn('Policy enforcement is depending on the value of '
Apr 06 10:54:19.867429 dv-cinder-836070-2-iscsi devstack@c-api.service[121880]: INFO cinder.api.openstack.wsgi [None req-69940c03-b0be-426f-a22c-4c45b0438d13 tempest-GroupSnapshotsTest-322124488 tempest-GroupSnapshotsTest-322124488-project] http://10.222.0.23/volume/v3/f1ddc7dd1a9140a59710ce388cc5c1db/volumes/5b5d3fcb-df6d-41c9-b58d-caf68668419d returned with HTTP 200
Apr 06 10:54:19.869966 dv-cinder-836070-2-iscsi devstack@c-api.service[121880]: [pid: 121880|app: 0|req: 28/60] 10.222.0.23 () {60 vars in 1365 bytes} [Wed Apr 6 10:54:19 2022] GET /volume/v3/f1ddc7dd1a9140a59710ce388cc5c1db/volumes/5b5d3fcb-df6d-41c9-b58d-caf68668419d => generated 992 bytes in 89 msecs (HTTP/1.1 200) 7 headers in 286 bytes (1 switches on core 0)
Apr 06 10:54:19.871909 dv-cinder-836070-2-iscsi devstack@c-api.service[121880]: DEBUG cinder.api.middleware.request_id [None req-8edd840f-4b1e-428f-a8bb-d80d7505d910 None None] RequestId filter calling following filter/app {{(pid=121880) _context_setter /opt/stack/cinder/cinder/api/middleware/request_id.py:62}}
Apr 06 10:54:19.943986 dv-cinder-836070-2-iscsi devstack@c-api.service[121882]: INFO cinder.api.openstack.wsgi [None req-a703268f-4e17-4bce-a44c-fe0fd8bd5378 tempest-QosSpecsTestJSON-1425561375 tempest-QosSpecsTestJSON-1425561375-project-admin] POST http://10.222.0.23/volume/v3/582faaa334fc4fbfabb00299df8d3b9a/qos-specs
Apr 06 10:54:19.945589 dv-cinder-836070-2-iscsi devstack@c-api.service[121882]: DEBUG cinder.api.openstack.wsgi [None req-a703268f-4e17-4bce-a44c-fe0fd8bd5378 tempest-QosSpecsTestJSON-1425561375 tempest-QosSpecsTestJSON-1425561375-project-admin] Action: 'create', calling method: create, body: {"qos_specs": {"name": "tempest-QosSpecsTestJSON-QoS-1799732426", "consumer": "front-end", "read_iops_sec": "2000"}} {{(pid=121882) _process_stack /opt/stack/cinder/cinder/api/openstack/wsgi.py:866}}
Apr 06 10:54:19.947896 dv-cinder-836070-2-iscsi devstack@c-api.service[121882]: DEBUG cinder.volume.qos_specs [None req-a703268f-4e17-4bce-a44c-fe0fd8bd5378 tempest-QosSpecsTestJSON-1425561375 tempest-QosSpecsTestJSON-1425561375-project-admin] Dict for qos_specs: {'name': 'tempest-QosSpecsTestJSON-QoS-1799732426', 'consumer': 'front-end', 'specs': {'read_iops_sec': '2000'}} {{(pid=121882) create /opt/stack/cinder/cinder/volume/qos_specs.py:64}}
Apr 06 10:54:20.002957 dv-cinder-836070-2-iscsi devstack@c-api.service[121882]: DEBUG cinder.db.sqlalchemy.api [None req-a703268f-4e17-4bce-a44c-fe0fd8bd5378 tempest-QosSpecsTestJSON-1425561375 tempest-QosSpecsTestJSON-1425561375-project-admin] DB qos_specs_create(): root {'id': '1468d8ab-7a50-4857-8d6c-f28888871e31', 'key': 'QoS_Specs_Name', 'value': 'tempest-QosSpecsTestJSON-QoS-1799732426'} {{(pid=121882) qos_specs_create /opt/stack/cinder/cinder/db/sqlalchemy/api.py:4852}}
Apr 06 10:54:20.040535 dv-cinder-836070-2-iscsi devstack@c-api.service[121882]: INFO cinder.api.openstack.wsgi [None req-a703268f-4e17-4bce-a44c-fe0fd8bd5378 tempest-QosSpecsTestJSON-1425561375 tempest-QosSpecsTestJSON-1425561375-project-admin] http://10.222.0.23/volume/v3/582faaa334fc4fbfabb00299df8d3b9a/qos-specs returned with HTTP 200
Apr 06 10:54:20.042329 dv-cinder-836070-2-iscsi devstack@c-api.service[121882]: [pid: 121882|app: 0|req: 33/61] 10.222.0.23 () {60 vars in 1241 bytes} [Wed Apr 6 10:54:19 2022] POST /volume/v3/582faaa334fc4fbfabb00299df8d3b9a/qos-specs => generated 459 bytes in 376 msecs (HTTP/1.1 200) 7 headers in 285 bytes (1 switches on core 0)
Apr 06 10:54:20.048106 dv-cinder-836070-2-iscsi devstack@c-api.service[121882]: DEBUG cinder.api.middleware.request_id [req-abe6863a-0e86-4cb6-8a4b-60ac0ae91dfc req-4765548a-3ffc-41e7-85b2-941b5d892901 None None] RequestId filter calling following filter/app {{(pid=121882) _context_setter /opt/stack/cinder/cinder/api/middleware/request_id.py:62}}
Apr 06 10:54:20.073312 dv-cinder-836070-2-iscsi devstack@c-api.service[121882]: INFO cinder.api.openstack.wsgi [req-abe6863a-0e86-4cb6-8a4b-60ac0ae91dfc req-4765548a-3ffc-41e7-85b2-941b5d892901 tempest-VolumesSnapshotsTestJSON-70394536 tempest-VolumesSnapshotsTestJSON-70394536-project] GET http://10.222.0.23/volume/v3/7b50d8631df749d6a156e0821ed17324/snapshots/ac3d5e69-19f6-4aeb-8987-14af83de4850
Apr 06 10:54:20.077323 dv-cinder-836070-2-iscsi devstack@c-api.service[121882]: DEBUG cinder.api.openstack.wsgi [req-abe6863a-0e86-4cb6-8a4b-60ac0ae91dfc req-4765548a-3ffc-41e7-85b2-941b5d892901 tempest-VolumesSnapshotsTestJSON-70394536 tempest-VolumesSnapshotsTestJSON-70394536-project] Empty body provided in request {{(pid=121882) get_body /opt/stack/cinder/cinder/api/openstack/wsgi.py:715}}
Apr 06 10:54:20.080730 dv-cinder-836070-2-iscsi devstack@c-api.service[121882]: DEBUG cinder.api.openstack.wsgi [req-abe6863a-0e86-4cb6-8a4b-60ac0ae91dfc req-4765548a-3ffc-41e7-85b2-941b5d892901 tempest-VolumesSnapshotsTestJSON-70394536 tempest-VolumesSnapshotsTestJSON-70394536-project] Calling method 'show' {{(pid=121882) _process_stack /opt/stack/cinder/cinder/api/openstack/wsgi.py:868}}
Apr 06 10:54:20.112474 dv-cinder-836070-2-iscsi devstack@c-api.service[121882]: /usr/local/lib/python3.8/dist-packages/oslo_context/context.py:100: DeprecationWarning: Policy enforcement is depending on the value of is_admin. This key is deprecated. Please update your policy file to use the standard policy values.
Apr 06 10:54:20.112474 dv-cinder-836070-2-iscsi devstack@c-api.service[121882]: warnings.warn('Policy enforcement is depending on the value of '
Apr 06 10:54:20.116344 dv-cinder-836070-2-iscsi devstack@c-api.service[121882]: INFO cinder.volume.api [req-abe6863a-0e86-4cb6-8a4b-60ac0ae91dfc req-4765548a-3ffc-41e7-85b2-941b5d892901 tempest-VolumesSnapshotsTestJSON-70394536 tempest-VolumesSnapshotsTestJSON-70394536-project] Snapshot retrieved successfully.
Apr 06 10:54:20.120928 dv-cinder-836070-2-iscsi devstack@c-api.service[121882]: INFO cinder.api.openstack.wsgi [req-abe6863a-0e86-4cb6-8a4b-60ac0ae91dfc req-4765548a-3ffc-41e7-85b2-941b5d892901 tempest-VolumesSnapshotsTestJSON-70394536 tempest-VolumesSnapshotsTestJSON-70394536-project] http://10.222.0.23/volume/v3/7b50d8631df749d6a156e0821ed17324/snapshots/ac3d5e69-19f6-4aeb-8987-14af83de4850 returned with HTTP 200
Apr 06 10:54:20.124447 dv-cinder-836070-2-iscsi devstack@c-api.service[121882]: [pid: 121882|app: 0|req: 34/62] 10.222.0.23 () {60 vars in 1584 bytes} [Wed Apr 6 10:54:20 2022] GET /volume/v3/7b50d8631df749d6a156e0821ed17324/snapshots/ac3d5e69-19f6-4aeb-8987-14af83de4850 => generated 470 bytes in 81 msecs (HTTP/1.1 200) 7 headers in 285 bytes (1 switches on core 0)
Apr 06 10:54:20.130060 dv-cinder-836070-2-iscsi devstack@c-api.service[121882]: DEBUG cinder.api.middleware.request_id [None req-338c8588-6114-4388-9ed0-a8f66724f634 None None] RequestId filter calling following filter/app {{(pid=121882) _context_setter /opt/stack/cinder/cinder/api/middleware/request_id.py:62}}
Apr 06 10:54:20.143482 dv-cinder-836070-2-iscsi devstack@c-api.service[121882]: INFO cinder.api.openstack.wsgi [None req-338c8588-6114-4388-9ed0-a8f66724f634 tempest-QosSpecsTestJSON-1425561375 tempest-QosSpecsTestJSON-1425561375-project-admin] POST http://10.222.0.23/volume/v3/582faaa334fc4fbfabb00299df8d3b9a/types
Apr 06 10:54:20.144771 dv-cinder-836070-2-iscsi devstack@c-api.service[121882]: DEBUG cinder.api.openstack.wsgi [None req-338c8588-6114-4388-9ed0-a8f66724f634 tempest-QosSpecsTestJSON-1425561375 tempest-QosSpecsTestJSON-1425561375-project-admin] Action: 'create', calling method: _create, body: {"volume_type": {"name": "tempest-QosSpecsTestJSON-volume-type-876722373"}} {{(pid=121882) _process_stack /opt/stack/cinder/cinder/api/openstack/wsgi.py:866}}
Apr 06 10:54:20.213245 dv-cinder-836070-2-iscsi devstack@c-api.service[121882]: INFO cinder.api.openstack.wsgi [None req-338c8588-6114-4388-9ed0-a8f66724f634 tempest-QosSpecsTestJSON-1425561375 tempest-QosSpecsTestJSON-1425561375-project-admin] http://10.222.0.23/volume/v3/582faaa334fc4fbfabb00299df8d3b9a/types returned with HTTP 200
Apr 06 10:54:20.219003 dv-cinder-836070-2-iscsi devstack@c-api.service[121882]: [pid: 121882|app: 0|req: 35/63] 10.222.0.23 () {60 vars in 1228 bytes} [Wed Apr 6 10:54:20 2022] POST /volume/v3/582faaa334fc4fbfabb00299df8d3b9a/types => generated 221 bytes in 94 msecs (HTTP/1.1 200) 7 headers in 285 bytes (1 switches on core 0)
Apr 06 10:54:20.230839 dv-cinder-836070-2-iscsi devstack@c-api.service[121882]: DEBUG cinder.api.middleware.request_id [req-8aae9422-da6f-4f7f-be9d-ce7d1d1c9f26 req-db49dd5d-acd8-4467-a3ee-a1ab78656125 None None] RequestId filter calling following filter/app {{(pid=121882) _context_setter /opt/stack/cinder/cinder/api/middleware/request_id.py:62}}
Apr 06 10:54:20.245163 dv-cinder-836070-2-iscsi devstack@c-api.service[121882]: INFO cinder.api.openstack.wsgi [req-8aae9422-da6f-4f7f-be9d-ce7d1d1c9f26 req-db49dd5d-acd8-4467-a3ee-a1ab78656125 tempest-VolumesSnapshotsTestJSON-70394536 tempest-VolumesSnapshotsTestJSON-70394536-project] DELETE http://10.222.0.23/volume/v3/7b50d8631df749d6a156e0821ed17324/snapshots/ac3d5e69-19f6-4aeb-8987-14af83de4850
Apr 06 10:54:20.245718 dv-cinder-836070-2-iscsi devstack@c-api.service[121882]: DEBUG cinder.api.openstack.wsgi [req-8aae9422-da6f-4f7f-be9d-ce7d1d1c9f26 req-db49dd5d-acd8-4467-a3ee-a1ab78656125 tempest-VolumesSnapshotsTestJSON-70394536 tempest-VolumesSnapshotsTestJSON-70394536-project] Empty body provided in request {{(pid=121882) get_body /opt/stack/cinder/cinder/api/openstack/wsgi.py:715}}
Apr 06 10:54:20.254083 dv-cinder-836070-2-iscsi devstack@c-api.service[121882]: DEBUG cinder.api.openstack.wsgi [req-8aae9422-da6f-4f7f-be9d-ce7d1d1c9f26 req-db49dd5d-acd8-4467-a3ee-a1ab78656125 tempest-VolumesSnapshotsTestJSON-70394536 tempest-VolumesSnapshotsTestJSON-70394536-project] Calling method 'delete' {{(pid=121882) _process_stack /opt/stack/cinder/cinder/api/openstack/wsgi.py:868}}
Apr 06 10:54:20.254588 dv-cinder-836070-2-iscsi devstack@c-api.service[121882]: INFO cinder.api.v2.snapshots [req-8aae9422-da6f-4f7f-be9d-ce7d1d1c9f26 req-db49dd5d-acd8-4467-a3ee-a1ab78656125 tempest-VolumesSnapshotsTestJSON-70394536 tempest-VolumesSnapshotsTestJSON-70394536-project] Delete snapshot with id: ac3d5e69-19f6-4aeb-8987-14af83de4850
Apr 06 10:54:20.285229 dv-cinder-836070-2-iscsi devstack@c-api.service[121882]: /usr/local/lib/python3.8/dist-packages/oslo_context/context.py:100: DeprecationWarning: Policy enforcement is depending on the value of is_admin. This key is deprecated. Please update your policy file to use the standard policy values.
Apr 06 10:54:20.285229 dv-cinder-836070-2-iscsi devstack@c-api.service[121882]: warnings.warn('Policy enforcement is depending on the value of '
Apr 06 10:54:20.289809 dv-cinder-836070-2-iscsi devstack@c-api.service[121882]: INFO cinder.volume.api [req-8aae9422-da6f-4f7f-be9d-ce7d1d1c9f26 req-db49dd5d-acd8-4467-a3ee-a1ab78656125 tempest-VolumesSnapshotsTestJSON-70394536 tempest-VolumesSnapshotsTestJSON-70394536-project] Snapshot retrieved successfully.
Apr 06 10:54:20.310787 dv-cinder-836070-2-iscsi devstack@c-api.service[121880]: INFO cinder.api.openstack.wsgi [None req-8edd840f-4b1e-428f-a8bb-d80d7505d910 tempest-GroupsTest-771257694 tempest-GroupsTest-771257694-project] POST http://10.222.0.23/volume/v3/b7b120f9f0fe4a9e9d29dcb3bda99ec9/groups
Apr 06 10:54:20.312044 dv-cinder-836070-2-iscsi devstack@c-api.service[121880]: DEBUG cinder.api.openstack.wsgi [None req-8edd840f-4b1e-428f-a8bb-d80d7505d910 tempest-GroupsTest-771257694 tempest-GroupsTest-771257694-project] Action: 'create', calling method: version_select, body: {"group": {"group_type": "02215471-6f60-41aa-b844-90c6cd5a241c", "volume_types": ["6c160ca9-4ef2-4f46-a22d-d2538b10493c"], "name": "tempest-Group1-839665756"}} {{(pid=121880) _process_stack /opt/stack/cinder/cinder/api/openstack/wsgi.py:866}}
Apr 06 10:54:20.314838 dv-cinder-836070-2-iscsi devstack@c-api.service[121880]: DEBUG cinder.api.v3.groups [None req-8edd840f-4b1e-428f-a8bb-d80d7505d910 tempest-GroupsTest-771257694 tempest-GroupsTest-771257694-project] Creating new group {'group': {'group_type': '02215471-6f60-41aa-b844-90c6cd5a241c', 'volume_types': ['6c160ca9-4ef2-4f46-a22d-d2538b10493c'], 'name': 'tempest-Group1-839665756'}} {{(pid=121880) create /opt/stack/cinder/cinder/api/v3/groups.py:190}}
Apr 06 10:54:20.323817 dv-cinder-836070-2-iscsi devstack@c-api.service[121880]: INFO cinder.api.v3.groups [None req-8edd840f-4b1e-428f-a8bb-d80d7505d910 tempest-GroupsTest-771257694 tempest-GroupsTest-771257694-project] Creating group tempest-Group1-839665756.
Apr 06 10:54:20.377431 dv-cinder-836070-2-iscsi devstack@c-api.service[121880]: DEBUG cinder.volume.api [None req-8edd840f-4b1e-428f-a8bb-d80d7505d910 tempest-GroupsTest-771257694 tempest-GroupsTest-771257694-project] Availability zone cache updated, next update will occur around 2022-04-06 11:54:20.375684. {{(pid=121880) list_availability_zones /opt/stack/cinder/cinder/volume/api.py:152}}
Apr 06 10:54:20.378174 dv-cinder-836070-2-iscsi devstack@c-api.service[121880]: INFO cinder.volume.api [None req-8edd840f-4b1e-428f-a8bb-d80d7505d910 tempest-GroupsTest-771257694 tempest-GroupsTest-771257694-project] Availability Zones retrieved successfully.
Apr 06 10:54:20.434291 dv-cinder-836070-2-iscsi devstack@c-api.service[121882]: INFO cinder.volume.api [req-8aae9422-da6f-4f7f-be9d-ce7d1d1c9f26 req-db49dd5d-acd8-4467-a3ee-a1ab78656125 tempest-VolumesSnapshotsTestJSON-70394536 tempest-VolumesSnapshotsTestJSON-70394536-project] Snapshot delete request issued successfully.
Apr 06 10:54:20.452282 dv-cinder-836070-2-iscsi devstack@c-api.service[121882]: INFO cinder.api.openstack.wsgi [req-8aae9422-da6f-4f7f-be9d-ce7d1d1c9f26 req-db49dd5d-acd8-4467-a3ee-a1ab78656125 tempest-VolumesSnapshotsTestJSON-70394536 tempest-VolumesSnapshotsTestJSON-70394536-project] http://10.222.0.23/volume/v3/7b50d8631df749d6a156e0821ed17324/snapshots/ac3d5e69-19f6-4aeb-8987-14af83de4850 returned with HTTP 202
Apr 06 10:54:20.454019 dv-cinder-836070-2-iscsi devstack@c-api.service[121880]: DEBUG cinder.quota [None req-8edd840f-4b1e-428f-a8bb-d80d7505d910 tempest-GroupsTest-771257694 tempest-GroupsTest-771257694-project] Created reservations ['bd0e76e3-f249-4b70-a866-c2c1091053b4'] {{(pid=121880) reserve /opt/stack/cinder/cinder/quota.py:755}}
Apr 06 10:54:20.466092 dv-cinder-836070-2-iscsi devstack@c-api.service[121882]: [pid: 121882|app: 0|req: 36/64] 10.222.0.23 () {62 vars in 1606 bytes} [Wed Apr 6 10:54:20 2022] DELETE /volume/v3/7b50d8631df749d6a156e0821ed17324/snapshots/ac3d5e69-19f6-4aeb-8987-14af83de4850 => generated 0 bytes in 246 msecs (HTTP/1.1 202) 6 headers in 233 bytes (1 switches on core 0)
Apr 06 10:54:20.482882 dv-cinder-836070-2-iscsi devstack@c-api.service[121882]: DEBUG cinder.api.middleware.request_id [None req-9eb82caa-b4f0-4d71-aba6-cdc8c8d61515 None None] RequestId filter calling following filter/app {{(pid=121882) _context_setter /opt/stack/cinder/cinder/api/middleware/request_id.py:62}}
Apr 06 10:54:20.511271 dv-cinder-836070-2-iscsi devstack@c-api.service[121882]: INFO cinder.api.openstack.wsgi [None req-9eb82caa-b4f0-4d71-aba6-cdc8c8d61515 tempest-QosSpecsTestJSON-1425561375 tempest-QosSpecsTestJSON-1425561375-project-admin] POST http://10.222.0.23/volume/v3/582faaa334fc4fbfabb00299df8d3b9a/types
Apr 06 10:54:20.515144 dv-cinder-836070-2-iscsi devstack@c-api.service[121882]: DEBUG cinder.api.openstack.wsgi [None req-9eb82caa-b4f0-4d71-aba6-cdc8c8d61515 tempest-QosSpecsTestJSON-1425561375 tempest-QosSpecsTestJSON-1425561375-project-admin] Action: 'create', calling method: _create, body: {"volume_type": {"name": "tempest-QosSpecsTestJSON-volume-type-1258309917"}} {{(pid=121882) _process_stack /opt/stack/cinder/cinder/api/openstack/wsgi.py:866}}
Apr 06 10:54:20.522616 dv-cinder-836070-2-iscsi devstack@c-api.service[121882]: /usr/local/lib/python3.8/dist-packages/oslo_context/context.py:100: DeprecationWarning: Policy enforcement is depending on the value of is_admin. This key is deprecated. Please update your policy file to use the standard policy values.
Apr 06 10:54:20.522616 dv-cinder-836070-2-iscsi devstack@c-api.service[121882]: warnings.warn('Policy enforcement is depending on the value of '
Apr 06 10:54:20.635765 dv-cinder-836070-2-iscsi devstack@c-api.service[121880]: INFO cinder.api.openstack.wsgi [None req-8edd840f-4b1e-428f-a8bb-d80d7505d910 tempest-GroupsTest-771257694 tempest-GroupsTest-771257694-project] http://10.222.0.23/volume/v3/b7b120f9f0fe4a9e9d29dcb3bda99ec9/groups returned with HTTP 202
Apr 06 10:54:20.640286 dv-cinder-836070-2-iscsi devstack@c-api.service[121880]: [pid: 121880|app: 0|req: 29/65] 10.222.0.23 () {62 vars in 1273 bytes} [Wed Apr 6 10:54:19 2022] POST /volume/v3/b7b120f9f0fe4a9e9d29dcb3bda99ec9/groups => generated 93 bytes in 770 msecs (HTTP/1.1 202) 7 headers in 291 bytes (1 switches on core 0)
Apr 06 10:54:20.644359 dv-cinder-836070-2-iscsi devstack@c-api.service[121880]: DEBUG cinder.api.middleware.request_id [None req-a5777365-7983-4e1d-a162-32694d5d1294 None None] RequestId filter calling following filter/app {{(pid=121880) _context_setter /opt/stack/cinder/cinder/api/middleware/request_id.py:62}}
Apr 06 10:54:20.676047 dv-cinder-836070-2-iscsi devstack@c-api.service[121880]: INFO cinder.api.openstack.wsgi [None req-a5777365-7983-4e1d-a162-32694d5d1294 tempest-VolumesTestJSON-340636594 tempest-VolumesTestJSON-340636594-project] GET http://10.222.0.23/volume/v3/bd62b6959b9a48cdacd3b8ed8aceb8e4/volumes/63a1b7f8-9f98-4e98-ab06-62acbef0437d
Apr 06 10:54:20.679345 dv-cinder-836070-2-iscsi devstack@c-api.service[121880]: DEBUG cinder.api.openstack.wsgi [None req-a5777365-7983-4e1d-a162-32694d5d1294 tempest-VolumesTestJSON-340636594 tempest-VolumesTestJSON-340636594-project] Empty body provided in request {{(pid=121880) get_body /opt/stack/cinder/cinder/api/openstack/wsgi.py:715}}
Apr 06 10:54:20.682778 dv-cinder-836070-2-iscsi devstack@c-api.service[121880]: DEBUG cinder.api.openstack.wsgi [None req-a5777365-7983-4e1d-a162-32694d5d1294 tempest-VolumesTestJSON-340636594 tempest-VolumesTestJSON-340636594-project] Calling method 'show' {{(pid=121880) _process_stack /opt/stack/cinder/cinder/api/openstack/wsgi.py:868}}
Apr 06 10:54:20.690299 dv-cinder-836070-2-iscsi devstack@c-api.service[121882]: INFO cinder.api.openstack.wsgi [None req-9eb82caa-b4f0-4d71-aba6-cdc8c8d61515 tempest-QosSpecsTestJSON-1425561375 tempest-QosSpecsTestJSON-1425561375-project-admin] http://10.222.0.23/volume/v3/582faaa334fc4fbfabb00299df8d3b9a/types returned with HTTP 200
Apr 06 10:54:20.696727 dv-cinder-836070-2-iscsi devstack@c-api.service[121882]: [pid: 121882|app: 0|req: 37/66] 10.222.0.23 () {60 vars in 1228 bytes} [Wed Apr 6 10:54:20 2022] POST /volume/v3/582faaa334fc4fbfabb00299df8d3b9a/types => generated 222 bytes in 228 msecs (HTTP/1.1 200) 7 headers in 285 bytes (1 switches on core 0)
Apr 06 10:54:20.705981 dv-cinder-836070-2-iscsi devstack@c-api.service[121882]: DEBUG cinder.api.middleware.request_id [req-98794ff5-21a6-4cfd-bf74-381a3096a115 req-8ac5b827-6787-428d-9107-c48ebed7b755 None None] RequestId filter calling following filter/app {{(pid=121882) _context_setter /opt/stack/cinder/cinder/api/middleware/request_id.py:62}}
Apr 06 10:54:20.724827 dv-cinder-836070-2-iscsi devstack@c-api.service[121882]: INFO cinder.api.openstack.wsgi [req-98794ff5-21a6-4cfd-bf74-381a3096a115 req-8ac5b827-6787-428d-9107-c48ebed7b755 tempest-VolumesSnapshotsTestJSON-70394536 tempest-VolumesSnapshotsTestJSON-70394536-project] GET http://10.222.0.23/volume/v3/7b50d8631df749d6a156e0821ed17324/snapshots/ac3d5e69-19f6-4aeb-8987-14af83de4850
Apr 06 10:54:20.725675 dv-cinder-836070-2-iscsi devstack@c-api.service[121882]: DEBUG cinder.api.openstack.wsgi [req-98794ff5-21a6-4cfd-bf74-381a3096a115 req-8ac5b827-6787-428d-9107-c48ebed7b755 tempest-VolumesSnapshotsTestJSON-70394536 tempest-VolumesSnapshotsTestJSON-70394536-project] Empty body provided in request {{(pid=121882) get_body /opt/stack/cinder/cinder/api/openstack/wsgi.py:715}}
Apr 06 10:54:20.726567 dv-cinder-836070-2-iscsi devstack@c-api.service[121882]: DEBUG cinder.api.openstack.wsgi [req-98794ff5-21a6-4cfd-bf74-381a3096a115 req-8ac5b827-6787-428d-9107-c48ebed7b755 tempest-VolumesSnapshotsTestJSON-70394536 tempest-VolumesSnapshotsTestJSON-70394536-project] Calling method 'show' {{(pid=121882) _process_stack /opt/stack/cinder/cinder/api/openstack/wsgi.py:868}}
Apr 06 10:54:20.737240 dv-cinder-836070-2-iscsi devstack@c-api.service[121880]: /usr/local/lib/python3.8/dist-packages/oslo_context/context.py:100: DeprecationWarning: Policy enforcement is depending on the value of is_admin. This key is deprecated. Please update your policy file to use the standard policy values.
Apr 06 10:54:20.737240 dv-cinder-836070-2-iscsi devstack@c-api.service[121880]: warnings.warn('Policy enforcement is depending on the value of '
Apr 06 10:54:20.761599 dv-cinder-836070-2-iscsi devstack@c-api.service[121880]: INFO cinder.volume.api [None req-a5777365-7983-4e1d-a162-32694d5d1294 tempest-VolumesTestJSON-340636594 tempest-VolumesTestJSON-340636594-project] Volume info retrieved successfully.
Apr 06 10:54:20.764988 dv-cinder-836070-2-iscsi devstack@c-api.service[121882]: INFO cinder.api.openstack.wsgi [req-98794ff5-21a6-4cfd-bf74-381a3096a115 req-8ac5b827-6787-428d-9107-c48ebed7b755 tempest-VolumesSnapshotsTestJSON-70394536 tempest-VolumesSnapshotsTestJSON-70394536-project] http://10.222.0.23/volume/v3/7b50d8631df749d6a156e0821ed17324/snapshots/ac3d5e69-19f6-4aeb-8987-14af83de4850 returned with HTTP 404
Apr 06 10:54:20.768951 dv-cinder-836070-2-iscsi devstack@c-api.service[121882]: [pid: 121882|app: 0|req: 38/67] 10.222.0.23 () {60 vars in 1584 bytes} [Wed Apr 6 10:54:20 2022] GET /volume/v3/7b50d8631df749d6a156e0821ed17324/snapshots/ac3d5e69-19f6-4aeb-8987-14af83de4850 => generated 111 bytes in 71 msecs (HTTP/1.1 404) 7 headers in 292 bytes (1 switches on core 0)
Apr 06 10:54:20.788358 dv-cinder-836070-2-iscsi devstack@c-api.service[121882]: DEBUG cinder.api.middleware.request_id [None req-2b80d977-5dc0-40f7-8d7c-4f5378cb8856 None None] RequestId filter calling following filter/app {{(pid=121882) _context_setter /opt/stack/cinder/cinder/api/middleware/request_id.py:62}}
Apr 06 10:54:20.789268 dv-cinder-836070-2-iscsi devstack@c-api.service[121880]: INFO cinder.api.openstack.wsgi [None req-a5777365-7983-4e1d-a162-32694d5d1294 tempest-VolumesTestJSON-340636594 tempest-VolumesTestJSON-340636594-project] http://10.222.0.23/volume/v3/bd62b6959b9a48cdacd3b8ed8aceb8e4/volumes/63a1b7f8-9f98-4e98-ab06-62acbef0437d returned with HTTP 200
Apr 06 10:54:20.795843 dv-cinder-836070-2-iscsi devstack@c-api.service[121880]: [pid: 121880|app: 0|req: 30/68] 10.222.0.23 () {58 vars in 1324 bytes} [Wed Apr 6 10:54:20 2022] GET /volume/v3/bd62b6959b9a48cdacd3b8ed8aceb8e4/volumes/63a1b7f8-9f98-4e98-ab06-62acbef0437d => generated 921 bytes in 155 msecs (HTTP/1.1 200) 7 headers in 285 bytes (1 switches on core 0)
Apr 06 10:54:20.797468 dv-cinder-836070-2-iscsi devstack@c-api.service[121880]: DEBUG cinder.api.middleware.request_id [None req-813e6e67-e5ae-49a9-a56b-25ffc81e6fcf None None] RequestId filter calling following filter/app {{(pid=121880) _context_setter /opt/stack/cinder/cinder/api/middleware/request_id.py:62}}
Apr 06 10:54:20.809729 dv-cinder-836070-2-iscsi devstack@c-api.service[121880]: INFO cinder.api.openstack.wsgi [None req-813e6e67-e5ae-49a9-a56b-25ffc81e6fcf tempest-QosSpecsTestJSON-1425561375 tempest-QosSpecsTestJSON-1425561375-project-admin] POST http://10.222.0.23/volume/v3/582faaa334fc4fbfabb00299df8d3b9a/types
Apr 06 10:54:20.810866 dv-cinder-836070-2-iscsi devstack@c-api.service[121880]: DEBUG cinder.api.openstack.wsgi [None req-813e6e67-e5ae-49a9-a56b-25ffc81e6fcf tempest-QosSpecsTestJSON-1425561375 tempest-QosSpecsTestJSON-1425561375-project-admin] Action: 'create', calling method: _create, body: {"volume_type": {"name": "tempest-QosSpecsTestJSON-volume-type-1074293298"}} {{(pid=121880) _process_stack /opt/stack/cinder/cinder/api/openstack/wsgi.py:866}}
Apr 06 10:54:20.814025 dv-cinder-836070-2-iscsi devstack@c-api.service[121882]: INFO cinder.api.openstack.wsgi [None req-2b80d977-5dc0-40f7-8d7c-4f5378cb8856 tempest-GroupsTest-771257694 tempest-GroupsTest-771257694-project] GET http://10.222.0.23/volume/v3/b7b120f9f0fe4a9e9d29dcb3bda99ec9/groups/80232e69-e1f6-4919-8000-c2fdcd497620
Apr 06 10:54:20.814939 dv-cinder-836070-2-iscsi devstack@c-api.service[121882]: DEBUG cinder.api.openstack.wsgi [None req-2b80d977-5dc0-40f7-8d7c-4f5378cb8856 tempest-GroupsTest-771257694 tempest-GroupsTest-771257694-project] Empty body provided in request {{(pid=121882) get_body /opt/stack/cinder/cinder/api/openstack/wsgi.py:715}}
Apr 06 10:54:20.815824 dv-cinder-836070-2-iscsi devstack@c-api.service[121882]: DEBUG cinder.api.openstack.wsgi [None req-2b80d977-5dc0-40f7-8d7c-4f5378cb8856 tempest-GroupsTest-771257694 tempest-GroupsTest-771257694-project] Calling method 'version_select' {{(pid=121882) _process_stack /opt/stack/cinder/cinder/api/openstack/wsgi.py:868}}
Apr 06 10:54:20.816472 dv-cinder-836070-2-iscsi devstack@c-api.service[121882]: DEBUG cinder.api.v3.groups [None req-2b80d977-5dc0-40f7-8d7c-4f5378cb8856 tempest-GroupsTest-771257694 tempest-GroupsTest-771257694-project] show called for member 80232e69-e1f6-4919-8000-c2fdcd497620 {{(pid=121882) show /opt/stack/cinder/cinder/api/v3/groups.py:58}}
Apr 06 10:54:20.845521 dv-cinder-836070-2-iscsi devstack@c-api.service[121882]: /usr/local/lib/python3.8/dist-packages/oslo_context/context.py:100: DeprecationWarning: Policy enforcement is depending on the value of is_admin. This key is deprecated. Please update your policy file to use the standard policy values.
Apr 06 10:54:20.845521 dv-cinder-836070-2-iscsi devstack@c-api.service[121882]: warnings.warn('Policy enforcement is depending on the value of '
Apr 06 10:54:20.867165 dv-cinder-836070-2-iscsi devstack@c-api.service[121880]: INFO cinder.api.openstack.wsgi [None req-813e6e67-e5ae-49a9-a56b-25ffc81e6fcf tempest-QosSpecsTestJSON-1425561375 tempest-QosSpecsTestJSON-1425561375-project-admin] http://10.222.0.23/volume/v3/582faaa334fc4fbfabb00299df8d3b9a/types returned with HTTP 200
Apr 06 10:54:20.869070 dv-cinder-836070-2-iscsi devstack@c-api.service[121880]: [pid: 121880|app: 0|req: 31/69] 10.222.0.23 () {60 vars in 1228 bytes} [Wed Apr 6 10:54:20 2022] POST /volume/v3/582faaa334fc4fbfabb00299df8d3b9a/types => generated 222 bytes in 73 msecs (HTTP/1.1 200) 7 headers in 285 bytes (1 switches on core 0)
Apr 06 10:54:20.875884 dv-cinder-836070-2-iscsi devstack@c-api.service[121880]: DEBUG cinder.api.middleware.request_id [req-68bccdf1-6ac0-4774-a40c-b72a3c39bf61 req-98b0b969-9303-4aa8-ae12-dc2503bd2e4c None None] RequestId filter calling following filter/app {{(pid=121880) _context_setter /opt/stack/cinder/cinder/api/middleware/request_id.py:62}}
Apr 06 10:54:20.888230 dv-cinder-836070-2-iscsi devstack@c-api.service[121880]: INFO cinder.api.openstack.wsgi [req-68bccdf1-6ac0-4774-a40c-b72a3c39bf61 req-98b0b969-9303-4aa8-ae12-dc2503bd2e4c tempest-VolumesSnapshotsTestJSON-70394536 tempest-VolumesSnapshotsTestJSON-70394536-project] DELETE http://10.222.0.23/volume/v3/7b50d8631df749d6a156e0821ed17324/volumes/1a4b929f-6e5e-4405-9047-80abeb7ed478
Apr 06 10:54:20.895824 dv-cinder-836070-2-iscsi devstack@c-api.service[121882]: INFO cinder.api.openstack.wsgi [None req-2b80d977-5dc0-40f7-8d7c-4f5378cb8856 tempest-GroupsTest-771257694 tempest-GroupsTest-771257694-project] http://10.222.0.23/volume/v3/b7b120f9f0fe4a9e9d29dcb3bda99ec9/groups/80232e69-e1f6-4919-8000-c2fdcd497620 returned with HTTP 200
Apr 06 10:54:20.895824 dv-cinder-836070-2-iscsi devstack@c-api.service[121882]: [pid: 121882|app: 0|req: 39/70] 10.222.0.23 () {60 vars in 1362 bytes} [Wed Apr 6 10:54:20 2022] GET /volume/v3/b7b120f9f0fe4a9e9d29dcb3bda99ec9/groups/80232e69-e1f6-4919-8000-c2fdcd497620 => generated 322 bytes in 123 msecs (HTTP/1.1 200) 7 headers in 286 bytes (1 switches on core 0)
Apr 06 10:54:20.899758 dv-cinder-836070-2-iscsi devstack@c-api.service[121882]: DEBUG cinder.api.middleware.request_id [None req-d2bb9c7a-3353-44c7-aeee-3ffd70eef1de None None] RequestId filter calling following filter/app {{(pid=121882) _context_setter /opt/stack/cinder/cinder/api/middleware/request_id.py:62}}
Apr 06 10:54:20.909731 dv-cinder-836070-2-iscsi devstack@c-api.service[121880]: DEBUG cinder.api.openstack.wsgi [req-68bccdf1-6ac0-4774-a40c-b72a3c39bf61 req-98b0b969-9303-4aa8-ae12-dc2503bd2e4c tempest-VolumesSnapshotsTestJSON-70394536 tempest-VolumesSnapshotsTestJSON-70394536-project] Empty body provided in request {{(pid=121880) get_body /opt/stack/cinder/cinder/api/openstack/wsgi.py:715}}
Apr 06 10:54:20.911432 dv-cinder-836070-2-iscsi devstack@c-api.service[121880]: DEBUG cinder.api.openstack.wsgi [req-68bccdf1-6ac0-4774-a40c-b72a3c39bf61 req-98b0b969-9303-4aa8-ae12-dc2503bd2e4c tempest-VolumesSnapshotsTestJSON-70394536 tempest-VolumesSnapshotsTestJSON-70394536-project] Calling method 'delete' {{(pid=121880) _process_stack /opt/stack/cinder/cinder/api/openstack/wsgi.py:868}}
Apr 06 10:54:20.913475 dv-cinder-836070-2-iscsi devstack@c-api.service[121880]: INFO cinder.api.v3.volumes [req-68bccdf1-6ac0-4774-a40c-b72a3c39bf61 req-98b0b969-9303-4aa8-ae12-dc2503bd2e4c tempest-VolumesSnapshotsTestJSON-70394536 tempest-VolumesSnapshotsTestJSON-70394536-project] Delete volume with id: 1a4b929f-6e5e-4405-9047-80abeb7ed478
Apr 06 10:54:20.928974 dv-cinder-836070-2-iscsi devstack@c-api.service[121882]: INFO cinder.api.openstack.wsgi [None req-d2bb9c7a-3353-44c7-aeee-3ffd70eef1de tempest-QosSpecsTestJSON-1425561375 tempest-QosSpecsTestJSON-1425561375-project-admin] GET http://10.222.0.23/volume/v3/582faaa334fc4fbfabb00299df8d3b9a/qos-specs/1468d8ab-7a50-4857-8d6c-f28888871e31/associate?vol_type_id=4bb1e1d6-facc-44a8-80c1-5795b9dfa25f
Apr 06 10:54:20.930439 dv-cinder-836070-2-iscsi devstack@c-api.service[121882]: DEBUG cinder.api.openstack.wsgi [None req-d2bb9c7a-3353-44c7-aeee-3ffd70eef1de tempest-QosSpecsTestJSON-1425561375 tempest-QosSpecsTestJSON-1425561375-project-admin] Empty body provided in request {{(pid=121882) get_body /opt/stack/cinder/cinder/api/openstack/wsgi.py:715}}
Apr 06 10:54:20.931448 dv-cinder-836070-2-iscsi devstack@c-api.service[121882]: DEBUG cinder.api.openstack.wsgi [None req-d2bb9c7a-3353-44c7-aeee-3ffd70eef1de tempest-QosSpecsTestJSON-1425561375 tempest-QosSpecsTestJSON-1425561375-project-admin] Calling method 'associate' {{(pid=121882) _process_stack /opt/stack/cinder/cinder/api/openstack/wsgi.py:868}}
Apr 06 10:54:20.934015 dv-cinder-836070-2-iscsi devstack@c-api.service[121882]: /usr/local/lib/python3.8/dist-packages/oslo_context/context.py:100: DeprecationWarning: Policy enforcement is depending on the value of is_admin. This key is deprecated. Please update your policy file to use the standard policy values.
Apr 06 10:54:20.934015 dv-cinder-836070-2-iscsi devstack@c-api.service[121882]: warnings.warn('Policy enforcement is depending on the value of '
Apr 06 10:54:20.935992 dv-cinder-836070-2-iscsi devstack@c-api.service[121882]: DEBUG cinder.api.contrib.qos_specs_manage [None req-d2bb9c7a-3353-44c7-aeee-3ffd70eef1de tempest-QosSpecsTestJSON-1425561375 tempest-QosSpecsTestJSON-1425561375-project-admin] Associate qos_spec: 1468d8ab-7a50-4857-8d6c-f28888871e31 with type: 4bb1e1d6-facc-44a8-80c1-5795b9dfa25f {{(pid=121882) associate /opt/stack/cinder/cinder/api/contrib/qos_specs_manage.py:275}}
Apr 06 10:54:20.942721 dv-cinder-836070-2-iscsi devstack@c-api.service[121880]: /usr/local/lib/python3.8/dist-packages/oslo_context/context.py:100: DeprecationWarning: Policy enforcement is depending on the value of is_admin. This key is deprecated. Please update your policy file to use the standard policy values.
Apr 06 10:54:20.942721 dv-cinder-836070-2-iscsi devstack@c-api.service[121880]: warnings.warn('Policy enforcement is depending on the value of '
Apr 06 10:54:20.944570 dv-cinder-836070-2-iscsi devstack@c-api.service[121880]: INFO cinder.volume.api [req-68bccdf1-6ac0-4774-a40c-b72a3c39bf61 req-98b0b969-9303-4aa8-ae12-dc2503bd2e4c tempest-VolumesSnapshotsTestJSON-70394536 tempest-VolumesSnapshotsTestJSON-70394536-project] Volume info retrieved successfully.
Apr 06 10:54:21.010985 dv-cinder-836070-2-iscsi devstack@c-api.service[121880]: INFO cinder.volume.api [req-68bccdf1-6ac0-4774-a40c-b72a3c39bf61 req-98b0b969-9303-4aa8-ae12-dc2503bd2e4c tempest-VolumesSnapshotsTestJSON-70394536 tempest-VolumesSnapshotsTestJSON-70394536-project] Delete volume request issued successfully.
Apr 06 10:54:21.012037 dv-cinder-836070-2-iscsi devstack@c-api.service[121880]: INFO cinder.api.openstack.wsgi [req-68bccdf1-6ac0-4774-a40c-b72a3c39bf61 req-98b0b969-9303-4aa8-ae12-dc2503bd2e4c tempest-VolumesSnapshotsTestJSON-70394536 tempest-VolumesSnapshotsTestJSON-70394536-project] http://10.222.0.23/volume/v3/7b50d8631df749d6a156e0821ed17324/volumes/1a4b929f-6e5e-4405-9047-80abeb7ed478 returned with HTTP 202
Apr 06 10:54:21.013809 dv-cinder-836070-2-iscsi devstack@c-api.service[121880]: [pid: 121880|app: 0|req: 32/71] 10.222.0.23 () {62 vars in 1600 bytes} [Wed Apr 6 10:54:20 2022] DELETE /volume/v3/7b50d8631df749d6a156e0821ed17324/volumes/1a4b929f-6e5e-4405-9047-80abeb7ed478 => generated 0 bytes in 143 msecs (HTTP/1.1 202) 6 headers in 233 bytes (1 switches on core 0)
Apr 06 10:54:21.017603 dv-cinder-836070-2-iscsi devstack@c-api.service[121880]: DEBUG cinder.api.middleware.request_id [None req-85eb9c4e-7a73-4570-90c9-8dd9c52d9161 None None] RequestId filter calling following filter/app {{(pid=121880) _context_setter /opt/stack/cinder/cinder/api/middleware/request_id.py:62}}
Apr 06 10:54:21.023917 dv-cinder-836070-2-iscsi devstack@c-api.service[121880]: INFO cinder.api.openstack.wsgi [None req-85eb9c4e-7a73-4570-90c9-8dd9c52d9161 tempest-GroupSnapshotsTest-322124488 tempest-GroupSnapshotsTest-322124488-project] GET http://10.222.0.23/volume/v3/f1ddc7dd1a9140a59710ce388cc5c1db/volumes/5b5d3fcb-df6d-41c9-b58d-caf68668419d
Apr 06 10:54:21.024957 dv-cinder-836070-2-iscsi devstack@c-api.service[121880]: DEBUG cinder.api.openstack.wsgi [None req-85eb9c4e-7a73-4570-90c9-8dd9c52d9161 tempest-GroupSnapshotsTest-322124488 tempest-GroupSnapshotsTest-322124488-project] Empty body provided in request {{(pid=121880) get_body /opt/stack/cinder/cinder/api/openstack/wsgi.py:715}}
Apr 06 10:54:21.026364 dv-cinder-836070-2-iscsi devstack@c-api.service[121880]: DEBUG cinder.api.openstack.wsgi [None req-85eb9c4e-7a73-4570-90c9-8dd9c52d9161 tempest-GroupSnapshotsTest-322124488 tempest-GroupSnapshotsTest-322124488-project] Calling method 'show' {{(pid=121880) _process_stack /opt/stack/cinder/cinder/api/openstack/wsgi.py:868}}
Apr 06 10:54:21.050049 dv-cinder-836070-2-iscsi devstack@c-api.service[121880]: /usr/local/lib/python3.8/dist-packages/oslo_context/context.py:100: DeprecationWarning: Policy enforcement is depending on the value of is_admin. This key is deprecated. Please update your policy file to use the standard policy values.
Apr 06 10:54:21.050049 dv-cinder-836070-2-iscsi devstack@c-api.service[121880]: warnings.warn('Policy enforcement is depending on the value of '
Apr 06 10:54:21.056774 dv-cinder-836070-2-iscsi devstack@c-api.service[121882]: INFO cinder.api.openstack.wsgi [None req-d2bb9c7a-3353-44c7-aeee-3ffd70eef1de tempest-QosSpecsTestJSON-1425561375 tempest-QosSpecsTestJSON-1425561375-project-admin] http://10.222.0.23/volume/v3/582faaa334fc4fbfabb00299df8d3b9a/qos-specs/1468d8ab-7a50-4857-8d6c-f28888871e31/associate?vol_type_id=4bb1e1d6-facc-44a8-80c1-5795b9dfa25f returned with HTTP 202
Apr 06 10:54:21.065648 dv-cinder-836070-2-iscsi devstack@c-api.service[121880]: INFO cinder.volume.api [None req-85eb9c4e-7a73-4570-90c9-8dd9c52d9161 tempest-GroupSnapshotsTest-322124488 tempest-GroupSnapshotsTest-322124488-project] Volume info retrieved successfully.
Apr 06 10:54:21.067758 dv-cinder-836070-2-iscsi devstack@c-api.service[121882]: [pid: 121882|app: 0|req: 40/72] 10.222.0.23 () {58 vars in 1457 bytes} [Wed Apr 6 10:54:20 2022] GET /volume/v3/582faaa334fc4fbfabb00299df8d3b9a/qos-specs/1468d8ab-7a50-4857-8d6c-f28888871e31/associate?vol_type_id=4bb1e1d6-facc-44a8-80c1-5795b9dfa25f => generated 0 bytes in 174 msecs (HTTP/1.1 202) 6 headers in 233 bytes (1 switches on core 0)
Apr 06 10:54:21.068725 dv-cinder-836070-2-iscsi devstack@c-api.service[121880]: WARNING stevedore.named [None req-85eb9c4e-7a73-4570-90c9-8dd9c52d9161 tempest-GroupSnapshotsTest-322124488 tempest-GroupSnapshotsTest-322124488-project] Could not load cinder.keymgr.conf_key_mgr.ConfKeyManager
Apr 06 10:54:21.069543 dv-cinder-836070-2-iscsi devstack@c-api.service[121880]: WARNING castellan.key_manager [None req-85eb9c4e-7a73-4570-90c9-8dd9c52d9161 tempest-GroupSnapshotsTest-322124488 tempest-GroupSnapshotsTest-322124488-project] Deprecation Warning : cinder.keymgr.conf_key_mgr.ConfKeyManager is not a stevedore based driver, trying to load it as a class: stevedore.exception.NoMatches: No 'castellan.drivers' driver found, looking for 'cinder.keymgr.conf_key_mgr.ConfKeyManager'
Apr 06 10:54:21.081799 dv-cinder-836070-2-iscsi devstack@c-api.service[121880]: DEBUG oslo_db.sqlalchemy.engines [None req-85eb9c4e-7a73-4570-90c9-8dd9c52d9161 tempest-GroupSnapshotsTest-322124488 tempest-GroupSnapshotsTest-322124488-project] MySQL server mode set to STRICT_TRANS_TABLES,STRICT_ALL_TABLES,NO_ZERO_IN_DATE,NO_ZERO_DATE,ERROR_FOR_DIVISION_BY_ZERO,TRADITIONAL,NO_ENGINE_SUBSTITUTION {{(pid=121880) _check_effective_sql_mode /usr/local/lib/python3.8/dist-packages/oslo_db/sqlalchemy/engines.py:314}}
Apr 06 10:54:21.086742 dv-cinder-836070-2-iscsi devstack@c-api.service[121882]: DEBUG cinder.api.middleware.request_id [None req-a8a85309-f53f-483a-bbb8-7c5182c294e2 None None] RequestId filter calling following filter/app {{(pid=121882) _context_setter /opt/stack/cinder/cinder/api/middleware/request_id.py:62}}
Apr 06 10:54:21.102007 dv-cinder-836070-2-iscsi devstack@c-api.service[121880]: /usr/local/lib/python3.8/dist-packages/oslo_context/context.py:100: DeprecationWarning: Policy enforcement is depending on the value of is_admin. This key is deprecated. Please update your policy file to use the standard policy values.
Apr 06 10:54:21.102007 dv-cinder-836070-2-iscsi devstack@c-api.service[121880]: warnings.warn('Policy enforcement is depending on the value of '
Apr 06 10:54:21.104703 dv-cinder-836070-2-iscsi devstack@c-api.service[121882]: INFO cinder.api.openstack.wsgi [None req-a8a85309-f53f-483a-bbb8-7c5182c294e2 tempest-GroupsTest-771257694 tempest-GroupsTest-771257694-project] POST http://10.222.0.23/volume/v3/b7b120f9f0fe4a9e9d29dcb3bda99ec9/groups
Apr 06 10:54:21.107157 dv-cinder-836070-2-iscsi devstack@c-api.service[121882]: DEBUG cinder.api.openstack.wsgi [None req-a8a85309-f53f-483a-bbb8-7c5182c294e2 tempest-GroupsTest-771257694 tempest-GroupsTest-771257694-project] Action: 'create', calling method: version_select, body: {"group": {"group_type": "02215471-6f60-41aa-b844-90c6cd5a241c", "volume_types": ["6c160ca9-4ef2-4f46-a22d-d2538b10493c"], "name": "tempest-Group2-1132725078"}} {{(pid=121882) _process_stack /opt/stack/cinder/cinder/api/openstack/wsgi.py:866}}
Apr 06 10:54:21.108939 dv-cinder-836070-2-iscsi devstack@c-api.service[121882]: DEBUG cinder.api.v3.groups [None req-a8a85309-f53f-483a-bbb8-7c5182c294e2 tempest-GroupsTest-771257694 tempest-GroupsTest-771257694-project] Creating new group {'group': {'group_type': '02215471-6f60-41aa-b844-90c6cd5a241c', 'volume_types': ['6c160ca9-4ef2-4f46-a22d-d2538b10493c'], 'name': 'tempest-Group2-1132725078'}} {{(pid=121882) create /opt/stack/cinder/cinder/api/v3/groups.py:190}}
Apr 06 10:54:21.119583 dv-cinder-836070-2-iscsi devstack@c-api.service[121882]: INFO cinder.api.v3.groups [None req-a8a85309-f53f-483a-bbb8-7c5182c294e2 tempest-GroupsTest-771257694 tempest-GroupsTest-771257694-project] Creating group tempest-Group2-1132725078.
Apr 06 10:54:21.120977 dv-cinder-836070-2-iscsi devstack@c-api.service[121882]: /usr/local/lib/python3.8/dist-packages/oslo_context/context.py:100: DeprecationWarning: Policy enforcement is depending on the value of is_admin. This key is deprecated. Please update your policy file to use the standard policy values.
Apr 06 10:54:21.120977 dv-cinder-836070-2-iscsi devstack@c-api.service[121882]: warnings.warn('Policy enforcement is depending on the value of '
Apr 06 10:54:21.144349 dv-cinder-836070-2-iscsi devstack@c-api.service[121882]: INFO cinder.volume.api [None req-a8a85309-f53f-483a-bbb8-7c5182c294e2 tempest-GroupsTest-771257694 tempest-GroupsTest-771257694-project] Availability Zones retrieved successfully.
Apr 06 10:54:21.147588 dv-cinder-836070-2-iscsi devstack@c-api.service[121880]: INFO cinder.api.openstack.wsgi [None req-85eb9c4e-7a73-4570-90c9-8dd9c52d9161 tempest-GroupSnapshotsTest-322124488 tempest-GroupSnapshotsTest-322124488-project] http://10.222.0.23/volume/v3/f1ddc7dd1a9140a59710ce388cc5c1db/volumes/5b5d3fcb-df6d-41c9-b58d-caf68668419d returned with HTTP 200
Apr 06 10:54:21.156873 dv-cinder-836070-2-iscsi devstack@c-api.service[121880]: [pid: 121880|app: 0|req: 33/73] 10.222.0.23 () {60 vars in 1365 bytes} [Wed Apr 6 10:54:21 2022] GET /volume/v3/f1ddc7dd1a9140a59710ce388cc5c1db/volumes/5b5d3fcb-df6d-41c9-b58d-caf68668419d => generated 993 bytes in 141 msecs (HTTP/1.1 200) 7 headers in 286 bytes (1 switches on core 0)
Apr 06 10:54:21.164976 dv-cinder-836070-2-iscsi devstack@c-api.service[121880]: DEBUG cinder.api.middleware.request_id [None req-e785dead-5743-4c9f-bf71-e375835dadef None None] RequestId filter calling following filter/app {{(pid=121880) _context_setter /opt/stack/cinder/cinder/api/middleware/request_id.py:62}}
Apr 06 10:54:21.173783 dv-cinder-836070-2-iscsi devstack@c-api.service[121880]: INFO cinder.api.openstack.wsgi [None req-e785dead-5743-4c9f-bf71-e375835dadef tempest-QosSpecsTestJSON-1425561375 tempest-QosSpecsTestJSON-1425561375-project-admin] GET http://10.222.0.23/volume/v3/582faaa334fc4fbfabb00299df8d3b9a/qos-specs/1468d8ab-7a50-4857-8d6c-f28888871e31/associate?vol_type_id=8e8c04a0-0d29-4172-8bdd-5d1ae6001c01
Apr 06 10:54:21.174538 dv-cinder-836070-2-iscsi devstack@c-api.service[121880]: DEBUG cinder.api.openstack.wsgi [None req-e785dead-5743-4c9f-bf71-e375835dadef tempest-QosSpecsTestJSON-1425561375 tempest-QosSpecsTestJSON-1425561375-project-admin] Empty body provided in request {{(pid=121880) get_body /opt/stack/cinder/cinder/api/openstack/wsgi.py:715}}
Apr 06 10:54:21.175288 dv-cinder-836070-2-iscsi devstack@c-api.service[121880]: DEBUG cinder.api.openstack.wsgi [None req-e785dead-5743-4c9f-bf71-e375835dadef tempest-QosSpecsTestJSON-1425561375 tempest-QosSpecsTestJSON-1425561375-project-admin] Calling method 'associate' {{(pid=121880) _process_stack /opt/stack/cinder/cinder/api/openstack/wsgi.py:868}}
Apr 06 10:54:21.181298 dv-cinder-836070-2-iscsi devstack@c-api.service[121880]: DEBUG cinder.api.contrib.qos_specs_manage [None req-e785dead-5743-4c9f-bf71-e375835dadef tempest-QosSpecsTestJSON-1425561375 tempest-QosSpecsTestJSON-1425561375-project-admin] Associate qos_spec: 1468d8ab-7a50-4857-8d6c-f28888871e31 with type: 8e8c04a0-0d29-4172-8bdd-5d1ae6001c01 {{(pid=121880) associate /opt/stack/cinder/cinder/api/contrib/qos_specs_manage.py:275}}
Apr 06 10:54:21.189410 dv-cinder-836070-2-iscsi devstack@c-api.service[121882]: DEBUG cinder.quota [None req-a8a85309-f53f-483a-bbb8-7c5182c294e2 tempest-GroupsTest-771257694 tempest-GroupsTest-771257694-project] Created reservations ['71857659-4044-4212-a2b1-548b534a5d75'] {{(pid=121882) reserve /opt/stack/cinder/cinder/quota.py:755}}
Apr 06 10:54:21.321425 dv-cinder-836070-2-iscsi devstack@c-api.service[121882]: INFO cinder.api.openstack.wsgi [None req-a8a85309-f53f-483a-bbb8-7c5182c294e2 tempest-GroupsTest-771257694 tempest-GroupsTest-771257694-project] http://10.222.0.23/volume/v3/b7b120f9f0fe4a9e9d29dcb3bda99ec9/groups returned with HTTP 202
Apr 06 10:54:21.326555 dv-cinder-836070-2-iscsi devstack@c-api.service[121882]: [pid: 121882|app: 0|req: 41/74] 10.222.0.23 () {62 vars in 1273 bytes} [Wed Apr 6 10:54:21 2022] POST /volume/v3/b7b120f9f0fe4a9e9d29dcb3bda99ec9/groups => generated 94 bytes in 258 msecs (HTTP/1.1 202) 7 headers in 291 bytes (1 switches on core 0)
Apr 06 10:54:21.330880 dv-cinder-836070-2-iscsi devstack@c-api.service[121882]: DEBUG cinder.api.middleware.request_id [req-c3b70a06-d680-4569-8dbd-0016a557ab0f req-2df46865-42e5-489d-8ef4-d98ffa2aeb55 None None] RequestId filter calling following filter/app {{(pid=121882) _context_setter /opt/stack/cinder/cinder/api/middleware/request_id.py:62}}
Apr 06 10:54:21.337148 dv-cinder-836070-2-iscsi devstack@c-api.service[121880]: INFO cinder.api.openstack.wsgi [None req-e785dead-5743-4c9f-bf71-e375835dadef tempest-QosSpecsTestJSON-1425561375 tempest-QosSpecsTestJSON-1425561375-project-admin] http://10.222.0.23/volume/v3/582faaa334fc4fbfabb00299df8d3b9a/qos-specs/1468d8ab-7a50-4857-8d6c-f28888871e31/associate?vol_type_id=8e8c04a0-0d29-4172-8bdd-5d1ae6001c01 returned with HTTP 202
Apr 06 10:54:21.345745 dv-cinder-836070-2-iscsi devstack@c-api.service[121880]: [pid: 121880|app: 0|req: 34/75] 10.222.0.23 () {58 vars in 1457 bytes} [Wed Apr 6 10:54:21 2022] GET /volume/v3/582faaa334fc4fbfabb00299df8d3b9a/qos-specs/1468d8ab-7a50-4857-8d6c-f28888871e31/associate?vol_type_id=8e8c04a0-0d29-4172-8bdd-5d1ae6001c01 => generated 0 bytes in 188 msecs (HTTP/1.1 202) 6 headers in 233 bytes (1 switches on core 0)
Apr 06 10:54:21.349612 dv-cinder-836070-2-iscsi devstack@c-api.service[121880]: DEBUG cinder.api.middleware.request_id [req-9684ea9a-c743-45b9-9c33-0b68e16052c0 req-e5e4fca0-cf9c-49ca-adc7-bd4bf0202063 None None] RequestId filter calling following filter/app {{(pid=121880) _context_setter /opt/stack/cinder/cinder/api/middleware/request_id.py:62}}
Apr 06 10:54:21.358403 dv-cinder-836070-2-iscsi devstack@c-api.service[121882]: INFO cinder.api.openstack.wsgi [req-c3b70a06-d680-4569-8dbd-0016a557ab0f req-2df46865-42e5-489d-8ef4-d98ffa2aeb55 tempest-VolumesSnapshotsTestJSON-70394536 tempest-VolumesSnapshotsTestJSON-70394536-project] GET http://10.222.0.23/volume/v3/7b50d8631df749d6a156e0821ed17324/volumes/1a4b929f-6e5e-4405-9047-80abeb7ed478
Apr 06 10:54:21.365626 dv-cinder-836070-2-iscsi devstack@c-api.service[121880]: INFO cinder.api.openstack.wsgi [req-9684ea9a-c743-45b9-9c33-0b68e16052c0 req-e5e4fca0-cf9c-49ca-adc7-bd4bf0202063 tempest-VolumesTestJSON-340636594 tempest-VolumesTestJSON-340636594-project] GET http://10.222.0.23/volume/v3/bd62b6959b9a48cdacd3b8ed8aceb8e4/volumes/63a1b7f8-9f98-4e98-ab06-62acbef0437d
Apr 06 10:54:21.366446 dv-cinder-836070-2-iscsi devstack@c-api.service[121880]: DEBUG cinder.api.openstack.wsgi [req-9684ea9a-c743-45b9-9c33-0b68e16052c0 req-e5e4fca0-cf9c-49ca-adc7-bd4bf0202063 tempest-VolumesTestJSON-340636594 tempest-VolumesTestJSON-340636594-project] Empty body provided in request {{(pid=121880) get_body /opt/stack/cinder/cinder/api/openstack/wsgi.py:715}}
Apr 06 10:54:21.367675 dv-cinder-836070-2-iscsi devstack@c-api.service[121882]: DEBUG cinder.api.openstack.wsgi [req-c3b70a06-d680-4569-8dbd-0016a557ab0f req-2df46865-42e5-489d-8ef4-d98ffa2aeb55 tempest-VolumesSnapshotsTestJSON-70394536 tempest-VolumesSnapshotsTestJSON-70394536-project] Empty body provided in request {{(pid=121882) get_body /opt/stack/cinder/cinder/api/openstack/wsgi.py:715}}
Apr 06 10:54:21.368694 dv-cinder-836070-2-iscsi devstack@c-api.service[121882]: DEBUG cinder.api.openstack.wsgi [req-c3b70a06-d680-4569-8dbd-0016a557ab0f req-2df46865-42e5-489d-8ef4-d98ffa2aeb55 tempest-VolumesSnapshotsTestJSON-70394536 tempest-VolumesSnapshotsTestJSON-70394536-project] Calling method 'show' {{(pid=121882) _process_stack /opt/stack/cinder/cinder/api/openstack/wsgi.py:868}}
