Apr 06 12:39:55.234370 dv-cinder-836069-1-iscsi devstack@c-api.service[112418]: INFO cinder.api.openstack.wsgi [None req-963b7d01-4dee-4dc5-b86f-8e146f5eca6a tempest-GroupSnapshotsTest-1818492480 tempest-GroupSnapshotsTest-1818492480-project] http://10.222.0.60/volume/v3/d1a0b1e592794aeb8c8172fac0b11c29/groups/e646ada2-de22-4602-8706-9179a4830a9a returned with HTTP 200
Apr 06 12:39:55.238208 dv-cinder-836069-1-iscsi devstack@c-api.service[112418]: [pid: 112418|app: 0|req: 173/345] 10.222.0.60 () {60 vars in 1362 bytes} [Wed Apr 6 12:39:55 2022] GET /volume/v3/d1a0b1e592794aeb8c8172fac0b11c29/groups/e646ada2-de22-4602-8706-9179a4830a9a => generated 392 bytes in 29 msecs (HTTP/1.1 200) 7 headers in 286 bytes (2 switches on core 0)
Apr 06 12:39:55.292449 dv-cinder-836069-1-iscsi devstack@c-api.service[112418]: DEBUG cinder.api.middleware.request_id [None req-a883f12b-bb14-41d3-a8e5-ac1f19f73d39 None None] RequestId filter calling following filter/app {{(pid=112418) _context_setter /opt/stack/cinder/cinder/api/middleware/request_id.py:62}}
Apr 06 12:39:55.296462 dv-cinder-836069-1-iscsi devstack@c-api.service[112418]: INFO cinder.api.openstack.wsgi [None req-a883f12b-bb14-41d3-a8e5-ac1f19f73d39 tempest-SnapshotsActionsTest-556652828 tempest-SnapshotsActionsTest-556652828-project] GET http://10.222.0.60/volume/v3/924004126aa543c9a840ddf5e8c91539/snapshots/1a43cc44-15ff-461c-bcbc-30ee3b13ab11
Apr 06 12:39:55.296903 dv-cinder-836069-1-iscsi devstack@c-api.service[112418]: DEBUG cinder.api.openstack.wsgi [None req-a883f12b-bb14-41d3-a8e5-ac1f19f73d39 tempest-SnapshotsActionsTest-556652828 tempest-SnapshotsActionsTest-556652828-project] Empty body provided in request {{(pid=112418) get_body /opt/stack/cinder/cinder/api/openstack/wsgi.py:715}}
Apr 06 12:39:55.297359 dv-cinder-836069-1-iscsi devstack@c-api.service[112418]: DEBUG cinder.api.openstack.wsgi [None req-a883f12b-bb14-41d3-a8e5-ac1f19f73d39 tempest-SnapshotsActionsTest-556652828 tempest-SnapshotsActionsTest-556652828-project] Calling method 'show' {{(pid=112418) _process_stack /opt/stack/cinder/cinder/api/openstack/wsgi.py:868}}
Apr 06 12:39:55.307033 dv-cinder-836069-1-iscsi devstack@c-api.service[112418]: /usr/local/lib/python3.8/dist-packages/oslo_context/context.py:100: DeprecationWarning: Policy enforcement is depending on the value of is_admin. This key is deprecated. Please update your policy file to use the standard policy values.
Apr 06 12:39:55.307033 dv-cinder-836069-1-iscsi devstack@c-api.service[112418]: warnings.warn('Policy enforcement is depending on the value of '
Apr 06 12:39:55.308009 dv-cinder-836069-1-iscsi devstack@c-api.service[112418]: INFO cinder.volume.api [None req-a883f12b-bb14-41d3-a8e5-ac1f19f73d39 tempest-SnapshotsActionsTest-556652828 tempest-SnapshotsActionsTest-556652828-project] Snapshot retrieved successfully.
Apr 06 12:39:55.309790 dv-cinder-836069-1-iscsi devstack@c-api.service[112418]: INFO cinder.api.openstack.wsgi [None req-a883f12b-bb14-41d3-a8e5-ac1f19f73d39 tempest-SnapshotsActionsTest-556652828 tempest-SnapshotsActionsTest-556652828-project] http://10.222.0.60/volume/v3/924004126aa543c9a840ddf5e8c91539/snapshots/1a43cc44-15ff-461c-bcbc-30ee3b13ab11 returned with HTTP 200
Apr 06 12:39:55.310518 dv-cinder-836069-1-iscsi devstack@c-api.service[112418]: [pid: 112418|app: 0|req: 174/346] 10.222.0.60 () {58 vars in 1330 bytes} [Wed Apr 6 12:39:55 2022] GET /volume/v3/924004126aa543c9a840ddf5e8c91539/snapshots/1a43cc44-15ff-461c-bcbc-30ee3b13ab11 => generated 439 bytes in 19 msecs (HTTP/1.1 200) 7 headers in 285 bytes (1 switches on core 0)
Apr 06 12:39:55.600801 dv-cinder-836069-1-iscsi devstack@c-api.service[112419]: INFO cinder.api.openstack.wsgi [None req-26c33b10-9002-4f30-8b80-918c6a2bcf78 tempest-VolumeQuotasAdminTestJSON-1454516488 tempest-VolumeQuotasAdminTestJSON-1454516488-project-admin] http://10.222.0.60/volume/v3/bbf803db58614fb186746a13a8f99cff/os-quota-sets/be77034b0a844c2597b3612a8d24a80b returned with HTTP 200
Apr 06 12:39:55.608615 dv-cinder-836069-1-iscsi devstack@c-api.service[112419]: [pid: 112419|app: 0|req: 173/347] 10.222.0.60 () {60 vars in 1351 bytes} [Wed Apr 6 12:39:54 2022] PUT /volume/v3/bbf803db58614fb186746a13a8f99cff/os-quota-sets/be77034b0a844c2597b3612a8d24a80b => generated 518 bytes in 754 msecs (HTTP/1.1 200) 7 headers in 285 bytes (1 switches on core 0)
Apr 06 12:39:55.612595 dv-cinder-836069-1-iscsi devstack@c-api.service[112418]: DEBUG cinder.api.middleware.request_id [None req-724262c7-f3ec-4fab-bfaa-f57866e399b3 None None] RequestId filter calling following filter/app {{(pid=112418) _context_setter /opt/stack/cinder/cinder/api/middleware/request_id.py:62}}
Apr 06 12:39:55.622339 dv-cinder-836069-1-iscsi devstack@c-api.service[112418]: INFO cinder.api.openstack.wsgi [None req-724262c7-f3ec-4fab-bfaa-f57866e399b3 tempest-VolumeQuotasAdminTestJSON-438144357 tempest-VolumeQuotasAdminTestJSON-438144357-project] DELETE http://10.222.0.60/volume/v3/be77034b0a844c2597b3612a8d24a80b/volumes/c2018ca2-7b1b-406d-9d61-6c6867dcdfa1
Apr 06 12:39:55.622839 dv-cinder-836069-1-iscsi devstack@c-api.service[112418]: DEBUG cinder.api.openstack.wsgi [None req-724262c7-f3ec-4fab-bfaa-f57866e399b3 tempest-VolumeQuotasAdminTestJSON-438144357 tempest-VolumeQuotasAdminTestJSON-438144357-project] Empty body provided in request {{(pid=112418) get_body /opt/stack/cinder/cinder/api/openstack/wsgi.py:715}}
Apr 06 12:39:55.623299 dv-cinder-836069-1-iscsi devstack@c-api.service[112418]: DEBUG cinder.api.openstack.wsgi [None req-724262c7-f3ec-4fab-bfaa-f57866e399b3 tempest-VolumeQuotasAdminTestJSON-438144357 tempest-VolumeQuotasAdminTestJSON-438144357-project] Calling method 'delete' {{(pid=112418) _process_stack /opt/stack/cinder/cinder/api/openstack/wsgi.py:868}}
Apr 06 12:39:55.625499 dv-cinder-836069-1-iscsi devstack@c-api.service[112418]: INFO cinder.api.v3.volumes [None req-724262c7-f3ec-4fab-bfaa-f57866e399b3 tempest-VolumeQuotasAdminTestJSON-438144357 tempest-VolumeQuotasAdminTestJSON-438144357-project] Delete volume with id: c2018ca2-7b1b-406d-9d61-6c6867dcdfa1
Apr 06 12:39:55.638224 dv-cinder-836069-1-iscsi devstack@c-api.service[112418]: INFO cinder.api.openstack.wsgi [None req-724262c7-f3ec-4fab-bfaa-f57866e399b3 tempest-VolumeQuotasAdminTestJSON-438144357 tempest-VolumeQuotasAdminTestJSON-438144357-project] http://10.222.0.60/volume/v3/be77034b0a844c2597b3612a8d24a80b/volumes/c2018ca2-7b1b-406d-9d61-6c6867dcdfa1 returned with HTTP 404
Apr 06 12:39:55.639550 dv-cinder-836069-1-iscsi devstack@c-api.service[112418]: [pid: 112418|app: 0|req: 175/348] 10.222.0.60 () {58 vars in 1327 bytes} [Wed Apr 6 12:39:55 2022] DELETE /volume/v3/be77034b0a844c2597b3612a8d24a80b/volumes/c2018ca2-7b1b-406d-9d61-6c6867dcdfa1 => generated 109 bytes in 28 msecs (HTTP/1.1 404) 7 headers in 292 bytes (1 switches on core 0)
Apr 06 12:39:55.644039 dv-cinder-836069-1-iscsi devstack@c-api.service[112419]: DEBUG cinder.api.middleware.request_id [None req-53d0b36f-1b4c-4715-95af-a61e5d9f0053 None None] RequestId filter calling following filter/app {{(pid=112419) _context_setter /opt/stack/cinder/cinder/api/middleware/request_id.py:62}}
Apr 06 12:39:55.647927 dv-cinder-836069-1-iscsi devstack@c-api.service[112419]: INFO cinder.api.openstack.wsgi [None req-53d0b36f-1b4c-4715-95af-a61e5d9f0053 tempest-VolumeQuotasAdminTestJSON-438144357 tempest-VolumeQuotasAdminTestJSON-438144357-project] DELETE http://10.222.0.60/volume/v3/be77034b0a844c2597b3612a8d24a80b/volumes/59247a45-df18-4b75-8f94-ade7de7cbb42
Apr 06 12:39:55.648363 dv-cinder-836069-1-iscsi devstack@c-api.service[112419]: DEBUG cinder.api.openstack.wsgi [None req-53d0b36f-1b4c-4715-95af-a61e5d9f0053 tempest-VolumeQuotasAdminTestJSON-438144357 tempest-VolumeQuotasAdminTestJSON-438144357-project] Empty body provided in request {{(pid=112419) get_body /opt/stack/cinder/cinder/api/openstack/wsgi.py:715}}
Apr 06 12:39:55.649020 dv-cinder-836069-1-iscsi devstack@c-api.service[112419]: DEBUG cinder.api.openstack.wsgi [None req-53d0b36f-1b4c-4715-95af-a61e5d9f0053 tempest-VolumeQuotasAdminTestJSON-438144357 tempest-VolumeQuotasAdminTestJSON-438144357-project] Calling method 'delete' {{(pid=112419) _process_stack /opt/stack/cinder/cinder/api/openstack/wsgi.py:868}}
Apr 06 12:39:55.649528 dv-cinder-836069-1-iscsi devstack@c-api.service[112419]: INFO cinder.api.v3.volumes [None req-53d0b36f-1b4c-4715-95af-a61e5d9f0053 tempest-VolumeQuotasAdminTestJSON-438144357 tempest-VolumeQuotasAdminTestJSON-438144357-project] Delete volume with id: 59247a45-df18-4b75-8f94-ade7de7cbb42
Apr 06 12:39:55.663206 dv-cinder-836069-1-iscsi devstack@c-api.service[112419]: INFO cinder.api.openstack.wsgi [None req-53d0b36f-1b4c-4715-95af-a61e5d9f0053 tempest-VolumeQuotasAdminTestJSON-438144357 tempest-VolumeQuotasAdminTestJSON-438144357-project] http://10.222.0.60/volume/v3/be77034b0a844c2597b3612a8d24a80b/volumes/59247a45-df18-4b75-8f94-ade7de7cbb42 returned with HTTP 404
Apr 06 12:39:55.664854 dv-cinder-836069-1-iscsi devstack@c-api.service[112419]: [pid: 112419|app: 0|req: 174/349] 10.222.0.60 () {58 vars in 1327 bytes} [Wed Apr 6 12:39:55 2022] DELETE /volume/v3/be77034b0a844c2597b3612a8d24a80b/volumes/59247a45-df18-4b75-8f94-ade7de7cbb42 => generated 109 bytes in 22 msecs (HTTP/1.1 404) 7 headers in 292 bytes (1 switches on core 0)
Apr 06 12:39:56.032532 dv-cinder-836069-1-iscsi devstack@c-api.service[112418]: DEBUG cinder.api.middleware.request_id [None req-f5fd507f-da95-4b4f-9139-5fdd1690461d None None] RequestId filter calling following filter/app {{(pid=112418) _context_setter /opt/stack/cinder/cinder/api/middleware/request_id.py:62}}
Apr 06 12:39:56.035234 dv-cinder-836069-1-iscsi devstack@c-api.service[112418]: INFO cinder.api.openstack.wsgi [None req-f5fd507f-da95-4b4f-9139-5fdd1690461d tempest-VolumesListAdminTestJSON-195635664 tempest-VolumesListAdminTestJSON-195635664-project] GET http://10.222.0.60/volume/v3/0d62b019a56145058b87d23fd0ff22c2/volumes/fce8e534-3be7-4299-9ea9-cb7f9203d5fd
Apr 06 12:39:56.035679 dv-cinder-836069-1-iscsi devstack@c-api.service[112418]: DEBUG cinder.api.openstack.wsgi [None req-f5fd507f-da95-4b4f-9139-5fdd1690461d tempest-VolumesListAdminTestJSON-195635664 tempest-VolumesListAdminTestJSON-195635664-project] Empty body provided in request {{(pid=112418) get_body /opt/stack/cinder/cinder/api/openstack/wsgi.py:715}}
Apr 06 12:39:56.036127 dv-cinder-836069-1-iscsi devstack@c-api.service[112418]: DEBUG cinder.api.openstack.wsgi [None req-f5fd507f-da95-4b4f-9139-5fdd1690461d tempest-VolumesListAdminTestJSON-195635664 tempest-VolumesListAdminTestJSON-195635664-project] Calling method 'show' {{(pid=112418) _process_stack /opt/stack/cinder/cinder/api/openstack/wsgi.py:868}}
Apr 06 12:39:56.051811 dv-cinder-836069-1-iscsi devstack@c-api.service[112418]: /usr/local/lib/python3.8/dist-packages/oslo_context/context.py:100: DeprecationWarning: Policy enforcement is depending on the value of is_admin. This key is deprecated. Please update your policy file to use the standard policy values.
Apr 06 12:39:56.051811 dv-cinder-836069-1-iscsi devstack@c-api.service[112418]: warnings.warn('Policy enforcement is depending on the value of '
Apr 06 12:39:56.064907 dv-cinder-836069-1-iscsi devstack@c-api.service[112418]: INFO cinder.volume.api [None req-f5fd507f-da95-4b4f-9139-5fdd1690461d tempest-VolumesListAdminTestJSON-195635664 tempest-VolumesListAdminTestJSON-195635664-project] Volume info retrieved successfully.
Apr 06 12:39:56.078697 dv-cinder-836069-1-iscsi devstack@c-api.service[112418]: INFO cinder.api.openstack.wsgi [None req-f5fd507f-da95-4b4f-9139-5fdd1690461d tempest-VolumesListAdminTestJSON-195635664 tempest-VolumesListAdminTestJSON-195635664-project] http://10.222.0.60/volume/v3/0d62b019a56145058b87d23fd0ff22c2/volumes/fce8e534-3be7-4299-9ea9-cb7f9203d5fd returned with HTTP 200
Apr 06 12:39:56.091412 dv-cinder-836069-1-iscsi devstack@c-api.service[112419]: DEBUG cinder.api.middleware.request_id [None req-7c24319a-5b90-49d2-ab77-a634f7d79c6b None None] RequestId filter calling following filter/app {{(pid=112419) _context_setter /opt/stack/cinder/cinder/api/middleware/request_id.py:62}}
Apr 06 12:39:56.091962 dv-cinder-836069-1-iscsi devstack@c-api.service[112418]: [pid: 112418|app: 0|req: 176/350] 10.222.0.60 () {58 vars in 1324 bytes} [Wed Apr 6 12:39:56 2022] GET /volume/v3/0d62b019a56145058b87d23fd0ff22c2/volumes/fce8e534-3be7-4299-9ea9-cb7f9203d5fd => generated 917 bytes in 62 msecs (HTTP/1.1 200) 7 headers in 285 bytes (1 switches on core 0)
Apr 06 12:39:56.095974 dv-cinder-836069-1-iscsi devstack@c-api.service[112419]: INFO cinder.api.openstack.wsgi [None req-7c24319a-5b90-49d2-ab77-a634f7d79c6b tempest-VolumesListAdminTestJSON-195635664 tempest-VolumesListAdminTestJSON-195635664-project] GET http://10.222.0.60/volume/v3/0d62b019a56145058b87d23fd0ff22c2/volumes/fce8e534-3be7-4299-9ea9-cb7f9203d5fd
Apr 06 12:39:56.096486 dv-cinder-836069-1-iscsi devstack@c-api.service[112419]: DEBUG cinder.api.openstack.wsgi [None req-7c24319a-5b90-49d2-ab77-a634f7d79c6b tempest-VolumesListAdminTestJSON-195635664 tempest-VolumesListAdminTestJSON-195635664-project] Empty body provided in request {{(pid=112419) get_body /opt/stack/cinder/cinder/api/openstack/wsgi.py:715}}
Apr 06 12:39:56.097411 dv-cinder-836069-1-iscsi devstack@c-api.service[112419]: DEBUG cinder.api.openstack.wsgi [None req-7c24319a-5b90-49d2-ab77-a634f7d79c6b tempest-VolumesListAdminTestJSON-195635664 tempest-VolumesListAdminTestJSON-195635664-project] Calling method 'show' {{(pid=112419) _process_stack /opt/stack/cinder/cinder/api/openstack/wsgi.py:868}}
Apr 06 12:39:56.113727 dv-cinder-836069-1-iscsi devstack@c-api.service[112419]: /usr/local/lib/python3.8/dist-packages/oslo_context/context.py:100: DeprecationWarning: Policy enforcement is depending on the value of is_admin. This key is deprecated. Please update your policy file to use the standard policy values.
Apr 06 12:39:56.113727 dv-cinder-836069-1-iscsi devstack@c-api.service[112419]: warnings.warn('Policy enforcement is depending on the value of '
Apr 06 12:39:56.123855 dv-cinder-836069-1-iscsi devstack@c-api.service[112419]: INFO cinder.volume.api [None req-7c24319a-5b90-49d2-ab77-a634f7d79c6b tempest-VolumesListAdminTestJSON-195635664 tempest-VolumesListAdminTestJSON-195635664-project] Volume info retrieved successfully.
Apr 06 12:39:56.139138 dv-cinder-836069-1-iscsi devstack@c-api.service[112419]: INFO cinder.api.openstack.wsgi [None req-7c24319a-5b90-49d2-ab77-a634f7d79c6b tempest-VolumesListAdminTestJSON-195635664 tempest-VolumesListAdminTestJSON-195635664-project] http://10.222.0.60/volume/v3/0d62b019a56145058b87d23fd0ff22c2/volumes/fce8e534-3be7-4299-9ea9-cb7f9203d5fd returned with HTTP 200
Apr 06 12:39:56.139999 dv-cinder-836069-1-iscsi devstack@c-api.service[112419]: [pid: 112419|app: 0|req: 175/351] 10.222.0.60 () {58 vars in 1324 bytes} [Wed Apr 6 12:39:56 2022] GET /volume/v3/0d62b019a56145058b87d23fd0ff22c2/volumes/fce8e534-3be7-4299-9ea9-cb7f9203d5fd => generated 917 bytes in 49 msecs (HTTP/1.1 200) 7 headers in 285 bytes (1 switches on core 0)
Apr 06 12:39:56.152397 dv-cinder-836069-1-iscsi devstack@c-api.service[112418]: DEBUG cinder.api.middleware.request_id [None req-8e8da054-0d9e-4dbc-b060-d04897c2f456 None None] RequestId filter calling following filter/app {{(pid=112418) _context_setter /opt/stack/cinder/cinder/api/middleware/request_id.py:62}}
Apr 06 12:39:56.244289 dv-cinder-836069-1-iscsi devstack@c-api.service[112419]: DEBUG cinder.api.middleware.request_id [None req-22a3e5f2-3565-4b92-b705-6ac895a8be78 None None] RequestId filter calling following filter/app {{(pid=112419) _context_setter /opt/stack/cinder/cinder/api/middleware/request_id.py:62}}
Apr 06 12:39:56.250220 dv-cinder-836069-1-iscsi devstack@c-api.service[112419]: INFO cinder.api.openstack.wsgi [None req-22a3e5f2-3565-4b92-b705-6ac895a8be78 tempest-GroupSnapshotsTest-1818492480 tempest-GroupSnapshotsTest-1818492480-project] GET http://10.222.0.60/volume/v3/d1a0b1e592794aeb8c8172fac0b11c29/groups/e646ada2-de22-4602-8706-9179a4830a9a
Apr 06 12:39:56.251091 dv-cinder-836069-1-iscsi devstack@c-api.service[112419]: DEBUG cinder.api.openstack.wsgi [None req-22a3e5f2-3565-4b92-b705-6ac895a8be78 tempest-GroupSnapshotsTest-1818492480 tempest-GroupSnapshotsTest-1818492480-project] Empty body provided in request {{(pid=112419) get_body /opt/stack/cinder/cinder/api/openstack/wsgi.py:715}}
Apr 06 12:39:56.251875 dv-cinder-836069-1-iscsi devstack@c-api.service[112419]: DEBUG cinder.api.openstack.wsgi [None req-22a3e5f2-3565-4b92-b705-6ac895a8be78 tempest-GroupSnapshotsTest-1818492480 tempest-GroupSnapshotsTest-1818492480-project] Calling method 'version_select' {{(pid=112419) _process_stack /opt/stack/cinder/cinder/api/openstack/wsgi.py:868}}
Apr 06 12:39:56.252441 dv-cinder-836069-1-iscsi devstack@c-api.service[112419]: DEBUG cinder.api.v3.groups [None req-22a3e5f2-3565-4b92-b705-6ac895a8be78 tempest-GroupSnapshotsTest-1818492480 tempest-GroupSnapshotsTest-1818492480-project] show called for member e646ada2-de22-4602-8706-9179a4830a9a {{(pid=112419) show /opt/stack/cinder/cinder/api/v3/groups.py:58}}
Apr 06 12:39:56.257948 dv-cinder-836069-1-iscsi devstack@c-api.service[112419]: INFO cinder.api.openstack.wsgi [None req-22a3e5f2-3565-4b92-b705-6ac895a8be78 tempest-GroupSnapshotsTest-1818492480 tempest-GroupSnapshotsTest-1818492480-project] http://10.222.0.60/volume/v3/d1a0b1e592794aeb8c8172fac0b11c29/groups/e646ada2-de22-4602-8706-9179a4830a9a returned with HTTP 404
Apr 06 12:39:56.264039 dv-cinder-836069-1-iscsi devstack@c-api.service[112419]: [pid: 112419|app: 0|req: 176/352] 10.222.0.60 () {60 vars in 1362 bytes} [Wed Apr 6 12:39:56 2022] GET /volume/v3/d1a0b1e592794aeb8c8172fac0b11c29/groups/e646ada2-de22-4602-8706-9179a4830a9a => generated 108 bytes in 21 msecs (HTTP/1.1 404) 7 headers in 293 bytes (2 switches on core 0)
Apr 06 12:39:56.265618 dv-cinder-836069-1-iscsi devstack@c-api.service[112419]: DEBUG cinder.api.middleware.request_id [None req-f58b2aff-2de1-423e-bb92-7abc747468dc None None] RequestId filter calling following filter/app {{(pid=112419) _context_setter /opt/stack/cinder/cinder/api/middleware/request_id.py:62}}
Apr 06 12:39:56.280461 dv-cinder-836069-1-iscsi devstack@c-api.service[112419]: INFO cinder.api.openstack.wsgi [None req-f58b2aff-2de1-423e-bb92-7abc747468dc tempest-GroupSnapshotsTest-1526489585 tempest-GroupSnapshotsTest-1526489585-project-admin] DELETE http://10.222.0.60/volume/v3/c4a6136b6bd14a6685b40d857500b4e5/group_types/14ae0386-9324-46b7-87ad-608e03e2a78c
Apr 06 12:39:56.282424 dv-cinder-836069-1-iscsi devstack@c-api.service[112419]: DEBUG cinder.api.openstack.wsgi [None req-f58b2aff-2de1-423e-bb92-7abc747468dc tempest-GroupSnapshotsTest-1526489585 tempest-GroupSnapshotsTest-1526489585-project-admin] Empty body provided in request {{(pid=112419) get_body /opt/stack/cinder/cinder/api/openstack/wsgi.py:715}}
Apr 06 12:39:56.283796 dv-cinder-836069-1-iscsi devstack@c-api.service[112419]: DEBUG cinder.api.openstack.wsgi [None req-f58b2aff-2de1-423e-bb92-7abc747468dc tempest-GroupSnapshotsTest-1526489585 tempest-GroupSnapshotsTest-1526489585-project-admin] Calling method 'version_select' {{(pid=112419) _process_stack /opt/stack/cinder/cinder/api/openstack/wsgi.py:868}}
Apr 06 12:39:56.356190 dv-cinder-836069-1-iscsi devstack@c-api.service[112418]: INFO cinder.api.openstack.wsgi [None req-8e8da054-0d9e-4dbc-b060-d04897c2f456 tempest-VolumesListAdminTestJSON-1562229039 tempest-VolumesListAdminTestJSON-1562229039-project-admin] POST http://10.222.0.60/volume/v3/f3284fd1f6db499eaa274c7a136bddaf/volumes
Apr 06 12:39:56.357411 dv-cinder-836069-1-iscsi devstack@c-api.service[112418]: DEBUG cinder.api.openstack.wsgi [None req-8e8da054-0d9e-4dbc-b060-d04897c2f456 tempest-VolumesListAdminTestJSON-1562229039 tempest-VolumesListAdminTestJSON-1562229039-project-admin] Action: 'create', calling method: create, body: {"volume": {"size": 1}} {{(pid=112418) _process_stack /opt/stack/cinder/cinder/api/openstack/wsgi.py:866}}
Apr 06 12:39:56.358591 dv-cinder-836069-1-iscsi devstack@c-api.service[112418]: DEBUG cinder.api.v3.volumes [None req-8e8da054-0d9e-4dbc-b060-d04897c2f456 tempest-VolumesListAdminTestJSON-1562229039 tempest-VolumesListAdminTestJSON-1562229039-project-admin] Create volume request body: {'volume': {'size': 1}} {{(pid=112418) create /opt/stack/cinder/cinder/api/v3/volumes.py:298}}
Apr 06 12:39:56.358820 dv-cinder-836069-1-iscsi devstack@c-api.service[112418]: INFO cinder.api.v3.volumes [None req-8e8da054-0d9e-4dbc-b060-d04897c2f456 tempest-VolumesListAdminTestJSON-1562229039 tempest-VolumesListAdminTestJSON-1562229039-project-admin] Create volume of 1 GB
Apr 06 12:39:56.365444 dv-cinder-836069-1-iscsi devstack@c-api.service[112418]: INFO cinder.volume.api [None req-8e8da054-0d9e-4dbc-b060-d04897c2f456 tempest-VolumesListAdminTestJSON-1562229039 tempest-VolumesListAdminTestJSON-1562229039-project-admin] Availability Zones retrieved successfully.
Apr 06 12:39:56.381702 dv-cinder-836069-1-iscsi devstack@c-api.service[112418]: DEBUG cinder.volume.api [None req-8e8da054-0d9e-4dbc-b060-d04897c2f456 tempest-VolumesListAdminTestJSON-1562229039 tempest-VolumesListAdminTestJSON-1562229039-project-admin] Flow 'volume_create_api' (0ea2451a-7b6f-44f1-b4d6-ab039dfb066b) transitioned into state 'RUNNING' from state 'PENDING' {{(pid=112418) _flow_receiver /usr/local/lib/python3.8/dist-packages/taskflow/listeners/logging.py:141}}
Apr 06 12:39:56.385032 dv-cinder-836069-1-iscsi devstack@c-api.service[112418]: DEBUG cinder.volume.api [None req-8e8da054-0d9e-4dbc-b060-d04897c2f456 tempest-VolumesListAdminTestJSON-1562229039 tempest-VolumesListAdminTestJSON-1562229039-project-admin] Task 'cinder.volume.flows.api.create_volume.ExtractVolumeRequestTask;volume:create' (15cfbb6c-a98b-4e3e-8ca5-3eb1180037bd) transitioned into state 'RUNNING' from state 'PENDING' {{(pid=112418) _task_receiver /usr/local/lib/python3.8/dist-packages/taskflow/listeners/logging.py:190}}
Apr 06 12:39:56.389624 dv-cinder-836069-1-iscsi devstack@c-api.service[112418]: DEBUG cinder.volume.flows.api.create_volume [None req-8e8da054-0d9e-4dbc-b060-d04897c2f456 tempest-VolumesListAdminTestJSON-1562229039 tempest-VolumesListAdminTestJSON-1562229039-project-admin] Validating volume size '1' using validate_int {{(pid=112418) _extract_size /opt/stack/cinder/cinder/volume/flows/api/create_volume.py:225}}
Apr 06 12:39:56.411897 dv-cinder-836069-1-iscsi devstack@c-api.service[112419]: INFO cinder.api.openstack.wsgi [None req-f58b2aff-2de1-423e-bb92-7abc747468dc tempest-GroupSnapshotsTest-1526489585 tempest-GroupSnapshotsTest-1526489585-project-admin] http://10.222.0.60/volume/v3/c4a6136b6bd14a6685b40d857500b4e5/group_types/14ae0386-9324-46b7-87ad-608e03e2a78c returned with HTTP 202
Apr 06 12:39:56.412664 dv-cinder-836069-1-iscsi devstack@c-api.service[112419]: [pid: 112419|app: 0|req: 177/353] 10.222.0.60 () {60 vars in 1380 bytes} [Wed Apr 6 12:39:56 2022] DELETE /volume/v3/c4a6136b6bd14a6685b40d857500b4e5/group_types/14ae0386-9324-46b7-87ad-608e03e2a78c => generated 0 bytes in 148 msecs (HTTP/1.1 202) 6 headers in 234 bytes (1 switches on core 0)
Apr 06 12:39:56.413922 dv-cinder-836069-1-iscsi devstack@c-api.service[112419]: DEBUG cinder.api.middleware.request_id [None req-08d3707e-9037-4436-9f6a-147c29125cc2 None None] RequestId filter calling following filter/app {{(pid=112419) _context_setter /opt/stack/cinder/cinder/api/middleware/request_id.py:62}}
Apr 06 12:39:56.416391 dv-cinder-836069-1-iscsi devstack@c-api.service[112418]: DEBUG cinder.volume.api [None req-8e8da054-0d9e-4dbc-b060-d04897c2f456 tempest-VolumesListAdminTestJSON-1562229039 tempest-VolumesListAdminTestJSON-1562229039-project-admin] Task 'cinder.volume.flows.api.create_volume.ExtractVolumeRequestTask;volume:create' (15cfbb6c-a98b-4e3e-8ca5-3eb1180037bd) transitioned into state 'SUCCESS' from state 'RUNNING' with result '{'size': 1, 'snapshot_id': None, 'source_volid': None, 'volume_type': VolumeType(created_at=2022-04-06T12:21:54Z,deleted=False,deleted_at=None,description='Default Volume Type',extra_specs={},id=dac0da89-85ec-454d-bbd3-698bda277ed8,is_public=True,name='__DEFAULT__',projects=[],qos_specs=,qos_specs_id=None,updated_at=2022-04-06T12:21:54Z), 'volume_type_id': 'dac0da89-85ec-454d-bbd3-698bda277ed8', 'encryption_key_id': None, 'qos_specs': None, 'consistencygroup_id': None, 'cgsnapshot_id': None, 'group_id': None, 'replication_status': 'disabled', 'refresh_az': False, 'backup_id': None, 'multiattach': False, 'availability_zones': ['nova']}' {{(pid=112418) _task_receiver /usr/local/lib/python3.8/dist-packages/taskflow/listeners/logging.py:178}}
Apr 06 12:39:56.421221 dv-cinder-836069-1-iscsi devstack@c-api.service[112418]: DEBUG cinder.volume.api [None req-8e8da054-0d9e-4dbc-b060-d04897c2f456 tempest-VolumesListAdminTestJSON-1562229039 tempest-VolumesListAdminTestJSON-1562229039-project-admin] Task 'cinder.volume.flows.api.create_volume.QuotaReserveTask;volume:create' (4d1cb124-998b-422e-b1dd-26a32a069864) transitioned into state 'RUNNING' from state 'PENDING' {{(pid=112418) _task_receiver /usr/local/lib/python3.8/dist-packages/taskflow/listeners/logging.py:190}}
Apr 06 12:39:56.421334 dv-cinder-836069-1-iscsi devstack@c-api.service[112419]: INFO cinder.api.openstack.wsgi [None req-08d3707e-9037-4436-9f6a-147c29125cc2 tempest-SnapshotsActionsTest-556652828 tempest-SnapshotsActionsTest-556652828-project] GET http://10.222.0.60/volume/v3/924004126aa543c9a840ddf5e8c91539/snapshots/1a43cc44-15ff-461c-bcbc-30ee3b13ab11
Apr 06 12:39:56.421334 dv-cinder-836069-1-iscsi devstack@c-api.service[112419]: DEBUG cinder.api.openstack.wsgi [None req-08d3707e-9037-4436-9f6a-147c29125cc2 tempest-SnapshotsActionsTest-556652828 tempest-SnapshotsActionsTest-556652828-project] Empty body provided in request {{(pid=112419) get_body /opt/stack/cinder/cinder/api/openstack/wsgi.py:715}}
Apr 06 12:39:56.421334 dv-cinder-836069-1-iscsi devstack@c-api.service[112419]: DEBUG cinder.api.openstack.wsgi [None req-08d3707e-9037-4436-9f6a-147c29125cc2 tempest-SnapshotsActionsTest-556652828 tempest-SnapshotsActionsTest-556652828-project] Calling method 'show' {{(pid=112419) _process_stack /opt/stack/cinder/cinder/api/openstack/wsgi.py:868}}
Apr 06 12:39:56.433297 dv-cinder-836069-1-iscsi devstack@c-api.service[112419]: /usr/local/lib/python3.8/dist-packages/oslo_context/context.py:100: DeprecationWarning: Policy enforcement is depending on the value of is_admin. This key is deprecated. Please update your policy file to use the standard policy values.
Apr 06 12:39:56.433297 dv-cinder-836069-1-iscsi devstack@c-api.service[112419]: warnings.warn('Policy enforcement is depending on the value of '
Apr 06 12:39:56.434270 dv-cinder-836069-1-iscsi devstack@c-api.service[112419]: INFO cinder.volume.api [None req-08d3707e-9037-4436-9f6a-147c29125cc2 tempest-SnapshotsActionsTest-556652828 tempest-SnapshotsActionsTest-556652828-project] Snapshot retrieved successfully.
Apr 06 12:39:56.436159 dv-cinder-836069-1-iscsi devstack@c-api.service[112419]: INFO cinder.api.openstack.wsgi [None req-08d3707e-9037-4436-9f6a-147c29125cc2 tempest-SnapshotsActionsTest-556652828 tempest-SnapshotsActionsTest-556652828-project] http://10.222.0.60/volume/v3/924004126aa543c9a840ddf5e8c91539/snapshots/1a43cc44-15ff-461c-bcbc-30ee3b13ab11 returned with HTTP 200
Apr 06 12:39:56.436862 dv-cinder-836069-1-iscsi devstack@c-api.service[112419]: [pid: 112419|app: 0|req: 178/354] 10.222.0.60 () {58 vars in 1330 bytes} [Wed Apr 6 12:39:56 2022] GET /volume/v3/924004126aa543c9a840ddf5e8c91539/snapshots/1a43cc44-15ff-461c-bcbc-30ee3b13ab11 => generated 439 bytes in 24 msecs (HTTP/1.1 200) 7 headers in 285 bytes (1 switches on core 0)
Apr 06 12:39:56.438039 dv-cinder-836069-1-iscsi devstack@c-api.service[112419]: DEBUG cinder.api.middleware.request_id [None req-d69542e0-03cc-4f6e-b642-8267c2b0d648 None None] RequestId filter calling following filter/app {{(pid=112419) _context_setter /opt/stack/cinder/cinder/api/middleware/request_id.py:62}}
Apr 06 12:39:56.441591 dv-cinder-836069-1-iscsi devstack@c-api.service[112419]: INFO cinder.api.openstack.wsgi [None req-d69542e0-03cc-4f6e-b642-8267c2b0d648 tempest-GroupSnapshotsTest-1526489585 tempest-GroupSnapshotsTest-1526489585-project-admin] POST http://10.222.0.60/volume/v3/c4a6136b6bd14a6685b40d857500b4e5/types
Apr 06 12:39:56.442296 dv-cinder-836069-1-iscsi devstack@c-api.service[112419]: DEBUG cinder.api.openstack.wsgi [None req-d69542e0-03cc-4f6e-b642-8267c2b0d648 tempest-GroupSnapshotsTest-1526489585 tempest-GroupSnapshotsTest-1526489585-project-admin] Action: 'create', calling method: _create, body: {"volume_type": {"name": "tempest-GroupSnapshotsTest-volume-type-1517964340"}} {{(pid=112419) _process_stack /opt/stack/cinder/cinder/api/openstack/wsgi.py:866}}
Apr 06 12:39:56.559523 dv-cinder-836069-1-iscsi devstack@c-api.service[112419]: INFO cinder.api.openstack.wsgi [None req-d69542e0-03cc-4f6e-b642-8267c2b0d648 tempest-GroupSnapshotsTest-1526489585 tempest-GroupSnapshotsTest-1526489585-project-admin] http://10.222.0.60/volume/v3/c4a6136b6bd14a6685b40d857500b4e5/types returned with HTTP 200
Apr 06 12:39:56.561031 dv-cinder-836069-1-iscsi devstack@c-api.service[112419]: [pid: 112419|app: 0|req: 179/355] 10.222.0.60 () {60 vars in 1228 bytes} [Wed Apr 6 12:39:56 2022] POST /volume/v3/c4a6136b6bd14a6685b40d857500b4e5/types => generated 224 bytes in 123 msecs (HTTP/1.1 200) 7 headers in 285 bytes (1 switches on core 0)
Apr 06 12:39:56.567056 dv-cinder-836069-1-iscsi devstack@c-api.service[112419]: DEBUG cinder.api.middleware.request_id [None req-dd889865-4792-43e9-94e5-a1906e1b129e None None] RequestId filter calling following filter/app {{(pid=112419) _context_setter /opt/stack/cinder/cinder/api/middleware/request_id.py:62}}
Apr 06 12:39:56.572436 dv-cinder-836069-1-iscsi devstack@c-api.service[112419]: INFO cinder.api.openstack.wsgi [None req-dd889865-4792-43e9-94e5-a1906e1b129e tempest-GroupSnapshotsTest-1526489585 tempest-GroupSnapshotsTest-1526489585-project-admin] POST http://10.222.0.60/volume/v3/c4a6136b6bd14a6685b40d857500b4e5/group_types
Apr 06 12:39:56.577727 dv-cinder-836069-1-iscsi devstack@c-api.service[112419]: DEBUG cinder.api.openstack.wsgi [None req-dd889865-4792-43e9-94e5-a1906e1b129e tempest-GroupSnapshotsTest-1526489585 tempest-GroupSnapshotsTest-1526489585-project-admin] Action: 'create', calling method: version_select, body: {"group_type": {"name": "tempest-GroupSnapshotsTest-group-type-515017352"}} {{(pid=112419) _process_stack /opt/stack/cinder/cinder/api/openstack/wsgi.py:866}}
Apr 06 12:39:56.635429 dv-cinder-836069-1-iscsi devstack@c-api.service[112418]: DEBUG cinder.quota [None req-8e8da054-0d9e-4dbc-b060-d04897c2f456 tempest-VolumesListAdminTestJSON-1562229039 tempest-VolumesListAdminTestJSON-1562229039-project-admin] Created reservations ['ff1441ec-59e1-453d-aea8-f7b0d309cc4c', '4636bc6b-88a7-48df-9210-b04270b5124d', 'b9209466-3e62-4793-87df-62ff0555ac97', 'f06f19ae-623d-4ac4-9656-f5f400dae147'] {{(pid=112418) reserve /opt/stack/cinder/cinder/quota.py:755}}
Apr 06 12:39:56.637165 dv-cinder-836069-1-iscsi devstack@c-api.service[112418]: DEBUG cinder.volume.api [None req-8e8da054-0d9e-4dbc-b060-d04897c2f456 tempest-VolumesListAdminTestJSON-1562229039 tempest-VolumesListAdminTestJSON-1562229039-project-admin] Task 'cinder.volume.flows.api.create_volume.QuotaReserveTask;volume:create' (4d1cb124-998b-422e-b1dd-26a32a069864) transitioned into state 'SUCCESS' from state 'RUNNING' with result '{'reservations': ['ff1441ec-59e1-453d-aea8-f7b0d309cc4c', '4636bc6b-88a7-48df-9210-b04270b5124d', 'b9209466-3e62-4793-87df-62ff0555ac97', 'f06f19ae-623d-4ac4-9656-f5f400dae147']}' {{(pid=112418) _task_receiver /usr/local/lib/python3.8/dist-packages/taskflow/listeners/logging.py:178}}
Apr 06 12:39:56.639123 dv-cinder-836069-1-iscsi devstack@c-api.service[112418]: DEBUG cinder.volume.api [None req-8e8da054-0d9e-4dbc-b060-d04897c2f456 tempest-VolumesListAdminTestJSON-1562229039 tempest-VolumesListAdminTestJSON-1562229039-project-admin] Task 'cinder.volume.flows.api.create_volume.EntryCreateTask;volume:create' (5f18fd23-6a18-4636-8f65-bbacf225d308) transitioned into state 'RUNNING' from state 'PENDING' {{(pid=112418) _task_receiver /usr/local/lib/python3.8/dist-packages/taskflow/listeners/logging.py:190}}
Apr 06 12:39:56.668913 dv-cinder-836069-1-iscsi devstack@c-api.service[112419]: INFO cinder.api.openstack.wsgi [None req-dd889865-4792-43e9-94e5-a1906e1b129e tempest-GroupSnapshotsTest-1526489585 tempest-GroupSnapshotsTest-1526489585-project-admin] http://10.222.0.60/volume/v3/c4a6136b6bd14a6685b40d857500b4e5/group_types returned with HTTP 202
Apr 06 12:39:56.669814 dv-cinder-836069-1-iscsi devstack@c-api.service[112419]: [pid: 112419|app: 0|req: 180/356] 10.222.0.60 () {62 vars in 1287 bytes} [Wed Apr 6 12:39:56 2022] POST /volume/v3/c4a6136b6bd14a6685b40d857500b4e5/group_types => generated 180 bytes in 104 msecs (HTTP/1.1 202) 7 headers in 292 bytes (2 switches on core 0)
Apr 06 12:39:56.675644 dv-cinder-836069-1-iscsi devstack@c-api.service[112419]: DEBUG cinder.api.middleware.request_id [None req-fb7d5b02-34b7-4b6a-bc60-31d3087581a6 None None] RequestId filter calling following filter/app {{(pid=112419) _context_setter /opt/stack/cinder/cinder/api/middleware/request_id.py:62}}
Apr 06 12:39:56.679294 dv-cinder-836069-1-iscsi devstack@c-api.service[112419]: INFO cinder.api.openstack.wsgi [None req-fb7d5b02-34b7-4b6a-bc60-31d3087581a6 tempest-GroupSnapshotsTest-1818492480 tempest-GroupSnapshotsTest-1818492480-project] POST http://10.222.0.60/volume/v3/d1a0b1e592794aeb8c8172fac0b11c29/groups
Apr 06 12:39:56.680202 dv-cinder-836069-1-iscsi devstack@c-api.service[112419]: DEBUG cinder.api.openstack.wsgi [None req-fb7d5b02-34b7-4b6a-bc60-31d3087581a6 tempest-GroupSnapshotsTest-1818492480 tempest-GroupSnapshotsTest-1818492480-project] Action: 'create', calling method: version_select, body: {"group": {"group_type": "3069a4fb-3484-4543-9642-2b7b64dbeca4", "volume_types": ["56516d4f-d709-4bcd-97ae-6b4b66cfbf68"], "name": "tempest-GroupSnapshotsTest-Group-135301339"}} {{(pid=112419) _process_stack /opt/stack/cinder/cinder/api/openstack/wsgi.py:866}}
Apr 06 12:39:56.681376 dv-cinder-836069-1-iscsi devstack@c-api.service[112419]: DEBUG cinder.api.v3.groups [None req-fb7d5b02-34b7-4b6a-bc60-31d3087581a6 tempest-GroupSnapshotsTest-1818492480 tempest-GroupSnapshotsTest-1818492480-project] Creating new group {'group': {'group_type': '3069a4fb-3484-4543-9642-2b7b64dbeca4', 'volume_types': ['56516d4f-d709-4bcd-97ae-6b4b66cfbf68'], 'name': 'tempest-GroupSnapshotsTest-Group-135301339'}} {{(pid=112419) create /opt/stack/cinder/cinder/api/v3/groups.py:190}}
Apr 06 12:39:56.686347 dv-cinder-836069-1-iscsi devstack@c-api.service[112419]: INFO cinder.api.v3.groups [None req-fb7d5b02-34b7-4b6a-bc60-31d3087581a6 tempest-GroupSnapshotsTest-1818492480 tempest-GroupSnapshotsTest-1818492480-project] Creating group tempest-GroupSnapshotsTest-Group-135301339.
Apr 06 12:39:56.698006 dv-cinder-836069-1-iscsi devstack@c-api.service[112419]: INFO cinder.volume.api [None req-fb7d5b02-34b7-4b6a-bc60-31d3087581a6 tempest-GroupSnapshotsTest-1818492480 tempest-GroupSnapshotsTest-1818492480-project] Availability Zones retrieved successfully.
Apr 06 12:39:56.765961 dv-cinder-836069-1-iscsi devstack@c-api.service[112418]: DEBUG cinder.volume.api [None req-8e8da054-0d9e-4dbc-b060-d04897c2f456 tempest-VolumesListAdminTestJSON-1562229039 tempest-VolumesListAdminTestJSON-1562229039-project-admin] Task 'cinder.volume.flows.api.create_volume.EntryCreateTask;volume:create' (5f18fd23-6a18-4636-8f65-bbacf225d308) transitioned into state 'SUCCESS' from state 'RUNNING' with result '{'volume_id': '90d2018f-2c67-4fb5-b9f4-6b95655115e4', 'volume_properties': VolumeProperties(attach_status='detached',availability_zone='nova',cgsnapshot_id=None,consistencygroup_id=None,display_description=None,display_name=None,encryption_key_id=None,group_id=None,group_type_id=,metadata={},multiattach=False,project_id='f3284fd1f6db499eaa274c7a136bddaf',qos_specs=None,replication_status=,reservations=['ff1441ec-59e1-453d-aea8-f7b0d309cc4c','4636bc6b-88a7-48df-9210-b04270b5124d','b9209466-3e62-4793-87df-62ff0555ac97','f06f19ae-623d-4ac4-9656-f5f400dae147'],size=1,snapshot_id=None,source_replicaid=,source_volid=None,status='creating',user_id='014bf105858142e090dbde278713c1ab',volume_type_id=dac0da89-85ec-454d-bbd3-698bda277ed8), 'volume': Volume(_name_id=None,admin_metadata={},attach_status='detached',availability_zone='nova',bootable=False,cluster=,cluster_name=None,consistencygroup=,consistencygroup_id=None,created_at=2022-04-06T12:39:56Z,deleted=False,deleted_at=None,display_description=None,display_name=None,ec2_id=None,encryption_key_id=None,glance_metadata=,group=,group_id=None,host=None,id=90d2018f-2c67-4fb5-b9f4-6b95655115e4,launched_at=None,metadata={},migration_status=None,multiattach=False,previous_status=None,project_id='f3284fd1f6db499eaa274c7a136bddaf',provider_auth=None,provider_geometry=None,provider_id=None,provider_location=None,replication_driver_data=None,replication_extended_status=None,replication_status=None,scheduled_at=None,service_uuid=None,shared_targets=True,size=1,snapshot_id=None,snapshots=,source_volid=None,status='creating',terminated_at=None,updated_at=None,use_quota=True,user_id='014bf105858142e090dbde278713c1ab',volume_attachment=VolumeAttachmentList,volume_type=VolumeType(dac0da89-85ec-454d-bbd3-698bda277ed8),volume_type_id=dac0da89-85ec-454d-bbd3-698bda277ed8)}' {{(pid=112418) _task_receiver /usr/local/lib/python3.8/dist-packages/taskflow/listeners/logging.py:178}}
Apr 06 12:39:56.768291 dv-cinder-836069-1-iscsi devstack@c-api.service[112418]: DEBUG cinder.volume.api [None req-8e8da054-0d9e-4dbc-b060-d04897c2f456 tempest-VolumesListAdminTestJSON-1562229039 tempest-VolumesListAdminTestJSON-1562229039-project-admin] Task 'cinder.volume.flows.api.create_volume.QuotaCommitTask;volume:create' (a99b7758-b797-4356-838b-ee36965312cc) transitioned into state 'RUNNING' from state 'PENDING' {{(pid=112418) _task_receiver /usr/local/lib/python3.8/dist-packages/taskflow/listeners/logging.py:190}}
Apr 06 12:39:56.800198 dv-cinder-836069-1-iscsi devstack@c-api.service[112419]: DEBUG cinder.quota [None req-fb7d5b02-34b7-4b6a-bc60-31d3087581a6 tempest-GroupSnapshotsTest-1818492480 tempest-GroupSnapshotsTest-1818492480-project] Created reservations ['52577f9f-2a06-4262-a998-8ae43190268c'] {{(pid=112419) reserve /opt/stack/cinder/cinder/quota.py:755}}
Apr 06 12:39:56.865731 dv-cinder-836069-1-iscsi devstack@c-api.service[112418]: DEBUG cinder.volume.api [None req-8e8da054-0d9e-4dbc-b060-d04897c2f456 tempest-VolumesListAdminTestJSON-1562229039 tempest-VolumesListAdminTestJSON-1562229039-project-admin] Task 'cinder.volume.flows.api.create_volume.QuotaCommitTask;volume:create' (a99b7758-b797-4356-838b-ee36965312cc) transitioned into state 'SUCCESS' from state 'RUNNING' with result '{'volume_properties': VolumeProperties(attach_status='detached',availability_zone='nova',cgsnapshot_id=None,consistencygroup_id=None,display_description=None,display_name=None,encryption_key_id=None,group_id=None,group_type_id=,metadata={},multiattach=False,project_id='f3284fd1f6db499eaa274c7a136bddaf',qos_specs=None,replication_status=,reservations=['ff1441ec-59e1-453d-aea8-f7b0d309cc4c','4636bc6b-88a7-48df-9210-b04270b5124d','b9209466-3e62-4793-87df-62ff0555ac97','f06f19ae-623d-4ac4-9656-f5f400dae147'],size=1,snapshot_id=None,source_replicaid=,source_volid=None,status='creating',user_id='014bf105858142e090dbde278713c1ab',volume_type_id=dac0da89-85ec-454d-bbd3-698bda277ed8)}' {{(pid=112418) _task_receiver /usr/local/lib/python3.8/dist-packages/taskflow/listeners/logging.py:178}}
Apr 06 12:39:56.869014 dv-cinder-836069-1-iscsi devstack@c-api.service[112418]: DEBUG cinder.volume.api [None req-8e8da054-0d9e-4dbc-b060-d04897c2f456 tempest-VolumesListAdminTestJSON-1562229039 tempest-VolumesListAdminTestJSON-1562229039-project-admin] Task 'cinder.volume.flows.api.create_volume.VolumeCastTask;volume:create' (e1e79d7c-6fdf-4437-84bc-758125b23c67) transitioned into state 'RUNNING' from state 'PENDING' {{(pid=112418) _task_receiver /usr/local/lib/python3.8/dist-packages/taskflow/listeners/logging.py:190}}
Apr 06 12:39:56.941091 dv-cinder-836069-1-iscsi devstack@c-api.service[112418]: DEBUG cinder.volume.api [None req-8e8da054-0d9e-4dbc-b060-d04897c2f456 tempest-VolumesListAdminTestJSON-1562229039 tempest-VolumesListAdminTestJSON-1562229039-project-admin] Task 'cinder.volume.flows.api.create_volume.VolumeCastTask;volume:create' (e1e79d7c-6fdf-4437-84bc-758125b23c67) transitioned into state 'SUCCESS' from state 'RUNNING' with result 'None' {{(pid=112418) _task_receiver /usr/local/lib/python3.8/dist-packages/taskflow/listeners/logging.py:178}}
Apr 06 12:39:56.953054 dv-cinder-836069-1-iscsi devstack@c-api.service[112418]: DEBUG cinder.volume.api [None req-8e8da054-0d9e-4dbc-b060-d04897c2f456 tempest-VolumesListAdminTestJSON-1562229039 tempest-VolumesListAdminTestJSON-1562229039-project-admin] Flow 'volume_create_api' (0ea2451a-7b6f-44f1-b4d6-ab039dfb066b) transitioned into state 'SUCCESS' from state 'RUNNING' {{(pid=112418) _flow_receiver /usr/local/lib/python3.8/dist-packages/taskflow/listeners/logging.py:141}}
Apr 06 12:39:56.956486 dv-cinder-836069-1-iscsi devstack@c-api.service[112418]: INFO cinder.volume.api [None req-8e8da054-0d9e-4dbc-b060-d04897c2f456 tempest-VolumesListAdminTestJSON-1562229039 tempest-VolumesListAdminTestJSON-1562229039-project-admin] Create volume request issued successfully.
Apr 06 12:39:56.962503 dv-cinder-836069-1-iscsi devstack@c-api.service[112418]: INFO cinder.api.openstack.wsgi [None req-8e8da054-0d9e-4dbc-b060-d04897c2f456 tempest-VolumesListAdminTestJSON-1562229039 tempest-VolumesListAdminTestJSON-1562229039-project-admin] http://10.222.0.60/volume/v3/f3284fd1f6db499eaa274c7a136bddaf/volumes returned with HTTP 202
Apr 06 12:39:56.964981 dv-cinder-836069-1-iscsi devstack@c-api.service[112419]: INFO cinder.api.openstack.wsgi [None req-fb7d5b02-34b7-4b6a-bc60-31d3087581a6 tempest-GroupSnapshotsTest-1818492480 tempest-GroupSnapshotsTest-1818492480-project] http://10.222.0.60/volume/v3/d1a0b1e592794aeb8c8172fac0b11c29/groups returned with HTTP 202
Apr 06 12:39:56.967714 dv-cinder-836069-1-iscsi devstack@c-api.service[112419]: [pid: 112419|app: 0|req: 181/357] 10.222.0.60 () {62 vars in 1273 bytes} [Wed Apr 6 12:39:56 2022] POST /volume/v3/d1a0b1e592794aeb8c8172fac0b11c29/groups => generated 111 bytes in 293 msecs (HTTP/1.1 202) 7 headers in 292 bytes (2 switches on core 0)
Apr 06 12:39:56.970567 dv-cinder-836069-1-iscsi devstack@c-api.service[112418]: [pid: 112418|app: 0|req: 177/358] 10.222.0.60 () {60 vars in 1234 bytes} [Wed Apr 6 12:39:56 2022] POST /volume/v3/f3284fd1f6db499eaa274c7a136bddaf/volumes => generated 802 bytes in 819 msecs (HTTP/1.1 202) 7 headers in 291 bytes (2 switches on core 0)
Apr 06 12:39:56.974037 dv-cinder-836069-1-iscsi devstack@c-api.service[112419]: DEBUG cinder.api.middleware.request_id [None req-a5c63086-fd58-4457-a680-a8ac013fc0de None None] RequestId filter calling following filter/app {{(pid=112419) _context_setter /opt/stack/cinder/cinder/api/middleware/request_id.py:62}}
Apr 06 12:39:56.978505 dv-cinder-836069-1-iscsi devstack@c-api.service[112419]: INFO cinder.api.openstack.wsgi [None req-a5c63086-fd58-4457-a680-a8ac013fc0de tempest-GroupSnapshotsTest-1818492480 tempest-GroupSnapshotsTest-1818492480-project] GET http://10.222.0.60/volume/v3/d1a0b1e592794aeb8c8172fac0b11c29/groups/f0a9f04d-b8cf-4016-830f-84729069892a
Apr 06 12:39:56.978964 dv-cinder-836069-1-iscsi devstack@c-api.service[112419]: DEBUG cinder.api.openstack.wsgi [None req-a5c63086-fd58-4457-a680-a8ac013fc0de tempest-GroupSnapshotsTest-1818492480 tempest-GroupSnapshotsTest-1818492480-project] Empty body provided in request {{(pid=112419) get_body /opt/stack/cinder/cinder/api/openstack/wsgi.py:715}}
Apr 06 12:39:56.979545 dv-cinder-836069-1-iscsi devstack@c-api.service[112419]: DEBUG cinder.api.openstack.wsgi [None req-a5c63086-fd58-4457-a680-a8ac013fc0de tempest-GroupSnapshotsTest-1818492480 tempest-GroupSnapshotsTest-1818492480-project] Calling method 'version_select' {{(pid=112419) _process_stack /opt/stack/cinder/cinder/api/openstack/wsgi.py:868}}
Apr 06 12:39:56.979754 dv-cinder-836069-1-iscsi devstack@c-api.service[112419]: DEBUG cinder.api.v3.groups [None req-a5c63086-fd58-4457-a680-a8ac013fc0de tempest-GroupSnapshotsTest-1818492480 tempest-GroupSnapshotsTest-1818492480-project] show called for member f0a9f04d-b8cf-4016-830f-84729069892a {{(pid=112419) show /opt/stack/cinder/cinder/api/v3/groups.py:58}}
Apr 06 12:39:56.985018 dv-cinder-836069-1-iscsi devstack@c-api.service[112418]: DEBUG cinder.api.middleware.request_id [None req-a8519d99-413d-4f71-b212-217472011f08 None None] RequestId filter calling following filter/app {{(pid=112418) _context_setter /opt/stack/cinder/cinder/api/middleware/request_id.py:62}}
Apr 06 12:39:56.993651 dv-cinder-836069-1-iscsi devstack@c-api.service[112418]: INFO cinder.api.openstack.wsgi [None req-a8519d99-413d-4f71-b212-217472011f08 tempest-VolumesListAdminTestJSON-1562229039 tempest-VolumesListAdminTestJSON-1562229039-project-admin] GET http://10.222.0.60/volume/v3/f3284fd1f6db499eaa274c7a136bddaf/volumes/90d2018f-2c67-4fb5-b9f4-6b95655115e4
Apr 06 12:39:56.994104 dv-cinder-836069-1-iscsi devstack@c-api.service[112418]: DEBUG cinder.api.openstack.wsgi [None req-a8519d99-413d-4f71-b212-217472011f08 tempest-VolumesListAdminTestJSON-1562229039 tempest-VolumesListAdminTestJSON-1562229039-project-admin] Empty body provided in request {{(pid=112418) get_body /opt/stack/cinder/cinder/api/openstack/wsgi.py:715}}
Apr 06 12:39:56.994601 dv-cinder-836069-1-iscsi devstack@c-api.service[112418]: DEBUG cinder.api.openstack.wsgi [None req-a8519d99-413d-4f71-b212-217472011f08 tempest-VolumesListAdminTestJSON-1562229039 tempest-VolumesListAdminTestJSON-1562229039-project-admin] Calling method 'show' {{(pid=112418) _process_stack /opt/stack/cinder/cinder/api/openstack/wsgi.py:868}}
Apr 06 12:39:56.995639 dv-cinder-836069-1-iscsi devstack@c-api.service[112419]: /usr/local/lib/python3.8/dist-packages/oslo_context/context.py:100: DeprecationWarning: Policy enforcement is depending on the value of is_admin. This key is deprecated. Please update your policy file to use the standard policy values.
Apr 06 12:39:56.995639 dv-cinder-836069-1-iscsi devstack@c-api.service[112419]: warnings.warn('Policy enforcement is depending on the value of '
Apr 06 12:39:57.009380 dv-cinder-836069-1-iscsi devstack@c-api.service[112418]: /usr/local/lib/python3.8/dist-packages/oslo_context/context.py:100: DeprecationWarning: Policy enforcement is depending on the value of is_admin. This key is deprecated. Please update your policy file to use the standard policy values.
Apr 06 12:39:57.009380 dv-cinder-836069-1-iscsi devstack@c-api.service[112418]: warnings.warn('Policy enforcement is depending on the value of '
Apr 06 12:39:57.020264 dv-cinder-836069-1-iscsi devstack@c-api.service[112418]: INFO cinder.volume.api [None req-a8519d99-413d-4f71-b212-217472011f08 tempest-VolumesListAdminTestJSON-1562229039 tempest-VolumesListAdminTestJSON-1562229039-project-admin] Volume info retrieved successfully.
Apr 06 12:39:57.027333 dv-cinder-836069-1-iscsi devstack@c-api.service[112418]: INFO cinder.api.openstack.wsgi [None req-a8519d99-413d-4f71-b212-217472011f08 tempest-VolumesListAdminTestJSON-1562229039 tempest-VolumesListAdminTestJSON-1562229039-project-admin] http://10.222.0.60/volume/v3/f3284fd1f6db499eaa274c7a136bddaf/volumes/90d2018f-2c67-4fb5-b9f4-6b95655115e4 returned with HTTP 200
Apr 06 12:39:57.028106 dv-cinder-836069-1-iscsi devstack@c-api.service[112419]: INFO cinder.api.openstack.wsgi [None req-a5c63086-fd58-4457-a680-a8ac013fc0de tempest-GroupSnapshotsTest-1818492480 tempest-GroupSnapshotsTest-1818492480-project] http://10.222.0.60/volume/v3/d1a0b1e592794aeb8c8172fac0b11c29/groups/f0a9f04d-b8cf-4016-830f-84729069892a returned with HTTP 200
Apr 06 12:39:57.028273 dv-cinder-836069-1-iscsi devstack@c-api.service[112418]: [pid: 112418|app: 0|req: 178/359] 10.222.0.60 () {58 vars in 1324 bytes} [Wed Apr 6 12:39:56 2022] GET /volume/v3/f3284fd1f6db499eaa274c7a136bddaf/volumes/90d2018f-2c67-4fb5-b9f4-6b95655115e4 => generated 981 bytes in 45 msecs (HTTP/1.1 200) 7 headers in 285 bytes (1 switches on core 0)
Apr 06 12:39:57.028851 dv-cinder-836069-1-iscsi devstack@c-api.service[112419]: [pid: 112419|app: 0|req: 182/360] 10.222.0.60 () {60 vars in 1362 bytes} [Wed Apr 6 12:39:56 2022] GET /volume/v3/d1a0b1e592794aeb8c8172fac0b11c29/groups/f0a9f04d-b8cf-4016-830f-84729069892a => generated 391 bytes in 56 msecs (HTTP/1.1 200) 7 headers in 286 bytes (1 switches on core 0)
Apr 06 12:39:57.444811 dv-cinder-836069-1-iscsi devstack@c-api.service[112418]: DEBUG cinder.api.middleware.request_id [None req-7846e7d1-711b-4a20-9378-45e6423a9e6d None None] RequestId filter calling following filter/app {{(pid=112418) _context_setter /opt/stack/cinder/cinder/api/middleware/request_id.py:62}}
Apr 06 12:39:57.449116 dv-cinder-836069-1-iscsi devstack@c-api.service[112418]: INFO cinder.api.openstack.wsgi [None req-7846e7d1-711b-4a20-9378-45e6423a9e6d tempest-SnapshotsActionsTest-556652828 tempest-SnapshotsActionsTest-556652828-project] GET http://10.222.0.60/volume/v3/924004126aa543c9a840ddf5e8c91539/snapshots/1a43cc44-15ff-461c-bcbc-30ee3b13ab11
Apr 06 12:39:57.449564 dv-cinder-836069-1-iscsi devstack@c-api.service[112418]: DEBUG cinder.api.openstack.wsgi [None req-7846e7d1-711b-4a20-9378-45e6423a9e6d tempest-SnapshotsActionsTest-556652828 tempest-SnapshotsActionsTest-556652828-project] Empty body provided in request {{(pid=112418) get_body /opt/stack/cinder/cinder/api/openstack/wsgi.py:715}}
