Mar 31 19:12:46.964445 dv-cinder-836066-1-smb neutron-server[103952]: DEBUG neutron_lib.callbacks.manager [None req-10ecee47-1f52-495f-aea9-76e691bd4f3d admin admin] Publish callbacks [] for security_group (None), before_response {{(pid=103952) _notify_loop /usr/local/lib/python3.8/dist-packages/neutron_lib/callbacks/manager.py:176}}
Mar 31 19:12:46.971723 dv-cinder-836066-1-smb neutron-server[103952]: INFO neutron.wsgi [None req-10ecee47-1f52-495f-aea9-76e691bd4f3d admin admin] 10.222.0.79 "DELETE /v2.0/security-groups/f1775ada-d805-4897-885f-c340ae72c19b HTTP/1.1" status: 204 len: 168 time: 0.4087265
Mar 31 19:12:46.992338 dv-cinder-836066-1-smb neutron-server[103952]: DEBUG neutron.api.rpc.handlers.resources_rpc [None req-10ecee47-1f52-495f-aea9-76e691bd4f3d admin admin] Pushing event deleted for resources: {'SecurityGroup': ['ID=f1775ada-d805-4897-885f-c340ae72c19b,revision_number=None']} {{(pid=103952) push /opt/stack/neutron/neutron/api/rpc/handlers/resources_rpc.py:237}}
Mar 31 19:12:46.996406 dv-cinder-836066-1-smb neutron-server[103953]: DEBUG neutron.notifiers.nova [None req-81237d6a-261b-4a8d-ab9b-8cacad77191a None None] Ignoring state change previous_port_status: DOWN current_port_status: BUILD port_id 2af15147-d641-45d8-8479-e8e20ce7ffe0 {{(pid=103953) record_port_status_changed /opt/stack/neutron/neutron/notifiers/nova.py:233}}
Mar 31 19:12:47.017807 dv-cinder-836066-1-smb neutron-server[103951]: DEBUG neutron.pecan_wsgi.hooks.policy_enforcement [req-82057679-1ade-4e1d-8871-4e5aabe144f6 req-f1d2764c-d08a-4c45-a7f1-fedba477cd47 tempest-VolumesActionsTest-2015389776 tempest-VolumesActionsTest-2015389776-project] Attributes excluded by policy engine: ['standard_attr_id', 'vlan_transparent', 'provider:network_type', 'provider:physical_network', 'provider:segmentation_id'] {{(pid=103951) _exclude_attributes_by_policy /opt/stack/neutron/neutron/pecan_wsgi/hooks/policy_enforcement.py:255}}
Mar 31 19:12:47.022306 dv-cinder-836066-1-smb neutron-server[103951]: INFO neutron.wsgi [req-82057679-1ade-4e1d-8871-4e5aabe144f6 req-f1d2764c-d08a-4c45-a7f1-fedba477cd47 tempest-VolumesActionsTest-2015389776 tempest-VolumesActionsTest-2015389776-project] 10.222.0.79 "GET /v2.0/networks?id=15427613-cbe7-4932-929f-fe2e8032696e HTTP/1.1" status: 200 len: 809 time: 0.1792221
Mar 31 19:12:47.051772 dv-cinder-836066-1-smb neutron-server[103952]: INFO neutron.wsgi [req-f695c707-e37b-4278-b145-f8f8e6ef8613 req-7ce8e7b8-36b8-4aee-8963-b190fba3fc40 tempest-ServerRescueNegativeTestJSON-413285632 tempest-ServerRescueNegativeTestJSON-413285632-project] 10.222.0.79 "GET /v2.0/security-groups?id=373a4633-3bfd-4969-a8d5-ee41620df7ee&fields=id&fields=name HTTP/1.1" status: 200 len: 286 time: 0.0785928
Mar 31 19:12:47.076460 dv-cinder-836066-1-smb neutron-server[103951]: INFO neutron.wsgi [req-82057679-1ade-4e1d-8871-4e5aabe144f6 req-c88f5d96-9993-4cd2-bd6f-c68e28435814 tempest-VolumesActionsTest-2015389776 tempest-VolumesActionsTest-2015389776-project] 10.222.0.79 "GET /v2.0/quotas/6e18066ac83249028d3a04cf1db7ef90 HTTP/1.1" status: 200 len: 375 time: 0.0397048
Mar 31 19:12:47.087811 dv-cinder-836066-1-smb neutron-server[103953]: DEBUG neutron.plugins.ml2.db [None req-81237d6a-261b-4a8d-ab9b-8cacad77191a None None] For port 2af15147-d641-45d8-8479-e8e20ce7ffe0, host hv-cinder-83606, got binding levels [PortBindingLevel(driver='hyperv',host='hv-cinder-83606',level=0,port_id=2af15147-d641-45d8-8479-e8e20ce7ffe0,segment=NetworkSegment(51ab7902-aff0-417e-b596-43cf71ca43eb),segment_id=51ab7902-aff0-417e-b596-43cf71ca43eb)] {{(pid=103953) get_binding_level_objs /opt/stack/neutron/neutron/plugins/ml2/db.py:74}}
Mar 31 19:12:47.089208 dv-cinder-836066-1-smb neutron-server[103953]: DEBUG neutron.api.rpc.handlers.resources_rpc [None req-81237d6a-261b-4a8d-ab9b-8cacad77191a None None] Pushing event updated for resources: {'Port': ['ID=c3cea664-d402-4ec2-94ef-d5e1de8b78c2,revision_number=5']} {{(pid=103953) push /opt/stack/neutron/neutron/api/rpc/handlers/resources_rpc.py:237}}
Mar 31 19:12:47.115369 dv-cinder-836066-1-smb neutron-server[103951]: INFO neutron.wsgi [req-82057679-1ade-4e1d-8871-4e5aabe144f6 req-52b4a653-f730-4ba8-b09c-386bda1aadc5 tempest-VolumesActionsTest-2015389776 tempest-VolumesActionsTest-2015389776-project] 10.222.0.79 "GET /v2.0/ports?tenant_id=6e18066ac83249028d3a04cf1db7ef90&fields=id HTTP/1.1" status: 200 len: 210 time: 0.0371933
Mar 31 19:12:47.122659 dv-cinder-836066-1-smb neutron-server[103953]: DEBUG novaclient.v2.client [-] RESP: [200] Connection: close Content-Length: 183 Content-Type: application/json Date: Thu, 31 Mar 2022 19:12:46 GMT OpenStack-API-Version: compute 2.1 Server: Apache/2.4.41 (Ubuntu) Vary: OpenStack-API-Version,X-OpenStack-Nova-API-Version X-OpenStack-Nova-API-Version: 2.1 x-compute-request-id: req-d41aa9a5-7f7c-483f-851f-c7f73c410482 x-openstack-request-id: req-d41aa9a5-7f7c-483f-851f-c7f73c410482 {{(pid=103953) _http_log_response /usr/local/lib/python3.8/dist-packages/keystoneauth1/session.py:550}}
Mar 31 19:12:47.126288 dv-cinder-836066-1-smb neutron-server[103953]: DEBUG novaclient.v2.client [-] RESP BODY: {"events": [{"server_uuid": "399b7ecf-3e58-4238-a6cf-89fe73a24022", "name": "network-vif-plugged", "status": "completed", "tag": "c3cea664-d402-4ec2-94ef-d5e1de8b78c2", "code": 200}]} {{(pid=103953) _http_log_response /usr/local/lib/python3.8/dist-packages/keystoneauth1/session.py:582}}
Mar 31 19:12:47.126288 dv-cinder-836066-1-smb neutron-server[103953]: DEBUG novaclient.v2.client [-] POST call to compute for http://10.222.0.79/compute/v2.1/os-server-external-events used request id req-d41aa9a5-7f7c-483f-851f-c7f73c410482 {{(pid=103953) request /usr/local/lib/python3.8/dist-packages/keystoneauth1/session.py:954}}
Mar 31 19:12:47.126288 dv-cinder-836066-1-smb neutron-server[103953]: INFO neutron.notifiers.nova [-] Nova event matching ['req-d41aa9a5-7f7c-483f-851f-c7f73c410482'] response: {'server_uuid': '399b7ecf-3e58-4238-a6cf-89fe73a24022', 'name': 'network-vif-plugged', 'status': 'completed', 'tag': 'c3cea664-d402-4ec2-94ef-d5e1de8b78c2', 'code': 200}
Mar 31 19:12:47.146107 dv-cinder-836066-1-smb neutron-server[103953]: DEBUG neutron_lib.callbacks.manager [None req-81237d6a-261b-4a8d-ab9b-8cacad77191a None None] Publish callbacks ['neutron.plugins.ml2.plugin.SecurityGroupServerNotifierRpcMixin._notify_sg_on_port_change-988782', 'neutron.plugins.ml2.ovo_rpc._ObjectChangeHandler.handle_event-216025', 'neutron.api.rpc.agentnotifiers.dhcp_rpc_agent_api.DhcpAgentNotifyAPI._native_event_send_dhcp_notification-1604932', 'neutron.db.l3_db.L3RpcNotifierMixin._notify_gateway_port_ip_changed-8761010883467', 'neutron.db.l3_dvrscheduler_db._notify_l3_agent_port_update-8761010460694', 'neutron.db.l3_hascheduler_db._notify_l3_agent_ha_port_update-8761010460712'] for port (2af15147-d641-45d8-8479-e8e20ce7ffe0), after_update {{(pid=103953) _notify_loop /usr/local/lib/python3.8/dist-packages/neutron_lib/callbacks/manager.py:176}}
Mar 31 19:12:47.225873 dv-cinder-836066-1-smb neutron-server[103953]: DEBUG neutron.api.rpc.handlers.resources_rpc [None req-81237d6a-261b-4a8d-ab9b-8cacad77191a None None] Pushing event updated for resources: {'Port': ['ID=2af15147-d641-45d8-8479-e8e20ce7ffe0,revision_number=4']} {{(pid=103953) push /opt/stack/neutron/neutron/api/rpc/handlers/resources_rpc.py:237}}
Mar 31 19:12:47.257894 dv-cinder-836066-1-smb neutron-server[103951]: INFO neutron.wsgi [req-82057679-1ade-4e1d-8871-4e5aabe144f6 req-97f8c52d-82af-455b-a6c6-6467ea27a3f8 service neutron] 10.222.0.79 "GET /v2.0/networks/15427613-cbe7-4932-929f-fe2e8032696e?fields=segments HTTP/1.1" status: 200 len: 212 time: 0.1359308
Mar 31 19:12:47.305516 dv-cinder-836066-1-smb neutron-server[103952]: DEBUG neutron.pecan_wsgi.hooks.policy_enforcement [req-3a5b94ab-1143-4fca-8359-d3ce8ed072b1 req-38e3f9e5-ade8-4a24-a13e-12d5e56da81a tempest-DeleteServersTestJSON-748615383 tempest-DeleteServersTestJSON-748615383-project] Attributes excluded by policy engine: ['standard_attr_id', 'binding:profile', 'binding:host_id', 'binding:vif_type', 'binding:vif_details'] {{(pid=103952) _exclude_attributes_by_policy /opt/stack/neutron/neutron/pecan_wsgi/hooks/policy_enforcement.py:255}}
Mar 31 19:12:47.307147 dv-cinder-836066-1-smb neutron-server[103952]: INFO neutron.wsgi [req-3a5b94ab-1143-4fca-8359-d3ce8ed072b1 req-38e3f9e5-ade8-4a24-a13e-12d5e56da81a tempest-DeleteServersTestJSON-748615383 tempest-DeleteServersTestJSON-748615383-project] 10.222.0.79 "GET /v2.0/ports?device_id=80362b5c-57be-45ad-9f36-5361b4076818 HTTP/1.1" status: 200 len: 945 time: 0.0883110
Mar 31 19:12:47.316670 dv-cinder-836066-1-smb neutron-server[103953]: DEBUG neutron_lib.callbacks.manager [None req-81237d6a-261b-4a8d-ab9b-8cacad77191a None None] Publish callbacks ['neutron.services.segments.db._update_segment_host_mapping_for_agent-8761010791464', 'neutron.plugins.ml2.plugin.Ml2Plugin._retry_binding_revived_agents-1000567'] for agent (4c0379c6-eb6d-4b46-9164-41ab94d70153), after_update {{(pid=103953) _notify_loop /usr/local/lib/python3.8/dist-packages/neutron_lib/callbacks/manager.py:176}}
Mar 31 19:12:47.365461 dv-cinder-836066-1-smb neutron-server[103952]: INFO neutron.wsgi [req-3a5b94ab-1143-4fca-8359-d3ce8ed072b1 req-5c710f08-faa6-48d5-a99f-63ff12a8d4a0 tempest-DeleteServersTestJSON-748615383 tempest-DeleteServersTestJSON-748615383-project] 10.222.0.79 "GET /v2.0/security-groups?id=92e0388c-7e36-4fe7-91a4-d23a2a2fc37b&fields=id&fields=name HTTP/1.1" status: 200 len: 286 time: 0.0511372
Mar 31 19:12:47.368795 dv-cinder-836066-1-smb neutron-server[103951]: INFO neutron.wsgi [req-82057679-1ade-4e1d-8871-4e5aabe144f6 req-e6b2045a-b08a-4b1f-b52e-c97b9c993b59 service neutron] 10.222.0.79 "GET /v2.0/networks/15427613-cbe7-4932-929f-fe2e8032696e?fields=provider%3Aphysical_network&fields=provider%3Anetwork_type HTTP/1.1" status: 200 len: 281 time: 0.1052771
Mar 31 19:12:47.497213 dv-cinder-836066-1-smb neutron-server[103951]: DEBUG neutron.pecan_wsgi.hooks.policy_enforcement [req-05d9715f-ba5e-4e8e-8111-29b9e1b4dcd7 req-c0289f9d-ac48-4393-8076-b86b9a80a21c service neutron] Attributes excluded by policy engine: ['standard_attr_id'] {{(pid=103951) _exclude_attributes_by_policy /opt/stack/neutron/neutron/pecan_wsgi/hooks/policy_enforcement.py:255}}
Mar 31 19:12:47.499690 dv-cinder-836066-1-smb neutron-server[103951]: INFO neutron.wsgi [req-05d9715f-ba5e-4e8e-8111-29b9e1b4dcd7 req-c0289f9d-ac48-4393-8076-b86b9a80a21c service neutron] 10.222.0.83 "GET /v2.0/ports?device_id=399b7ecf-3e58-4238-a6cf-89fe73a24022 HTTP/1.1" status: 200 len: 1130 time: 0.0603914
Mar 31 19:12:47.518902 dv-cinder-836066-1-smb neutron-server[103952]: DEBUG neutron.pecan_wsgi.hooks.policy_enforcement [req-95035f67-27ad-483b-8563-3245bc13c7c0 req-0191a11a-1cde-4768-a2bf-664666755798 tempest-AttachVolumeShelveTestJSON-386264580 tempest-AttachVolumeShelveTestJSON-386264580-project] Attributes excluded by policy engine: ['standard_attr_id', 'binding:profile', 'binding:host_id', 'binding:vif_type', 'binding:vif_details'] {{(pid=103952) _exclude_attributes_by_policy /opt/stack/neutron/neutron/pecan_wsgi/hooks/policy_enforcement.py:255}}
Mar 31 19:12:47.522980 dv-cinder-836066-1-smb neutron-server[103952]: INFO neutron.wsgi [req-95035f67-27ad-483b-8563-3245bc13c7c0 req-0191a11a-1cde-4768-a2bf-664666755798 tempest-AttachVolumeShelveTestJSON-386264580 tempest-AttachVolumeShelveTestJSON-386264580-project] 10.222.0.79 "GET /v2.0/ports?device_id=4673fac8-4399-4029-8fa1-0d3ef2e77255 HTTP/1.1" status: 200 len: 944 time: 0.0902088
Mar 31 19:12:47.578727 dv-cinder-836066-1-smb neutron-server[103952]: INFO neutron.wsgi [req-95035f67-27ad-483b-8563-3245bc13c7c0 req-7eb3185c-f1e3-4a21-a411-85d10c54330f tempest-AttachVolumeShelveTestJSON-386264580 tempest-AttachVolumeShelveTestJSON-386264580-project] 10.222.0.79 "GET /v2.0/security-groups?id=bc8f537e-b549-4e8f-9248-18377d7c926d&fields=id&fields=name HTTP/1.1" status: 200 len: 312 time: 0.0470467
Mar 31 19:12:47.586308 dv-cinder-836066-1-smb neutron-server[103951]: INFO neutron.wsgi [req-05d9715f-ba5e-4e8e-8111-29b9e1b4dcd7 req-40ed6ddd-ec2a-4cf3-bba8-5a19b666eea0 service neutron] 10.222.0.83 "GET /v2.0/security-groups?id=373a4633-3bfd-4969-a8d5-ee41620df7ee&fields=id&fields=name HTTP/1.1" status: 200 len: 286 time: 0.0790887
Mar 31 19:12:47.617290 dv-cinder-836066-1-smb neutron-server[103953]: DEBUG neutron.plugins.ml2.db [None req-81237d6a-261b-4a8d-ab9b-8cacad77191a None None] get_ports_and_sgs() called for port_ids ['b78d2a98-8472-4a3b-ba01-983b95e81b5e'] {{(pid=103953) get_ports_and_sgs /opt/stack/neutron/neutron/plugins/ml2/db.py:156}}
Mar 31 19:12:47.623901 dv-cinder-836066-1-smb neutron-server[103953]: DEBUG neutron.plugins.ml2.db [None req-81237d6a-261b-4a8d-ab9b-8cacad77191a None None] get_ports_and_sgs() called for port_ids ['2af15147-d641-45d8-8479-e8e20ce7ffe0'] {{(pid=103953) get_ports_and_sgs /opt/stack/neutron/neutron/plugins/ml2/db.py:156}}
Mar 31 19:12:47.697575 dv-cinder-836066-1-smb neutron-server[103952]: INFO neutron.wsgi [req-0f4c3b14-3565-4d54-956d-dbdd62ce4389 req-846fdcf0-bb86-4801-b526-ad0b4e20db8b tempest-VolumesActionsTest-2015389776 tempest-VolumesActionsTest-2015389776-project] 10.222.0.79 "GET /v2.0/ports?device_id=6bb1d5bd-f15d-478a-a9e5-64895db10817 HTTP/1.1" status: 200 len: 210 time: 0.0451338
Mar 31 19:12:47.862572 dv-cinder-836066-1-smb neutron-server[103952]: DEBUG neutron.wsgi [-] (103952) accepted ('10.222.0.79', 40740) {{(pid=103952) server /usr/local/lib/python3.8/dist-packages/eventlet/wsgi.py:1004}}
Mar 31 19:12:47.881679 dv-cinder-836066-1-smb neutron-server[103952]: DEBUG neutron_lib.callbacks.manager [None req-58ee3259-1cc0-4d77-95b0-c3438f921f3d admin admin] Publish callbacks [] for security_group (None), before_create {{(pid=103952) _notify_loop /usr/local/lib/python3.8/dist-packages/neutron_lib/callbacks/manager.py:176}}
Mar 31 19:12:47.941236 dv-cinder-836066-1-smb neutron-server[103951]: DEBUG neutron.pecan_wsgi.hooks.policy_enforcement [req-b5f446ac-3ea0-4636-83ad-836d316e61f6 req-190f25c7-43f3-43de-b357-fd0665bc2bbd tempest-AttachVolumeTestJSON-890074077 tempest-AttachVolumeTestJSON-890074077-project] Attributes excluded by policy engine: ['standard_attr_id', 'binding:profile', 'binding:host_id', 'binding:vif_type', 'binding:vif_details'] {{(pid=103951) _exclude_attributes_by_policy /opt/stack/neutron/neutron/pecan_wsgi/hooks/policy_enforcement.py:255}}
Mar 31 19:12:47.941236 dv-cinder-836066-1-smb neutron-server[103951]: INFO neutron.wsgi [req-b5f446ac-3ea0-4636-83ad-836d316e61f6 req-190f25c7-43f3-43de-b357-fd0665bc2bbd tempest-AttachVolumeTestJSON-890074077 tempest-AttachVolumeTestJSON-890074077-project] 10.222.0.79 "GET /v2.0/ports?device_id=1016facb-924e-47a8-a1ab-701384897d9b HTTP/1.1" status: 200 len: 944 time: 0.0618830
Mar 31 19:12:47.984175 dv-cinder-836066-1-smb neutron-server[103952]: DEBUG neutron_lib.callbacks.manager [None req-58ee3259-1cc0-4d77-95b0-c3438f921f3d admin admin] Publish callbacks [] for security_group (db505005-5d45-4450-b615-4d6fa07b575c), precommit_create {{(pid=103952) _notify_loop /usr/local/lib/python3.8/dist-packages/neutron_lib/callbacks/manager.py:176}}
Mar 31 19:12:48.012075 dv-cinder-836066-1-smb neutron-server[103951]: INFO neutron.wsgi [req-b5f446ac-3ea0-4636-83ad-836d316e61f6 req-9d82d7ad-8df3-4d42-b6df-f363ff7c88f9 tempest-AttachVolumeTestJSON-890074077 tempest-AttachVolumeTestJSON-890074077-project] 10.222.0.79 "GET /v2.0/security-groups?id=40e49b6f-6109-4f12-8cb1-a822bc3fb9f7&fields=id&fields=name HTTP/1.1" status: 200 len: 312 time: 0.0643663
Mar 31 19:12:48.051115 dv-cinder-836066-1-smb neutron-server[103952]: DEBUG neutron_lib.callbacks.manager [None req-58ee3259-1cc0-4d77-95b0-c3438f921f3d admin admin] Publish callbacks ['neutron.plugins.ml2.ovo_rpc._ObjectChangeHandler.handle_event-1684432'] for security_group (db505005-5d45-4450-b615-4d6fa07b575c), after_create {{(pid=103952) _notify_loop /usr/local/lib/python3.8/dist-packages/neutron_lib/callbacks/manager.py:176}}
Mar 31 19:12:48.092743 dv-cinder-836066-1-smb neutron-server[103952]: INFO neutron.wsgi [None req-58ee3259-1cc0-4d77-95b0-c3438f921f3d admin admin] 10.222.0.79 "GET /v2.0/security-groups?tenant_id=f2eddfad52014757920211dc7af528b0&name=default HTTP/1.1" status: 200 len: 2996 time: 0.2288034
Mar 31 19:12:48.093512 dv-cinder-836066-1-smb neutron-server[103952]: DEBUG neutron.api.rpc.handlers.resources_rpc [None req-58ee3259-1cc0-4d77-95b0-c3438f921f3d admin admin] Pushing event updated for resources: {'SecurityGroup': ['ID=db505005-5d45-4450-b615-4d6fa07b575c,revision_number=1']} {{(pid=103952) push /opt/stack/neutron/neutron/api/rpc/handlers/resources_rpc.py:237}}
Mar 31 19:12:48.096336 dv-cinder-836066-1-smb neutron-server[103951]: DEBUG neutron.wsgi [-] (103951) accepted ('10.222.0.79', 40744) {{(pid=103951) server /usr/local/lib/python3.8/dist-packages/eventlet/wsgi.py:1004}}
Mar 31 19:12:48.149872 dv-cinder-836066-1-smb neutron-server[103951]: DEBUG neutron_lib.callbacks.manager [None req-fc2d8a58-d275-4e12-9cda-9a385bf633c8 admin admin] Publish callbacks [] for security_group (db505005-5d45-4450-b615-4d6fa07b575c), before_delete {{(pid=103951) _notify_loop /usr/local/lib/python3.8/dist-packages/neutron_lib/callbacks/manager.py:176}}
Mar 31 19:12:48.175117 dv-cinder-836066-1-smb neutron-server[103951]: DEBUG neutron_lib.callbacks.manager [None req-fc2d8a58-d275-4e12-9cda-9a385bf633c8 admin admin] Publish callbacks [] for security_group (db505005-5d45-4450-b615-4d6fa07b575c), precommit_delete {{(pid=103951) _notify_loop /usr/local/lib/python3.8/dist-packages/neutron_lib/callbacks/manager.py:176}}
Mar 31 19:12:48.195915 dv-cinder-836066-1-smb neutron-server[103952]: DEBUG neutron.pecan_wsgi.hooks.policy_enforcement [req-9bd731ce-0560-46e6-8069-36489cfca27e req-fa0c7484-225d-4c2b-b2f4-41e33396d32f tempest-ServerRescueNegativeTestJSON-413285632 tempest-ServerRescueNegativeTestJSON-413285632-project] Attributes excluded by policy engine: ['standard_attr_id', 'binding:profile', 'binding:host_id', 'binding:vif_type', 'binding:vif_details'] {{(pid=103952) _exclude_attributes_by_policy /opt/stack/neutron/neutron/pecan_wsgi/hooks/policy_enforcement.py:255}}
Mar 31 19:12:48.199143 dv-cinder-836066-1-smb neutron-server[103952]: INFO neutron.wsgi [req-9bd731ce-0560-46e6-8069-36489cfca27e req-fa0c7484-225d-4c2b-b2f4-41e33396d32f tempest-ServerRescueNegativeTestJSON-413285632 tempest-ServerRescueNegativeTestJSON-413285632-project] 10.222.0.79 "GET /v2.0/ports?device_id=61001ff7-8402-49e2-81f6-fbc633f180a2 HTTP/1.1" status: 200 len: 944 time: 0.0596435
Mar 31 19:12:48.254637 dv-cinder-836066-1-smb neutron-server[103952]: INFO neutron.wsgi [req-9bd731ce-0560-46e6-8069-36489cfca27e req-9021d311-6088-4863-85a3-a79657d72bbb tempest-ServerRescueNegativeTestJSON-413285632 tempest-ServerRescueNegativeTestJSON-413285632-project] 10.222.0.79 "GET /v2.0/security-groups?id=373a4633-3bfd-4969-a8d5-ee41620df7ee&fields=id&fields=name HTTP/1.1" status: 200 len: 286 time: 0.0509849
Mar 31 19:12:48.314586 dv-cinder-836066-1-smb neutron-server[103951]: DEBUG neutron_lib.callbacks.manager [None req-fc2d8a58-d275-4e12-9cda-9a385bf633c8 admin admin] Publish callbacks ['neutron.plugins.ml2.ovo_rpc._ObjectChangeHandler.handle_event-1684432'] for security_group (db505005-5d45-4450-b615-4d6fa07b575c), after_delete {{(pid=103951) _notify_loop /usr/local/lib/python3.8/dist-packages/neutron_lib/callbacks/manager.py:176}}
Mar 31 19:12:48.317682 dv-cinder-836066-1-smb neutron-server[103951]: DEBUG neutron_lib.callbacks.manager [None req-fc2d8a58-d275-4e12-9cda-9a385bf633c8 admin admin] Publish callbacks [] for security_group (None), before_response {{(pid=103951) _notify_loop /usr/local/lib/python3.8/dist-packages/neutron_lib/callbacks/manager.py:176}}
Mar 31 19:12:48.318877 dv-cinder-836066-1-smb neutron-server[103951]: INFO neutron.wsgi [None req-fc2d8a58-d275-4e12-9cda-9a385bf633c8 admin admin] 10.222.0.79 "DELETE /v2.0/security-groups/db505005-5d45-4450-b615-4d6fa07b575c HTTP/1.1" status: 204 len: 168 time: 0.2214749
Mar 31 19:12:48.330766 dv-cinder-836066-1-smb neutron-server[103951]: DEBUG neutron.api.rpc.handlers.resources_rpc [None req-fc2d8a58-d275-4e12-9cda-9a385bf633c8 admin admin] Pushing event deleted for resources: {'SecurityGroup': ['ID=db505005-5d45-4450-b615-4d6fa07b575c,revision_number=None']} {{(pid=103951) push /opt/stack/neutron/neutron/api/rpc/handlers/resources_rpc.py:237}}
Mar 31 19:12:48.538733 dv-cinder-836066-1-smb neutron-server[103954]: DEBUG neutron.db.agents_db [None req-5b1cee0b-7e1e-4a78-96fa-f1ee18c661af None None] Agent healthcheck: found 6 active agents {{(pid=103954) agent_health_check /opt/stack/neutron/neutron/db/agents_db.py:317}}
Mar 31 19:12:48.729036 dv-cinder-836066-1-smb neutron-server[103951]: DEBUG neutron.pecan_wsgi.hooks.policy_enforcement [req-6cb904fe-5c16-4471-a466-04a36e98cf92 req-87e617b3-34e3-4d4b-872d-39b9b7fa92c9 tempest-AttachVolumeShelveTestJSON-386264580 tempest-AttachVolumeShelveTestJSON-386264580-project] Attributes excluded by policy engine: ['standard_attr_id', 'binding:profile', 'binding:host_id', 'binding:vif_type', 'binding:vif_details'] {{(pid=103951) _exclude_attributes_by_policy /opt/stack/neutron/neutron/pecan_wsgi/hooks/policy_enforcement.py:255}}
Mar 31 19:12:48.730578 dv-cinder-836066-1-smb neutron-server[103951]: INFO neutron.wsgi [req-6cb904fe-5c16-4471-a466-04a36e98cf92 req-87e617b3-34e3-4d4b-872d-39b9b7fa92c9 tempest-AttachVolumeShelveTestJSON-386264580 tempest-AttachVolumeShelveTestJSON-386264580-project] 10.222.0.79 "GET /v2.0/ports?device_id=4673fac8-4399-4029-8fa1-0d3ef2e77255 HTTP/1.1" status: 200 len: 944 time: 0.0561683
Mar 31 19:12:48.788109 dv-cinder-836066-1-smb neutron-server[103951]: INFO neutron.wsgi [req-6cb904fe-5c16-4471-a466-04a36e98cf92 req-4c9d491e-b0f9-4ead-9083-5e4385bbdcd5 tempest-AttachVolumeShelveTestJSON-386264580 tempest-AttachVolumeShelveTestJSON-386264580-project] 10.222.0.79 "GET /v2.0/security-groups?id=bc8f537e-b549-4e8f-9248-18377d7c926d&fields=id&fields=name HTTP/1.1" status: 200 len: 312 time: 0.0509307
Mar 31 19:12:48.795373 dv-cinder-836066-1-smb neutron-server[103952]: INFO neutron.wsgi [req-b6ef1f9e-d1cb-4f76-9ab6-b4c0ffd2c8d9 req-9b752cbe-94ed-4fe4-9119-bf1128d962b2 tempest-VolumesActionsTest-2015389776 tempest-VolumesActionsTest-2015389776-project] 10.222.0.79 "GET /v2.0/ports?device_id=6bb1d5bd-f15d-478a-a9e5-64895db10817 HTTP/1.1" status: 200 len: 210 time: 0.0347042
Mar 31 19:12:49.143021 dv-cinder-836066-1-smb neutron-server[103951]: DEBUG neutron.pecan_wsgi.hooks.policy_enforcement [req-bd0ba939-e617-4f8b-b6e1-75c4a84f1517 req-e7b17021-7a51-4b16-806f-0f06d7887438 tempest-AttachVolumeTestJSON-890074077 tempest-AttachVolumeTestJSON-890074077-project] Attributes excluded by policy engine: ['standard_attr_id', 'binding:profile', 'binding:host_id', 'binding:vif_type', 'binding:vif_details'] {{(pid=103951) _exclude_attributes_by_policy /opt/stack/neutron/neutron/pecan_wsgi/hooks/policy_enforcement.py:255}}
Mar 31 19:12:49.145346 dv-cinder-836066-1-smb neutron-server[103951]: INFO neutron.wsgi [req-bd0ba939-e617-4f8b-b6e1-75c4a84f1517 req-e7b17021-7a51-4b16-806f-0f06d7887438 tempest-AttachVolumeTestJSON-890074077 tempest-AttachVolumeTestJSON-890074077-project] 10.222.0.79 "GET /v2.0/ports?device_id=1016facb-924e-47a8-a1ab-701384897d9b HTTP/1.1" status: 200 len: 944 time: 0.0611615
Mar 31 19:12:49.202760 dv-cinder-836066-1-smb neutron-server[103951]: INFO neutron.wsgi [req-bd0ba939-e617-4f8b-b6e1-75c4a84f1517 req-3d480092-f3fc-409c-ad7a-1bccdc0fd400 tempest-AttachVolumeTestJSON-890074077 tempest-AttachVolumeTestJSON-890074077-project] 10.222.0.79 "GET /v2.0/security-groups?id=40e49b6f-6109-4f12-8cb1-a822bc3fb9f7&fields=id&fields=name HTTP/1.1" status: 200 len: 312 time: 0.0452738
Mar 31 19:12:49.429556 dv-cinder-836066-1-smb neutron-server[103952]: DEBUG neutron.pecan_wsgi.hooks.policy_enforcement [req-336939ab-0124-4671-8ea4-70ee633ef801 req-5e348ebe-73eb-4531-9b4a-fcca9e0c07b3 tempest-ServerRescueNegativeTestJSON-413285632 tempest-ServerRescueNegativeTestJSON-413285632-project] Attributes excluded by policy engine: ['standard_attr_id', 'binding:profile', 'binding:host_id', 'binding:vif_type', 'binding:vif_details'] {{(pid=103952) _exclude_attributes_by_policy /opt/stack/neutron/neutron/pecan_wsgi/hooks/policy_enforcement.py:255}}
Mar 31 19:12:49.431187 dv-cinder-836066-1-smb neutron-server[103952]: INFO neutron.wsgi [req-336939ab-0124-4671-8ea4-70ee633ef801 req-5e348ebe-73eb-4531-9b4a-fcca9e0c07b3 tempest-ServerRescueNegativeTestJSON-413285632 tempest-ServerRescueNegativeTestJSON-413285632-project] 10.222.0.79 "GET /v2.0/ports?device_id=61001ff7-8402-49e2-81f6-fbc633f180a2 HTTP/1.1" status: 200 len: 944 time: 0.0734651
Mar 31 19:12:49.483970 dv-cinder-836066-1-smb neutron-server[103952]: INFO neutron.wsgi [req-336939ab-0124-4671-8ea4-70ee633ef801 req-e0ab439a-32af-48df-805e-3a6403fe0d49 tempest-ServerRescueNegativeTestJSON-413285632 tempest-ServerRescueNegativeTestJSON-413285632-project] 10.222.0.79 "GET /v2.0/security-groups?id=373a4633-3bfd-4969-a8d5-ee41620df7ee&fields=id&fields=name HTTP/1.1" status: 200 len: 286 time: 0.0469627
Mar 31 19:12:49.913162 dv-cinder-836066-1-smb neutron-server[103952]: INFO neutron.wsgi [req-12ecc399-1d0b-430a-b37e-f336c668fce7 req-548959af-0c4e-4f81-90ce-ee074c2a4442 tempest-VolumesActionsTest-2015389776 tempest-VolumesActionsTest-2015389776-project] 10.222.0.79 "GET /v2.0/ports?device_id=6bb1d5bd-f15d-478a-a9e5-64895db10817 HTTP/1.1" status: 200 len: 210 time: 0.0365593
Mar 31 19:12:49.930552 dv-cinder-836066-1-smb neutron-server[103951]: DEBUG neutron.pecan_wsgi.hooks.policy_enforcement [req-73611fc4-15a1-48df-99b3-60fea2e7f10b req-3e67e658-1b55-4b76-93f1-90376862df56 tempest-AttachVolumeShelveTestJSON-386264580 tempest-AttachVolumeShelveTestJSON-386264580-project] Attributes excluded by policy engine: ['standard_attr_id', 'binding:profile', 'binding:host_id', 'binding:vif_type', 'binding:vif_details'] {{(pid=103951) _exclude_attributes_by_policy /opt/stack/neutron/neutron/pecan_wsgi/hooks/policy_enforcement.py:255}}
Mar 31 19:12:49.932250 dv-cinder-836066-1-smb neutron-server[103951]: INFO neutron.wsgi [req-73611fc4-15a1-48df-99b3-60fea2e7f10b req-3e67e658-1b55-4b76-93f1-90376862df56 tempest-AttachVolumeShelveTestJSON-386264580 tempest-AttachVolumeShelveTestJSON-386264580-project] 10.222.0.79 "GET /v2.0/ports?device_id=4673fac8-4399-4029-8fa1-0d3ef2e77255 HTTP/1.1" status: 200 len: 944 time: 0.0627136
Mar 31 19:12:49.956076 dv-cinder-836066-1-smb neutron-server[103953]: DEBUG neutron.plugins.ml2.rpc [None req-81237d6a-261b-4a8d-ab9b-8cacad77191a None None] Device 23ffadd9-6488-48b3-ad14-982e60b57372 details requested by agent hyperv_hv-cinder-83606 with host hv-cinder-83606 {{(pid=103953) get_device_details /opt/stack/neutron/neutron/plugins/ml2/rpc.py:102}}
Mar 31 19:12:49.966587 dv-cinder-836066-1-smb neutron-server[103953]: DEBUG neutron.plugins.ml2.rpc [None req-81237d6a-261b-4a8d-ab9b-8cacad77191a None None] Device b78d2a98-8472-4a3b-ba01-983b95e81b5e up at agent hyperv_hv-cinder-83606 {{(pid=103953) update_device_up /opt/stack/neutron/neutron/plugins/ml2/rpc.py:296}}
Mar 31 19:12:49.990232 dv-cinder-836066-1-smb neutron-server[103951]: INFO neutron.wsgi [req-73611fc4-15a1-48df-99b3-60fea2e7f10b req-3a096df8-3954-4dea-8ce0-69bd3015ad6b tempest-AttachVolumeShelveTestJSON-386264580 tempest-AttachVolumeShelveTestJSON-386264580-project] 10.222.0.79 "GET /v2.0/security-groups?id=bc8f537e-b549-4e8f-9248-18377d7c926d&fields=id&fields=name HTTP/1.1" status: 200 len: 312 time: 0.0481579
Mar 31 19:12:50.132201 dv-cinder-836066-1-smb neutron-server[103953]: DEBUG neutron.plugins.ml2.db [None req-81237d6a-261b-4a8d-ab9b-8cacad77191a None None] For port 23ffadd9-6488-48b3-ad14-982e60b57372, host hv-cinder-83606, got binding levels [PortBindingLevel(driver='hyperv',host='hv-cinder-83606',level=0,port_id=23ffadd9-6488-48b3-ad14-982e60b57372,segment=NetworkSegment(fe45c7c4-8695-4da0-94e0-92904630ede0),segment_id=fe45c7c4-8695-4da0-94e0-92904630ede0)] {{(pid=103953) get_binding_level_objs /opt/stack/neutron/neutron/plugins/ml2/db.py:74}}
Mar 31 19:12:50.145092 dv-cinder-836066-1-smb neutron-server[103953]: DEBUG neutron.plugins.ml2.rpc [None req-81237d6a-261b-4a8d-ab9b-8cacad77191a None None] Returning: {'device': '23ffadd9-6488-48b3-ad14-982e60b57372', 'network_id': '44a6bdb2-1d4e-4ed5-8ad2-77f9efdb03fb', 'port_id': '23ffadd9-6488-48b3-ad14-982e60b57372', 'mac_address': 'fa:16:3e:83:3f:ce', 'admin_state_up': True, 'network_type': 'vlan', 'segmentation_id': 1159, 'physical_network': 'physnet1', 'mtu': 1500, 'fixed_ips': [{'subnet_id': '490c7ed3-de70-4369-9f94-2b6f1992a5b1', 'ip_address': '172.20.0.14'}], 'device_owner': 'compute:nova', 'allowed_address_pairs': [], 'port_security_enabled': True, 'qos_policy_id': None, 'network_qos_policy_id': None, 'profile': {}, 'propagate_uplink_status': False} {{(pid=103953) _get_device_details /opt/stack/neutron/neutron/plugins/ml2/rpc.py:184}}
Mar 31 19:12:50.151084 dv-cinder-836066-1-smb neutron-server[103953]: DEBUG neutron.db.provisioning_blocks [None req-81237d6a-261b-4a8d-ab9b-8cacad77191a None None] Provisioning for port b78d2a98-8472-4a3b-ba01-983b95e81b5e completed by entity L2. {{(pid=103953) provisioning_complete /opt/stack/neutron/neutron/db/provisioning_blocks.py:134}}
Mar 31 19:12:50.178807 dv-cinder-836066-1-smb neutron-server[103953]: DEBUG neutron.db.provisioning_blocks [None req-81237d6a-261b-4a8d-ab9b-8cacad77191a None None] Provisioning complete for port b78d2a98-8472-4a3b-ba01-983b95e81b5e triggered by entity L2. {{(pid=103953) provisioning_complete /opt/stack/neutron/neutron/db/provisioning_blocks.py:140}}
Mar 31 19:12:50.179188 dv-cinder-836066-1-smb neutron-server[103953]: DEBUG neutron_lib.callbacks.manager [None req-81237d6a-261b-4a8d-ab9b-8cacad77191a None None] Publish callbacks ['neutron.plugins.ml2.plugin.Ml2Plugin._port_provisioned-1001173'] for port (b78d2a98-8472-4a3b-ba01-983b95e81b5e), provisioning_complete {{(pid=103953) _notify_loop /usr/local/lib/python3.8/dist-packages/neutron_lib/callbacks/manager.py:176}}
Mar 31 19:12:50.213958 dv-cinder-836066-1-smb neutron-server[103953]: DEBUG neutron.plugins.ml2.plugin [None req-81237d6a-261b-4a8d-ab9b-8cacad77191a None None] Current status of the port 23ffadd9-6488-48b3-ad14-982e60b57372 is: DOWN; New status is: BUILD {{(pid=103953) _update_individual_port_db_status /opt/stack/neutron/neutron/plugins/ml2/plugin.py:2256}}
Mar 31 19:12:50.214389 dv-cinder-836066-1-smb neutron-server[103953]: DEBUG neutron_lib.callbacks.manager [None req-81237d6a-261b-4a8d-ab9b-8cacad77191a None None] Publish callbacks ['neutron.plugins.ml2.plugin.SecurityGroupDbMixin._ensure_default_security_group_handler-988719'] for port (23ffadd9-6488-48b3-ad14-982e60b57372), before_update {{(pid=103953) _notify_loop /usr/local/lib/python3.8/dist-packages/neutron_lib/callbacks/manager.py:176}}
Mar 31 19:12:50.237727 dv-cinder-836066-1-smb neutron-server[103953]: DEBUG neutron.notifiers.nova [None req-81237d6a-261b-4a8d-ab9b-8cacad77191a None None] Ignoring state change previous_port_status: DOWN current_port_status: BUILD port_id 23ffadd9-6488-48b3-ad14-982e60b57372 {{(pid=103953) record_port_status_changed /opt/stack/neutron/neutron/notifiers/nova.py:233}}
Mar 31 19:12:50.265780 dv-cinder-836066-1-smb neutron-server[103953]: DEBUG neutron.plugins.ml2.db [None req-81237d6a-261b-4a8d-ab9b-8cacad77191a None None] For port 23ffadd9-6488-48b3-ad14-982e60b57372, host hv-cinder-83606, got binding levels [PortBindingLevel(driver='hyperv',host='hv-cinder-83606',level=0,port_id=23ffadd9-6488-48b3-ad14-982e60b57372,segment=NetworkSegment(fe45c7c4-8695-4da0-94e0-92904630ede0),segment_id=fe45c7c4-8695-4da0-94e0-92904630ede0)] {{(pid=103953) get_binding_level_objs /opt/stack/neutron/neutron/plugins/ml2/db.py:74}}
Mar 31 19:12:50.305740 dv-cinder-836066-1-smb neutron-server[103953]: DEBUG neutron.plugins.ml2.plugin [None req-81237d6a-261b-4a8d-ab9b-8cacad77191a None None] Current status of the port b78d2a98-8472-4a3b-ba01-983b95e81b5e is: BUILD; New status is: ACTIVE {{(pid=103953) _update_individual_port_db_status /opt/stack/neutron/neutron/plugins/ml2/plugin.py:2256}}
Mar 31 19:12:50.306172 dv-cinder-836066-1-smb neutron-server[103953]: DEBUG neutron_lib.callbacks.manager [None req-81237d6a-261b-4a8d-ab9b-8cacad77191a None None] Publish callbacks ['neutron.plugins.ml2.plugin.SecurityGroupDbMixin._ensure_default_security_group_handler-988719'] for port (b78d2a98-8472-4a3b-ba01-983b95e81b5e), before_update {{(pid=103953) _notify_loop /usr/local/lib/python3.8/dist-packages/neutron_lib/callbacks/manager.py:176}}
Mar 31 19:12:50.336551 dv-cinder-836066-1-smb neutron-server[103953]: DEBUG neutron.notifiers.nova [-] Sending events: [{'server_uuid': '61001ff7-8402-49e2-81f6-fbc633f180a2', 'name': 'network-vif-plugged', 'status': 'completed', 'tag': 'b78d2a98-8472-4a3b-ba01-983b95e81b5e'}] {{(pid=103953) send_events /opt/stack/neutron/neutron/notifiers/nova.py:271}}
Mar 31 19:12:50.338804 dv-cinder-836066-1-smb neutron-server[103953]: DEBUG novaclient.v2.client [-] REQ: curl -g -i --cacert "/opt/stack/data/ca-bundle.pem" -X POST http://10.222.0.79/compute/v2.1/os-server-external-events -H "Accept: application/json" -H "Content-Type: application/json" -H "User-Agent: python-novaclient" -H "X-Auth-Token: {SHA256}6d49ceab1a058f3cfd690be6f7f5b3ea1e6d1ff7f770c781519dcf5fe08f390d" -H "X-OpenStack-Nova-API-Version: 2.1" -H "X-OpenStack-Request-ID: req-25468644-b907-446b-994d-f05b82c5c7d7" -d '{"events": [{"server_uuid": "61001ff7-8402-49e2-81f6-fbc633f180a2", "name": "network-vif-plugged", "status": "completed", "tag": "b78d2a98-8472-4a3b-ba01-983b95e81b5e"}]}' {{(pid=103953) _http_log_request /usr/local/lib/python3.8/dist-packages/keystoneauth1/session.py:519}}
Mar 31 19:12:50.356990 dv-cinder-836066-1-smb neutron-server[103953]: DEBUG neutron_lib.callbacks.manager [None req-81237d6a-261b-4a8d-ab9b-8cacad77191a None None] Publish callbacks ['neutron.plugins.ml2.plugin.SecurityGroupServerNotifierRpcMixin._notify_sg_on_port_change-988782', 'neutron.plugins.ml2.ovo_rpc._ObjectChangeHandler.handle_event-216025', 'neutron.api.rpc.agentnotifiers.dhcp_rpc_agent_api.DhcpAgentNotifyAPI._native_event_send_dhcp_notification-1604932', 'neutron.db.l3_db.L3RpcNotifierMixin._notify_gateway_port_ip_changed-8761010883467', 'neutron.db.l3_dvrscheduler_db._notify_l3_agent_port_update-8761010460694', 'neutron.db.l3_hascheduler_db._notify_l3_agent_ha_port_update-8761010460712'] for port (23ffadd9-6488-48b3-ad14-982e60b57372), after_update {{(pid=103953) _notify_loop /usr/local/lib/python3.8/dist-packages/neutron_lib/callbacks/manager.py:176}}
Mar 31 19:12:50.360971 dv-cinder-836066-1-smb neutron-server[103953]: DEBUG neutron.plugins.ml2.db [None req-81237d6a-261b-4a8d-ab9b-8cacad77191a None None] For port b78d2a98-8472-4a3b-ba01-983b95e81b5e, host hv-cinder-83606, got binding levels [PortBindingLevel(driver='hyperv',host='hv-cinder-83606',level=0,port_id=b78d2a98-8472-4a3b-ba01-983b95e81b5e,segment=NetworkSegment(c4ef2854-d0cf-4bc5-9cd0-70b399b9af35),segment_id=c4ef2854-d0cf-4bc5-9cd0-70b399b9af35)] {{(pid=103953) get_binding_level_objs /opt/stack/neutron/neutron/plugins/ml2/db.py:74}}
Mar 31 19:12:50.385963 dv-cinder-836066-1-smb neutron-server[103953]: DEBUG novaclient.v2.client [-] RESP: [200] Connection: close Content-Length: 183 Content-Type: application/json Date: Thu, 31 Mar 2022 19:12:50 GMT OpenStack-API-Version: compute 2.1 Server: Apache/2.4.41 (Ubuntu) Vary: OpenStack-API-Version,X-OpenStack-Nova-API-Version X-OpenStack-Nova-API-Version: 2.1 x-compute-request-id: req-f2dd59f4-5135-485a-89cf-38805d827375 x-openstack-request-id: req-f2dd59f4-5135-485a-89cf-38805d827375 {{(pid=103953) _http_log_response /usr/local/lib/python3.8/dist-packages/keystoneauth1/session.py:550}}
Mar 31 19:12:50.391308 dv-cinder-836066-1-smb neutron-server[103953]: DEBUG novaclient.v2.client [-] RESP BODY: {"events": [{"server_uuid": "61001ff7-8402-49e2-81f6-fbc633f180a2", "name": "network-vif-plugged", "status": "completed", "tag": "b78d2a98-8472-4a3b-ba01-983b95e81b5e", "code": 200}]} {{(pid=103953) _http_log_response /usr/local/lib/python3.8/dist-packages/keystoneauth1/session.py:582}}
Mar 31 19:12:50.391308 dv-cinder-836066-1-smb neutron-server[103953]: DEBUG novaclient.v2.client [-] POST call to compute for http://10.222.0.79/compute/v2.1/os-server-external-events used request id req-f2dd59f4-5135-485a-89cf-38805d827375 {{(pid=103953) request /usr/local/lib/python3.8/dist-packages/keystoneauth1/session.py:954}}
Mar 31 19:12:50.391308 dv-cinder-836066-1-smb neutron-server[103953]: INFO neutron.notifiers.nova [-] Nova event matching ['req-f2dd59f4-5135-485a-89cf-38805d827375'] response: {'server_uuid': '61001ff7-8402-49e2-81f6-fbc633f180a2', 'name': 'network-vif-plugged', 'status': 'completed', 'tag': 'b78d2a98-8472-4a3b-ba01-983b95e81b5e', 'code': 200}
Mar 31 19:12:50.401984 dv-cinder-836066-1-smb neutron-server[103952]: DEBUG neutron.pecan_wsgi.hooks.policy_enforcement [req-ad1bd6d9-fd3f-4913-8cbc-ca2a6662d8d0 req-1c20a904-b176-4eff-a52c-0ae886b63ab6 tempest-AttachVolumeTestJSON-890074077 tempest-AttachVolumeTestJSON-890074077-project] Attributes excluded by policy engine: ['standard_attr_id', 'binding:profile', 'binding:host_id', 'binding:vif_type', 'binding:vif_details'] {{(pid=103952) _exclude_attributes_by_policy /opt/stack/neutron/neutron/pecan_wsgi/hooks/policy_enforcement.py:255}}
Mar 31 19:12:50.414686 dv-cinder-836066-1-smb neutron-server[103952]: INFO neutron.wsgi [req-ad1bd6d9-fd3f-4913-8cbc-ca2a6662d8d0 req-1c20a904-b176-4eff-a52c-0ae886b63ab6 tempest-AttachVolumeTestJSON-890074077 tempest-AttachVolumeTestJSON-890074077-project] 10.222.0.79 "GET /v2.0/ports?device_id=1016facb-924e-47a8-a1ab-701384897d9b HTTP/1.1" status: 200 len: 944 time: 0.1196911
Mar 31 19:12:50.419058 dv-cinder-836066-1-smb neutron-server[103953]: DEBUG neutron.api.rpc.handlers.resources_rpc [None req-81237d6a-261b-4a8d-ab9b-8cacad77191a None None] Pushing event updated for resources: {'Port': ['ID=23ffadd9-6488-48b3-ad14-982e60b57372,revision_number=4']} {{(pid=103953) push /opt/stack/neutron/neutron/api/rpc/handlers/resources_rpc.py:237}}
Mar 31 19:12:50.486614 dv-cinder-836066-1-smb neutron-server[103953]: DEBUG neutron_lib.callbacks.manager [None req-81237d6a-261b-4a8d-ab9b-8cacad77191a None None] Publish callbacks ['neutron.plugins.ml2.plugin.SecurityGroupServerNotifierRpcMixin._notify_sg_on_port_change-988782', 'neutron.plugins.ml2.ovo_rpc._ObjectChangeHandler.handle_event-216025', 'neutron.api.rpc.agentnotifiers.dhcp_rpc_agent_api.DhcpAgentNotifyAPI._native_event_send_dhcp_notification-1604932', 'neutron.db.l3_db.L3RpcNotifierMixin._notify_gateway_port_ip_changed-8761010883467', 'neutron.db.l3_dvrscheduler_db._notify_l3_agent_port_update-8761010460694', 'neutron.db.l3_hascheduler_db._notify_l3_agent_ha_port_update-8761010460712'] for port (b78d2a98-8472-4a3b-ba01-983b95e81b5e), after_update {{(pid=103953) _notify_loop /usr/local/lib/python3.8/dist-packages/neutron_lib/callbacks/manager.py:176}}
Mar 31 19:12:50.487597 dv-cinder-836066-1-smb neutron-server[103953]: DEBUG neutron.plugins.ml2.rpc [None req-81237d6a-261b-4a8d-ab9b-8cacad77191a None None] Device 2af15147-d641-45d8-8479-e8e20ce7ffe0 up at agent hyperv_hv-cinder-83606 {{(pid=103953) update_device_up /opt/stack/neutron/neutron/plugins/ml2/rpc.py:296}}
Mar 31 19:12:50.490795 dv-cinder-836066-1-smb neutron-server[103952]: INFO neutron.wsgi [req-ad1bd6d9-fd3f-4913-8cbc-ca2a6662d8d0 req-ccc937fa-f651-40db-8c87-35b43526617c tempest-AttachVolumeTestJSON-890074077 tempest-AttachVolumeTestJSON-890074077-project] 10.222.0.79 "GET /v2.0/security-groups?id=40e49b6f-6109-4f12-8cb1-a822bc3fb9f7&fields=id&fields=name HTTP/1.1" status: 200 len: 312 time: 0.0751576
Mar 31 19:12:50.540641 dv-cinder-836066-1-smb neutron-server[103951]: DEBUG neutron.pecan_wsgi.hooks.policy_enforcement [req-82057679-1ade-4e1d-8871-4e5aabe144f6 req-815f7856-7595-4d5b-bdda-5cbe3d34c5a8 tempest-VolumesActionsTest-2015389776 tempest-VolumesActionsTest-2015389776-project] Attributes excluded by policy engine: ['standard_attr_id', 'vlan_transparent', 'provider:network_type', 'provider:physical_network', 'provider:segmentation_id'] {{(pid=103951) _exclude_attributes_by_policy /opt/stack/neutron/neutron/pecan_wsgi/hooks/policy_enforcement.py:255}}
Mar 31 19:12:50.542292 dv-cinder-836066-1-smb neutron-server[103951]: INFO neutron.wsgi [req-82057679-1ade-4e1d-8871-4e5aabe144f6 req-815f7856-7595-4d5b-bdda-5cbe3d34c5a8 tempest-VolumesActionsTest-2015389776 tempest-VolumesActionsTest-2015389776-project] 10.222.0.83 "GET /v2.0/networks?id=15427613-cbe7-4932-929f-fe2e8032696e HTTP/1.1" status: 200 len: 809 time: 0.2097142
Mar 31 19:12:50.582379 dv-cinder-836066-1-smb neutron-server[103951]: DEBUG neutron.api.v2.base [req-82057679-1ade-4e1d-8871-4e5aabe144f6 req-21789046-f0b2-4c02-b258-e18a39e513a0 tempest-VolumesActionsTest-2015389776 tempest-VolumesActionsTest-2015389776-project] Request body: {'port': {'device_id': '6bb1d5bd-f15d-478a-a9e5-64895db10817', 'network_id': '15427613-cbe7-4932-929f-fe2e8032696e', 'admin_state_up': True, 'tenant_id': '6e18066ac83249028d3a04cf1db7ef90'}} {{(pid=103951) prepare_request_body /opt/stack/neutron/neutron/api/v2/base.py:729}}
Mar 31 19:12:50.606185 dv-cinder-836066-1-smb neutron-server[103953]: DEBUG neutron.api.rpc.handlers.resources_rpc [None req-81237d6a-261b-4a8d-ab9b-8cacad77191a None None] Pushing event updated for resources: {'Port': ['ID=b78d2a98-8472-4a3b-ba01-983b95e81b5e,revision_number=5']} {{(pid=103953) push /opt/stack/neutron/neutron/api/rpc/handlers/resources_rpc.py:237}}
Mar 31 19:12:50.700022 dv-cinder-836066-1-smb neutron-server[103953]: DEBUG neutron.db.provisioning_blocks [None req-81237d6a-261b-4a8d-ab9b-8cacad77191a None None] Provisioning for port 2af15147-d641-45d8-8479-e8e20ce7ffe0 completed by entity L2. {{(pid=103953) provisioning_complete /opt/stack/neutron/neutron/db/provisioning_blocks.py:134}}
Mar 31 19:12:50.714724 dv-cinder-836066-1-smb neutron-server[103953]: DEBUG neutron.db.provisioning_blocks [None req-81237d6a-261b-4a8d-ab9b-8cacad77191a None None] Provisioning complete for port 2af15147-d641-45d8-8479-e8e20ce7ffe0 triggered by entity L2. {{(pid=103953) provisioning_complete /opt/stack/neutron/neutron/db/provisioning_blocks.py:140}}
Mar 31 19:12:50.715260 dv-cinder-836066-1-smb neutron-server[103953]: DEBUG neutron_lib.callbacks.manager [None req-81237d6a-261b-4a8d-ab9b-8cacad77191a None None] Publish callbacks ['neutron.plugins.ml2.plugin.Ml2Plugin._port_provisioned-1001173'] for port (2af15147-d641-45d8-8479-e8e20ce7ffe0), provisioning_complete {{(pid=103953) _notify_loop /usr/local/lib/python3.8/dist-packages/neutron_lib/callbacks/manager.py:176}}
Mar 31 19:12:50.759874 dv-cinder-836066-1-smb neutron-server[103951]: DEBUG neutron.pecan_wsgi.hooks.policy_enforcement [req-477d2fc4-61bc-4bb6-8f71-da9cdfde5619 req-e9f89ec2-1c2c-40ff-8915-ae41467a2832 tempest-ServerRescueNegativeTestJSON-413285632 tempest-ServerRescueNegativeTestJSON-413285632-project] Attributes excluded by policy engine: ['standard_attr_id', 'binding:profile', 'binding:host_id', 'binding:vif_type', 'binding:vif_details'] {{(pid=103951) _exclude_attributes_by_policy /opt/stack/neutron/neutron/pecan_wsgi/hooks/policy_enforcement.py:255}}
Mar 31 19:12:50.766860 dv-cinder-836066-1-smb neutron-server[103951]: INFO neutron.wsgi [req-477d2fc4-61bc-4bb6-8f71-da9cdfde5619 req-e9f89ec2-1c2c-40ff-8915-ae41467a2832 tempest-ServerRescueNegativeTestJSON-413285632 tempest-ServerRescueNegativeTestJSON-413285632-project] 10.222.0.79 "GET /v2.0/ports?device_id=61001ff7-8402-49e2-81f6-fbc633f180a2 HTTP/1.1" status: 200 len: 945 time: 0.1762538
Mar 31 19:12:50.815169 dv-cinder-836066-1-smb neutron-server[103953]: DEBUG neutron.plugins.ml2.db [None req-81237d6a-261b-4a8d-ab9b-8cacad77191a None None] get_ports_and_sgs() called for port_ids ['23ffadd9-6488-48b3-ad14-982e60b57372'] {{(pid=103953) get_ports_and_sgs /opt/stack/neutron/neutron/plugins/ml2/db.py:156}}
Mar 31 19:12:50.861455 dv-cinder-836066-1-smb neutron-server[103951]: INFO neutron.wsgi [req-477d2fc4-61bc-4bb6-8f71-da9cdfde5619 req-1f1e9350-dcaa-4f1f-a5d8-029561c64ad4 tempest-ServerRescueNegativeTestJSON-413285632 tempest-ServerRescueNegativeTestJSON-413285632-project] 10.222.0.79 "GET /v2.0/security-groups?id=373a4633-3bfd-4969-a8d5-ee41620df7ee&fields=id&fields=name HTTP/1.1" status: 200 len: 286 time: 0.0938778
Mar 31 19:12:50.876412 dv-cinder-836066-1-smb neutron-server[103953]: DEBUG neutron.plugins.ml2.plugin [None req-81237d6a-261b-4a8d-ab9b-8cacad77191a None None] Current status of the port 2af15147-d641-45d8-8479-e8e20ce7ffe0 is: BUILD; New status is: ACTIVE {{(pid=103953) _update_individual_port_db_status /opt/stack/neutron/neutron/plugins/ml2/plugin.py:2256}}
Mar 31 19:12:50.876848 dv-cinder-836066-1-smb neutron-server[103953]: DEBUG neutron_lib.callbacks.manager [None req-81237d6a-261b-4a8d-ab9b-8cacad77191a None None] Publish callbacks ['neutron.plugins.ml2.plugin.SecurityGroupDbMixin._ensure_default_security_group_handler-988719'] for port (2af15147-d641-45d8-8479-e8e20ce7ffe0), before_update {{(pid=103953) _notify_loop /usr/local/lib/python3.8/dist-packages/neutron_lib/callbacks/manager.py:176}}
Mar 31 19:12:50.882072 dv-cinder-836066-1-smb neutron-server[103951]: DEBUG neutron.pecan_wsgi.hooks.policy_enforcement [req-76b01c72-cba0-42b5-8165-31704296fe31 req-eb45beb9-1f1c-4cf8-a116-65d455795ad2 service neutron] Attributes excluded by policy engine: ['standard_attr_id'] {{(pid=103951) _exclude_attributes_by_policy /opt/stack/neutron/neutron/pecan_wsgi/hooks/policy_enforcement.py:255}}
Mar 31 19:12:50.883872 dv-cinder-836066-1-smb neutron-server[103951]: INFO neutron.wsgi [req-76b01c72-cba0-42b5-8165-31704296fe31 req-eb45beb9-1f1c-4cf8-a116-65d455795ad2 service neutron] 10.222.0.83 "GET /v2.0/ports?device_id=61001ff7-8402-49e2-81f6-fbc633f180a2 HTTP/1.1" status: 200 len: 1129 time: 0.0528436
Mar 31 19:12:50.942485 dv-cinder-836066-1-smb neutron-server[103951]: INFO neutron.wsgi [req-76b01c72-cba0-42b5-8165-31704296fe31 req-7f93cc87-4fa5-4076-9485-d52ff42e09c1 service neutron] 10.222.0.83 "GET /v2.0/security-groups?id=373a4633-3bfd-4969-a8d5-ee41620df7ee&fields=id&fields=name HTTP/1.1" status: 200 len: 286 time: 0.0514431
Mar 31 19:12:50.965657 dv-cinder-836066-1-smb neutron-server[103953]: DEBUG neutron.plugins.ml2.db [None req-81237d6a-261b-4a8d-ab9b-8cacad77191a None None] For port 2af15147-d641-45d8-8479-e8e20ce7ffe0, host hv-cinder-83606, got binding levels [PortBindingLevel(driver='hyperv',host='hv-cinder-83606',level=0,port_id=2af15147-d641-45d8-8479-e8e20ce7ffe0,segment=NetworkSegment(51ab7902-aff0-417e-b596-43cf71ca43eb),segment_id=51ab7902-aff0-417e-b596-43cf71ca43eb)] {{(pid=103953) get_binding_level_objs /opt/stack/neutron/neutron/plugins/ml2/db.py:74}}
Mar 31 19:12:50.981135 dv-cinder-836066-1-smb neutron-server[103951]: DEBUG neutron.pecan_wsgi.hooks.quota_enforcement [req-82057679-1ade-4e1d-8871-4e5aabe144f6 req-21789046-f0b2-4c02-b258-e18a39e513a0 tempest-VolumesActionsTest-2015389776 tempest-VolumesActionsTest-2015389776-project] Made reservation on behalf of 6e18066ac83249028d3a04cf1db7ef90 for: {'port': 1} {{(pid=103951) before /opt/stack/neutron/neutron/pecan_wsgi/hooks/quota_enforcement.py:53}}
Mar 31 19:12:50.984946 dv-cinder-836066-1-smb neutron-server[103951]: DEBUG neutron_lib.callbacks.manager [req-82057679-1ade-4e1d-8871-4e5aabe144f6 req-21789046-f0b2-4c02-b258-e18a39e513a0 tempest-VolumesActionsTest-2015389776 tempest-VolumesActionsTest-2015389776-project] Publish callbacks ['neutron.plugins.ml2.plugin.SecurityGroupDbMixin._ensure_default_security_group_handler-988719'] for port (None), before_create {{(pid=103951) _notify_loop /usr/local/lib/python3.8/dist-packages/neutron_lib/callbacks/manager.py:176}}
Mar 31 19:12:51.042233 dv-cinder-836066-1-smb neutron-server[103951]: INFO neutron.wsgi [req-37547b9b-c167-49ae-911f-473e9259e783 req-cf52e492-5af5-4045-9bf2-43956ba25f36 tempest-VolumesActionsTest-2015389776 tempest-VolumesActionsTest-2015389776-project] 10.222.0.79 "GET /v2.0/ports?device_id=6bb1d5bd-f15d-478a-a9e5-64895db10817 HTTP/1.1" status: 200 len: 210 time: 0.0432372
Mar 31 19:12:51.056505 dv-cinder-836066-1-smb neutron-server[103953]: DEBUG neutron_lib.callbacks.manager [None req-81237d6a-261b-4a8d-ab9b-8cacad77191a None None] Publish callbacks ['neutron.plugins.ml2.plugin.SecurityGroupServerNotifierRpcMixin._notify_sg_on_port_change-988782', 'neutron.plugins.ml2.ovo_rpc._ObjectChangeHandler.handle_event-216025', 'neutron.api.rpc.agentnotifiers.dhcp_rpc_agent_api.DhcpAgentNotifyAPI._native_event_send_dhcp_notification-1604932', 'neutron.db.l3_db.L3RpcNotifierMixin._notify_gateway_port_ip_changed-8761010883467', 'neutron.db.l3_dvrscheduler_db._notify_l3_agent_port_update-8761010460694', 'neutron.db.l3_hascheduler_db._notify_l3_agent_ha_port_update-8761010460712'] for port (2af15147-d641-45d8-8479-e8e20ce7ffe0), after_update {{(pid=103953) _notify_loop /usr/local/lib/python3.8/dist-packages/neutron_lib/callbacks/manager.py:176}}
Mar 31 19:12:51.128542 dv-cinder-836066-1-smb neutron-server[103953]: DEBUG neutron.api.rpc.handlers.resources_rpc [None req-81237d6a-261b-4a8d-ab9b-8cacad77191a None None] Pushing event updated for resources: {'Port': ['ID=2af15147-d641-45d8-8479-e8e20ce7ffe0,revision_number=5']} {{(pid=103953) push /opt/stack/neutron/neutron/api/rpc/handlers/resources_rpc.py:237}}
