Mar 31 19:12:39.481467 dv-cinder-836066-1-smb neutron-server[103952]: DEBUG neutron.plugins.ml2.drivers.mech_agent [req-ff2adb9d-6ec9-4480-a7ea-303ce22a8526 req-981a9fdb-c474-4efa-9efa-f30af18d41a7 service neutron] Attempting to bind port 2af15147-d641-45d8-8479-e8e20ce7ffe0 on network 577b3bd3-2936-4269-9e4e-2dd90d13013a {{(pid=103952) bind_port /opt/stack/neutron/neutron/plugins/ml2/drivers/mech_agent.py:91}}
Mar 31 19:12:39.504359 dv-cinder-836066-1-smb neutron-server[103951]: DEBUG neutron.api.rpc.handlers.resources_rpc [None req-27d47493-7571-4cfe-acab-0188902eb3c0 service neutron] Pushing event updated for resources: {'Port': ['ID=b78d2a98-8472-4a3b-ba01-983b95e81b5e,revision_number=3']} {{(pid=103951) push /opt/stack/neutron/neutron/api/rpc/handlers/resources_rpc.py:237}}
Mar 31 19:12:39.522833 dv-cinder-836066-1-smb neutron-server[103952]: DEBUG neutron.plugins.ml2.drivers.mech_agent [req-ff2adb9d-6ec9-4480-a7ea-303ce22a8526 req-981a9fdb-c474-4efa-9efa-f30af18d41a7 service neutron] Checking agent: {'id': '4c0379c6-eb6d-4b46-9164-41ab94d70153', 'agent_type': 'HyperV agent', 'binary': 'neutron-hyperv-agent', 'topic': 'N/A', 'host': 'hv-cinder-83606', 'admin_state_up': True, 'created_at': datetime.datetime(2022, 3, 31, 19, 9, 47), 'started_at': datetime.datetime(2022, 3, 31, 19, 9, 47), 'heartbeat_timestamp': datetime.datetime(2022, 3, 31, 19, 12, 17), 'description': None, 'resources_synced': None, 'availability_zone': None, 'alive': True, 'configurations': {'vswitch_mappings': {'physnet1$': 'br-data'}}, 'resource_versions': {}} {{(pid=103952) bind_port /opt/stack/neutron/neutron/plugins/ml2/drivers/mech_agent.py:110}}
Mar 31 19:12:39.524040 dv-cinder-836066-1-smb neutron-server[103952]: DEBUG neutron.plugins.ml2.drivers.mech_agent [req-ff2adb9d-6ec9-4480-a7ea-303ce22a8526 req-981a9fdb-c474-4efa-9efa-f30af18d41a7 service neutron] Checking segment: {'id': '51ab7902-aff0-417e-b596-43cf71ca43eb', 'network_type': 'vlan', 'physical_network': 'physnet1', 'segmentation_id': 1153, 'network_id': '577b3bd3-2936-4269-9e4e-2dd90d13013a'} for mappings: {'physnet1$': 'br-data'} with network types: ['local', 'flat', 'vlan'] {{(pid=103952) check_segment_for_agent /opt/stack/neutron/neutron/plugins/ml2/drivers/mech_agent.py:373}}
Mar 31 19:12:39.524693 dv-cinder-836066-1-smb neutron-server[103952]: DEBUG neutron.plugins.ml2.drivers.mech_agent [req-ff2adb9d-6ec9-4480-a7ea-303ce22a8526 req-981a9fdb-c474-4efa-9efa-f30af18d41a7 service neutron] Bound using segment: {'id': '51ab7902-aff0-417e-b596-43cf71ca43eb', 'network_type': 'vlan', 'physical_network': 'physnet1', 'segmentation_id': 1153, 'network_id': '577b3bd3-2936-4269-9e4e-2dd90d13013a'} {{(pid=103952) bind_port /opt/stack/neutron/neutron/plugins/ml2/drivers/mech_agent.py:120}}
Mar 31 19:12:39.526230 dv-cinder-836066-1-smb neutron-server[103952]: DEBUG neutron.plugins.ml2.managers [req-ff2adb9d-6ec9-4480-a7ea-303ce22a8526 req-981a9fdb-c474-4efa-9efa-f30af18d41a7 service neutron] Bound port: 2af15147-d641-45d8-8479-e8e20ce7ffe0, host: hv-cinder-83606, vif_type: hyperv, vif_details: {"connectivity": "legacy", "port_filter": false}, binding_levels: [{'bound_driver': 'hyperv', 'bound_segment': {'id': '51ab7902-aff0-417e-b596-43cf71ca43eb', 'network_type': 'vlan', 'physical_network': 'physnet1', 'segmentation_id': 1153, 'network_id': '577b3bd3-2936-4269-9e4e-2dd90d13013a'}}] {{(pid=103952) _bind_port_level /opt/stack/neutron/neutron/plugins/ml2/managers.py:932}}
Mar 31 19:12:39.526815 dv-cinder-836066-1-smb neutron-server[103952]: DEBUG neutron_lib.callbacks.manager [req-ff2adb9d-6ec9-4480-a7ea-303ce22a8526 req-981a9fdb-c474-4efa-9efa-f30af18d41a7 service neutron] Publish callbacks ['neutron.plugins.ml2.plugin.SecurityGroupDbMixin._ensure_default_security_group_handler-988719'] for port (2af15147-d641-45d8-8479-e8e20ce7ffe0), before_update {{(pid=103952) _notify_loop /usr/local/lib/python3.8/dist-packages/neutron_lib/callbacks/manager.py:176}}
Mar 31 19:12:39.567223 dv-cinder-836066-1-smb neutron-server[103951]: DEBUG neutron.db.db_base_plugin_common [req-84ce6f0d-c5ad-4161-ab31-f4b77f7b153a req-45a9f564-e24f-4c58-b440-8ec77aaab86d tempest-AttachVolumeShelveTestJSON-386264580 tempest-AttachVolumeShelveTestJSON-386264580-project] Allocated IP 172.20.0.14 (44a6bdb2-1d4e-4ed5-8ad2-77f9efdb03fb/490c7ed3-de70-4369-9f94-2b6f1992a5b1/23ffadd9-6488-48b3-ad14-982e60b57372) {{(pid=103951) _store_ip_allocation /opt/stack/neutron/neutron/db/db_base_plugin_common.py:131}}
Mar 31 19:12:39.765432 dv-cinder-836066-1-smb neutron-server[103951]: DEBUG neutron.pecan_wsgi.hooks.policy_enforcement [req-a2ec8adf-092d-4af7-8ee8-404e8f3982af req-a11b42ed-e2fd-45be-8300-fc20e8bfe3f1 service neutron] Attributes excluded by policy engine: ['standard_attr_id'] {{(pid=103951) _exclude_attributes_by_policy /opt/stack/neutron/neutron/pecan_wsgi/hooks/policy_enforcement.py:255}}
Mar 31 19:12:39.768138 dv-cinder-836066-1-smb neutron-server[103951]: INFO neutron.wsgi [req-a2ec8adf-092d-4af7-8ee8-404e8f3982af req-a11b42ed-e2fd-45be-8300-fc20e8bfe3f1 service neutron] 10.222.0.83 "GET /v2.0/ports?tenant_id=91fd8bdb318d414e8177730aab5ac410&device_id=61001ff7-8402-49e2-81f6-fbc633f180a2 HTTP/1.1" status: 200 len: 1127 time: 0.2254341
Mar 31 19:12:39.780363 dv-cinder-836066-1-smb neutron-server[103952]: DEBUG neutron_lib.callbacks.manager [None req-6708c3f0-671c-4840-a781-ba60ecb7d953 admin admin] Publish callbacks [] for security_group (4f3c487b-b16f-4c99-bf84-e1de7109ee4a), precommit_create {{(pid=103952) _notify_loop /usr/local/lib/python3.8/dist-packages/neutron_lib/callbacks/manager.py:176}}
Mar 31 19:12:39.786103 dv-cinder-836066-1-smb neutron-server[103952]: INFO neutron.wsgi [req-ce09620a-dc4b-4dbf-83ed-4c116dd9dcd3 req-43e8680f-916e-4112-b0e1-6fda5b748617 service neutron] 10.222.0.83 "GET /v2.0/networks/3f6ae6d3-c5f0-4fbe-b9ce-29387684c46c?fields=segments HTTP/1.1" status: 200 len: 212 time: 0.4261458
Mar 31 19:12:39.820048 dv-cinder-836066-1-smb neutron-server[103951]: DEBUG novaclient.v2.client [-] REQ: curl -g -i --cacert "/opt/stack/data/ca-bundle.pem" -X POST http://10.222.0.79/compute/v2.1/os-server-external-events -H "Accept: application/json" -H "Content-Type: application/json" -H "User-Agent: python-novaclient" -H "X-Auth-Token: {SHA256}35b08466fa9952c5814517ce62af026b00da9ab7c4bb1267e803faa7ceba6c66" -H "X-OpenStack-Nova-API-Version: 2.1" -H "X-OpenStack-Request-ID: req-b1de246c-c918-4bfe-8b66-4bf8e59ff340" -d '{"events": [{"name": "network-changed", "server_uuid": "61001ff7-8402-49e2-81f6-fbc633f180a2", "tag": "b78d2a98-8472-4a3b-ba01-983b95e81b5e"}]}' {{(pid=103951) _http_log_request /usr/local/lib/python3.8/dist-packages/keystoneauth1/session.py:519}}
Mar 31 19:12:39.893906 dv-cinder-836066-1-smb neutron-server[103952]: DEBUG neutron.plugins.ml2.db [req-ff2adb9d-6ec9-4480-a7ea-303ce22a8526 req-981a9fdb-c474-4efa-9efa-f30af18d41a7 service neutron] For port 2af15147-d641-45d8-8479-e8e20ce7ffe0, host hv-cinder-83606, cleared binding levels {{(pid=103952) clear_binding_levels /opt/stack/neutron/neutron/plugins/ml2/db.py:87}}
Mar 31 19:12:39.913768 dv-cinder-836066-1-smb neutron-server[103952]: DEBUG neutron.plugins.ml2.db [req-ff2adb9d-6ec9-4480-a7ea-303ce22a8526 req-981a9fdb-c474-4efa-9efa-f30af18d41a7 service neutron] For port 2af15147-d641-45d8-8479-e8e20ce7ffe0, host hv-cinder-83606, set binding levels [PortBindingLevel(driver='hyperv',host='hv-cinder-83606',level=0,port_id=2af15147-d641-45d8-8479-e8e20ce7ffe0,segment=NetworkSegment(51ab7902-aff0-417e-b596-43cf71ca43eb),segment_id=51ab7902-aff0-417e-b596-43cf71ca43eb)] {{(pid=103952) set_binding_levels /opt/stack/neutron/neutron/plugins/ml2/db.py:59}}
Mar 31 19:12:39.919752 dv-cinder-836066-1-smb neutron-server[103952]: DEBUG neutron_lib.callbacks.manager [None req-6708c3f0-671c-4840-a781-ba60ecb7d953 admin admin] Publish callbacks ['neutron.plugins.ml2.ovo_rpc._ObjectChangeHandler.handle_event-1684432'] for security_group (4f3c487b-b16f-4c99-bf84-e1de7109ee4a), after_create {{(pid=103952) _notify_loop /usr/local/lib/python3.8/dist-packages/neutron_lib/callbacks/manager.py:176}}
Mar 31 19:12:39.949306 dv-cinder-836066-1-smb neutron-server[103951]: INFO neutron.wsgi [req-a2ec8adf-092d-4af7-8ee8-404e8f3982af req-c98d50ce-90c4-4e14-87ac-47f08ff6a090 service neutron] 10.222.0.83 "GET /v2.0/floatingips?fixed_ip_address=172.20.0.8&port_id=b78d2a98-8472-4a3b-ba01-983b95e81b5e HTTP/1.1" status: 200 len: 217 time: 0.1649227
Mar 31 19:12:39.953940 dv-cinder-836066-1-smb neutron-server[103951]: DEBUG neutron_lib.callbacks.manager [None req-86e8ed30-6e2e-4b92-92b5-db552abbf69d admin admin] Publish callbacks [] for security_group (ca1fcf1e-0624-4405-81e8-22554591f18b), precommit_create {{(pid=103951) _notify_loop /usr/local/lib/python3.8/dist-packages/neutron_lib/callbacks/manager.py:176}}
Mar 31 19:12:39.955031 dv-cinder-836066-1-smb neutron-server[103952]: DEBUG neutron.plugins.ml2.drivers.helpers [None req-6708c3f0-671c-4840-a781-ba60ecb7d953 admin admin] vlan segment allocate from pool success with {'physical_network': 'physnet1', 'vlan_id': 1164} {{(pid=103952) allocate_partially_specified_segment /opt/stack/neutron/neutron/plugins/ml2/drivers/helpers.py:153}}
Mar 31 19:12:39.980290 dv-cinder-836066-1-smb neutron-server[103952]: DEBUG neutron.pecan_wsgi.hooks.policy_enforcement [req-3ab41072-f543-49eb-9a20-8234a91c24c5 req-05950a9c-5354-46f2-9b0d-3c7c17e73134 tempest-AttachVolumeTestJSON-890074077 tempest-AttachVolumeTestJSON-890074077-project] Attributes excluded by policy engine: ['standard_attr_id', 'binding:profile', 'binding:host_id', 'binding:vif_type', 'binding:vif_details'] {{(pid=103952) _exclude_attributes_by_policy /opt/stack/neutron/neutron/pecan_wsgi/hooks/policy_enforcement.py:255}}
Mar 31 19:12:39.981722 dv-cinder-836066-1-smb neutron-server[103952]: INFO neutron.wsgi [req-3ab41072-f543-49eb-9a20-8234a91c24c5 req-05950a9c-5354-46f2-9b0d-3c7c17e73134 tempest-AttachVolumeTestJSON-890074077 tempest-AttachVolumeTestJSON-890074077-project] 10.222.0.79 "GET /v2.0/ports?device_id=1016facb-924e-47a8-a1ab-701384897d9b HTTP/1.1" status: 200 len: 943 time: 0.2063098
Mar 31 19:12:39.990344 dv-cinder-836066-1-smb neutron-server[103952]: DEBUG neutron.api.rpc.handlers.resources_rpc [None req-6708c3f0-671c-4840-a781-ba60ecb7d953 admin admin] Pushing event updated for resources: {'SecurityGroup': ['ID=4f3c487b-b16f-4c99-bf84-e1de7109ee4a,revision_number=1']} {{(pid=103952) push /opt/stack/neutron/neutron/api/rpc/handlers/resources_rpc.py:237}}
Mar 31 19:12:39.998474 dv-cinder-836066-1-smb neutron-server[103952]: DEBUG neutron_lib.callbacks.manager [None req-6708c3f0-671c-4840-a781-ba60ecb7d953 admin admin] Publish callbacks ['neutron.plugins.ml2.plugin.Ml2Plugin._handle_segment_change-829962'] for segment (d9edd996-8cd1-4ac4-8a9f-351571d141d7), precommit_create {{(pid=103952) _notify_loop /usr/local/lib/python3.8/dist-packages/neutron_lib/callbacks/manager.py:176}}
Mar 31 19:12:39.998812 dv-cinder-836066-1-smb neutron-server[103952]: INFO neutron.db.segments_db [None req-6708c3f0-671c-4840-a781-ba60ecb7d953 admin admin] Added segment d9edd996-8cd1-4ac4-8a9f-351571d141d7 of type vlan for network 15427613-cbe7-4932-929f-fe2e8032696e
Mar 31 19:12:40.028366 dv-cinder-836066-1-smb neutron-server[103951]: DEBUG neutron_lib.callbacks.manager [None req-86e8ed30-6e2e-4b92-92b5-db552abbf69d admin admin] Publish callbacks ['neutron.plugins.ml2.ovo_rpc._ObjectChangeHandler.handle_event-1684432'] for security_group (ca1fcf1e-0624-4405-81e8-22554591f18b), after_create {{(pid=103951) _notify_loop /usr/local/lib/python3.8/dist-packages/neutron_lib/callbacks/manager.py:176}}
Mar 31 19:12:40.028616 dv-cinder-836066-1-smb neutron-server[103952]: DEBUG neutron_lib.callbacks.manager [req-ff2adb9d-6ec9-4480-a7ea-303ce22a8526 req-981a9fdb-c474-4efa-9efa-f30af18d41a7 service neutron] Publish callbacks ['neutron.plugins.ml2.plugin.SecurityGroupServerNotifierRpcMixin._notify_sg_on_port_change-988782', 'neutron.plugins.ml2.ovo_rpc._ObjectChangeHandler.handle_event-216025', 'neutron.api.rpc.agentnotifiers.dhcp_rpc_agent_api.DhcpAgentNotifyAPI._native_event_send_dhcp_notification-1604932', 'neutron.db.l3_db.L3RpcNotifierMixin._notify_gateway_port_ip_changed-8761010883467', 'neutron.db.l3_dvrscheduler_db._notify_l3_agent_port_update-8761010460694', 'neutron.db.l3_hascheduler_db._notify_l3_agent_ha_port_update-8761010460712', 'neutron.services.segments.plugin.NovaSegmentNotifier._notify_port_updated-9384235'] for port (2af15147-d641-45d8-8479-e8e20ce7ffe0), after_update {{(pid=103952) _notify_loop /usr/local/lib/python3.8/dist-packages/neutron_lib/callbacks/manager.py:176}}
Mar 31 19:12:40.087854 dv-cinder-836066-1-smb neutron-server[103951]: DEBUG neutron.pecan_wsgi.hooks.policy_enforcement [req-a2ec8adf-092d-4af7-8ee8-404e8f3982af req-fe98136b-904b-46a6-ad2c-c647bcabdffa service neutron] Attributes excluded by policy engine: ['standard_attr_id', 'shared', 'segment_id'] {{(pid=103951) _exclude_attributes_by_policy /opt/stack/neutron/neutron/pecan_wsgi/hooks/policy_enforcement.py:255}}
Mar 31 19:12:40.092661 dv-cinder-836066-1-smb neutron-server[103951]: INFO neutron.wsgi [req-a2ec8adf-092d-4af7-8ee8-404e8f3982af req-fe98136b-904b-46a6-ad2c-c647bcabdffa service neutron] 10.222.0.83 "GET /v2.0/subnets?id=a0d9b315-d132-493e-8fed-562969dfcf24 HTTP/1.1" status: 200 len: 858 time: 0.1290073
Mar 31 19:12:40.099164 dv-cinder-836066-1-smb neutron-server[103952]: INFO neutron.wsgi [req-ce09620a-dc4b-4dbf-83ed-4c116dd9dcd3 req-58d69ea2-a853-4974-9010-1b02b00cdd96 service neutron] 10.222.0.83 "GET /v2.0/networks/3f6ae6d3-c5f0-4fbe-b9ce-29387684c46c?fields=provider%3Aphysical_network&fields=provider%3Anetwork_type HTTP/1.1" status: 200 len: 281 time: 0.3032320
Mar 31 19:12:40.121692 dv-cinder-836066-1-smb neutron-server[103952]: DEBUG neutron.pecan_wsgi.hooks.policy_enforcement [req-ff2adb9d-6ec9-4480-a7ea-303ce22a8526 req-981a9fdb-c474-4efa-9efa-f30af18d41a7 service neutron] Attributes excluded by policy engine: ['standard_attr_id'] {{(pid=103952) _exclude_attributes_by_policy /opt/stack/neutron/neutron/pecan_wsgi/hooks/policy_enforcement.py:255}}
Mar 31 19:12:40.122595 dv-cinder-836066-1-smb neutron-server[103952]: DEBUG neutron_lib.callbacks.manager [req-ff2adb9d-6ec9-4480-a7ea-303ce22a8526 req-981a9fdb-c474-4efa-9efa-f30af18d41a7 service neutron] Publish callbacks ['neutron.notifiers.nova.Notifier._send_nova_notification-84141', 'neutron.api.rpc.agentnotifiers.dhcp_rpc_agent_api.DhcpAgentNotifyAPI._send_dhcp_notification-1604978'] for port (None), before_response {{(pid=103952) _notify_loop /usr/local/lib/python3.8/dist-packages/neutron_lib/callbacks/manager.py:176}}
Mar 31 19:12:40.126602 dv-cinder-836066-1-smb neutron-server[103951]: INFO neutron.wsgi [None req-86e8ed30-6e2e-4b92-92b5-db552abbf69d admin admin] 10.222.0.79 "GET /v2.0/security-groups?tenant_id=716ee00f6a734a33baaacf5c15b27b12&name=default HTTP/1.1" status: 200 len: 2996 time: 1.0641739
Mar 31 19:12:40.128901 dv-cinder-836066-1-smb neutron-server[103952]: INFO neutron.wsgi [req-ff2adb9d-6ec9-4480-a7ea-303ce22a8526 req-981a9fdb-c474-4efa-9efa-f30af18d41a7 service neutron] 10.222.0.83 "PUT /v2.0/ports/2af15147-d641-45d8-8479-e8e20ce7ffe0 HTTP/1.1" status: 200 len: 1093 time: 2.6248593
Mar 31 19:12:40.138993 dv-cinder-836066-1-smb neutron-server[103952]: DEBUG neutron_lib.callbacks.manager [None req-6708c3f0-671c-4840-a781-ba60ecb7d953 admin admin] Publish callbacks ['neutron.services.auto_allocate.db._ensure_external_network_default_value_callback-8761010431299'] for network (15427613-cbe7-4932-929f-fe2e8032696e), precommit_create {{(pid=103952) _notify_loop /usr/local/lib/python3.8/dist-packages/neutron_lib/callbacks/manager.py:176}}
Mar 31 19:12:40.140999 dv-cinder-836066-1-smb neutron-server[103952]: DEBUG neutron.wsgi [-] (103952) accepted ('10.222.0.79', 40480) {{(pid=103952) server /usr/local/lib/python3.8/dist-packages/eventlet/wsgi.py:1004}}
Mar 31 19:12:40.156897 dv-cinder-836066-1-smb neutron-server[103951]: DEBUG neutron.pecan_wsgi.hooks.policy_enforcement [req-7d030db8-8e76-4d92-adcb-a58b2f807356 req-e2f2a644-0ead-4302-99f1-01ebb0540ce5 tempest-DeleteServersTestJSON-748615383 tempest-DeleteServersTestJSON-748615383-project] Attributes excluded by policy engine: ['standard_attr_id', 'binding:profile', 'binding:host_id', 'binding:vif_type', 'binding:vif_details'] {{(pid=103951) _exclude_attributes_by_policy /opt/stack/neutron/neutron/pecan_wsgi/hooks/policy_enforcement.py:255}}
Mar 31 19:12:40.159374 dv-cinder-836066-1-smb neutron-server[103951]: INFO neutron.wsgi [req-7d030db8-8e76-4d92-adcb-a58b2f807356 req-e2f2a644-0ead-4302-99f1-01ebb0540ce5 tempest-DeleteServersTestJSON-748615383 tempest-DeleteServersTestJSON-748615383-project] 10.222.0.79 "GET /v2.0/ports?device_id=80362b5c-57be-45ad-9f36-5361b4076818 HTTP/1.1" status: 200 len: 944 time: 0.3314569
Mar 31 19:12:40.178545 dv-cinder-836066-1-smb neutron-server[103951]: DEBUG neutron_lib.callbacks.manager [req-84ce6f0d-c5ad-4161-ab31-f4b77f7b153a req-45a9f564-e24f-4c58-b440-8ec77aaab86d tempest-AttachVolumeShelveTestJSON-386264580 tempest-AttachVolumeShelveTestJSON-386264580-project] Publish callbacks [] for port (23ffadd9-6488-48b3-ad14-982e60b57372), precommit_create {{(pid=103951) _notify_loop /usr/local/lib/python3.8/dist-packages/neutron_lib/callbacks/manager.py:176}}
Mar 31 19:12:40.180207 dv-cinder-836066-1-smb neutron-server[103951]: DEBUG neutron.api.rpc.handlers.resources_rpc [None req-86e8ed30-6e2e-4b92-92b5-db552abbf69d admin admin] Pushing event updated for resources: {'SecurityGroup': ['ID=ca1fcf1e-0624-4405-81e8-22554591f18b,revision_number=1']} {{(pid=103951) push /opt/stack/neutron/neutron/api/rpc/handlers/resources_rpc.py:237}}
Mar 31 19:12:40.220428 dv-cinder-836066-1-smb neutron-server[103952]: INFO neutron.wsgi [req-3ab41072-f543-49eb-9a20-8234a91c24c5 req-ff7488d5-7d5a-4e59-92dd-58432bf6a3d5 tempest-AttachVolumeTestJSON-890074077 tempest-AttachVolumeTestJSON-890074077-project] 10.222.0.79 "GET /v2.0/security-groups?id=40e49b6f-6109-4f12-8cb1-a822bc3fb9f7&fields=id&fields=name HTTP/1.1" status: 200 len: 312 time: 0.2239337
Mar 31 19:12:40.250965 dv-cinder-836066-1-smb neutron-server[103952]: DEBUG neutron.api.rpc.handlers.resources_rpc [None req-981a9fdb-c474-4efa-9efa-f30af18d41a7 service neutron] Pushing event updated for resources: {'Port': ['ID=2af15147-d641-45d8-8479-e8e20ce7ffe0,revision_number=3']} {{(pid=103952) push /opt/stack/neutron/neutron/api/rpc/handlers/resources_rpc.py:237}}
Mar 31 19:12:40.332828 dv-cinder-836066-1-smb neutron-server[103951]: DEBUG neutron.pecan_wsgi.hooks.policy_enforcement [req-a2ec8adf-092d-4af7-8ee8-404e8f3982af req-66d3e938-5caf-47ca-b398-71395cffefdd service neutron] Attributes excluded by policy engine: ['standard_attr_id'] {{(pid=103951) _exclude_attributes_by_policy /opt/stack/neutron/neutron/pecan_wsgi/hooks/policy_enforcement.py:255}}
Mar 31 19:12:40.334434 dv-cinder-836066-1-smb neutron-server[103951]: INFO neutron.wsgi [req-a2ec8adf-092d-4af7-8ee8-404e8f3982af req-66d3e938-5caf-47ca-b398-71395cffefdd service neutron] 10.222.0.83 "GET /v2.0/ports?network_id=3f6ae6d3-c5f0-4fbe-b9ce-29387684c46c&device_owner=network%3Adhcp HTTP/1.1" status: 200 len: 1210 time: 0.2320917
Mar 31 19:12:40.351188 dv-cinder-836066-1-smb neutron-server[103951]: INFO neutron.wsgi [req-7d030db8-8e76-4d92-adcb-a58b2f807356 req-7a80434e-0a76-439c-9032-65a8ed717091 tempest-DeleteServersTestJSON-748615383 tempest-DeleteServersTestJSON-748615383-project] 10.222.0.79 "GET /v2.0/security-groups?id=92e0388c-7e36-4fe7-91a4-d23a2a2fc37b&fields=id&fields=name HTTP/1.1" status: 200 len: 286 time: 0.1663058
Mar 31 19:12:40.369292 dv-cinder-836066-1-smb neutron-server[103952]: DEBUG neutron_lib.callbacks.manager [None req-c65683c7-546b-4234-b76c-2129063582e7 admin admin] Publish callbacks [] for security_group (ca1fcf1e-0624-4405-81e8-22554591f18b), before_delete {{(pid=103952) _notify_loop /usr/local/lib/python3.8/dist-packages/neutron_lib/callbacks/manager.py:176}}
Mar 31 19:12:40.420418 dv-cinder-836066-1-smb neutron-server[103952]: DEBUG neutron_lib.callbacks.manager [None req-6708c3f0-671c-4840-a781-ba60ecb7d953 admin admin] Publish callbacks ['neutron.plugins.ml2.ovo_rpc._ObjectChangeHandler.handle_event-1684267', 'neutron.api.rpc.agentnotifiers.dhcp_rpc_agent_api.DhcpAgentNotifyAPI._native_event_send_dhcp_notification-1604932'] for network (15427613-cbe7-4932-929f-fe2e8032696e), after_create {{(pid=103952) _notify_loop /usr/local/lib/python3.8/dist-packages/neutron_lib/callbacks/manager.py:176}}
Mar 31 19:12:40.421394 dv-cinder-836066-1-smb neutron-server[103952]: DEBUG neutron.pecan_wsgi.hooks.policy_enforcement [None req-6708c3f0-671c-4840-a781-ba60ecb7d953 admin admin] Attributes excluded by policy engine: ['standard_attr_id', 'vlan_transparent'] {{(pid=103952) _exclude_attributes_by_policy /opt/stack/neutron/neutron/pecan_wsgi/hooks/policy_enforcement.py:255}}
Mar 31 19:12:40.421979 dv-cinder-836066-1-smb neutron-server[103952]: DEBUG neutron_lib.callbacks.manager [None req-6708c3f0-671c-4840-a781-ba60ecb7d953 admin admin] Publish callbacks ['neutron.api.rpc.agentnotifiers.dhcp_rpc_agent_api.DhcpAgentNotifyAPI._send_dhcp_notification-1604978'] for network (None), before_response {{(pid=103952) _notify_loop /usr/local/lib/python3.8/dist-packages/neutron_lib/callbacks/manager.py:176}}
Mar 31 19:12:40.444823 dv-cinder-836066-1-smb neutron-server[103952]: DEBUG neutron_lib.callbacks.manager [None req-c65683c7-546b-4234-b76c-2129063582e7 admin admin] Publish callbacks [] for security_group (ca1fcf1e-0624-4405-81e8-22554591f18b), precommit_delete {{(pid=103952) _notify_loop /usr/local/lib/python3.8/dist-packages/neutron_lib/callbacks/manager.py:176}}
Mar 31 19:12:40.452095 dv-cinder-836066-1-smb neutron-server[103951]: DEBUG novaclient.v2.client [-] RESP: [200] Connection: close Content-Length: 179 Content-Type: application/json Date: Thu, 31 Mar 2022 19:12:39 GMT OpenStack-API-Version: compute 2.1 Server: Apache/2.4.41 (Ubuntu) Vary: OpenStack-API-Version,X-OpenStack-Nova-API-Version X-OpenStack-Nova-API-Version: 2.1 x-compute-request-id: req-7ad47ac3-8e1d-47dc-a956-7eda162c31bf x-openstack-request-id: req-7ad47ac3-8e1d-47dc-a956-7eda162c31bf {{(pid=103951) _http_log_response /usr/local/lib/python3.8/dist-packages/keystoneauth1/session.py:550}}
Mar 31 19:12:40.452439 dv-cinder-836066-1-smb neutron-server[103951]: DEBUG novaclient.v2.client [-] RESP BODY: {"events": [{"name": "network-changed", "server_uuid": "61001ff7-8402-49e2-81f6-fbc633f180a2", "tag": "b78d2a98-8472-4a3b-ba01-983b95e81b5e", "status": "completed", "code": 200}]} {{(pid=103951) _http_log_response /usr/local/lib/python3.8/dist-packages/keystoneauth1/session.py:582}}
Mar 31 19:12:40.452662 dv-cinder-836066-1-smb neutron-server[103951]: DEBUG novaclient.v2.client [-] POST call to compute for http://10.222.0.79/compute/v2.1/os-server-external-events used request id req-7ad47ac3-8e1d-47dc-a956-7eda162c31bf {{(pid=103951) request /usr/local/lib/python3.8/dist-packages/keystoneauth1/session.py:954}}
Mar 31 19:12:40.453112 dv-cinder-836066-1-smb neutron-server[103951]: INFO neutron.notifiers.nova [-] Nova event matching ['req-7ad47ac3-8e1d-47dc-a956-7eda162c31bf'] response: {'name': 'network-changed', 'server_uuid': '61001ff7-8402-49e2-81f6-fbc633f180a2', 'tag': 'b78d2a98-8472-4a3b-ba01-983b95e81b5e', 'status': 'completed', 'code': 200}
Mar 31 19:12:40.480135 dv-cinder-836066-1-smb neutron-server[103951]: DEBUG neutron_lib.callbacks.manager [req-84ce6f0d-c5ad-4161-ab31-f4b77f7b153a req-45a9f564-e24f-4c58-b440-8ec77aaab86d tempest-AttachVolumeShelveTestJSON-386264580 tempest-AttachVolumeShelveTestJSON-386264580-project] Publish callbacks ['neutron.plugins.ml2.plugin.SecurityGroupServerNotifierRpcMixin._notify_sg_on_port_change-988782', 'neutron.plugins.ml2.ovo_rpc._ObjectChangeHandler.handle_event-216025', 'neutron.api.rpc.agentnotifiers.dhcp_rpc_agent_api.DhcpAgentNotifyAPI._native_event_send_dhcp_notification-1604932', 'neutron.db.l3_dvrscheduler_db._notify_l3_agent_new_port-8761010460676', 'neutron.services.segments.plugin.NovaSegmentNotifier._notify_port_created_or_deleted-3789943'] for port (23ffadd9-6488-48b3-ad14-982e60b57372), after_create {{(pid=103951) _notify_loop /usr/local/lib/python3.8/dist-packages/neutron_lib/callbacks/manager.py:176}}
Mar 31 19:12:40.560021 dv-cinder-836066-1-smb neutron-server[103951]: DEBUG neutron.scheduler.dhcp_agent_scheduler [req-84ce6f0d-c5ad-4161-ab31-f4b77f7b153a req-45a9f564-e24f-4c58-b440-8ec77aaab86d tempest-AttachVolumeShelveTestJSON-386264580 tempest-AttachVolumeShelveTestJSON-386264580-project] Network 44a6bdb2-1d4e-4ed5-8ad2-77f9efdb03fb is already hosted by enough agents. {{(pid=103951) _get_dhcp_agents_hosting_network /opt/stack/neutron/neutron/scheduler/dhcp_agent_scheduler.py:275}}
Mar 31 19:12:40.572467 dv-cinder-836066-1-smb neutron-server[103951]: DEBUG neutron.scheduler.base_scheduler [req-84ce6f0d-c5ad-4161-ab31-f4b77f7b153a req-45a9f564-e24f-4c58-b440-8ec77aaab86d tempest-AttachVolumeShelveTestJSON-386264580 tempest-AttachVolumeShelveTestJSON-386264580-project] Resources bound (agent type, host, resource id): {{(pid=103951) schedule /opt/stack/neutron/neutron/scheduler/base_scheduler.py:57}}
Mar 31 19:12:40.574964 dv-cinder-836066-1-smb neutron-server[103951]: DEBUG neutron.db.l3_dvrscheduler_db [req-84ce6f0d-c5ad-4161-ab31-f4b77f7b153a req-45a9f564-e24f-4c58-b440-8ec77aaab86d tempest-AttachVolumeShelveTestJSON-386264580 tempest-AttachVolumeShelveTestJSON-386264580-project] Received port after_create {{(pid=103951) _notify_l3_agent_new_port /opt/stack/neutron/neutron/db/l3_dvrscheduler_db.py:536}}
Mar 31 19:12:40.622452 dv-cinder-836066-1-smb neutron-server[103951]: DEBUG neutron.api.rpc.handlers.resources_rpc [None req-45a9f564-e24f-4c58-b440-8ec77aaab86d tempest-AttachVolumeShelveTestJSON-386264580 tempest-AttachVolumeShelveTestJSON-386264580-project] Pushing event updated for resources: {'Port': ['ID=23ffadd9-6488-48b3-ad14-982e60b57372,revision_number=1']} {{(pid=103951) push /opt/stack/neutron/neutron/api/rpc/handlers/resources_rpc.py:237}}
Mar 31 19:12:40.664819 dv-cinder-836066-1-smb neutron-server[103951]: DEBUG neutron.pecan_wsgi.hooks.policy_enforcement [req-216833da-d667-412e-9779-fda31c73dab5 req-bd6418f8-11e6-4d7d-949c-0ea8a460f0e6 tempest-AttachVolumeShelveTestJSON-386264580 tempest-AttachVolumeShelveTestJSON-386264580-project] Attributes excluded by policy engine: ['standard_attr_id', 'binding:profile', 'binding:host_id', 'binding:vif_type', 'binding:vif_details'] {{(pid=103951) _exclude_attributes_by_policy /opt/stack/neutron/neutron/pecan_wsgi/hooks/policy_enforcement.py:255}}
Mar 31 19:12:40.666480 dv-cinder-836066-1-smb neutron-server[103951]: INFO neutron.wsgi [req-216833da-d667-412e-9779-fda31c73dab5 req-bd6418f8-11e6-4d7d-949c-0ea8a460f0e6 tempest-AttachVolumeShelveTestJSON-386264580 tempest-AttachVolumeShelveTestJSON-386264580-project] 10.222.0.79 "GET /v2.0/ports?device_id=4673fac8-4399-4029-8fa1-0d3ef2e77255 HTTP/1.1" status: 200 len: 932 time: 0.2125566
Mar 31 19:12:40.671128 dv-cinder-836066-1-smb neutron-server[103951]: INFO neutron.wsgi [req-a2ec8adf-092d-4af7-8ee8-404e8f3982af req-aa44bab4-e157-4465-85e9-ad425f8997bf service neutron] 10.222.0.83 "GET /v2.0/networks/3f6ae6d3-c5f0-4fbe-b9ce-29387684c46c?fields=segments HTTP/1.1" status: 200 len: 212 time: 0.3240514
Mar 31 19:12:40.680367 dv-cinder-836066-1-smb neutron-server[103951]: DEBUG neutron.pecan_wsgi.hooks.policy_enforcement [req-84ce6f0d-c5ad-4161-ab31-f4b77f7b153a req-45a9f564-e24f-4c58-b440-8ec77aaab86d tempest-AttachVolumeShelveTestJSON-386264580 tempest-AttachVolumeShelveTestJSON-386264580-project] Attributes excluded by policy engine: ['standard_attr_id', 'binding:profile', 'binding:host_id', 'binding:vif_type', 'binding:vif_details', 'network'] {{(pid=103951) _exclude_attributes_by_policy /opt/stack/neutron/neutron/pecan_wsgi/hooks/policy_enforcement.py:255}}
Mar 31 19:12:40.681010 dv-cinder-836066-1-smb neutron-server[103951]: DEBUG neutron_lib.callbacks.manager [req-84ce6f0d-c5ad-4161-ab31-f4b77f7b153a req-45a9f564-e24f-4c58-b440-8ec77aaab86d tempest-AttachVolumeShelveTestJSON-386264580 tempest-AttachVolumeShelveTestJSON-386264580-project] Publish callbacks ['neutron.notifiers.nova.Notifier._send_nova_notification-84141', 'neutron.api.rpc.agentnotifiers.dhcp_rpc_agent_api.DhcpAgentNotifyAPI._send_dhcp_notification-1604978'] for port (None), before_response {{(pid=103951) _notify_loop /usr/local/lib/python3.8/dist-packages/neutron_lib/callbacks/manager.py:176}}
Mar 31 19:12:40.688298 dv-cinder-836066-1-smb neutron-server[103952]: DEBUG neutron.notifiers.nova [-] Sending events: [{'name': 'network-changed', 'server_uuid': '1016facb-924e-47a8-a1ab-701384897d9b', 'tag': '2af15147-d641-45d8-8479-e8e20ce7ffe0'}] {{(pid=103952) send_events /opt/stack/neutron/neutron/notifiers/nova.py:271}}
Mar 31 19:12:40.690622 dv-cinder-836066-1-smb neutron-server[103952]: DEBUG novaclient.v2.client [-] REQ: curl -g -i --cacert "/opt/stack/data/ca-bundle.pem" -X POST http://10.222.0.79/compute/v2.1/os-server-external-events -H "Accept: application/json" -H "Content-Type: application/json" -H "User-Agent: python-novaclient" -H "X-Auth-Token: {SHA256}ed308a5ea257f8be4932ddf4b41999e49634e06d83ff9a0a9b15c0b55e566f51" -H "X-OpenStack-Nova-API-Version: 2.1" -H "X-OpenStack-Request-ID: req-762d9494-c6d2-4fd5-b23e-74fa549c905e" -d '{"events": [{"name": "network-changed", "server_uuid": "1016facb-924e-47a8-a1ab-701384897d9b", "tag": "2af15147-d641-45d8-8479-e8e20ce7ffe0"}]}' {{(pid=103952) _http_log_request /usr/local/lib/python3.8/dist-packages/keystoneauth1/session.py:519}}
Mar 31 19:12:40.773115 dv-cinder-836066-1-smb neutron-server[103952]: DEBUG neutron.pecan_wsgi.hooks.policy_enforcement [req-74aee41b-bfeb-42e7-be03-3add5d8174f5 req-0bbdd400-8782-44ab-93bc-0bb82d0bfb91 service neutron] Attributes excluded by policy engine: ['standard_attr_id'] {{(pid=103952) _exclude_attributes_by_policy /opt/stack/neutron/neutron/pecan_wsgi/hooks/policy_enforcement.py:255}}
Mar 31 19:12:40.774944 dv-cinder-836066-1-smb neutron-server[103952]: INFO neutron.wsgi [req-74aee41b-bfeb-42e7-be03-3add5d8174f5 req-0bbdd400-8782-44ab-93bc-0bb82d0bfb91 service neutron] 10.222.0.83 "GET /v2.0/ports?tenant_id=91fd8bdb318d414e8177730aab5ac410&device_id=399b7ecf-3e58-4238-a6cf-89fe73a24022 HTTP/1.1" status: 200 len: 1128 time: 0.4921150
Mar 31 19:12:40.777783 dv-cinder-836066-1-smb neutron-server[103952]: DEBUG neutron.api.rpc.handlers.resources_rpc [None req-6708c3f0-671c-4840-a781-ba60ecb7d953 admin admin] Pushing event updated for resources: {'Network': ['ID=15427613-cbe7-4932-929f-fe2e8032696e,revision_number=1']} {{(pid=103952) push /opt/stack/neutron/neutron/api/rpc/handlers/resources_rpc.py:237}}
Mar 31 19:12:40.808376 dv-cinder-836066-1-smb neutron-server[103953]: DEBUG neutron.plugins.ml2.rpc [None req-d57c640f-2ce4-4c3c-ad82-42a8791bb484 None None] Network 15427613-cbe7-4932-929f-fe2e8032696e details requested by agent ovs-agent-dv-cinder-836066-1-smb with host dv-cinder-836066-1-smb {{(pid=103953) get_network_details /opt/stack/neutron/neutron/plugins/ml2/rpc.py:248}}
Mar 31 19:12:40.819446 dv-cinder-836066-1-smb neutron-server[103952]: DEBUG neutron.pecan_wsgi.hooks.policy_enforcement [req-ff2adb9d-6ec9-4480-a7ea-303ce22a8526 req-7d93fc40-e042-4ea9-ac1e-235e2e6829bd service neutron] Attributes excluded by policy engine: ['standard_attr_id'] {{(pid=103952) _exclude_attributes_by_policy /opt/stack/neutron/neutron/pecan_wsgi/hooks/policy_enforcement.py:255}}
Mar 31 19:12:40.819905 dv-cinder-836066-1-smb neutron-server[103952]: INFO neutron.wsgi [req-ff2adb9d-6ec9-4480-a7ea-303ce22a8526 req-7d93fc40-e042-4ea9-ac1e-235e2e6829bd service neutron] 10.222.0.83 "GET /v2.0/ports?tenant_id=c744819855ac45d68f55b2f88c304cc5&device_id=1016facb-924e-47a8-a1ab-701384897d9b HTTP/1.1" status: 200 len: 1127 time: 0.5011857
Mar 31 19:12:40.853758 dv-cinder-836066-1-smb neutron-server[103951]: INFO neutron.wsgi [req-a2ec8adf-092d-4af7-8ee8-404e8f3982af req-5eb950bf-c381-46a4-962a-170df142c891 service neutron] 10.222.0.83 "GET /v2.0/networks/3f6ae6d3-c5f0-4fbe-b9ce-29387684c46c?fields=provider%3Aphysical_network&fields=provider%3Anetwork_type HTTP/1.1" status: 200 len: 281 time: 0.1671524
Mar 31 19:12:40.867028 dv-cinder-836066-1-smb neutron-server[103952]: INFO neutron.wsgi [None req-6708c3f0-671c-4840-a781-ba60ecb7d953 admin admin] 10.222.0.79 "POST /v2.0/networks HTTP/1.1" status: 201 len: 883 time: 2.6239269
Mar 31 19:12:40.868521 dv-cinder-836066-1-smb neutron-server[103951]: INFO neutron.wsgi [req-84ce6f0d-c5ad-4161-ab31-f4b77f7b153a req-45a9f564-e24f-4c58-b440-8ec77aaab86d tempest-AttachVolumeShelveTestJSON-386264580 tempest-AttachVolumeShelveTestJSON-386264580-project] 10.222.0.83 "POST /v2.0/ports HTTP/1.1" status: 201 len: 934 time: 2.3236477
Mar 31 19:12:40.869548 dv-cinder-836066-1-smb neutron-server[103951]: DEBUG neutron.wsgi [-] (103951) accepted ('10.222.0.79', 40494) {{(pid=103951) server /usr/local/lib/python3.8/dist-packages/eventlet/wsgi.py:1004}}
Mar 31 19:12:40.882495 dv-cinder-836066-1-smb neutron-server[103951]: DEBUG neutron.api.v2.base [None req-71b657ca-6e85-4b07-a20d-1792e2f3e654 admin admin] Request body: {'subnet': {'network_id': '15427613-cbe7-4932-929f-fe2e8032696e', 'cidr': '172.20.0.0/28', 'name': 'tempest-VolumesActionsTest-2077578165-subnet', 'tenant_id': '6e18066ac83249028d3a04cf1db7ef90', 'enable_dhcp': False, 'ip_version': 4}} {{(pid=103951) prepare_request_body /opt/stack/neutron/neutron/api/v2/base.py:729}}
Mar 31 19:12:40.899430 dv-cinder-836066-1-smb neutron-server[103951]: DEBUG neutron.api.v2.base [req-84ce6f0d-c5ad-4161-ab31-f4b77f7b153a req-7edd30d7-f1d6-4ad2-ba13-5fa43cd41143 service neutron] Request body: {'port': {'device_id': '4673fac8-4399-4029-8fa1-0d3ef2e77255', 'device_owner': 'compute:nova', 'binding:host_id': 'hv-cinder-83606'}} {{(pid=103951) prepare_request_body /opt/stack/neutron/neutron/api/v2/base.py:729}}
Mar 31 19:12:40.913847 dv-cinder-836066-1-smb neutron-server[103952]: INFO neutron.wsgi [req-ff2adb9d-6ec9-4480-a7ea-303ce22a8526 req-0a831451-fff3-4fc7-bfa6-b15b8495798f service neutron] 10.222.0.83 "GET /v2.0/floatingips?fixed_ip_address=172.20.0.6&port_id=2af15147-d641-45d8-8479-e8e20ce7ffe0 HTTP/1.1" status: 200 len: 217 time: 0.0538805
Mar 31 19:12:40.924281 dv-cinder-836066-1-smb neutron-server[103952]: DEBUG neutron.pecan_wsgi.hooks.policy_enforcement [req-fad6658e-3200-443b-aa70-1d1532ca74c1 req-32adaab5-3736-40f2-8c7b-c59b910389c0 tempest-ServerRescueNegativeTestJSON-413285632 tempest-ServerRescueNegativeTestJSON-413285632-project] Attributes excluded by policy engine: ['standard_attr_id', 'binding:profile', 'binding:host_id', 'binding:vif_type', 'binding:vif_details'] {{(pid=103952) _exclude_attributes_by_policy /opt/stack/neutron/neutron/pecan_wsgi/hooks/policy_enforcement.py:255}}
Mar 31 19:12:40.931650 dv-cinder-836066-1-smb neutron-server[103952]: INFO neutron.wsgi [req-fad6658e-3200-443b-aa70-1d1532ca74c1 req-32adaab5-3736-40f2-8c7b-c59b910389c0 tempest-ServerRescueNegativeTestJSON-413285632 tempest-ServerRescueNegativeTestJSON-413285632-project] 10.222.0.79 "GET /v2.0/ports?device_id=61001ff7-8402-49e2-81f6-fbc633f180a2 HTTP/1.1" status: 200 len: 943 time: 0.2446890
Mar 31 19:12:40.935939 dv-cinder-836066-1-smb neutron-server[103953]: DEBUG neutron.db.provisioning_blocks [None req-e983a223-0a97-4bc0-87e3-17c0f9bb114d None None] Provisioning complete for port 23ffadd9-6488-48b3-ad14-982e60b57372 triggered by entity DHCP. {{(pid=103953) provisioning_complete /opt/stack/neutron/neutron/db/provisioning_blocks.py:140}}
Mar 31 19:12:40.936136 dv-cinder-836066-1-smb neutron-server[103953]: DEBUG neutron_lib.callbacks.manager [None req-e983a223-0a97-4bc0-87e3-17c0f9bb114d None None] Publish callbacks ['neutron.plugins.ml2.plugin.Ml2Plugin._port_provisioned-1001173'] for port (23ffadd9-6488-48b3-ad14-982e60b57372), provisioning_complete {{(pid=103953) _notify_loop /usr/local/lib/python3.8/dist-packages/neutron_lib/callbacks/manager.py:176}}
Mar 31 19:12:41.000227 dv-cinder-836066-1-smb neutron-server[103953]: DEBUG neutron.plugins.ml2.plugin [None req-e983a223-0a97-4bc0-87e3-17c0f9bb114d None None] Port 23ffadd9-6488-48b3-ad14-982e60b57372 cannot update to ACTIVE because it is not bound. {{(pid=103953) _port_provisioned /opt/stack/neutron/neutron/plugins/ml2/plugin.py:343}}
Mar 31 19:12:41.007811 dv-cinder-836066-1-smb neutron-server[103951]: INFO neutron.wsgi [req-216833da-d667-412e-9779-fda31c73dab5 req-18bfae89-aa4e-464c-85e0-0df5d019ee36 tempest-AttachVolumeShelveTestJSON-386264580 tempest-AttachVolumeShelveTestJSON-386264580-project] 10.222.0.79 "GET /v2.0/security-groups?id=bc8f537e-b549-4e8f-9248-18377d7c926d&fields=id&fields=name HTTP/1.1" status: 200 len: 312 time: 0.3238010
Mar 31 19:12:41.019637 dv-cinder-836066-1-smb neutron-server[103951]: DEBUG neutron_lib.callbacks.manager [req-84ce6f0d-c5ad-4161-ab31-f4b77f7b153a req-7edd30d7-f1d6-4ad2-ba13-5fa43cd41143 service neutron] Publish callbacks ['neutron.plugins.ml2.plugin.SecurityGroupDbMixin._ensure_default_security_group_handler-988719'] for port (23ffadd9-6488-48b3-ad14-982e60b57372), before_update {{(pid=103951) _notify_loop /usr/local/lib/python3.8/dist-packages/neutron_lib/callbacks/manager.py:176}}
Mar 31 19:12:41.027418 dv-cinder-836066-1-smb neutron-server[103952]: DEBUG neutron_lib.callbacks.manager [None req-c65683c7-546b-4234-b76c-2129063582e7 admin admin] Publish callbacks ['neutron.plugins.ml2.ovo_rpc._ObjectChangeHandler.handle_event-1684432'] for security_group (ca1fcf1e-0624-4405-81e8-22554591f18b), after_delete {{(pid=103952) _notify_loop /usr/local/lib/python3.8/dist-packages/neutron_lib/callbacks/manager.py:176}}
Mar 31 19:12:41.030011 dv-cinder-836066-1-smb neutron-server[103952]: DEBUG neutron_lib.callbacks.manager [None req-c65683c7-546b-4234-b76c-2129063582e7 admin admin] Publish callbacks [] for security_group (None), before_response {{(pid=103952) _notify_loop /usr/local/lib/python3.8/dist-packages/neutron_lib/callbacks/manager.py:176}}
Mar 31 19:12:41.031124 dv-cinder-836066-1-smb neutron-server[103952]: INFO neutron.wsgi [None req-c65683c7-546b-4234-b76c-2129063582e7 admin admin] 10.222.0.79 "DELETE /v2.0/security-groups/ca1fcf1e-0624-4405-81e8-22554591f18b HTTP/1.1" status: 204 len: 168 time: 0.8891089
Mar 31 19:12:41.050823 dv-cinder-836066-1-smb neutron-server[103952]: DEBUG neutron.pecan_wsgi.hooks.policy_enforcement [req-74aee41b-bfeb-42e7-be03-3add5d8174f5 req-a4136139-ea7b-416c-ab75-42073c694a5b service neutron] Attributes excluded by policy engine: ['standard_attr_id', 'vlan_transparent'] {{(pid=103952) _exclude_attributes_by_policy /opt/stack/neutron/neutron/pecan_wsgi/hooks/policy_enforcement.py:255}}
Mar 31 19:12:41.052420 dv-cinder-836066-1-smb neutron-server[103952]: INFO neutron.wsgi [req-74aee41b-bfeb-42e7-be03-3add5d8174f5 req-a4136139-ea7b-416c-ab75-42073c694a5b service neutron] 10.222.0.83 "GET /v2.0/networks?id=3f6ae6d3-c5f0-4fbe-b9ce-29387684c46c HTTP/1.1" status: 200 len: 921 time: 0.2660527
Mar 31 19:12:41.058730 dv-cinder-836066-1-smb neutron-server[103952]: DEBUG neutron.api.rpc.handlers.resources_rpc [None req-c65683c7-546b-4234-b76c-2129063582e7 admin admin] Pushing event deleted for resources: {'SecurityGroup': ['ID=ca1fcf1e-0624-4405-81e8-22554591f18b,revision_number=None']} {{(pid=103952) push /opt/stack/neutron/neutron/api/rpc/handlers/resources_rpc.py:237}}
Mar 31 19:12:41.061520 dv-cinder-836066-1-smb neutron-server[103952]: DEBUG neutron.pecan_wsgi.hooks.policy_enforcement [req-ff2adb9d-6ec9-4480-a7ea-303ce22a8526 req-f80cdd23-6211-4bd9-b023-349e5c3bf049 service neutron] Attributes excluded by policy engine: ['standard_attr_id', 'shared', 'segment_id'] {{(pid=103952) _exclude_attributes_by_policy /opt/stack/neutron/neutron/pecan_wsgi/hooks/policy_enforcement.py:255}}
Mar 31 19:12:41.063250 dv-cinder-836066-1-smb neutron-server[103952]: INFO neutron.wsgi [req-ff2adb9d-6ec9-4480-a7ea-303ce22a8526 req-f80cdd23-6211-4bd9-b023-349e5c3bf049 service neutron] 10.222.0.83 "GET /v2.0/subnets?id=b0874957-528c-439f-9af7-562a25f25d3b HTTP/1.1" status: 200 len: 850 time: 0.1278644
Mar 31 19:12:41.100269 dv-cinder-836066-1-smb neutron-server[103952]: INFO neutron.wsgi [req-fad6658e-3200-443b-aa70-1d1532ca74c1 req-a5872202-e679-4d35-bfc4-4401d9946a3b tempest-ServerRescueNegativeTestJSON-413285632 tempest-ServerRescueNegativeTestJSON-413285632-project] 10.222.0.79 "GET /v2.0/security-groups?id=373a4633-3bfd-4969-a8d5-ee41620df7ee&fields=id&fields=name HTTP/1.1" status: 200 len: 286 time: 0.1677482
Mar 31 19:12:41.150118 dv-cinder-836066-1-smb neutron-server[103952]: DEBUG novaclient.v2.client [-] RESP: [200] Connection: close Content-Length: 179 Content-Type: application/json Date: Thu, 31 Mar 2022 19:12:40 GMT OpenStack-API-Version: compute 2.1 Server: Apache/2.4.41 (Ubuntu) Vary: OpenStack-API-Version,X-OpenStack-Nova-API-Version X-OpenStack-Nova-API-Version: 2.1 x-compute-request-id: req-490c0822-4014-400f-a7f0-53207e3448e4 x-openstack-request-id: req-490c0822-4014-400f-a7f0-53207e3448e4 {{(pid=103952) _http_log_response /usr/local/lib/python3.8/dist-packages/keystoneauth1/session.py:550}}
Mar 31 19:12:41.150413 dv-cinder-836066-1-smb neutron-server[103952]: DEBUG novaclient.v2.client [-] RESP BODY: {"events": [{"name": "network-changed", "server_uuid": "1016facb-924e-47a8-a1ab-701384897d9b", "tag": "2af15147-d641-45d8-8479-e8e20ce7ffe0", "status": "completed", "code": 200}]} {{(pid=103952) _http_log_response /usr/local/lib/python3.8/dist-packages/keystoneauth1/session.py:582}}
Mar 31 19:12:41.150665 dv-cinder-836066-1-smb neutron-server[103952]: DEBUG novaclient.v2.client [-] POST call to compute for http://10.222.0.79/compute/v2.1/os-server-external-events used request id req-490c0822-4014-400f-a7f0-53207e3448e4 {{(pid=103952) request /usr/local/lib/python3.8/dist-packages/keystoneauth1/session.py:954}}
Mar 31 19:12:41.151067 dv-cinder-836066-1-smb neutron-server[103952]: INFO neutron.notifiers.nova [-] Nova event matching ['req-490c0822-4014-400f-a7f0-53207e3448e4'] response: {'name': 'network-changed', 'server_uuid': '1016facb-924e-47a8-a1ab-701384897d9b', 'tag': '2af15147-d641-45d8-8479-e8e20ce7ffe0', 'status': 'completed', 'code': 200}
Mar 31 19:12:41.155171 dv-cinder-836066-1-smb neutron-server[103952]: INFO neutron.wsgi [req-74aee41b-bfeb-42e7-be03-3add5d8174f5 req-a132184a-2e05-4a10-8488-e1a388c8b011 service neutron] 10.222.0.83 "GET /v2.0/floatingips?fixed_ip_address=172.20.0.14&port_id=c3cea664-d402-4ec2-94ef-d5e1de8b78c2 HTTP/1.1" status: 200 len: 217 time: 0.0875428
Mar 31 19:12:41.214336 dv-cinder-836066-1-smb neutron-server[103952]: DEBUG neutron.pecan_wsgi.hooks.policy_enforcement [req-ff2adb9d-6ec9-4480-a7ea-303ce22a8526 req-27fcafc2-7b67-434b-955b-a2dd3f7a80ed service neutron] Attributes excluded by policy engine: ['standard_attr_id'] {{(pid=103952) _exclude_attributes_by_policy /opt/stack/neutron/neutron/pecan_wsgi/hooks/policy_enforcement.py:255}}
Mar 31 19:12:41.215972 dv-cinder-836066-1-smb neutron-server[103952]: INFO neutron.wsgi [req-ff2adb9d-6ec9-4480-a7ea-303ce22a8526 req-27fcafc2-7b67-434b-955b-a2dd3f7a80ed service neutron] 10.222.0.83 "GET /v2.0/ports?network_id=577b3bd3-2936-4269-9e4e-2dd90d13013a&device_owner=network%3Adhcp HTTP/1.1" status: 200 len: 1210 time: 0.1471622
Mar 31 19:12:41.219800 dv-cinder-836066-1-smb neutron-server[103952]: DEBUG neutron.pecan_wsgi.hooks.policy_enforcement [req-74aee41b-bfeb-42e7-be03-3add5d8174f5 req-924669d8-c787-4d75-87e2-4cc3310a9597 service neutron] Attributes excluded by policy engine: ['standard_attr_id', 'shared', 'segment_id'] {{(pid=103952) _exclude_attributes_by_policy /opt/stack/neutron/neutron/pecan_wsgi/hooks/policy_enforcement.py:255}}
Mar 31 19:12:41.222196 dv-cinder-836066-1-smb neutron-server[103952]: INFO neutron.wsgi [req-74aee41b-bfeb-42e7-be03-3add5d8174f5 req-924669d8-c787-4d75-87e2-4cc3310a9597 service neutron] 10.222.0.83 "GET /v2.0/subnets?id=a0d9b315-d132-493e-8fed-562969dfcf24 HTTP/1.1" status: 200 len: 858 time: 0.0610712
Mar 31 19:12:41.404761 dv-cinder-836066-1-smb neutron-server[103952]: INFO neutron.wsgi [req-ff2adb9d-6ec9-4480-a7ea-303ce22a8526 req-c73a3428-b0fa-44cc-a93d-f63ab17e2d43 service neutron] 10.222.0.83 "GET /v2.0/networks/577b3bd3-2936-4269-9e4e-2dd90d13013a?fields=segments HTTP/1.1" status: 200 len: 212 time: 0.1761901
Mar 31 19:12:41.412172 dv-cinder-836066-1-smb neutron-server[103952]: DEBUG neutron.pecan_wsgi.hooks.policy_enforcement [req-74aee41b-bfeb-42e7-be03-3add5d8174f5 req-1d4b1f45-b448-4844-9f53-214193fc0bfc service neutron] Attributes excluded by policy engine: ['standard_attr_id'] {{(pid=103952) _exclude_attributes_by_policy /opt/stack/neutron/neutron/pecan_wsgi/hooks/policy_enforcement.py:255}}
Mar 31 19:12:41.413629 dv-cinder-836066-1-smb neutron-server[103952]: INFO neutron.wsgi [req-74aee41b-bfeb-42e7-be03-3add5d8174f5 req-1d4b1f45-b448-4844-9f53-214193fc0bfc service neutron] 10.222.0.83 "GET /v2.0/ports?network_id=3f6ae6d3-c5f0-4fbe-b9ce-29387684c46c&device_owner=network%3Adhcp HTTP/1.1" status: 200 len: 1210 time: 0.1778662
Mar 31 19:12:41.429052 dv-cinder-836066-1-smb neutron-server[103952]: DEBUG neutron.pecan_wsgi.hooks.policy_enforcement [req-46c96c23-f9d1-48c4-8c78-14b097428c8b req-3a3ce8fc-b5b7-4706-878f-b2b73f3ea0ff tempest-AttachVolumeTestJSON-890074077 tempest-AttachVolumeTestJSON-890074077-project] Attributes excluded by policy engine: ['standard_attr_id', 'binding:profile', 'binding:host_id', 'binding:vif_type', 'binding:vif_details'] {{(pid=103952) _exclude_attributes_by_policy /opt/stack/neutron/neutron/pecan_wsgi/hooks/policy_enforcement.py:255}}
Mar 31 19:12:41.436792 dv-cinder-836066-1-smb neutron-server[103952]: INFO neutron.wsgi [req-46c96c23-f9d1-48c4-8c78-14b097428c8b req-3a3ce8fc-b5b7-4706-878f-b2b73f3ea0ff tempest-AttachVolumeTestJSON-890074077 tempest-AttachVolumeTestJSON-890074077-project] 10.222.0.79 "GET /v2.0/ports?device_id=1016facb-924e-47a8-a1ab-701384897d9b HTTP/1.1" status: 200 len: 943 time: 0.1357017
Mar 31 19:12:41.452092 dv-cinder-836066-1-smb neutron-server[103951]: DEBUG neutron.pecan_wsgi.hooks.quota_enforcement [None req-71b657ca-6e85-4b07-a20d-1792e2f3e654 admin admin] Made reservation on behalf of 6e18066ac83249028d3a04cf1db7ef90 for: {'subnet': 1} {{(pid=103951) before /opt/stack/neutron/neutron/pecan_wsgi/hooks/quota_enforcement.py:53}}
Mar 31 19:12:41.456065 dv-cinder-836066-1-smb neutron-server[103951]: DEBUG neutron_lib.callbacks.manager [None req-71b657ca-6e85-4b07-a20d-1792e2f3e654 admin admin] Publish callbacks ['neutron.services.segments.plugin.SegmentHostRoutes.host_routes_before_create-3371346'] for subnet (None), before_create {{(pid=103951) _notify_loop /usr/local/lib/python3.8/dist-packages/neutron_lib/callbacks/manager.py:176}}
Mar 31 19:12:41.470672 dv-cinder-836066-1-smb neutron-server[103951]: DEBUG neutron.pecan_wsgi.hooks.policy_enforcement [req-b1de246c-c918-4bfe-8b66-4bf8e59ff340 req-4d41ec97-0973-42f3-ab51-26a6e8b4daa3 service neutron] Attributes excluded by policy engine: ['standard_attr_id'] {{(pid=103951) _exclude_attributes_by_policy /opt/stack/neutron/neutron/pecan_wsgi/hooks/policy_enforcement.py:255}}
Mar 31 19:12:41.473386 dv-cinder-836066-1-smb neutron-server[103951]: INFO neutron.wsgi [req-b1de246c-c918-4bfe-8b66-4bf8e59ff340 req-4d41ec97-0973-42f3-ab51-26a6e8b4daa3 service neutron] 10.222.0.83 "GET /v2.0/ports?tenant_id=91fd8bdb318d414e8177730aab5ac410&device_id=61001ff7-8402-49e2-81f6-fbc633f180a2 HTTP/1.1" status: 200 len: 1127 time: 0.4557307
Mar 31 19:12:41.613653 dv-cinder-836066-1-smb neutron-server[103952]: INFO neutron.wsgi [req-46c96c23-f9d1-48c4-8c78-14b097428c8b req-88fc791a-1993-414d-b4eb-163f1ccfda88 tempest-AttachVolumeTestJSON-890074077 tempest-AttachVolumeTestJSON-890074077-project] 10.222.0.79 "GET /v2.0/security-groups?id=40e49b6f-6109-4f12-8cb1-a822bc3fb9f7&fields=id&fields=name HTTP/1.1" status: 200 len: 312 time: 0.1769443
Mar 31 19:12:41.651708 dv-cinder-836066-1-smb neutron-server[103952]: INFO neutron.wsgi [req-74aee41b-bfeb-42e7-be03-3add5d8174f5 req-810c42f4-e6ab-449b-bde7-9b9d970bcb96 service neutron] 10.222.0.83 "GET /v2.0/networks/3f6ae6d3-c5f0-4fbe-b9ce-29387684c46c?fields=segments HTTP/1.1" status: 200 len: 212 time: 0.2118263
Mar 31 19:12:41.652537 dv-cinder-836066-1-smb neutron-server[103952]: INFO neutron.wsgi [req-ff2adb9d-6ec9-4480-a7ea-303ce22a8526 req-e376ef56-3dce-43b4-90db-74a47a97298a service neutron] 10.222.0.83 "GET /v2.0/networks/577b3bd3-2936-4269-9e4e-2dd90d13013a?fields=provider%3Aphysical_network&fields=provider%3Anetwork_type HTTP/1.1" status: 200 len: 281 time: 0.2372987
Mar 31 19:12:41.759657 dv-cinder-836066-1-smb neutron-server[103952]: INFO neutron.wsgi [req-74aee41b-bfeb-42e7-be03-3add5d8174f5 req-45a4b5e4-6956-4733-ae32-df07d79585d7 service neutron] 10.222.0.83 "GET /v2.0/networks/3f6ae6d3-c5f0-4fbe-b9ce-29387684c46c?fields=provider%3Aphysical_network&fields=provider%3Anetwork_type HTTP/1.1" status: 200 len: 281 time: 0.0949032
Mar 31 19:12:41.807087 dv-cinder-836066-1-smb neutron-server[103951]: DEBUG neutron.pecan_wsgi.hooks.policy_enforcement [req-0536edd5-4275-4002-87b7-68a97007a29f req-205219ad-d36d-49a8-ba40-2e144646d46f tempest-DeleteServersTestJSON-748615383 tempest-DeleteServersTestJSON-748615383-project] Attributes excluded by policy engine: ['standard_attr_id', 'binding:profile', 'binding:host_id', 'binding:vif_type', 'binding:vif_details'] {{(pid=103951) _exclude_attributes_by_policy /opt/stack/neutron/neutron/pecan_wsgi/hooks/policy_enforcement.py:255}}
