Mar 31 15:40:12.812889 dv-cinder-836028-1-smb devstack@c-api.service[116797]: INFO cinder.api.openstack.wsgi [None req-0d4483f0-6ac1-4cae-ab33-2ccca29395a8 tempest-SnapshotMetadataTestJSON-1714880328 tempest-SnapshotMetadataTestJSON-1714880328-project] http://10.222.0.55/volume/v3/45d61278086d45f29fe821115a11069a/snapshots/4f49a4f3-9b09-4833-bd03-708194c1ea93 returned with HTTP 200
Mar 31 15:40:12.819645 dv-cinder-836028-1-smb devstack@c-api.service[116797]: [pid: 116797|app: 0|req: 79/166] 10.222.0.55 () {58 vars in 1330 bytes} [Thu Mar 31 15:40:12 2022] GET /volume/v3/45d61278086d45f29fe821115a11069a/snapshots/4f49a4f3-9b09-4833-bd03-708194c1ea93 => generated 443 bytes in 42 msecs (HTTP/1.1 200) 7 headers in 285 bytes (1 switches on core 0)
Mar 31 15:40:13.175971 dv-cinder-836028-1-smb devstack@c-api.service[116796]: DEBUG cinder.api.middleware.request_id [None req-5497b4bb-1aa3-4f1b-9846-1980ea54cb3c None None] RequestId filter calling following filter/app {{(pid=116796) _context_setter /opt/stack/cinder/cinder/api/middleware/request_id.py:62}}
Mar 31 15:40:13.493312 dv-cinder-836028-1-smb devstack@c-api.service[116796]: INFO cinder.api.openstack.wsgi [None req-5497b4bb-1aa3-4f1b-9846-1980ea54cb3c tempest-VolumeTypesExtraSpecsTest-351431378 tempest-VolumeTypesExtraSpecsTest-351431378-project-admin] POST http://10.222.0.55/volume/v3/866304ace9db4496854d55426b7e2c98/types
Mar 31 15:40:13.495799 dv-cinder-836028-1-smb devstack@c-api.service[116796]: DEBUG cinder.api.openstack.wsgi [None req-5497b4bb-1aa3-4f1b-9846-1980ea54cb3c tempest-VolumeTypesExtraSpecsTest-351431378 tempest-VolumeTypesExtraSpecsTest-351431378-project-admin] Action: 'create', calling method: _create, body: {"volume_type": {"name": "tempest-VolumeTypesExtraSpecsTest-volume-type-828107976"}} {{(pid=116796) _process_stack /opt/stack/cinder/cinder/api/openstack/wsgi.py:866}}
Mar 31 15:40:13.497784 dv-cinder-836028-1-smb devstack@c-api.service[116796]: /usr/local/lib/python3.8/dist-packages/oslo_context/context.py:100: DeprecationWarning: Policy enforcement is depending on the value of is_admin. This key is deprecated. Please update your policy file to use the standard policy values.
Mar 31 15:40:13.497784 dv-cinder-836028-1-smb devstack@c-api.service[116796]: warnings.warn('Policy enforcement is depending on the value of '
Mar 31 15:40:13.536881 dv-cinder-836028-1-smb devstack@c-api.service[116796]: INFO cinder.api.openstack.wsgi [None req-5497b4bb-1aa3-4f1b-9846-1980ea54cb3c tempest-VolumeTypesExtraSpecsTest-351431378 tempest-VolumeTypesExtraSpecsTest-351431378-project-admin] http://10.222.0.55/volume/v3/866304ace9db4496854d55426b7e2c98/types returned with HTTP 200
Mar 31 15:40:13.539499 dv-cinder-836028-1-smb devstack@c-api.service[116796]: [pid: 116796|app: 0|req: 88/167] 10.222.0.55 () {60 vars in 1228 bytes} [Thu Mar 31 15:40:13 2022] POST /volume/v3/866304ace9db4496854d55426b7e2c98/types => generated 230 bytes in 366 msecs (HTTP/1.1 200) 7 headers in 285 bytes (1 switches on core 0)
Mar 31 15:40:13.547227 dv-cinder-836028-1-smb devstack@c-api.service[116797]: DEBUG cinder.api.middleware.request_id [None req-c5e51636-2c8b-40d5-a2e6-9ffd38bffa6d None None] RequestId filter calling following filter/app {{(pid=116797) _context_setter /opt/stack/cinder/cinder/api/middleware/request_id.py:62}}
Mar 31 15:40:13.552824 dv-cinder-836028-1-smb devstack@c-api.service[116797]: INFO cinder.api.openstack.wsgi [None req-c5e51636-2c8b-40d5-a2e6-9ffd38bffa6d tempest-VolumeTypesExtraSpecsTest-351431378 tempest-VolumeTypesExtraSpecsTest-351431378-project-admin] POST http://10.222.0.55/volume/v3/866304ace9db4496854d55426b7e2c98/types/18a74400-61ac-4320-aedc-6d34393582d1/extra_specs
Mar 31 15:40:13.553556 dv-cinder-836028-1-smb devstack@c-api.service[116797]: DEBUG cinder.api.openstack.wsgi [None req-c5e51636-2c8b-40d5-a2e6-9ffd38bffa6d tempest-VolumeTypesExtraSpecsTest-351431378 tempest-VolumeTypesExtraSpecsTest-351431378-project-admin] Action: 'create', calling method: create, body: {"extra_specs": {"spec3": "val1"}} {{(pid=116797) _process_stack /opt/stack/cinder/cinder/api/openstack/wsgi.py:866}}
Mar 31 15:40:13.617380 dv-cinder-836028-1-smb devstack@c-api.service[116796]: DEBUG cinder.api.middleware.request_id [None req-10141959-c9cd-4ad2-a47d-c15ec0d6dd4f None None] RequestId filter calling following filter/app {{(pid=116796) _context_setter /opt/stack/cinder/cinder/api/middleware/request_id.py:62}}
Mar 31 15:40:13.621739 dv-cinder-836028-1-smb devstack@c-api.service[116796]: INFO cinder.api.openstack.wsgi [None req-10141959-c9cd-4ad2-a47d-c15ec0d6dd4f tempest-SnapshotsActionsTest-1282431523 tempest-SnapshotsActionsTest-1282431523-project] GET http://10.222.0.55/volume/v3/c3a7cf60c2604a1c954366703fd21865/volumes/272904cd-0e96-4f5f-a739-c373b9f4ebbb
Mar 31 15:40:13.622191 dv-cinder-836028-1-smb devstack@c-api.service[116796]: DEBUG cinder.api.openstack.wsgi [None req-10141959-c9cd-4ad2-a47d-c15ec0d6dd4f tempest-SnapshotsActionsTest-1282431523 tempest-SnapshotsActionsTest-1282431523-project] Empty body provided in request {{(pid=116796) get_body /opt/stack/cinder/cinder/api/openstack/wsgi.py:715}}
Mar 31 15:40:13.622645 dv-cinder-836028-1-smb devstack@c-api.service[116796]: DEBUG cinder.api.openstack.wsgi [None req-10141959-c9cd-4ad2-a47d-c15ec0d6dd4f tempest-SnapshotsActionsTest-1282431523 tempest-SnapshotsActionsTest-1282431523-project] Calling method 'show' {{(pid=116796) _process_stack /opt/stack/cinder/cinder/api/openstack/wsgi.py:868}}
Mar 31 15:40:13.631718 dv-cinder-836028-1-smb devstack@c-api.service[116797]: INFO cinder.api.openstack.wsgi [None req-c5e51636-2c8b-40d5-a2e6-9ffd38bffa6d tempest-VolumeTypesExtraSpecsTest-351431378 tempest-VolumeTypesExtraSpecsTest-351431378-project-admin] http://10.222.0.55/volume/v3/866304ace9db4496854d55426b7e2c98/types/18a74400-61ac-4320-aedc-6d34393582d1/extra_specs returned with HTTP 200
Mar 31 15:40:13.633128 dv-cinder-836028-1-smb devstack@c-api.service[116797]: [pid: 116797|app: 0|req: 80/168] 10.222.0.55 () {60 vars in 1375 bytes} [Thu Mar 31 15:40:13 2022] POST /volume/v3/866304ace9db4496854d55426b7e2c98/types/18a74400-61ac-4320-aedc-6d34393582d1/extra_specs => generated 34 bytes in 87 msecs (HTTP/1.1 200) 7 headers in 284 bytes (1 switches on core 0)
Mar 31 15:40:13.640734 dv-cinder-836028-1-smb devstack@c-api.service[116797]: DEBUG cinder.api.middleware.request_id [None req-0c9f36c2-fe6d-4c7b-8d80-23199ec74d84 None None] RequestId filter calling following filter/app {{(pid=116797) _context_setter /opt/stack/cinder/cinder/api/middleware/request_id.py:62}}
Mar 31 15:40:13.646408 dv-cinder-836028-1-smb devstack@c-api.service[116796]: /usr/local/lib/python3.8/dist-packages/oslo_context/context.py:100: DeprecationWarning: Policy enforcement is depending on the value of is_admin. This key is deprecated. Please update your policy file to use the standard policy values.
Mar 31 15:40:13.646408 dv-cinder-836028-1-smb devstack@c-api.service[116796]: warnings.warn('Policy enforcement is depending on the value of '
Mar 31 15:40:13.649200 dv-cinder-836028-1-smb devstack@c-api.service[116797]: INFO cinder.api.openstack.wsgi [None req-0c9f36c2-fe6d-4c7b-8d80-23199ec74d84 tempest-VolumeTypesExtraSpecsTest-351431378 tempest-VolumeTypesExtraSpecsTest-351431378-project-admin] GET http://10.222.0.55/volume/v3/866304ace9db4496854d55426b7e2c98/types/18a74400-61ac-4320-aedc-6d34393582d1/extra_specs/spec3
Mar 31 15:40:13.650028 dv-cinder-836028-1-smb devstack@c-api.service[116797]: DEBUG cinder.api.openstack.wsgi [None req-0c9f36c2-fe6d-4c7b-8d80-23199ec74d84 tempest-VolumeTypesExtraSpecsTest-351431378 tempest-VolumeTypesExtraSpecsTest-351431378-project-admin] Empty body provided in request {{(pid=116797) get_body /opt/stack/cinder/cinder/api/openstack/wsgi.py:715}}
Mar 31 15:40:13.650945 dv-cinder-836028-1-smb devstack@c-api.service[116797]: DEBUG cinder.api.openstack.wsgi [None req-0c9f36c2-fe6d-4c7b-8d80-23199ec74d84 tempest-VolumeTypesExtraSpecsTest-351431378 tempest-VolumeTypesExtraSpecsTest-351431378-project-admin] Calling method 'show' {{(pid=116797) _process_stack /opt/stack/cinder/cinder/api/openstack/wsgi.py:868}}
Mar 31 15:40:13.666958 dv-cinder-836028-1-smb devstack@c-api.service[116797]: INFO cinder.api.openstack.wsgi [None req-0c9f36c2-fe6d-4c7b-8d80-23199ec74d84 tempest-VolumeTypesExtraSpecsTest-351431378 tempest-VolumeTypesExtraSpecsTest-351431378-project-admin] http://10.222.0.55/volume/v3/866304ace9db4496854d55426b7e2c98/types/18a74400-61ac-4320-aedc-6d34393582d1/extra_specs/spec3 returned with HTTP 200
Mar 31 15:40:13.667253 dv-cinder-836028-1-smb devstack@c-api.service[116796]: INFO cinder.volume.api [None req-10141959-c9cd-4ad2-a47d-c15ec0d6dd4f tempest-SnapshotsActionsTest-1282431523 tempest-SnapshotsActionsTest-1282431523-project] Volume info retrieved successfully.
Mar 31 15:40:13.667821 dv-cinder-836028-1-smb devstack@c-api.service[116797]: [pid: 116797|app: 0|req: 81/169] 10.222.0.55 () {58 vars in 1372 bytes} [Thu Mar 31 15:40:13 2022] GET /volume/v3/866304ace9db4496854d55426b7e2c98/types/18a74400-61ac-4320-aedc-6d34393582d1/extra_specs/spec3 => generated 17 bytes in 30 msecs (HTTP/1.1 200) 7 headers in 284 bytes (1 switches on core 0)
Mar 31 15:40:13.672989 dv-cinder-836028-1-smb devstack@c-api.service[116797]: DEBUG cinder.api.middleware.request_id [None req-d3dce9bd-9f11-49b4-b4e2-9bf20aeb7578 None None] RequestId filter calling following filter/app {{(pid=116797) _context_setter /opt/stack/cinder/cinder/api/middleware/request_id.py:62}}
Mar 31 15:40:13.679779 dv-cinder-836028-1-smb devstack@c-api.service[116796]: INFO cinder.api.openstack.wsgi [None req-10141959-c9cd-4ad2-a47d-c15ec0d6dd4f tempest-SnapshotsActionsTest-1282431523 tempest-SnapshotsActionsTest-1282431523-project] http://10.222.0.55/volume/v3/c3a7cf60c2604a1c954366703fd21865/volumes/272904cd-0e96-4f5f-a739-c373b9f4ebbb returned with HTTP 200
Mar 31 15:40:13.680736 dv-cinder-836028-1-smb devstack@c-api.service[116796]: [pid: 116796|app: 0|req: 89/170] 10.222.0.55 () {58 vars in 1324 bytes} [Thu Mar 31 15:40:13 2022] GET /volume/v3/c3a7cf60c2604a1c954366703fd21865/volumes/272904cd-0e96-4f5f-a739-c373b9f4ebbb => generated 913 bytes in 65 msecs (HTTP/1.1 200) 7 headers in 285 bytes (2 switches on core 0)
Mar 31 15:40:13.687381 dv-cinder-836028-1-smb devstack@c-api.service[116797]: INFO cinder.api.openstack.wsgi [None req-d3dce9bd-9f11-49b4-b4e2-9bf20aeb7578 tempest-VolumeTypesExtraSpecsTest-351431378 tempest-VolumeTypesExtraSpecsTest-351431378-project-admin] DELETE http://10.222.0.55/volume/v3/866304ace9db4496854d55426b7e2c98/types/18a74400-61ac-4320-aedc-6d34393582d1/extra_specs/spec3
Mar 31 15:40:13.687971 dv-cinder-836028-1-smb devstack@c-api.service[116797]: DEBUG cinder.api.openstack.wsgi [None req-d3dce9bd-9f11-49b4-b4e2-9bf20aeb7578 tempest-VolumeTypesExtraSpecsTest-351431378 tempest-VolumeTypesExtraSpecsTest-351431378-project-admin] Empty body provided in request {{(pid=116797) get_body /opt/stack/cinder/cinder/api/openstack/wsgi.py:715}}
Mar 31 15:40:13.688493 dv-cinder-836028-1-smb devstack@c-api.service[116797]: DEBUG cinder.api.openstack.wsgi [None req-d3dce9bd-9f11-49b4-b4e2-9bf20aeb7578 tempest-VolumeTypesExtraSpecsTest-351431378 tempest-VolumeTypesExtraSpecsTest-351431378-project-admin] Calling method 'delete' {{(pid=116797) _process_stack /opt/stack/cinder/cinder/api/openstack/wsgi.py:868}}
Mar 31 15:40:13.698292 dv-cinder-836028-1-smb devstack@c-api.service[116796]: DEBUG cinder.api.middleware.request_id [None req-5a05488d-7bb7-4594-bd1b-bcc09546ccdb None None] RequestId filter calling following filter/app {{(pid=116796) _context_setter /opt/stack/cinder/cinder/api/middleware/request_id.py:62}}
Mar 31 15:40:13.702952 dv-cinder-836028-1-smb devstack@c-api.service[116796]: INFO cinder.api.openstack.wsgi [None req-5a05488d-7bb7-4594-bd1b-bcc09546ccdb tempest-SnapshotsActionsTest-1282431523 tempest-SnapshotsActionsTest-1282431523-project] POST http://10.222.0.55/volume/v3/c3a7cf60c2604a1c954366703fd21865/snapshots
Mar 31 15:40:13.708553 dv-cinder-836028-1-smb devstack@c-api.service[116796]: DEBUG cinder.api.openstack.wsgi [None req-5a05488d-7bb7-4594-bd1b-bcc09546ccdb tempest-SnapshotsActionsTest-1282431523 tempest-SnapshotsActionsTest-1282431523-project] Action: 'create', calling method: create, body: {"snapshot": {"volume_id": "272904cd-0e96-4f5f-a739-c373b9f4ebbb", "name": "tempest-SnapshotsActionsTest-Snapshot-484029302"}} {{(pid=116796) _process_stack /opt/stack/cinder/cinder/api/openstack/wsgi.py:866}}
Mar 31 15:40:13.744436 dv-cinder-836028-1-smb devstack@c-api.service[116797]: INFO cinder.api.openstack.wsgi [None req-d3dce9bd-9f11-49b4-b4e2-9bf20aeb7578 tempest-VolumeTypesExtraSpecsTest-351431378 tempest-VolumeTypesExtraSpecsTest-351431378-project-admin] http://10.222.0.55/volume/v3/866304ace9db4496854d55426b7e2c98/types/18a74400-61ac-4320-aedc-6d34393582d1/extra_specs/spec3 returned with HTTP 202
Mar 31 15:40:13.753893 dv-cinder-836028-1-smb devstack@c-api.service[116797]: [pid: 116797|app: 0|req: 82/171] 10.222.0.55 () {58 vars in 1375 bytes} [Thu Mar 31 15:40:13 2022] DELETE /volume/v3/866304ace9db4496854d55426b7e2c98/types/18a74400-61ac-4320-aedc-6d34393582d1/extra_specs/spec3 => generated 0 bytes in 82 msecs (HTTP/1.1 202) 7 headers in 289 bytes (1 switches on core 0)
Mar 31 15:40:13.754068 dv-cinder-836028-1-smb devstack@c-api.service[116796]: /usr/local/lib/python3.8/dist-packages/oslo_context/context.py:100: DeprecationWarning: Policy enforcement is depending on the value of is_admin. This key is deprecated. Please update your policy file to use the standard policy values.
Mar 31 15:40:13.754068 dv-cinder-836028-1-smb devstack@c-api.service[116796]: warnings.warn('Policy enforcement is depending on the value of '
Mar 31 15:40:13.756411 dv-cinder-836028-1-smb devstack@c-api.service[116796]: INFO cinder.volume.api [None req-5a05488d-7bb7-4594-bd1b-bcc09546ccdb tempest-SnapshotsActionsTest-1282431523 tempest-SnapshotsActionsTest-1282431523-project] Volume info retrieved successfully.
Mar 31 15:40:13.758156 dv-cinder-836028-1-smb devstack@c-api.service[116797]: DEBUG cinder.api.middleware.request_id [None req-3b7b5d96-ad6a-47fc-beb0-c5b310163417 None None] RequestId filter calling following filter/app {{(pid=116797) _context_setter /opt/stack/cinder/cinder/api/middleware/request_id.py:62}}
Mar 31 15:40:13.758924 dv-cinder-836028-1-smb devstack@c-api.service[116796]: INFO cinder.api.v3.snapshots [None req-5a05488d-7bb7-4594-bd1b-bcc09546ccdb tempest-SnapshotsActionsTest-1282431523 tempest-SnapshotsActionsTest-1282431523-project] Create snapshot from volume 272904cd-0e96-4f5f-a739-c373b9f4ebbb
Mar 31 15:40:13.766383 dv-cinder-836028-1-smb devstack@c-api.service[116797]: INFO cinder.api.openstack.wsgi [None req-3b7b5d96-ad6a-47fc-beb0-c5b310163417 tempest-VolumeTypesExtraSpecsTest-351431378 tempest-VolumeTypesExtraSpecsTest-351431378-project-admin] GET http://10.222.0.55/volume/v3/866304ace9db4496854d55426b7e2c98/types/18a74400-61ac-4320-aedc-6d34393582d1/extra_specs/spec3
Mar 31 15:40:13.767516 dv-cinder-836028-1-smb devstack@c-api.service[116797]: DEBUG cinder.api.openstack.wsgi [None req-3b7b5d96-ad6a-47fc-beb0-c5b310163417 tempest-VolumeTypesExtraSpecsTest-351431378 tempest-VolumeTypesExtraSpecsTest-351431378-project-admin] Empty body provided in request {{(pid=116797) get_body /opt/stack/cinder/cinder/api/openstack/wsgi.py:715}}
Mar 31 15:40:13.768102 dv-cinder-836028-1-smb devstack@c-api.service[116797]: DEBUG cinder.api.openstack.wsgi [None req-3b7b5d96-ad6a-47fc-beb0-c5b310163417 tempest-VolumeTypesExtraSpecsTest-351431378 tempest-VolumeTypesExtraSpecsTest-351431378-project-admin] Calling method 'show' {{(pid=116797) _process_stack /opt/stack/cinder/cinder/api/openstack/wsgi.py:868}}
Mar 31 15:40:13.786553 dv-cinder-836028-1-smb devstack@c-api.service[116797]: INFO cinder.api.openstack.wsgi [None req-3b7b5d96-ad6a-47fc-beb0-c5b310163417 tempest-VolumeTypesExtraSpecsTest-351431378 tempest-VolumeTypesExtraSpecsTest-351431378-project-admin] http://10.222.0.55/volume/v3/866304ace9db4496854d55426b7e2c98/types/18a74400-61ac-4320-aedc-6d34393582d1/extra_specs/spec3 returned with HTTP 404
Mar 31 15:40:13.788088 dv-cinder-836028-1-smb devstack@c-api.service[116797]: [pid: 116797|app: 0|req: 83/172] 10.222.0.55 () {58 vars in 1372 bytes} [Thu Mar 31 15:40:13 2022] GET /volume/v3/866304ace9db4496854d55426b7e2c98/types/18a74400-61ac-4320-aedc-6d34393582d1/extra_specs/spec3 => generated 129 bytes in 31 msecs (HTTP/1.1 404) 7 headers in 292 bytes (1 switches on core 0)
Mar 31 15:40:13.794853 dv-cinder-836028-1-smb devstack@c-api.service[116797]: DEBUG cinder.api.middleware.request_id [None req-9f890133-64c0-4e84-ae8d-087b89eb58d3 None None] RequestId filter calling following filter/app {{(pid=116797) _context_setter /opt/stack/cinder/cinder/api/middleware/request_id.py:62}}
Mar 31 15:40:13.806185 dv-cinder-836028-1-smb devstack@c-api.service[116797]: INFO cinder.api.openstack.wsgi [None req-9f890133-64c0-4e84-ae8d-087b89eb58d3 tempest-VolumeTypesExtraSpecsTest-351431378 tempest-VolumeTypesExtraSpecsTest-351431378-project-admin] POST http://10.222.0.55/volume/v3/866304ace9db4496854d55426b7e2c98/types/18a74400-61ac-4320-aedc-6d34393582d1/extra_specs
Mar 31 15:40:13.808659 dv-cinder-836028-1-smb devstack@c-api.service[116797]: DEBUG cinder.api.openstack.wsgi [None req-9f890133-64c0-4e84-ae8d-087b89eb58d3 tempest-VolumeTypesExtraSpecsTest-351431378 tempest-VolumeTypesExtraSpecsTest-351431378-project-admin] Action: 'create', calling method: create, body: {"extra_specs": {"spec1": "val1"}} {{(pid=116797) _process_stack /opt/stack/cinder/cinder/api/openstack/wsgi.py:866}}
Mar 31 15:40:13.883514 dv-cinder-836028-1-smb devstack@c-api.service[116797]: INFO cinder.api.openstack.wsgi [None req-9f890133-64c0-4e84-ae8d-087b89eb58d3 tempest-VolumeTypesExtraSpecsTest-351431378 tempest-VolumeTypesExtraSpecsTest-351431378-project-admin] http://10.222.0.55/volume/v3/866304ace9db4496854d55426b7e2c98/types/18a74400-61ac-4320-aedc-6d34393582d1/extra_specs returned with HTTP 200
Mar 31 15:40:13.885648 dv-cinder-836028-1-smb devstack@c-api.service[116797]: [pid: 116797|app: 0|req: 84/173] 10.222.0.55 () {60 vars in 1375 bytes} [Thu Mar 31 15:40:13 2022] POST /volume/v3/866304ace9db4496854d55426b7e2c98/types/18a74400-61ac-4320-aedc-6d34393582d1/extra_specs => generated 34 bytes in 92 msecs (HTTP/1.1 200) 7 headers in 284 bytes (1 switches on core 0)
Mar 31 15:40:13.887371 dv-cinder-836028-1-smb devstack@c-api.service[116797]: DEBUG cinder.api.middleware.request_id [None req-a0f1814c-63e7-40c7-869c-cd12522ebb05 None None] RequestId filter calling following filter/app {{(pid=116797) _context_setter /opt/stack/cinder/cinder/api/middleware/request_id.py:62}}
Mar 31 15:40:13.892084 dv-cinder-836028-1-smb devstack@c-api.service[116797]: INFO cinder.api.openstack.wsgi [None req-a0f1814c-63e7-40c7-869c-cd12522ebb05 tempest-SnapshotMetadataTestJSON-1714880328 tempest-SnapshotMetadataTestJSON-1714880328-project] GET http://10.222.0.55/volume/v3/45d61278086d45f29fe821115a11069a/snapshots/4f49a4f3-9b09-4833-bd03-708194c1ea93
Mar 31 15:40:13.893913 dv-cinder-836028-1-smb devstack@c-api.service[116797]: DEBUG cinder.api.openstack.wsgi [None req-a0f1814c-63e7-40c7-869c-cd12522ebb05 tempest-SnapshotMetadataTestJSON-1714880328 tempest-SnapshotMetadataTestJSON-1714880328-project] Empty body provided in request {{(pid=116797) get_body /opt/stack/cinder/cinder/api/openstack/wsgi.py:715}}
Mar 31 15:40:13.896865 dv-cinder-836028-1-smb devstack@c-api.service[116797]: DEBUG cinder.api.openstack.wsgi [None req-a0f1814c-63e7-40c7-869c-cd12522ebb05 tempest-SnapshotMetadataTestJSON-1714880328 tempest-SnapshotMetadataTestJSON-1714880328-project] Calling method 'show' {{(pid=116797) _process_stack /opt/stack/cinder/cinder/api/openstack/wsgi.py:868}}
Mar 31 15:40:13.900342 dv-cinder-836028-1-smb devstack@c-api.service[116796]: DEBUG cinder.quota [None req-5a05488d-7bb7-4594-bd1b-bcc09546ccdb tempest-SnapshotsActionsTest-1282431523 tempest-SnapshotsActionsTest-1282431523-project] Created reservations ['0893a839-6575-45da-abe5-b08bf70c50bf', '6f15f276-23ab-4b50-8547-07d3dd4fb0de', 'a77627b8-7d4d-4c88-9a9e-1f7dc3f515f2', '27d6c3e9-433f-4f88-8212-7eb982c54b05'] {{(pid=116796) reserve /opt/stack/cinder/cinder/quota.py:755}}
Mar 31 15:40:13.908144 dv-cinder-836028-1-smb devstack@c-api.service[116797]: /usr/local/lib/python3.8/dist-packages/oslo_context/context.py:100: DeprecationWarning: Policy enforcement is depending on the value of is_admin. This key is deprecated. Please update your policy file to use the standard policy values.
Mar 31 15:40:13.908144 dv-cinder-836028-1-smb devstack@c-api.service[116797]: warnings.warn('Policy enforcement is depending on the value of '
Mar 31 15:40:13.909423 dv-cinder-836028-1-smb devstack@c-api.service[116797]: INFO cinder.volume.api [None req-a0f1814c-63e7-40c7-869c-cd12522ebb05 tempest-SnapshotMetadataTestJSON-1714880328 tempest-SnapshotMetadataTestJSON-1714880328-project] Snapshot retrieved successfully.
Mar 31 15:40:13.912383 dv-cinder-836028-1-smb devstack@c-api.service[116797]: INFO cinder.api.openstack.wsgi [None req-a0f1814c-63e7-40c7-869c-cd12522ebb05 tempest-SnapshotMetadataTestJSON-1714880328 tempest-SnapshotMetadataTestJSON-1714880328-project] http://10.222.0.55/volume/v3/45d61278086d45f29fe821115a11069a/snapshots/4f49a4f3-9b09-4833-bd03-708194c1ea93 returned with HTTP 200
Mar 31 15:40:13.916973 dv-cinder-836028-1-smb devstack@c-api.service[116797]: [pid: 116797|app: 0|req: 85/174] 10.222.0.55 () {58 vars in 1330 bytes} [Thu Mar 31 15:40:13 2022] GET /volume/v3/45d61278086d45f29fe821115a11069a/snapshots/4f49a4f3-9b09-4833-bd03-708194c1ea93 => generated 536 bytes in 31 msecs (HTTP/1.1 200) 7 headers in 285 bytes (1 switches on core 0)
Mar 31 15:40:13.921176 dv-cinder-836028-1-smb devstack@c-api.service[116797]: DEBUG cinder.api.middleware.request_id [None req-e7a8751d-88bb-47fb-8d7a-965b6a36c067 None None] RequestId filter calling following filter/app {{(pid=116797) _context_setter /opt/stack/cinder/cinder/api/middleware/request_id.py:62}}
Mar 31 15:40:13.983714 dv-cinder-836028-1-smb devstack@c-api.service[116796]: INFO cinder.volume.api [None req-5a05488d-7bb7-4594-bd1b-bcc09546ccdb tempest-SnapshotsActionsTest-1282431523 tempest-SnapshotsActionsTest-1282431523-project] Snapshot create request issued successfully.
Mar 31 15:40:13.984486 dv-cinder-836028-1-smb devstack@c-api.service[116796]: INFO cinder.api.openstack.wsgi [None req-5a05488d-7bb7-4594-bd1b-bcc09546ccdb tempest-SnapshotsActionsTest-1282431523 tempest-SnapshotsActionsTest-1282431523-project] http://10.222.0.55/volume/v3/c3a7cf60c2604a1c954366703fd21865/snapshots returned with HTTP 202
Mar 31 15:40:13.985881 dv-cinder-836028-1-smb devstack@c-api.service[116796]: [pid: 116796|app: 0|req: 90/175] 10.222.0.55 () {60 vars in 1241 bytes} [Thu Mar 31 15:40:13 2022] POST /volume/v3/c3a7cf60c2604a1c954366703fd21865/snapshots => generated 306 bytes in 293 msecs (HTTP/1.1 202) 7 headers in 291 bytes (1 switches on core 0)
Mar 31 15:40:13.987610 dv-cinder-836028-1-smb devstack@c-api.service[116796]: DEBUG cinder.api.middleware.request_id [None req-eeeae498-981f-4384-aafc-6917147e71e8 None None] RequestId filter calling following filter/app {{(pid=116796) _context_setter /opt/stack/cinder/cinder/api/middleware/request_id.py:62}}
Mar 31 15:40:13.994248 dv-cinder-836028-1-smb devstack@c-api.service[116796]: INFO cinder.api.openstack.wsgi [None req-eeeae498-981f-4384-aafc-6917147e71e8 tempest-VolumeTypesExtraSpecsTest-351431378 tempest-VolumeTypesExtraSpecsTest-351431378-project-admin] GET http://10.222.0.55/volume/v3/866304ace9db4496854d55426b7e2c98/types/18a74400-61ac-4320-aedc-6d34393582d1/extra_specs
Mar 31 15:40:13.994711 dv-cinder-836028-1-smb devstack@c-api.service[116796]: DEBUG cinder.api.openstack.wsgi [None req-eeeae498-981f-4384-aafc-6917147e71e8 tempest-VolumeTypesExtraSpecsTest-351431378 tempest-VolumeTypesExtraSpecsTest-351431378-project-admin] Empty body provided in request {{(pid=116796) get_body /opt/stack/cinder/cinder/api/openstack/wsgi.py:715}}
Mar 31 15:40:13.995177 dv-cinder-836028-1-smb devstack@c-api.service[116796]: DEBUG cinder.api.openstack.wsgi [None req-eeeae498-981f-4384-aafc-6917147e71e8 tempest-VolumeTypesExtraSpecsTest-351431378 tempest-VolumeTypesExtraSpecsTest-351431378-project-admin] Calling method 'index' {{(pid=116796) _process_stack /opt/stack/cinder/cinder/api/openstack/wsgi.py:868}}
Mar 31 15:40:13.996182 dv-cinder-836028-1-smb devstack@c-api.service[116796]: /usr/local/lib/python3.8/dist-packages/oslo_context/context.py:100: DeprecationWarning: Policy enforcement is depending on the value of is_admin. This key is deprecated. Please update your policy file to use the standard policy values.
Mar 31 15:40:13.996182 dv-cinder-836028-1-smb devstack@c-api.service[116796]: warnings.warn('Policy enforcement is depending on the value of '
Mar 31 15:40:14.011517 dv-cinder-836028-1-smb devstack@c-api.service[116796]: INFO cinder.api.openstack.wsgi [None req-eeeae498-981f-4384-aafc-6917147e71e8 tempest-VolumeTypesExtraSpecsTest-351431378 tempest-VolumeTypesExtraSpecsTest-351431378-project-admin] http://10.222.0.55/volume/v3/866304ace9db4496854d55426b7e2c98/types/18a74400-61ac-4320-aedc-6d34393582d1/extra_specs returned with HTTP 200
Mar 31 15:40:14.012554 dv-cinder-836028-1-smb devstack@c-api.service[116796]: [pid: 116796|app: 0|req: 91/176] 10.222.0.55 () {58 vars in 1354 bytes} [Thu Mar 31 15:40:13 2022] GET /volume/v3/866304ace9db4496854d55426b7e2c98/types/18a74400-61ac-4320-aedc-6d34393582d1/extra_specs => generated 34 bytes in 26 msecs (HTTP/1.1 200) 7 headers in 284 bytes (1 switches on core 0)
Mar 31 15:40:14.020650 dv-cinder-836028-1-smb devstack@c-api.service[116796]: DEBUG cinder.api.middleware.request_id [None req-6661bc2a-fffb-4be3-860c-a84afe1df4f4 None None] RequestId filter calling following filter/app {{(pid=116796) _context_setter /opt/stack/cinder/cinder/api/middleware/request_id.py:62}}
Mar 31 15:40:14.025798 dv-cinder-836028-1-smb devstack@c-api.service[116796]: INFO cinder.api.openstack.wsgi [None req-6661bc2a-fffb-4be3-860c-a84afe1df4f4 tempest-SnapshotMetadataTestJSON-1714880328 tempest-SnapshotMetadataTestJSON-1714880328-project] POST http://10.222.0.55/volume/v3/45d61278086d45f29fe821115a11069a/snapshots/4f49a4f3-9b09-4833-bd03-708194c1ea93/metadata
Mar 31 15:40:14.027196 dv-cinder-836028-1-smb devstack@c-api.service[116796]: DEBUG cinder.api.openstack.wsgi [None req-6661bc2a-fffb-4be3-860c-a84afe1df4f4 tempest-SnapshotMetadataTestJSON-1714880328 tempest-SnapshotMetadataTestJSON-1714880328-project] Action: 'create', calling method: create, body: {"metadata": {"key1": "value1", "key2": "value2", "key3": "value3"}} {{(pid=116796) _process_stack /opt/stack/cinder/cinder/api/openstack/wsgi.py:866}}
Mar 31 15:40:14.041970 dv-cinder-836028-1-smb devstack@c-api.service[116796]: /usr/local/lib/python3.8/dist-packages/oslo_context/context.py:100: DeprecationWarning: Policy enforcement is depending on the value of is_admin. This key is deprecated. Please update your policy file to use the standard policy values.
Mar 31 15:40:14.041970 dv-cinder-836028-1-smb devstack@c-api.service[116796]: warnings.warn('Policy enforcement is depending on the value of '
Mar 31 15:40:14.044132 dv-cinder-836028-1-smb devstack@c-api.service[116796]: INFO cinder.volume.api [None req-6661bc2a-fffb-4be3-860c-a84afe1df4f4 tempest-SnapshotMetadataTestJSON-1714880328 tempest-SnapshotMetadataTestJSON-1714880328-project] Snapshot retrieved successfully.
Mar 31 15:40:14.126171 dv-cinder-836028-1-smb devstack@c-api.service[116796]: INFO cinder.volume.api [None req-6661bc2a-fffb-4be3-860c-a84afe1df4f4 tempest-SnapshotMetadataTestJSON-1714880328 tempest-SnapshotMetadataTestJSON-1714880328-project] Update snapshot metadata completed successfully.
Mar 31 15:40:14.127136 dv-cinder-836028-1-smb devstack@c-api.service[116796]: INFO cinder.api.openstack.wsgi [None req-6661bc2a-fffb-4be3-860c-a84afe1df4f4 tempest-SnapshotMetadataTestJSON-1714880328 tempest-SnapshotMetadataTestJSON-1714880328-project] http://10.222.0.55/volume/v3/45d61278086d45f29fe821115a11069a/snapshots/4f49a4f3-9b09-4833-bd03-708194c1ea93/metadata returned with HTTP 200
Mar 31 15:40:14.133159 dv-cinder-836028-1-smb devstack@c-api.service[116796]: [pid: 116796|app: 0|req: 92/177] 10.222.0.55 () {60 vars in 1378 bytes} [Thu Mar 31 15:40:14 2022] POST /volume/v3/45d61278086d45f29fe821115a11069a/snapshots/4f49a4f3-9b09-4833-bd03-708194c1ea93/metadata => generated 136 bytes in 120 msecs (HTTP/1.1 200) 7 headers in 285 bytes (1 switches on core 0)
Mar 31 15:40:14.135197 dv-cinder-836028-1-smb devstack@c-api.service[116796]: DEBUG cinder.api.middleware.request_id [None req-2e94da45-315b-4037-97b2-da81c7ca0ce2 None None] RequestId filter calling following filter/app {{(pid=116796) _context_setter /opt/stack/cinder/cinder/api/middleware/request_id.py:62}}
Mar 31 15:40:14.140112 dv-cinder-836028-1-smb devstack@c-api.service[116796]: INFO cinder.api.openstack.wsgi [None req-2e94da45-315b-4037-97b2-da81c7ca0ce2 tempest-SnapshotsActionsTest-1282431523 tempest-SnapshotsActionsTest-1282431523-project] GET http://10.222.0.55/volume/v3/c3a7cf60c2604a1c954366703fd21865/snapshots/b54b5ea0-bfcc-4d8c-8a89-0b864c2b48ab
Mar 31 15:40:14.140595 dv-cinder-836028-1-smb devstack@c-api.service[116797]: INFO cinder.api.openstack.wsgi [None req-e7a8751d-88bb-47fb-8d7a-965b6a36c067 tempest-AvailabilityZoneTestJSON-303466157 tempest-AvailabilityZoneTestJSON-303466157-project] GET http://10.222.0.55/volume/v3/67e6d25757d64941a829c762020dd307/os-availability-zone
Mar 31 15:40:14.140746 dv-cinder-836028-1-smb devstack@c-api.service[116796]: DEBUG cinder.api.openstack.wsgi [None req-2e94da45-315b-4037-97b2-da81c7ca0ce2 tempest-SnapshotsActionsTest-1282431523 tempest-SnapshotsActionsTest-1282431523-project] Empty body provided in request {{(pid=116796) get_body /opt/stack/cinder/cinder/api/openstack/wsgi.py:715}}
Mar 31 15:40:14.141444 dv-cinder-836028-1-smb devstack@c-api.service[116796]: DEBUG cinder.api.openstack.wsgi [None req-2e94da45-315b-4037-97b2-da81c7ca0ce2 tempest-SnapshotsActionsTest-1282431523 tempest-SnapshotsActionsTest-1282431523-project] Calling method 'show' {{(pid=116796) _process_stack /opt/stack/cinder/cinder/api/openstack/wsgi.py:868}}
Mar 31 15:40:14.141849 dv-cinder-836028-1-smb devstack@c-api.service[116797]: DEBUG cinder.api.openstack.wsgi [None req-e7a8751d-88bb-47fb-8d7a-965b6a36c067 tempest-AvailabilityZoneTestJSON-303466157 tempest-AvailabilityZoneTestJSON-303466157-project] Empty body provided in request {{(pid=116797) get_body /opt/stack/cinder/cinder/api/openstack/wsgi.py:715}}
Mar 31 15:40:14.142407 dv-cinder-836028-1-smb devstack@c-api.service[116797]: DEBUG cinder.api.openstack.wsgi [None req-e7a8751d-88bb-47fb-8d7a-965b6a36c067 tempest-AvailabilityZoneTestJSON-303466157 tempest-AvailabilityZoneTestJSON-303466157-project] Calling method 'index' {{(pid=116797) _process_stack /opt/stack/cinder/cinder/api/openstack/wsgi.py:868}}
Mar 31 15:40:14.149984 dv-cinder-836028-1-smb devstack@c-api.service[116797]: INFO cinder.volume.api [None req-e7a8751d-88bb-47fb-8d7a-965b6a36c067 tempest-AvailabilityZoneTestJSON-303466157 tempest-AvailabilityZoneTestJSON-303466157-project] Availability Zones retrieved successfully.
Mar 31 15:40:14.150468 dv-cinder-836028-1-smb devstack@c-api.service[116797]: INFO cinder.api.openstack.wsgi [None req-e7a8751d-88bb-47fb-8d7a-965b6a36c067 tempest-AvailabilityZoneTestJSON-303466157 tempest-AvailabilityZoneTestJSON-303466157-project] http://10.222.0.55/volume/v3/67e6d25757d64941a829c762020dd307/os-availability-zone returned with HTTP 200
Mar 31 15:40:14.151680 dv-cinder-836028-1-smb devstack@c-api.service[116797]: [pid: 116797|app: 0|req: 86/178] 10.222.0.55 () {58 vars in 1252 bytes} [Thu Mar 31 15:40:13 2022] GET /volume/v3/67e6d25757d64941a829c762020dd307/os-availability-zone => generated 82 bytes in 234 msecs (HTTP/1.1 200) 7 headers in 284 bytes (1 switches on core 0)
Mar 31 15:40:14.154047 dv-cinder-836028-1-smb devstack@c-api.service[116797]: DEBUG cinder.api.middleware.request_id [None req-32893a43-a013-42f1-906c-3bae387c6fca None None] RequestId filter calling following filter/app {{(pid=116797) _context_setter /opt/stack/cinder/cinder/api/middleware/request_id.py:62}}
Mar 31 15:40:14.156411 dv-cinder-836028-1-smb devstack@c-api.service[116796]: /usr/local/lib/python3.8/dist-packages/oslo_context/context.py:100: DeprecationWarning: Policy enforcement is depending on the value of is_admin. This key is deprecated. Please update your policy file to use the standard policy values.
Mar 31 15:40:14.156411 dv-cinder-836028-1-smb devstack@c-api.service[116796]: warnings.warn('Policy enforcement is depending on the value of '
Mar 31 15:40:14.157609 dv-cinder-836028-1-smb devstack@c-api.service[116796]: INFO cinder.volume.api [None req-2e94da45-315b-4037-97b2-da81c7ca0ce2 tempest-SnapshotsActionsTest-1282431523 tempest-SnapshotsActionsTest-1282431523-project] Snapshot retrieved successfully.
Mar 31 15:40:14.169625 dv-cinder-836028-1-smb devstack@c-api.service[116796]: INFO cinder.api.openstack.wsgi [None req-2e94da45-315b-4037-97b2-da81c7ca0ce2 tempest-SnapshotsActionsTest-1282431523 tempest-SnapshotsActionsTest-1282431523-project] http://10.222.0.55/volume/v3/c3a7cf60c2604a1c954366703fd21865/snapshots/b54b5ea0-bfcc-4d8c-8a89-0b864c2b48ab returned with HTTP 200
Mar 31 15:40:14.175748 dv-cinder-836028-1-smb devstack@c-api.service[116796]: [pid: 116796|app: 0|req: 93/179] 10.222.0.55 () {58 vars in 1330 bytes} [Thu Mar 31 15:40:14 2022] GET /volume/v3/c3a7cf60c2604a1c954366703fd21865/snapshots/b54b5ea0-bfcc-4d8c-8a89-0b864c2b48ab => generated 438 bytes in 42 msecs (HTTP/1.1 200) 7 headers in 285 bytes (1 switches on core 0)
Mar 31 15:40:14.177215 dv-cinder-836028-1-smb devstack@c-api.service[116796]: DEBUG cinder.api.middleware.request_id [None req-21b6581b-9c10-4656-b500-45b78c08b1b9 None None] RequestId filter calling following filter/app {{(pid=116796) _context_setter /opt/stack/cinder/cinder/api/middleware/request_id.py:62}}
Mar 31 15:40:14.181930 dv-cinder-836028-1-smb devstack@c-api.service[116797]: INFO cinder.api.openstack.wsgi [None req-32893a43-a013-42f1-906c-3bae387c6fca tempest-VolumeTypesExtraSpecsTest-351431378 tempest-VolumeTypesExtraSpecsTest-351431378-project-admin] POST http://10.222.0.55/volume/v3/866304ace9db4496854d55426b7e2c98/types/18a74400-61ac-4320-aedc-6d34393582d1/extra_specs
Mar 31 15:40:14.184291 dv-cinder-836028-1-smb devstack@c-api.service[116797]: DEBUG cinder.api.openstack.wsgi [None req-32893a43-a013-42f1-906c-3bae387c6fca tempest-VolumeTypesExtraSpecsTest-351431378 tempest-VolumeTypesExtraSpecsTest-351431378-project-admin] Action: 'create', calling method: create, body: {"extra_specs": {"spec2": "val1"}} {{(pid=116797) _process_stack /opt/stack/cinder/cinder/api/openstack/wsgi.py:866}}
Mar 31 15:40:14.185158 dv-cinder-836028-1-smb devstack@c-api.service[116796]: INFO cinder.api.openstack.wsgi [None req-21b6581b-9c10-4656-b500-45b78c08b1b9 tempest-SnapshotMetadataTestJSON-1714880328 tempest-SnapshotMetadataTestJSON-1714880328-project] GET http://10.222.0.55/volume/v3/45d61278086d45f29fe821115a11069a/snapshots/4f49a4f3-9b09-4833-bd03-708194c1ea93/metadata
Mar 31 15:40:14.186053 dv-cinder-836028-1-smb devstack@c-api.service[116796]: DEBUG cinder.api.openstack.wsgi [None req-21b6581b-9c10-4656-b500-45b78c08b1b9 tempest-SnapshotMetadataTestJSON-1714880328 tempest-SnapshotMetadataTestJSON-1714880328-project] Empty body provided in request {{(pid=116796) get_body /opt/stack/cinder/cinder/api/openstack/wsgi.py:715}}
Mar 31 15:40:14.186519 dv-cinder-836028-1-smb devstack@c-api.service[116796]: DEBUG cinder.api.openstack.wsgi [None req-21b6581b-9c10-4656-b500-45b78c08b1b9 tempest-SnapshotMetadataTestJSON-1714880328 tempest-SnapshotMetadataTestJSON-1714880328-project] Calling method 'index' {{(pid=116796) _process_stack /opt/stack/cinder/cinder/api/openstack/wsgi.py:868}}
Mar 31 15:40:14.201150 dv-cinder-836028-1-smb devstack@c-api.service[116796]: /usr/local/lib/python3.8/dist-packages/oslo_context/context.py:100: DeprecationWarning: Policy enforcement is depending on the value of is_admin. This key is deprecated. Please update your policy file to use the standard policy values.
Mar 31 15:40:14.201150 dv-cinder-836028-1-smb devstack@c-api.service[116796]: warnings.warn('Policy enforcement is depending on the value of '
Mar 31 15:40:14.202510 dv-cinder-836028-1-smb devstack@c-api.service[116796]: INFO cinder.volume.api [None req-21b6581b-9c10-4656-b500-45b78c08b1b9 tempest-SnapshotMetadataTestJSON-1714880328 tempest-SnapshotMetadataTestJSON-1714880328-project] Snapshot retrieved successfully.
Mar 31 15:40:14.205029 dv-cinder-836028-1-smb devstack@c-api.service[116796]: INFO cinder.volume.api [None req-21b6581b-9c10-4656-b500-45b78c08b1b9 tempest-SnapshotMetadataTestJSON-1714880328 tempest-SnapshotMetadataTestJSON-1714880328-project] Get snapshot metadata completed successfully.
Mar 31 15:40:14.206199 dv-cinder-836028-1-smb devstack@c-api.service[116796]: INFO cinder.api.openstack.wsgi [None req-21b6581b-9c10-4656-b500-45b78c08b1b9 tempest-SnapshotMetadataTestJSON-1714880328 tempest-SnapshotMetadataTestJSON-1714880328-project] http://10.222.0.55/volume/v3/45d61278086d45f29fe821115a11069a/snapshots/4f49a4f3-9b09-4833-bd03-708194c1ea93/metadata returned with HTTP 200
Mar 31 15:40:14.212468 dv-cinder-836028-1-smb devstack@c-api.service[116796]: [pid: 116796|app: 0|req: 94/180] 10.222.0.55 () {58 vars in 1357 bytes} [Thu Mar 31 15:40:14 2022] GET /volume/v3/45d61278086d45f29fe821115a11069a/snapshots/4f49a4f3-9b09-4833-bd03-708194c1ea93/metadata => generated 136 bytes in 36 msecs (HTTP/1.1 200) 7 headers in 285 bytes (1 switches on core 0)
Mar 31 15:40:14.214188 dv-cinder-836028-1-smb devstack@c-api.service[116796]: DEBUG cinder.api.middleware.request_id [None req-dbe71a2a-afdd-4256-9a7c-7e767cb0dd8c None None] RequestId filter calling following filter/app {{(pid=116796) _context_setter /opt/stack/cinder/cinder/api/middleware/request_id.py:62}}
Mar 31 15:40:14.221957 dv-cinder-836028-1-smb devstack@c-api.service[116796]: INFO cinder.api.openstack.wsgi [None req-dbe71a2a-afdd-4256-9a7c-7e767cb0dd8c tempest-SnapshotMetadataTestJSON-1714880328 tempest-SnapshotMetadataTestJSON-1714880328-project] PUT http://10.222.0.55/volume/v3/45d61278086d45f29fe821115a11069a/snapshots/4f49a4f3-9b09-4833-bd03-708194c1ea93/metadata
Mar 31 15:40:14.224401 dv-cinder-836028-1-smb devstack@c-api.service[116796]: DEBUG cinder.api.openstack.wsgi [None req-dbe71a2a-afdd-4256-9a7c-7e767cb0dd8c tempest-SnapshotMetadataTestJSON-1714880328 tempest-SnapshotMetadataTestJSON-1714880328-project] Action: 'update_all', calling method: update_all, body: {"metadata": {"key3": "value3_update", "key4": "value4"}} {{(pid=116796) _process_stack /opt/stack/cinder/cinder/api/openstack/wsgi.py:866}}
Mar 31 15:40:14.242649 dv-cinder-836028-1-smb devstack@c-api.service[116796]: /usr/local/lib/python3.8/dist-packages/oslo_context/context.py:100: DeprecationWarning: Policy enforcement is depending on the value of is_admin. This key is deprecated. Please update your policy file to use the standard policy values.
Mar 31 15:40:14.242649 dv-cinder-836028-1-smb devstack@c-api.service[116796]: warnings.warn('Policy enforcement is depending on the value of '
Mar 31 15:40:14.243929 dv-cinder-836028-1-smb devstack@c-api.service[116796]: INFO cinder.volume.api [None req-dbe71a2a-afdd-4256-9a7c-7e767cb0dd8c tempest-SnapshotMetadataTestJSON-1714880328 tempest-SnapshotMetadataTestJSON-1714880328-project] Snapshot retrieved successfully.
Mar 31 15:40:14.260454 dv-cinder-836028-1-smb devstack@c-api.service[116797]: INFO cinder.api.openstack.wsgi [None req-32893a43-a013-42f1-906c-3bae387c6fca tempest-VolumeTypesExtraSpecsTest-351431378 tempest-VolumeTypesExtraSpecsTest-351431378-project-admin] http://10.222.0.55/volume/v3/866304ace9db4496854d55426b7e2c98/types/18a74400-61ac-4320-aedc-6d34393582d1/extra_specs returned with HTTP 200
Mar 31 15:40:14.266012 dv-cinder-836028-1-smb devstack@c-api.service[116797]: [pid: 116797|app: 0|req: 87/181] 10.222.0.55 () {60 vars in 1375 bytes} [Thu Mar 31 15:40:14 2022] POST /volume/v3/866304ace9db4496854d55426b7e2c98/types/18a74400-61ac-4320-aedc-6d34393582d1/extra_specs => generated 34 bytes in 109 msecs (HTTP/1.1 200) 7 headers in 284 bytes (1 switches on core 0)
Mar 31 15:40:14.267406 dv-cinder-836028-1-smb devstack@c-api.service[116797]: DEBUG cinder.api.middleware.request_id [None req-a7313503-dd7c-4d8b-a886-2d9411db4730 None None] RequestId filter calling following filter/app {{(pid=116797) _context_setter /opt/stack/cinder/cinder/api/middleware/request_id.py:62}}
Mar 31 15:40:14.272804 dv-cinder-836028-1-smb devstack@c-api.service[116797]: INFO cinder.api.openstack.wsgi [None req-a7313503-dd7c-4d8b-a886-2d9411db4730 tempest-VolumeTypesExtraSpecsTest-351431378 tempest-VolumeTypesExtraSpecsTest-351431378-project-admin] PUT http://10.222.0.55/volume/v3/866304ace9db4496854d55426b7e2c98/types/18a74400-61ac-4320-aedc-6d34393582d1/extra_specs/spec2
Mar 31 15:40:14.273496 dv-cinder-836028-1-smb devstack@c-api.service[116797]: DEBUG cinder.api.openstack.wsgi [None req-a7313503-dd7c-4d8b-a886-2d9411db4730 tempest-VolumeTypesExtraSpecsTest-351431378 tempest-VolumeTypesExtraSpecsTest-351431378-project-admin] Action: 'update', calling method: update, body: {"spec2": "val2"} {{(pid=116797) _process_stack /opt/stack/cinder/cinder/api/openstack/wsgi.py:866}}
Mar 31 15:40:14.294494 dv-cinder-836028-1-smb devstack@c-api.service[116796]: INFO cinder.volume.api [None req-dbe71a2a-afdd-4256-9a7c-7e767cb0dd8c tempest-SnapshotMetadataTestJSON-1714880328 tempest-SnapshotMetadataTestJSON-1714880328-project] Update snapshot metadata completed successfully.
Mar 31 15:40:14.295456 dv-cinder-836028-1-smb devstack@c-api.service[116796]: INFO cinder.api.openstack.wsgi [None req-dbe71a2a-afdd-4256-9a7c-7e767cb0dd8c tempest-SnapshotMetadataTestJSON-1714880328 tempest-SnapshotMetadataTestJSON-1714880328-project] http://10.222.0.55/volume/v3/45d61278086d45f29fe821115a11069a/snapshots/4f49a4f3-9b09-4833-bd03-708194c1ea93/metadata returned with HTTP 200
Mar 31 15:40:14.296844 dv-cinder-836028-1-smb devstack@c-api.service[116796]: [pid: 116796|app: 0|req: 95/182] 10.222.0.55 () {60 vars in 1377 bytes} [Thu Mar 31 15:40:14 2022] PUT /volume/v3/45d61278086d45f29fe821115a11069a/snapshots/4f49a4f3-9b09-4833-bd03-708194c1ea93/metadata => generated 57 bytes in 84 msecs (HTTP/1.1 200) 7 headers in 284 bytes (1 switches on core 0)
Mar 31 15:40:14.303472 dv-cinder-836028-1-smb devstack@c-api.service[116796]: DEBUG cinder.api.middleware.request_id [None req-bfa6df56-bc5c-4742-b182-e4186e322882 None None] RequestId filter calling following filter/app {{(pid=116796) _context_setter /opt/stack/cinder/cinder/api/middleware/request_id.py:62}}
Mar 31 15:40:14.308521 dv-cinder-836028-1-smb devstack@c-api.service[116796]: INFO cinder.api.openstack.wsgi [None req-bfa6df56-bc5c-4742-b182-e4186e322882 tempest-SnapshotMetadataTestJSON-1714880328 tempest-SnapshotMetadataTestJSON-1714880328-project] GET http://10.222.0.55/volume/v3/45d61278086d45f29fe821115a11069a/snapshots/4f49a4f3-9b09-4833-bd03-708194c1ea93/metadata
Mar 31 15:40:14.309253 dv-cinder-836028-1-smb devstack@c-api.service[116796]: DEBUG cinder.api.openstack.wsgi [None req-bfa6df56-bc5c-4742-b182-e4186e322882 tempest-SnapshotMetadataTestJSON-1714880328 tempest-SnapshotMetadataTestJSON-1714880328-project] Empty body provided in request {{(pid=116796) get_body /opt/stack/cinder/cinder/api/openstack/wsgi.py:715}}
Mar 31 15:40:14.310091 dv-cinder-836028-1-smb devstack@c-api.service[116796]: DEBUG cinder.api.openstack.wsgi [None req-bfa6df56-bc5c-4742-b182-e4186e322882 tempest-SnapshotMetadataTestJSON-1714880328 tempest-SnapshotMetadataTestJSON-1714880328-project] Calling method 'index' {{(pid=116796) _process_stack /opt/stack/cinder/cinder/api/openstack/wsgi.py:868}}
Mar 31 15:40:14.312907 dv-cinder-836028-1-smb devstack@c-api.service[116797]: INFO cinder.api.openstack.wsgi [None req-a7313503-dd7c-4d8b-a886-2d9411db4730 tempest-VolumeTypesExtraSpecsTest-351431378 tempest-VolumeTypesExtraSpecsTest-351431378-project-admin] http://10.222.0.55/volume/v3/866304ace9db4496854d55426b7e2c98/types/18a74400-61ac-4320-aedc-6d34393582d1/extra_specs/spec2 returned with HTTP 200
Mar 31 15:40:14.316085 dv-cinder-836028-1-smb devstack@c-api.service[116797]: [pid: 116797|app: 0|req: 88/183] 10.222.0.55 () {60 vars in 1392 bytes} [Thu Mar 31 15:40:14 2022] PUT /volume/v3/866304ace9db4496854d55426b7e2c98/types/18a74400-61ac-4320-aedc-6d34393582d1/extra_specs/spec2 => generated 17 bytes in 50 msecs (HTTP/1.1 200) 7 headers in 284 bytes (2 switches on core 0)
Mar 31 15:40:14.321992 dv-cinder-836028-1-smb devstack@c-api.service[116796]: /usr/local/lib/python3.8/dist-packages/oslo_context/context.py:100: DeprecationWarning: Policy enforcement is depending on the value of is_admin. This key is deprecated. Please update your policy file to use the standard policy values.
Mar 31 15:40:14.321992 dv-cinder-836028-1-smb devstack@c-api.service[116796]: warnings.warn('Policy enforcement is depending on the value of '
Mar 31 15:40:14.322982 dv-cinder-836028-1-smb devstack@c-api.service[116796]: INFO cinder.volume.api [None req-bfa6df56-bc5c-4742-b182-e4186e322882 tempest-SnapshotMetadataTestJSON-1714880328 tempest-SnapshotMetadataTestJSON-1714880328-project] Snapshot retrieved successfully.
Mar 31 15:40:14.323081 dv-cinder-836028-1-smb devstack@c-api.service[116797]: DEBUG cinder.api.middleware.request_id [None req-17e22b68-8ffc-46da-b22e-1026cdf917cc None None] RequestId filter calling following filter/app {{(pid=116797) _context_setter /opt/stack/cinder/cinder/api/middleware/request_id.py:62}}
Mar 31 15:40:14.324779 dv-cinder-836028-1-smb devstack@c-api.service[116796]: INFO cinder.volume.api [None req-bfa6df56-bc5c-4742-b182-e4186e322882 tempest-SnapshotMetadataTestJSON-1714880328 tempest-SnapshotMetadataTestJSON-1714880328-project] Get snapshot metadata completed successfully.
Mar 31 15:40:14.325317 dv-cinder-836028-1-smb devstack@c-api.service[116796]: INFO cinder.api.openstack.wsgi [None req-bfa6df56-bc5c-4742-b182-e4186e322882 tempest-SnapshotMetadataTestJSON-1714880328 tempest-SnapshotMetadataTestJSON-1714880328-project] http://10.222.0.55/volume/v3/45d61278086d45f29fe821115a11069a/snapshots/4f49a4f3-9b09-4833-bd03-708194c1ea93/metadata returned with HTTP 200
Mar 31 15:40:14.326212 dv-cinder-836028-1-smb devstack@c-api.service[116796]: [pid: 116796|app: 0|req: 96/184] 10.222.0.55 () {58 vars in 1357 bytes} [Thu Mar 31 15:40:14 2022] GET /volume/v3/45d61278086d45f29fe821115a11069a/snapshots/4f49a4f3-9b09-4833-bd03-708194c1ea93/metadata => generated 57 bytes in 25 msecs (HTTP/1.1 200) 7 headers in 284 bytes (2 switches on core 0)
Mar 31 15:40:14.329594 dv-cinder-836028-1-smb devstack@c-api.service[116797]: INFO cinder.api.openstack.wsgi [None req-17e22b68-8ffc-46da-b22e-1026cdf917cc tempest-VolumeTypesExtraSpecsTest-351431378 tempest-VolumeTypesExtraSpecsTest-351431378-project-admin] GET http://10.222.0.55/volume/v3/866304ace9db4496854d55426b7e2c98/types/18a74400-61ac-4320-aedc-6d34393582d1/extra_specs/spec2
Mar 31 15:40:14.330045 dv-cinder-836028-1-smb devstack@c-api.service[116797]: DEBUG cinder.api.openstack.wsgi [None req-17e22b68-8ffc-46da-b22e-1026cdf917cc tempest-VolumeTypesExtraSpecsTest-351431378 tempest-VolumeTypesExtraSpecsTest-351431378-project-admin] Empty body provided in request {{(pid=116797) get_body /opt/stack/cinder/cinder/api/openstack/wsgi.py:715}}
Mar 31 15:40:14.330508 dv-cinder-836028-1-smb devstack@c-api.service[116797]: DEBUG cinder.api.openstack.wsgi [None req-17e22b68-8ffc-46da-b22e-1026cdf917cc tempest-VolumeTypesExtraSpecsTest-351431378 tempest-VolumeTypesExtraSpecsTest-351431378-project-admin] Calling method 'show' {{(pid=116797) _process_stack /opt/stack/cinder/cinder/api/openstack/wsgi.py:868}}
Mar 31 15:40:14.331643 dv-cinder-836028-1-smb devstack@c-api.service[116796]: DEBUG cinder.api.middleware.request_id [None req-98d52a52-c95d-496b-890f-e87d120f776a None None] RequestId filter calling following filter/app {{(pid=116796) _context_setter /opt/stack/cinder/cinder/api/middleware/request_id.py:62}}
Mar 31 15:40:14.336198 dv-cinder-836028-1-smb devstack@c-api.service[116796]: INFO cinder.api.openstack.wsgi [None req-98d52a52-c95d-496b-890f-e87d120f776a tempest-SnapshotMetadataTestJSON-1714880328 tempest-SnapshotMetadataTestJSON-1714880328-project] DELETE http://10.222.0.55/volume/v3/45d61278086d45f29fe821115a11069a/snapshots/4f49a4f3-9b09-4833-bd03-708194c1ea93/metadata/key3
Mar 31 15:40:14.336804 dv-cinder-836028-1-smb devstack@c-api.service[116796]: DEBUG cinder.api.openstack.wsgi [None req-98d52a52-c95d-496b-890f-e87d120f776a tempest-SnapshotMetadataTestJSON-1714880328 tempest-SnapshotMetadataTestJSON-1714880328-project] Empty body provided in request {{(pid=116796) get_body /opt/stack/cinder/cinder/api/openstack/wsgi.py:715}}
Mar 31 15:40:14.337398 dv-cinder-836028-1-smb devstack@c-api.service[116796]: DEBUG cinder.api.openstack.wsgi [None req-98d52a52-c95d-496b-890f-e87d120f776a tempest-SnapshotMetadataTestJSON-1714880328 tempest-SnapshotMetadataTestJSON-1714880328-project] Calling method 'delete' {{(pid=116796) _process_stack /opt/stack/cinder/cinder/api/openstack/wsgi.py:868}}
Mar 31 15:40:14.348535 dv-cinder-836028-1-smb devstack@c-api.service[116796]: /usr/local/lib/python3.8/dist-packages/oslo_context/context.py:100: DeprecationWarning: Policy enforcement is depending on the value of is_admin. This key is deprecated. Please update your policy file to use the standard policy values.
