Mar 31 15:40:00.402617 dv-cinder-836028-1-smb devstack@c-api.service[116796]: DEBUG cinder.api.middleware.request_id [None req-a9531a46-5786-4f20-928e-9bdcd20d5b02 None None] RequestId filter calling following filter/app {{(pid=116796) _context_setter /opt/stack/cinder/cinder/api/middleware/request_id.py:62}}
Mar 31 15:40:00.417778 dv-cinder-836028-1-smb devstack@c-api.service[116796]: INFO cinder.api.openstack.wsgi [None req-a9531a46-5786-4f20-928e-9bdcd20d5b02 tempest-GroupTypesTest-425750316 tempest-GroupTypesTest-425750316-project-admin] GET http://10.222.0.55/volume/v3/35d3ab649ff2488584569814374e4638/group_types
Mar 31 15:40:00.418791 dv-cinder-836028-1-smb devstack@c-api.service[116796]: DEBUG cinder.api.openstack.wsgi [None req-a9531a46-5786-4f20-928e-9bdcd20d5b02 tempest-GroupTypesTest-425750316 tempest-GroupTypesTest-425750316-project-admin] Empty body provided in request {{(pid=116796) get_body /opt/stack/cinder/cinder/api/openstack/wsgi.py:715}}
Mar 31 15:40:00.421074 dv-cinder-836028-1-smb devstack@c-api.service[116796]: DEBUG cinder.api.openstack.wsgi [None req-a9531a46-5786-4f20-928e-9bdcd20d5b02 tempest-GroupTypesTest-425750316 tempest-GroupTypesTest-425750316-project-admin] Calling method 'version_select' {{(pid=116796) _process_stack /opt/stack/cinder/cinder/api/openstack/wsgi.py:868}}
Mar 31 15:40:00.445744 dv-cinder-836028-1-smb devstack@c-api.service[116796]: INFO cinder.api.openstack.wsgi [None req-a9531a46-5786-4f20-928e-9bdcd20d5b02 tempest-GroupTypesTest-425750316 tempest-GroupTypesTest-425750316-project-admin] http://10.222.0.55/volume/v3/35d3ab649ff2488584569814374e4638/group_types returned with HTTP 200
Mar 31 15:40:00.448018 dv-cinder-836028-1-smb devstack@c-api.service[116796]: [pid: 116796|app: 0|req: 60/116] 10.222.0.55 () {60 vars in 1266 bytes} [Thu Mar 31 15:40:00 2022] GET /volume/v3/35d3ab649ff2488584569814374e4638/group_types => generated 248 bytes in 48 msecs (HTTP/1.1 200) 7 headers in 286 bytes (1 switches on core 0)
Mar 31 15:40:00.456004 dv-cinder-836028-1-smb devstack@c-api.service[116796]: DEBUG cinder.api.middleware.request_id [None req-d25ea5ad-cd03-4c5c-8d70-ff5b497b445d None None] RequestId filter calling following filter/app {{(pid=116796) _context_setter /opt/stack/cinder/cinder/api/middleware/request_id.py:62}}
Mar 31 15:40:00.464215 dv-cinder-836028-1-smb devstack@c-api.service[116796]: INFO cinder.api.openstack.wsgi [None req-d25ea5ad-cd03-4c5c-8d70-ff5b497b445d tempest-GroupTypesTest-425750316 tempest-GroupTypesTest-425750316-project-admin] POST http://10.222.0.55/volume/v3/35d3ab649ff2488584569814374e4638/group_types
Mar 31 15:40:00.465247 dv-cinder-836028-1-smb devstack@c-api.service[116796]: DEBUG cinder.api.openstack.wsgi [None req-d25ea5ad-cd03-4c5c-8d70-ff5b497b445d tempest-GroupTypesTest-425750316 tempest-GroupTypesTest-425750316-project-admin] Action: 'create', calling method: version_select, body: {"group_type": {"name": "a_tempest-group-type-1817998202", "is_public": true}} {{(pid=116796) _process_stack /opt/stack/cinder/cinder/api/openstack/wsgi.py:866}}
Mar 31 15:40:00.476108 dv-cinder-836028-1-smb devstack@c-api.service[116797]: INFO cinder.api.openstack.wsgi [None req-f974c55b-9d69-4b37-afc9-c74d66f84307 tempest-VolumeSnapshotQuotasNegativeTestJSON-1432860946 tempest-VolumeSnapshotQuotasNegativeTestJSON-1432860946-project-admin] http://10.222.0.55/volume/v3/ed39ab8486ac4630a21920c0fa4cd306/os-quota-sets/578bceb42b56445798d2740d5f5c7e5b returned with HTTP 200
Mar 31 15:40:00.488851 dv-cinder-836028-1-smb devstack@c-api.service[116797]: [pid: 116797|app: 0|req: 57/117] 10.222.0.55 () {60 vars in 1350 bytes} [Thu Mar 31 15:40:00 2022] PUT /volume/v3/ed39ab8486ac4630a21920c0fa4cd306/os-quota-sets/578bceb42b56445798d2740d5f5c7e5b => generated 314 bytes in 401 msecs (HTTP/1.1 200) 7 headers in 285 bytes (1 switches on core 0)
Mar 31 15:40:00.497683 dv-cinder-836028-1-smb devstack@c-api.service[116797]: DEBUG cinder.api.middleware.request_id [None req-e45061e5-6be1-4f17-9ecf-9044353c6361 None None] RequestId filter calling following filter/app {{(pid=116797) _context_setter /opt/stack/cinder/cinder/api/middleware/request_id.py:62}}
Mar 31 15:40:00.515034 dv-cinder-836028-1-smb devstack@c-api.service[116796]: INFO cinder.api.openstack.wsgi [None req-d25ea5ad-cd03-4c5c-8d70-ff5b497b445d tempest-GroupTypesTest-425750316 tempest-GroupTypesTest-425750316-project-admin] http://10.222.0.55/volume/v3/35d3ab649ff2488584569814374e4638/group_types returned with HTTP 202
Mar 31 15:40:00.518870 dv-cinder-836028-1-smb devstack@c-api.service[116796]: [pid: 116796|app: 0|req: 61/118] 10.222.0.55 () {62 vars in 1287 bytes} [Thu Mar 31 15:40:00 2022] POST /volume/v3/35d3ab649ff2488584569814374e4638/group_types => generated 164 bytes in 63 msecs (HTTP/1.1 202) 7 headers in 292 bytes (1 switches on core 0)
Mar 31 15:40:00.521960 dv-cinder-836028-1-smb devstack@c-api.service[116797]: INFO cinder.api.openstack.wsgi [None req-e45061e5-6be1-4f17-9ecf-9044353c6361 tempest-VolumeSnapshotQuotasNegativeTestJSON-1773949372 tempest-VolumeSnapshotQuotasNegativeTestJSON-1773949372-project] POST http://10.222.0.55/volume/v3/578bceb42b56445798d2740d5f5c7e5b/snapshots
Mar 31 15:40:00.522988 dv-cinder-836028-1-smb devstack@c-api.service[116797]: DEBUG cinder.api.openstack.wsgi [None req-e45061e5-6be1-4f17-9ecf-9044353c6361 tempest-VolumeSnapshotQuotasNegativeTestJSON-1773949372 tempest-VolumeSnapshotQuotasNegativeTestJSON-1773949372-project] Action: 'create', calling method: create, body: {"snapshot": {"volume_id": "ea729874-a2a5-407b-abfa-9cf35458a51c"}} {{(pid=116797) _process_stack /opt/stack/cinder/cinder/api/openstack/wsgi.py:866}}
Mar 31 15:40:00.525622 dv-cinder-836028-1-smb devstack@c-api.service[116796]: DEBUG cinder.api.middleware.request_id [None req-8b77d1ab-8796-4e04-9475-2fed733e4314 None None] RequestId filter calling following filter/app {{(pid=116796) _context_setter /opt/stack/cinder/cinder/api/middleware/request_id.py:62}}
Mar 31 15:40:00.539972 dv-cinder-836028-1-smb devstack@c-api.service[116796]: INFO cinder.api.openstack.wsgi [None req-8b77d1ab-8796-4e04-9475-2fed733e4314 tempest-GroupTypesTest-425750316 tempest-GroupTypesTest-425750316-project-admin] POST http://10.222.0.55/volume/v3/35d3ab649ff2488584569814374e4638/group_types
Mar 31 15:40:00.540751 dv-cinder-836028-1-smb devstack@c-api.service[116796]: DEBUG cinder.api.openstack.wsgi [None req-8b77d1ab-8796-4e04-9475-2fed733e4314 tempest-GroupTypesTest-425750316 tempest-GroupTypesTest-425750316-project-admin] Action: 'create', calling method: version_select, body: {"group_type": {"name": "b_tempest-group-type-2065391454", "is_public": false}} {{(pid=116796) _process_stack /opt/stack/cinder/cinder/api/openstack/wsgi.py:866}}
Mar 31 15:40:00.567040 dv-cinder-836028-1-smb devstack@c-api.service[116797]: /usr/local/lib/python3.8/dist-packages/oslo_context/context.py:100: DeprecationWarning: Policy enforcement is depending on the value of is_admin. This key is deprecated. Please update your policy file to use the standard policy values.
Mar 31 15:40:00.567040 dv-cinder-836028-1-smb devstack@c-api.service[116797]: warnings.warn('Policy enforcement is depending on the value of '
Mar 31 15:40:00.584826 dv-cinder-836028-1-smb devstack@c-api.service[116797]: INFO cinder.volume.api [None req-e45061e5-6be1-4f17-9ecf-9044353c6361 tempest-VolumeSnapshotQuotasNegativeTestJSON-1773949372 tempest-VolumeSnapshotQuotasNegativeTestJSON-1773949372-project] Volume info retrieved successfully.
Mar 31 15:40:00.585507 dv-cinder-836028-1-smb devstack@c-api.service[116797]: INFO cinder.api.v3.snapshots [None req-e45061e5-6be1-4f17-9ecf-9044353c6361 tempest-VolumeSnapshotQuotasNegativeTestJSON-1773949372 tempest-VolumeSnapshotQuotasNegativeTestJSON-1773949372-project] Create snapshot from volume ea729874-a2a5-407b-abfa-9cf35458a51c
Mar 31 15:40:00.610975 dv-cinder-836028-1-smb devstack@c-api.service[116796]: INFO cinder.api.openstack.wsgi [None req-8b77d1ab-8796-4e04-9475-2fed733e4314 tempest-GroupTypesTest-425750316 tempest-GroupTypesTest-425750316-project-admin] http://10.222.0.55/volume/v3/35d3ab649ff2488584569814374e4638/group_types returned with HTTP 202
Mar 31 15:40:00.615641 dv-cinder-836028-1-smb devstack@c-api.service[116796]: [pid: 116796|app: 0|req: 62/119] 10.222.0.55 () {62 vars in 1287 bytes} [Thu Mar 31 15:40:00 2022] POST /volume/v3/35d3ab649ff2488584569814374e4638/group_types => generated 165 bytes in 90 msecs (HTTP/1.1 202) 7 headers in 292 bytes (1 switches on core 0)
Mar 31 15:40:00.622020 dv-cinder-836028-1-smb devstack@c-api.service[116796]: DEBUG cinder.api.middleware.request_id [None req-7b8a73a5-c04b-416e-b548-26182714073c None None] RequestId filter calling following filter/app {{(pid=116796) _context_setter /opt/stack/cinder/cinder/api/middleware/request_id.py:62}}
Mar 31 15:40:00.636299 dv-cinder-836028-1-smb devstack@c-api.service[116796]: INFO cinder.api.openstack.wsgi [None req-7b8a73a5-c04b-416e-b548-26182714073c tempest-GroupTypesTest-425750316 tempest-GroupTypesTest-425750316-project-admin] GET http://10.222.0.55/volume/v3/35d3ab649ff2488584569814374e4638/group_types?sort=name%3Aasc&is_public=None
Mar 31 15:40:00.636850 dv-cinder-836028-1-smb devstack@c-api.service[116796]: DEBUG cinder.api.openstack.wsgi [None req-7b8a73a5-c04b-416e-b548-26182714073c tempest-GroupTypesTest-425750316 tempest-GroupTypesTest-425750316-project-admin] Empty body provided in request {{(pid=116796) get_body /opt/stack/cinder/cinder/api/openstack/wsgi.py:715}}
Mar 31 15:40:00.637324 dv-cinder-836028-1-smb devstack@c-api.service[116796]: DEBUG cinder.api.openstack.wsgi [None req-7b8a73a5-c04b-416e-b548-26182714073c tempest-GroupTypesTest-425750316 tempest-GroupTypesTest-425750316-project-admin] Calling method 'version_select' {{(pid=116796) _process_stack /opt/stack/cinder/cinder/api/openstack/wsgi.py:868}}
Mar 31 15:40:00.681972 dv-cinder-836028-1-smb devstack@c-api.service[116797]: WARNING cinder.quota_utils [None req-e45061e5-6be1-4f17-9ecf-9044353c6361 tempest-VolumeSnapshotQuotasNegativeTestJSON-1773949372 tempest-VolumeSnapshotQuotasNegativeTestJSON-1773949372-project] Quota exceeded for 578bceb42b56445798d2740d5f5c7e5b, tried to create snapshot (1 snapshots already consumed).: cinder.exception.OverQuota: Quota exceeded for resources: ['snapshots']
Mar 31 15:40:00.687876 dv-cinder-836028-1-smb devstack@c-api.service[116797]: INFO cinder.api.middleware.fault [None req-e45061e5-6be1-4f17-9ecf-9044353c6361 tempest-VolumeSnapshotQuotasNegativeTestJSON-1773949372 tempest-VolumeSnapshotQuotasNegativeTestJSON-1773949372-project] http://10.222.0.55/volume/v3/578bceb42b56445798d2740d5f5c7e5b/snapshots returned with HTTP 413
Mar 31 15:40:00.694971 dv-cinder-836028-1-smb devstack@c-api.service[116797]: [pid: 116797|app: 0|req: 58/120] 10.222.0.55 () {60 vars in 1240 bytes} [Thu Mar 31 15:40:00 2022] POST /volume/v3/578bceb42b56445798d2740d5f5c7e5b/snapshots => generated 133 bytes in 204 msecs (HTTP/1.1 413) 8 headers in 323 bytes (1 switches on core 0)
Mar 31 15:40:00.697098 dv-cinder-836028-1-smb devstack@c-api.service[116797]: DEBUG cinder.api.middleware.request_id [None req-189175a7-be1b-45fd-ab5f-409c79c489e9 None None] RequestId filter calling following filter/app {{(pid=116797) _context_setter /opt/stack/cinder/cinder/api/middleware/request_id.py:62}}
Mar 31 15:40:00.706746 dv-cinder-836028-1-smb devstack@c-api.service[116796]: INFO cinder.api.openstack.wsgi [None req-7b8a73a5-c04b-416e-b548-26182714073c tempest-GroupTypesTest-425750316 tempest-GroupTypesTest-425750316-project-admin] http://10.222.0.55/volume/v3/35d3ab649ff2488584569814374e4638/group_types?sort=name%3Aasc&is_public=None returned with HTTP 200
Mar 31 15:40:00.709116 dv-cinder-836028-1-smb devstack@c-api.service[116797]: INFO cinder.api.openstack.wsgi [None req-189175a7-be1b-45fd-ab5f-409c79c489e9 tempest-VolumeSnapshotQuotasNegativeTestJSON-1773949372 tempest-VolumeSnapshotQuotasNegativeTestJSON-1773949372-project] DELETE http://10.222.0.55/volume/v3/578bceb42b56445798d2740d5f5c7e5b/snapshots/d0729ae2-e7ac-4b90-b836-e2e84901c677
Mar 31 15:40:00.714399 dv-cinder-836028-1-smb devstack@c-api.service[116797]: DEBUG cinder.api.openstack.wsgi [None req-189175a7-be1b-45fd-ab5f-409c79c489e9 tempest-VolumeSnapshotQuotasNegativeTestJSON-1773949372 tempest-VolumeSnapshotQuotasNegativeTestJSON-1773949372-project] Empty body provided in request {{(pid=116797) get_body /opt/stack/cinder/cinder/api/openstack/wsgi.py:715}}
Mar 31 15:40:00.716388 dv-cinder-836028-1-smb devstack@c-api.service[116796]: [pid: 116796|app: 0|req: 63/121] 10.222.0.55 () {60 vars in 1327 bytes} [Thu Mar 31 15:40:00 2022] GET /volume/v3/35d3ab649ff2488584569814374e4638/group_types?sort=name%3Aasc&is_public=None => generated 549 bytes in 96 msecs (HTTP/1.1 200) 7 headers in 286 bytes (1 switches on core 0)
Mar 31 15:40:00.717012 dv-cinder-836028-1-smb devstack@c-api.service[116797]: DEBUG cinder.api.openstack.wsgi [None req-189175a7-be1b-45fd-ab5f-409c79c489e9 tempest-VolumeSnapshotQuotasNegativeTestJSON-1773949372 tempest-VolumeSnapshotQuotasNegativeTestJSON-1773949372-project] Calling method 'delete' {{(pid=116797) _process_stack /opt/stack/cinder/cinder/api/openstack/wsgi.py:868}}
Mar 31 15:40:00.717652 dv-cinder-836028-1-smb devstack@c-api.service[116797]: INFO cinder.api.v2.snapshots [None req-189175a7-be1b-45fd-ab5f-409c79c489e9 tempest-VolumeSnapshotQuotasNegativeTestJSON-1773949372 tempest-VolumeSnapshotQuotasNegativeTestJSON-1773949372-project] Delete snapshot with id: d0729ae2-e7ac-4b90-b836-e2e84901c677
Mar 31 15:40:00.717998 dv-cinder-836028-1-smb devstack@c-api.service[116796]: DEBUG cinder.api.middleware.request_id [None req-13549a5d-1038-4f6a-9208-0f23316e05ea None None] RequestId filter calling following filter/app {{(pid=116796) _context_setter /opt/stack/cinder/cinder/api/middleware/request_id.py:62}}
Mar 31 15:40:00.729741 dv-cinder-836028-1-smb devstack@c-api.service[116796]: INFO cinder.api.openstack.wsgi [None req-13549a5d-1038-4f6a-9208-0f23316e05ea tempest-GroupTypesTest-425750316 tempest-GroupTypesTest-425750316-project-admin] GET http://10.222.0.55/volume/v3/35d3ab649ff2488584569814374e4638/group_types?sort=name%3Adesc&is_public=None
Mar 31 15:40:00.731188 dv-cinder-836028-1-smb devstack@c-api.service[116796]: DEBUG cinder.api.openstack.wsgi [None req-13549a5d-1038-4f6a-9208-0f23316e05ea tempest-GroupTypesTest-425750316 tempest-GroupTypesTest-425750316-project-admin] Empty body provided in request {{(pid=116796) get_body /opt/stack/cinder/cinder/api/openstack/wsgi.py:715}}
Mar 31 15:40:00.731656 dv-cinder-836028-1-smb devstack@c-api.service[116796]: DEBUG cinder.api.openstack.wsgi [None req-13549a5d-1038-4f6a-9208-0f23316e05ea tempest-GroupTypesTest-425750316 tempest-GroupTypesTest-425750316-project-admin] Calling method 'version_select' {{(pid=116796) _process_stack /opt/stack/cinder/cinder/api/openstack/wsgi.py:868}}
Mar 31 15:40:00.739825 dv-cinder-836028-1-smb devstack@c-api.service[116797]: /usr/local/lib/python3.8/dist-packages/oslo_context/context.py:100: DeprecationWarning: Policy enforcement is depending on the value of is_admin. This key is deprecated. Please update your policy file to use the standard policy values.
Mar 31 15:40:00.739825 dv-cinder-836028-1-smb devstack@c-api.service[116797]: warnings.warn('Policy enforcement is depending on the value of '
Mar 31 15:40:00.743671 dv-cinder-836028-1-smb devstack@c-api.service[116797]: INFO cinder.volume.api [None req-189175a7-be1b-45fd-ab5f-409c79c489e9 tempest-VolumeSnapshotQuotasNegativeTestJSON-1773949372 tempest-VolumeSnapshotQuotasNegativeTestJSON-1773949372-project] Snapshot retrieved successfully.
Mar 31 15:40:00.774121 dv-cinder-836028-1-smb devstack@c-api.service[116796]: INFO cinder.api.openstack.wsgi [None req-13549a5d-1038-4f6a-9208-0f23316e05ea tempest-GroupTypesTest-425750316 tempest-GroupTypesTest-425750316-project-admin] http://10.222.0.55/volume/v3/35d3ab649ff2488584569814374e4638/group_types?sort=name%3Adesc&is_public=None returned with HTTP 200
Mar 31 15:40:00.783576 dv-cinder-836028-1-smb devstack@c-api.service[116796]: [pid: 116796|app: 0|req: 64/122] 10.222.0.55 () {60 vars in 1329 bytes} [Thu Mar 31 15:40:00 2022] GET /volume/v3/35d3ab649ff2488584569814374e4638/group_types?sort=name%3Adesc&is_public=None => generated 549 bytes in 66 msecs (HTTP/1.1 200) 7 headers in 286 bytes (1 switches on core 0)
Mar 31 15:40:00.787728 dv-cinder-836028-1-smb devstack@c-api.service[116796]: DEBUG cinder.api.middleware.request_id [None req-5930bd9d-a9a5-461c-b310-ad0d4a4e64df None None] RequestId filter calling following filter/app {{(pid=116796) _context_setter /opt/stack/cinder/cinder/api/middleware/request_id.py:62}}
Mar 31 15:40:00.795271 dv-cinder-836028-1-smb devstack@c-api.service[116796]: INFO cinder.api.openstack.wsgi [None req-5930bd9d-a9a5-461c-b310-ad0d4a4e64df tempest-GroupTypesTest-425750316 tempest-GroupTypesTest-425750316-project-admin] GET http://10.222.0.55/volume/v3/35d3ab649ff2488584569814374e4638/group_types?is_public=False
Mar 31 15:40:00.799398 dv-cinder-836028-1-smb devstack@c-api.service[116796]: DEBUG cinder.api.openstack.wsgi [None req-5930bd9d-a9a5-461c-b310-ad0d4a4e64df tempest-GroupTypesTest-425750316 tempest-GroupTypesTest-425750316-project-admin] Empty body provided in request {{(pid=116796) get_body /opt/stack/cinder/cinder/api/openstack/wsgi.py:715}}
Mar 31 15:40:00.802542 dv-cinder-836028-1-smb devstack@c-api.service[116796]: DEBUG cinder.api.openstack.wsgi [None req-5930bd9d-a9a5-461c-b310-ad0d4a4e64df tempest-GroupTypesTest-425750316 tempest-GroupTypesTest-425750316-project-admin] Calling method 'version_select' {{(pid=116796) _process_stack /opt/stack/cinder/cinder/api/openstack/wsgi.py:868}}
Mar 31 15:40:00.815179 dv-cinder-836028-1-smb devstack@c-api.service[116797]: INFO cinder.volume.api [None req-189175a7-be1b-45fd-ab5f-409c79c489e9 tempest-VolumeSnapshotQuotasNegativeTestJSON-1773949372 tempest-VolumeSnapshotQuotasNegativeTestJSON-1773949372-project] Snapshot delete request issued successfully.
Mar 31 15:40:00.815866 dv-cinder-836028-1-smb devstack@c-api.service[116797]: INFO cinder.api.openstack.wsgi [None req-189175a7-be1b-45fd-ab5f-409c79c489e9 tempest-VolumeSnapshotQuotasNegativeTestJSON-1773949372 tempest-VolumeSnapshotQuotasNegativeTestJSON-1773949372-project] http://10.222.0.55/volume/v3/578bceb42b56445798d2740d5f5c7e5b/snapshots/d0729ae2-e7ac-4b90-b836-e2e84901c677 returned with HTTP 202
Mar 31 15:40:00.821011 dv-cinder-836028-1-smb devstack@c-api.service[116797]: [pid: 116797|app: 0|req: 59/123] 10.222.0.55 () {58 vars in 1333 bytes} [Thu Mar 31 15:40:00 2022] DELETE /volume/v3/578bceb42b56445798d2740d5f5c7e5b/snapshots/d0729ae2-e7ac-4b90-b836-e2e84901c677 => generated 0 bytes in 125 msecs (HTTP/1.1 202) 6 headers in 233 bytes (1 switches on core 0)
Mar 31 15:40:00.825558 dv-cinder-836028-1-smb devstack@c-api.service[116797]: DEBUG cinder.api.middleware.request_id [None req-c79b620a-2eac-4311-ad8e-271a72ca0489 None None] RequestId filter calling following filter/app {{(pid=116797) _context_setter /opt/stack/cinder/cinder/api/middleware/request_id.py:62}}
Mar 31 15:40:00.838040 dv-cinder-836028-1-smb devstack@c-api.service[116796]: INFO cinder.api.openstack.wsgi [None req-5930bd9d-a9a5-461c-b310-ad0d4a4e64df tempest-GroupTypesTest-425750316 tempest-GroupTypesTest-425750316-project-admin] http://10.222.0.55/volume/v3/35d3ab649ff2488584569814374e4638/group_types?is_public=False returned with HTTP 200
Mar 31 15:40:00.840897 dv-cinder-836028-1-smb devstack@c-api.service[116796]: [pid: 116796|app: 0|req: 65/124] 10.222.0.55 () {60 vars in 1297 bytes} [Thu Mar 31 15:40:00 2022] GET /volume/v3/35d3ab649ff2488584569814374e4638/group_types?is_public=False => generated 168 bytes in 57 msecs (HTTP/1.1 200) 7 headers in 286 bytes (1 switches on core 0)
Mar 31 15:40:00.851469 dv-cinder-836028-1-smb devstack@c-api.service[116797]: INFO cinder.api.openstack.wsgi [None req-c79b620a-2eac-4311-ad8e-271a72ca0489 tempest-VolumeSnapshotQuotasNegativeTestJSON-1773949372 tempest-VolumeSnapshotQuotasNegativeTestJSON-1773949372-project] GET http://10.222.0.55/volume/v3/578bceb42b56445798d2740d5f5c7e5b/snapshots/d0729ae2-e7ac-4b90-b836-e2e84901c677
Mar 31 15:40:00.853470 dv-cinder-836028-1-smb devstack@c-api.service[116796]: DEBUG cinder.api.middleware.request_id [None req-9c31ebee-4b98-4fc0-8967-05ae21116097 None None] RequestId filter calling following filter/app {{(pid=116796) _context_setter /opt/stack/cinder/cinder/api/middleware/request_id.py:62}}
Mar 31 15:40:00.857553 dv-cinder-836028-1-smb devstack@c-api.service[116797]: DEBUG cinder.api.openstack.wsgi [None req-c79b620a-2eac-4311-ad8e-271a72ca0489 tempest-VolumeSnapshotQuotasNegativeTestJSON-1773949372 tempest-VolumeSnapshotQuotasNegativeTestJSON-1773949372-project] Empty body provided in request {{(pid=116797) get_body /opt/stack/cinder/cinder/api/openstack/wsgi.py:715}}
Mar 31 15:40:00.859767 dv-cinder-836028-1-smb devstack@c-api.service[116797]: DEBUG cinder.api.openstack.wsgi [None req-c79b620a-2eac-4311-ad8e-271a72ca0489 tempest-VolumeSnapshotQuotasNegativeTestJSON-1773949372 tempest-VolumeSnapshotQuotasNegativeTestJSON-1773949372-project] Calling method 'show' {{(pid=116797) _process_stack /opt/stack/cinder/cinder/api/openstack/wsgi.py:868}}
Mar 31 15:40:00.860942 dv-cinder-836028-1-smb devstack@c-api.service[116796]: INFO cinder.api.openstack.wsgi [None req-9c31ebee-4b98-4fc0-8967-05ae21116097 tempest-GroupTypesTest-425750316 tempest-GroupTypesTest-425750316-project-admin] GET http://10.222.0.55/volume/v3/35d3ab649ff2488584569814374e4638/group_types?is_public=True
Mar 31 15:40:00.865961 dv-cinder-836028-1-smb devstack@c-api.service[116796]: DEBUG cinder.api.openstack.wsgi [None req-9c31ebee-4b98-4fc0-8967-05ae21116097 tempest-GroupTypesTest-425750316 tempest-GroupTypesTest-425750316-project-admin] Empty body provided in request {{(pid=116796) get_body /opt/stack/cinder/cinder/api/openstack/wsgi.py:715}}
Mar 31 15:40:00.875405 dv-cinder-836028-1-smb devstack@c-api.service[116796]: DEBUG cinder.api.openstack.wsgi [None req-9c31ebee-4b98-4fc0-8967-05ae21116097 tempest-GroupTypesTest-425750316 tempest-GroupTypesTest-425750316-project-admin] Calling method 'version_select' {{(pid=116796) _process_stack /opt/stack/cinder/cinder/api/openstack/wsgi.py:868}}
Mar 31 15:40:00.901696 dv-cinder-836028-1-smb devstack@c-api.service[116796]: INFO cinder.api.openstack.wsgi [None req-9c31ebee-4b98-4fc0-8967-05ae21116097 tempest-GroupTypesTest-425750316 tempest-GroupTypesTest-425750316-project-admin] http://10.222.0.55/volume/v3/35d3ab649ff2488584569814374e4638/group_types?is_public=True returned with HTTP 200
Mar 31 15:40:00.903340 dv-cinder-836028-1-smb devstack@c-api.service[116797]: /usr/local/lib/python3.8/dist-packages/oslo_context/context.py:100: DeprecationWarning: Policy enforcement is depending on the value of is_admin. This key is deprecated. Please update your policy file to use the standard policy values.
Mar 31 15:40:00.903340 dv-cinder-836028-1-smb devstack@c-api.service[116797]: warnings.warn('Policy enforcement is depending on the value of '
Mar 31 15:40:00.909185 dv-cinder-836028-1-smb devstack@c-api.service[116796]: [pid: 116796|app: 0|req: 66/125] 10.222.0.55 () {60 vars in 1295 bytes} [Thu Mar 31 15:40:00 2022] GET /volume/v3/35d3ab649ff2488584569814374e4638/group_types?is_public=True => generated 398 bytes in 59 msecs (HTTP/1.1 200) 7 headers in 286 bytes (1 switches on core 0)
Mar 31 15:40:00.911554 dv-cinder-836028-1-smb devstack@c-api.service[116796]: DEBUG cinder.api.middleware.request_id [None req-1b0f138e-78de-4c26-b142-400193ae5022 None None] RequestId filter calling following filter/app {{(pid=116796) _context_setter /opt/stack/cinder/cinder/api/middleware/request_id.py:62}}
Mar 31 15:40:00.912170 dv-cinder-836028-1-smb devstack@c-api.service[116797]: INFO cinder.volume.api [None req-c79b620a-2eac-4311-ad8e-271a72ca0489 tempest-VolumeSnapshotQuotasNegativeTestJSON-1773949372 tempest-VolumeSnapshotQuotasNegativeTestJSON-1773949372-project] Snapshot retrieved successfully.
Mar 31 15:40:00.920352 dv-cinder-836028-1-smb devstack@c-api.service[116797]: INFO cinder.api.openstack.wsgi [None req-c79b620a-2eac-4311-ad8e-271a72ca0489 tempest-VolumeSnapshotQuotasNegativeTestJSON-1773949372 tempest-VolumeSnapshotQuotasNegativeTestJSON-1773949372-project] http://10.222.0.55/volume/v3/578bceb42b56445798d2740d5f5c7e5b/snapshots/d0729ae2-e7ac-4b90-b836-e2e84901c677 returned with HTTP 200
Mar 31 15:40:00.921395 dv-cinder-836028-1-smb devstack@c-api.service[116797]: [pid: 116797|app: 0|req: 60/126] 10.222.0.55 () {58 vars in 1330 bytes} [Thu Mar 31 15:40:00 2022] GET /volume/v3/578bceb42b56445798d2740d5f5c7e5b/snapshots/d0729ae2-e7ac-4b90-b836-e2e84901c677 => generated 547 bytes in 100 msecs (HTTP/1.1 200) 7 headers in 285 bytes (1 switches on core 0)
Mar 31 15:40:00.923439 dv-cinder-836028-1-smb devstack@c-api.service[116796]: INFO cinder.api.openstack.wsgi [None req-1b0f138e-78de-4c26-b142-400193ae5022 tempest-GroupTypesTest-425750316 tempest-GroupTypesTest-425750316-project-admin] DELETE http://10.222.0.55/volume/v3/35d3ab649ff2488584569814374e4638/group_types/5559d773-7fc5-4547-8cc6-445b8f904620
Mar 31 15:40:00.924135 dv-cinder-836028-1-smb devstack@c-api.service[116796]: DEBUG cinder.api.openstack.wsgi [None req-1b0f138e-78de-4c26-b142-400193ae5022 tempest-GroupTypesTest-425750316 tempest-GroupTypesTest-425750316-project-admin] Empty body provided in request {{(pid=116796) get_body /opt/stack/cinder/cinder/api/openstack/wsgi.py:715}}
Mar 31 15:40:00.926500 dv-cinder-836028-1-smb devstack@c-api.service[116796]: DEBUG cinder.api.openstack.wsgi [None req-1b0f138e-78de-4c26-b142-400193ae5022 tempest-GroupTypesTest-425750316 tempest-GroupTypesTest-425750316-project-admin] Calling method 'version_select' {{(pid=116796) _process_stack /opt/stack/cinder/cinder/api/openstack/wsgi.py:868}}
Mar 31 15:40:00.975783 dv-cinder-836028-1-smb devstack@c-api.service[116796]: INFO cinder.api.openstack.wsgi [None req-1b0f138e-78de-4c26-b142-400193ae5022 tempest-GroupTypesTest-425750316 tempest-GroupTypesTest-425750316-project-admin] http://10.222.0.55/volume/v3/35d3ab649ff2488584569814374e4638/group_types/5559d773-7fc5-4547-8cc6-445b8f904620 returned with HTTP 202
Mar 31 15:40:00.984335 dv-cinder-836028-1-smb devstack@c-api.service[116796]: [pid: 116796|app: 0|req: 67/127] 10.222.0.55 () {60 vars in 1380 bytes} [Thu Mar 31 15:40:00 2022] DELETE /volume/v3/35d3ab649ff2488584569814374e4638/group_types/5559d773-7fc5-4547-8cc6-445b8f904620 => generated 0 bytes in 66 msecs (HTTP/1.1 202) 6 headers in 234 bytes (1 switches on core 0)
Mar 31 15:40:00.985756 dv-cinder-836028-1-smb devstack@c-api.service[116797]: DEBUG cinder.api.middleware.request_id [None req-925c9cff-41e0-4e60-90d6-b02faefab8f5 None None] RequestId filter calling following filter/app {{(pid=116797) _context_setter /opt/stack/cinder/cinder/api/middleware/request_id.py:62}}
Mar 31 15:40:00.995746 dv-cinder-836028-1-smb devstack@c-api.service[116797]: INFO cinder.api.openstack.wsgi [None req-925c9cff-41e0-4e60-90d6-b02faefab8f5 tempest-GroupTypesTest-425750316 tempest-GroupTypesTest-425750316-project-admin] DELETE http://10.222.0.55/volume/v3/35d3ab649ff2488584569814374e4638/group_types/07f7474d-5ab7-4437-b956-1de93ee27ab6
Mar 31 15:40:00.997552 dv-cinder-836028-1-smb devstack@c-api.service[116797]: DEBUG cinder.api.openstack.wsgi [None req-925c9cff-41e0-4e60-90d6-b02faefab8f5 tempest-GroupTypesTest-425750316 tempest-GroupTypesTest-425750316-project-admin] Empty body provided in request {{(pid=116797) get_body /opt/stack/cinder/cinder/api/openstack/wsgi.py:715}}
Mar 31 15:40:00.998292 dv-cinder-836028-1-smb devstack@c-api.service[116797]: DEBUG cinder.api.openstack.wsgi [None req-925c9cff-41e0-4e60-90d6-b02faefab8f5 tempest-GroupTypesTest-425750316 tempest-GroupTypesTest-425750316-project-admin] Calling method 'version_select' {{(pid=116797) _process_stack /opt/stack/cinder/cinder/api/openstack/wsgi.py:868}}
Mar 31 15:40:01.080238 dv-cinder-836028-1-smb devstack@c-api.service[116797]: INFO cinder.api.openstack.wsgi [None req-925c9cff-41e0-4e60-90d6-b02faefab8f5 tempest-GroupTypesTest-425750316 tempest-GroupTypesTest-425750316-project-admin] http://10.222.0.55/volume/v3/35d3ab649ff2488584569814374e4638/group_types/07f7474d-5ab7-4437-b956-1de93ee27ab6 returned with HTTP 202
Mar 31 15:40:01.086633 dv-cinder-836028-1-smb devstack@c-api.service[116797]: [pid: 116797|app: 0|req: 61/128] 10.222.0.55 () {60 vars in 1380 bytes} [Thu Mar 31 15:40:00 2022] DELETE /volume/v3/35d3ab649ff2488584569814374e4638/group_types/07f7474d-5ab7-4437-b956-1de93ee27ab6 => generated 0 bytes in 102 msecs (HTTP/1.1 202) 6 headers in 234 bytes (2 switches on core 0)
Mar 31 15:40:01.931343 dv-cinder-836028-1-smb devstack@c-api.service[116796]: DEBUG cinder.api.middleware.request_id [None req-58fdcb21-d0da-450f-bfba-158b4568f8ea None None] RequestId filter calling following filter/app {{(pid=116796) _context_setter /opt/stack/cinder/cinder/api/middleware/request_id.py:62}}
Mar 31 15:40:01.936655 dv-cinder-836028-1-smb devstack@c-api.service[116796]: INFO cinder.api.openstack.wsgi [None req-58fdcb21-d0da-450f-bfba-158b4568f8ea tempest-VolumeSnapshotQuotasNegativeTestJSON-1773949372 tempest-VolumeSnapshotQuotasNegativeTestJSON-1773949372-project] GET http://10.222.0.55/volume/v3/578bceb42b56445798d2740d5f5c7e5b/snapshots/d0729ae2-e7ac-4b90-b836-e2e84901c677
Mar 31 15:40:01.937282 dv-cinder-836028-1-smb devstack@c-api.service[116796]: DEBUG cinder.api.openstack.wsgi [None req-58fdcb21-d0da-450f-bfba-158b4568f8ea tempest-VolumeSnapshotQuotasNegativeTestJSON-1773949372 tempest-VolumeSnapshotQuotasNegativeTestJSON-1773949372-project] Empty body provided in request {{(pid=116796) get_body /opt/stack/cinder/cinder/api/openstack/wsgi.py:715}}
Mar 31 15:40:01.937856 dv-cinder-836028-1-smb devstack@c-api.service[116796]: DEBUG cinder.api.openstack.wsgi [None req-58fdcb21-d0da-450f-bfba-158b4568f8ea tempest-VolumeSnapshotQuotasNegativeTestJSON-1773949372 tempest-VolumeSnapshotQuotasNegativeTestJSON-1773949372-project] Calling method 'show' {{(pid=116796) _process_stack /opt/stack/cinder/cinder/api/openstack/wsgi.py:868}}
Mar 31 15:40:01.956144 dv-cinder-836028-1-smb devstack@c-api.service[116796]: INFO cinder.api.openstack.wsgi [None req-58fdcb21-d0da-450f-bfba-158b4568f8ea tempest-VolumeSnapshotQuotasNegativeTestJSON-1773949372 tempest-VolumeSnapshotQuotasNegativeTestJSON-1773949372-project] http://10.222.0.55/volume/v3/578bceb42b56445798d2740d5f5c7e5b/snapshots/d0729ae2-e7ac-4b90-b836-e2e84901c677 returned with HTTP 404
Mar 31 15:40:01.962788 dv-cinder-836028-1-smb devstack@c-api.service[116797]: DEBUG cinder.api.middleware.request_id [None req-38423fbd-7c16-41e9-9f41-7017ad7191ec None None] RequestId filter calling following filter/app {{(pid=116797) _context_setter /opt/stack/cinder/cinder/api/middleware/request_id.py:62}}
Mar 31 15:40:01.967280 dv-cinder-836028-1-smb devstack@c-api.service[116797]: INFO cinder.api.openstack.wsgi [None req-38423fbd-7c16-41e9-9f41-7017ad7191ec tempest-VolumeSnapshotQuotasNegativeTestJSON-1773949372 tempest-VolumeSnapshotQuotasNegativeTestJSON-1773949372-project] DELETE http://10.222.0.55/volume/v3/578bceb42b56445798d2740d5f5c7e5b/volumes/ea729874-a2a5-407b-abfa-9cf35458a51c
Mar 31 15:40:01.967973 dv-cinder-836028-1-smb devstack@c-api.service[116797]: DEBUG cinder.api.openstack.wsgi [None req-38423fbd-7c16-41e9-9f41-7017ad7191ec tempest-VolumeSnapshotQuotasNegativeTestJSON-1773949372 tempest-VolumeSnapshotQuotasNegativeTestJSON-1773949372-project] Empty body provided in request {{(pid=116797) get_body /opt/stack/cinder/cinder/api/openstack/wsgi.py:715}}
Mar 31 15:40:01.968629 dv-cinder-836028-1-smb devstack@c-api.service[116797]: DEBUG cinder.api.openstack.wsgi [None req-38423fbd-7c16-41e9-9f41-7017ad7191ec tempest-VolumeSnapshotQuotasNegativeTestJSON-1773949372 tempest-VolumeSnapshotQuotasNegativeTestJSON-1773949372-project] Calling method 'delete' {{(pid=116797) _process_stack /opt/stack/cinder/cinder/api/openstack/wsgi.py:868}}
Mar 31 15:40:01.969291 dv-cinder-836028-1-smb devstack@c-api.service[116797]: INFO cinder.api.v3.volumes [None req-38423fbd-7c16-41e9-9f41-7017ad7191ec tempest-VolumeSnapshotQuotasNegativeTestJSON-1773949372 tempest-VolumeSnapshotQuotasNegativeTestJSON-1773949372-project] Delete volume with id: ea729874-a2a5-407b-abfa-9cf35458a51c
Mar 31 15:40:01.974875 dv-cinder-836028-1-smb devstack@c-api.service[116796]: [pid: 116796|app: 0|req: 68/129] 10.222.0.55 () {58 vars in 1330 bytes} [Thu Mar 31 15:40:01 2022] GET /volume/v3/578bceb42b56445798d2740d5f5c7e5b/snapshots/d0729ae2-e7ac-4b90-b836-e2e84901c677 => generated 111 bytes in 45 msecs (HTTP/1.1 404) 7 headers in 292 bytes (1 switches on core 0)
Mar 31 15:40:02.018167 dv-cinder-836028-1-smb devstack@c-api.service[116797]: /usr/local/lib/python3.8/dist-packages/oslo_context/context.py:100: DeprecationWarning: Policy enforcement is depending on the value of is_admin. This key is deprecated. Please update your policy file to use the standard policy values.
Mar 31 15:40:02.018167 dv-cinder-836028-1-smb devstack@c-api.service[116797]: warnings.warn('Policy enforcement is depending on the value of '
Mar 31 15:40:02.026307 dv-cinder-836028-1-smb devstack@c-api.service[116797]: INFO cinder.volume.api [None req-38423fbd-7c16-41e9-9f41-7017ad7191ec tempest-VolumeSnapshotQuotasNegativeTestJSON-1773949372 tempest-VolumeSnapshotQuotasNegativeTestJSON-1773949372-project] Volume info retrieved successfully.
Mar 31 15:40:02.102027 dv-cinder-836028-1-smb devstack@c-api.service[116797]: INFO cinder.volume.api [None req-38423fbd-7c16-41e9-9f41-7017ad7191ec tempest-VolumeSnapshotQuotasNegativeTestJSON-1773949372 tempest-VolumeSnapshotQuotasNegativeTestJSON-1773949372-project] Delete volume request issued successfully.
Mar 31 15:40:02.104008 dv-cinder-836028-1-smb devstack@c-api.service[116797]: INFO cinder.api.openstack.wsgi [None req-38423fbd-7c16-41e9-9f41-7017ad7191ec tempest-VolumeSnapshotQuotasNegativeTestJSON-1773949372 tempest-VolumeSnapshotQuotasNegativeTestJSON-1773949372-project] http://10.222.0.55/volume/v3/578bceb42b56445798d2740d5f5c7e5b/volumes/ea729874-a2a5-407b-abfa-9cf35458a51c returned with HTTP 202
Mar 31 15:40:02.110532 dv-cinder-836028-1-smb devstack@c-api.service[116796]: DEBUG cinder.api.middleware.request_id [None req-ec3535ba-bac6-4c59-8cdf-588b0809449e None None] RequestId filter calling following filter/app {{(pid=116796) _context_setter /opt/stack/cinder/cinder/api/middleware/request_id.py:62}}
Mar 31 15:40:02.116300 dv-cinder-836028-1-smb devstack@c-api.service[116796]: INFO cinder.api.openstack.wsgi [None req-ec3535ba-bac6-4c59-8cdf-588b0809449e tempest-VolumeSnapshotQuotasNegativeTestJSON-1773949372 tempest-VolumeSnapshotQuotasNegativeTestJSON-1773949372-project] GET http://10.222.0.55/volume/v3/578bceb42b56445798d2740d5f5c7e5b/volumes/ea729874-a2a5-407b-abfa-9cf35458a51c
Mar 31 15:40:02.117296 dv-cinder-836028-1-smb devstack@c-api.service[116796]: DEBUG cinder.api.openstack.wsgi [None req-ec3535ba-bac6-4c59-8cdf-588b0809449e tempest-VolumeSnapshotQuotasNegativeTestJSON-1773949372 tempest-VolumeSnapshotQuotasNegativeTestJSON-1773949372-project] Empty body provided in request {{(pid=116796) get_body /opt/stack/cinder/cinder/api/openstack/wsgi.py:715}}
Mar 31 15:40:02.117980 dv-cinder-836028-1-smb devstack@c-api.service[116796]: DEBUG cinder.api.openstack.wsgi [None req-ec3535ba-bac6-4c59-8cdf-588b0809449e tempest-VolumeSnapshotQuotasNegativeTestJSON-1773949372 tempest-VolumeSnapshotQuotasNegativeTestJSON-1773949372-project] Calling method 'show' {{(pid=116796) _process_stack /opt/stack/cinder/cinder/api/openstack/wsgi.py:868}}
Mar 31 15:40:02.121755 dv-cinder-836028-1-smb devstack@c-api.service[116797]: [pid: 116797|app: 0|req: 62/130] 10.222.0.55 () {58 vars in 1327 bytes} [Thu Mar 31 15:40:01 2022] DELETE /volume/v3/578bceb42b56445798d2740d5f5c7e5b/volumes/ea729874-a2a5-407b-abfa-9cf35458a51c => generated 0 bytes in 149 msecs (HTTP/1.1 202) 6 headers in 233 bytes (2 switches on core 0)
Mar 31 15:40:02.157277 dv-cinder-836028-1-smb devstack@c-api.service[116796]: /usr/local/lib/python3.8/dist-packages/oslo_context/context.py:100: DeprecationWarning: Policy enforcement is depending on the value of is_admin. This key is deprecated. Please update your policy file to use the standard policy values.
Mar 31 15:40:02.157277 dv-cinder-836028-1-smb devstack@c-api.service[116796]: warnings.warn('Policy enforcement is depending on the value of '
Mar 31 15:40:02.218915 dv-cinder-836028-1-smb devstack@c-api.service[116796]: INFO cinder.volume.api [None req-ec3535ba-bac6-4c59-8cdf-588b0809449e tempest-VolumeSnapshotQuotasNegativeTestJSON-1773949372 tempest-VolumeSnapshotQuotasNegativeTestJSON-1773949372-project] Volume info retrieved successfully.
Mar 31 15:40:02.275597 dv-cinder-836028-1-smb devstack@c-api.service[116796]: INFO cinder.api.openstack.wsgi [None req-ec3535ba-bac6-4c59-8cdf-588b0809449e tempest-VolumeSnapshotQuotasNegativeTestJSON-1773949372 tempest-VolumeSnapshotQuotasNegativeTestJSON-1773949372-project] http://10.222.0.55/volume/v3/578bceb42b56445798d2740d5f5c7e5b/volumes/ea729874-a2a5-407b-abfa-9cf35458a51c returned with HTTP 200
Mar 31 15:40:02.286941 dv-cinder-836028-1-smb devstack@c-api.service[116796]: [pid: 116796|app: 0|req: 69/131] 10.222.0.55 () {58 vars in 1324 bytes} [Thu Mar 31 15:40:02 2022] GET /volume/v3/578bceb42b56445798d2740d5f5c7e5b/volumes/ea729874-a2a5-407b-abfa-9cf35458a51c => generated 928 bytes in 177 msecs (HTTP/1.1 200) 7 headers in 285 bytes (1 switches on core 0)
Mar 31 15:40:03.298899 dv-cinder-836028-1-smb devstack@c-api.service[116797]: DEBUG cinder.api.middleware.request_id [None req-062180e1-9f05-4aa4-9ddb-1fdf2eb902a4 None None] RequestId filter calling following filter/app {{(pid=116797) _context_setter /opt/stack/cinder/cinder/api/middleware/request_id.py:62}}
Mar 31 15:40:03.303686 dv-cinder-836028-1-smb devstack@c-api.service[116797]: INFO cinder.api.openstack.wsgi [None req-062180e1-9f05-4aa4-9ddb-1fdf2eb902a4 tempest-VolumeSnapshotQuotasNegativeTestJSON-1773949372 tempest-VolumeSnapshotQuotasNegativeTestJSON-1773949372-project] GET http://10.222.0.55/volume/v3/578bceb42b56445798d2740d5f5c7e5b/volumes/ea729874-a2a5-407b-abfa-9cf35458a51c
Mar 31 15:40:03.304149 dv-cinder-836028-1-smb devstack@c-api.service[116797]: DEBUG cinder.api.openstack.wsgi [None req-062180e1-9f05-4aa4-9ddb-1fdf2eb902a4 tempest-VolumeSnapshotQuotasNegativeTestJSON-1773949372 tempest-VolumeSnapshotQuotasNegativeTestJSON-1773949372-project] Empty body provided in request {{(pid=116797) get_body /opt/stack/cinder/cinder/api/openstack/wsgi.py:715}}
Mar 31 15:40:03.304609 dv-cinder-836028-1-smb devstack@c-api.service[116797]: DEBUG cinder.api.openstack.wsgi [None req-062180e1-9f05-4aa4-9ddb-1fdf2eb902a4 tempest-VolumeSnapshotQuotasNegativeTestJSON-1773949372 tempest-VolumeSnapshotQuotasNegativeTestJSON-1773949372-project] Calling method 'show' {{(pid=116797) _process_stack /opt/stack/cinder/cinder/api/openstack/wsgi.py:868}}
Mar 31 15:40:03.334265 dv-cinder-836028-1-smb devstack@c-api.service[116797]: INFO cinder.api.openstack.wsgi [None req-062180e1-9f05-4aa4-9ddb-1fdf2eb902a4 tempest-VolumeSnapshotQuotasNegativeTestJSON-1773949372 tempest-VolumeSnapshotQuotasNegativeTestJSON-1773949372-project] http://10.222.0.55/volume/v3/578bceb42b56445798d2740d5f5c7e5b/volumes/ea729874-a2a5-407b-abfa-9cf35458a51c returned with HTTP 404
Mar 31 15:40:03.340044 dv-cinder-836028-1-smb devstack@c-api.service[116796]: DEBUG cinder.api.middleware.request_id [None req-bc37bcef-b171-425e-ab6e-398d711afe27 None None] RequestId filter calling following filter/app {{(pid=116796) _context_setter /opt/stack/cinder/cinder/api/middleware/request_id.py:62}}
Mar 31 15:40:03.345277 dv-cinder-836028-1-smb devstack@c-api.service[116796]: INFO cinder.api.openstack.wsgi [None req-bc37bcef-b171-425e-ab6e-398d711afe27 tempest-VolumeSnapshotQuotasNegativeTestJSON-1432860946 tempest-VolumeSnapshotQuotasNegativeTestJSON-1432860946-project-admin] PUT http://10.222.0.55/volume/v3/ed39ab8486ac4630a21920c0fa4cd306/os-quota-sets/578bceb42b56445798d2740d5f5c7e5b
Mar 31 15:40:03.346004 dv-cinder-836028-1-smb devstack@c-api.service[116796]: DEBUG cinder.api.openstack.wsgi [None req-bc37bcef-b171-425e-ab6e-398d711afe27 tempest-VolumeSnapshotQuotasNegativeTestJSON-1432860946 tempest-VolumeSnapshotQuotasNegativeTestJSON-1432860946-project-admin] Action: 'update', calling method: update, body: {"quota_set": {"volumes": 10, "per_volume_gigabytes": -1, "snapshots": 10, "gigabytes": 1000, "backups": 10, "backup_gigabytes": 1000}} {{(pid=116796) _process_stack /opt/stack/cinder/cinder/api/openstack/wsgi.py:866}}
Mar 31 15:40:03.358535 dv-cinder-836028-1-smb devstack@c-api.service[116797]: [pid: 116797|app: 0|req: 63/132] 10.222.0.55 () {58 vars in 1324 bytes} [Thu Mar 31 15:40:03 2022] GET /volume/v3/578bceb42b56445798d2740d5f5c7e5b/volumes/ea729874-a2a5-407b-abfa-9cf35458a51c => generated 109 bytes in 58 msecs (HTTP/1.1 404) 7 headers in 292 bytes (1 switches on core 0)
Mar 31 15:40:03.759170 dv-cinder-836028-1-smb devstack@c-api.service[116796]: INFO cinder.api.openstack.wsgi [None req-bc37bcef-b171-425e-ab6e-398d711afe27 tempest-VolumeSnapshotQuotasNegativeTestJSON-1432860946 tempest-VolumeSnapshotQuotasNegativeTestJSON-1432860946-project-admin] http://10.222.0.55/volume/v3/ed39ab8486ac4630a21920c0fa4cd306/os-quota-sets/578bceb42b56445798d2740d5f5c7e5b returned with HTTP 200
Mar 31 15:40:03.759926 dv-cinder-836028-1-smb devstack@c-api.service[116796]: [pid: 116796|app: 0|req: 70/133] 10.222.0.55 () {60 vars in 1351 bytes} [Thu Mar 31 15:40:03 2022] PUT /volume/v3/ed39ab8486ac4630a21920c0fa4cd306/os-quota-sets/578bceb42b56445798d2740d5f5c7e5b => generated 319 bytes in 421 msecs (HTTP/1.1 200) 7 headers in 285 bytes (2 switches on core 0)
Mar 31 15:40:05.403241 dv-cinder-836028-1-smb devstack@c-api.service[116797]: DEBUG cinder.api.middleware.request_id [None req-34bd4ffd-6db7-4610-b193-2ee5ca0b6ba7 None None] RequestId filter calling following filter/app {{(pid=116797) _context_setter /opt/stack/cinder/cinder/api/middleware/request_id.py:62}}
Mar 31 15:40:06.187353 dv-cinder-836028-1-smb devstack@c-api.service[116797]: INFO cinder.api.openstack.wsgi [None req-34bd4ffd-6db7-4610-b193-2ee5ca0b6ba7 tempest-GroupsV320Test-558278142 tempest-GroupsV320Test-558278142-project-admin] POST http://10.222.0.55/volume/v3/55babcf30a124cf78915b28058f0907b/types
Mar 31 15:40:06.189588 dv-cinder-836028-1-smb devstack@c-api.service[116797]: DEBUG cinder.api.openstack.wsgi [None req-34bd4ffd-6db7-4610-b193-2ee5ca0b6ba7 tempest-GroupsV320Test-558278142 tempest-GroupsV320Test-558278142-project-admin] Action: 'create', calling method: _create, body: {"volume_type": {"name": "tempest-GroupsV320Test-volume-type-980676946"}} {{(pid=116797) _process_stack /opt/stack/cinder/cinder/api/openstack/wsgi.py:866}}
Mar 31 15:40:06.250395 dv-cinder-836028-1-smb devstack@c-api.service[116797]: INFO cinder.api.openstack.wsgi [None req-34bd4ffd-6db7-4610-b193-2ee5ca0b6ba7 tempest-GroupsV320Test-558278142 tempest-GroupsV320Test-558278142-project-admin] http://10.222.0.55/volume/v3/55babcf30a124cf78915b28058f0907b/types returned with HTTP 200
Mar 31 15:40:06.255589 dv-cinder-836028-1-smb devstack@c-api.service[116797]: [pid: 116797|app: 0|req: 64/134] 10.222.0.55 () {60 vars in 1228 bytes} [Thu Mar 31 15:40:05 2022] POST /volume/v3/55babcf30a124cf78915b28058f0907b/types => generated 219 bytes in 854 msecs (HTTP/1.1 200) 7 headers in 285 bytes (1 switches on core 0)
Mar 31 15:40:06.259776 dv-cinder-836028-1-smb devstack@c-api.service[116796]: DEBUG cinder.api.middleware.request_id [None req-70627179-395e-4376-8c88-5529dd20df29 None None] RequestId filter calling following filter/app {{(pid=116796) _context_setter /opt/stack/cinder/cinder/api/middleware/request_id.py:62}}
Mar 31 15:40:06.264964 dv-cinder-836028-1-smb devstack@c-api.service[116796]: INFO cinder.api.openstack.wsgi [None req-70627179-395e-4376-8c88-5529dd20df29 tempest-GroupsV320Test-558278142 tempest-GroupsV320Test-558278142-project-admin] POST http://10.222.0.55/volume/v3/55babcf30a124cf78915b28058f0907b/group_types
Mar 31 15:40:06.265963 dv-cinder-836028-1-smb devstack@c-api.service[116796]: DEBUG cinder.api.openstack.wsgi [None req-70627179-395e-4376-8c88-5529dd20df29 tempest-GroupsV320Test-558278142 tempest-GroupsV320Test-558278142-project-admin] Action: 'create', calling method: version_select, body: {"group_type": {"name": "tempest-GroupsV320Test-group-type-890602289"}} {{(pid=116796) _process_stack /opt/stack/cinder/cinder/api/openstack/wsgi.py:866}}
Mar 31 15:40:06.325785 dv-cinder-836028-1-smb devstack@c-api.service[116796]: INFO cinder.api.openstack.wsgi [None req-70627179-395e-4376-8c88-5529dd20df29 tempest-GroupsV320Test-558278142 tempest-GroupsV320Test-558278142-project-admin] http://10.222.0.55/volume/v3/55babcf30a124cf78915b28058f0907b/group_types returned with HTTP 202
Mar 31 15:40:06.327546 dv-cinder-836028-1-smb devstack@c-api.service[116796]: [pid: 116796|app: 0|req: 71/135] 10.222.0.55 () {62 vars in 1287 bytes} [Thu Mar 31 15:40:06 2022] POST /volume/v3/55babcf30a124cf78915b28058f0907b/group_types => generated 176 bytes in 70 msecs (HTTP/1.1 202) 7 headers in 292 bytes (1 switches on core 0)
Mar 31 15:40:06.335323 dv-cinder-836028-1-smb devstack@c-api.service[116797]: DEBUG cinder.api.middleware.request_id [None req-b4fb0e11-c1a2-41f3-b7b2-f43295246cac None None] RequestId filter calling following filter/app {{(pid=116797) _context_setter /opt/stack/cinder/cinder/api/middleware/request_id.py:62}}
Mar 31 15:40:06.782947 dv-cinder-836028-1-smb devstack@c-api.service[116797]: INFO cinder.api.openstack.wsgi [None req-b4fb0e11-c1a2-41f3-b7b2-f43295246cac tempest-GroupsV320Test-2119908679 tempest-GroupsV320Test-2119908679-project] POST http://10.222.0.55/volume/v3/3ed5ae9303154ad594f6c7ae159a1d36/groups
Mar 31 15:40:06.783711 dv-cinder-836028-1-smb devstack@c-api.service[116797]: DEBUG cinder.api.openstack.wsgi [None req-b4fb0e11-c1a2-41f3-b7b2-f43295246cac tempest-GroupsV320Test-2119908679 tempest-GroupsV320Test-2119908679-project] Action: 'create', calling method: version_select, body: {"group": {"group_type": "b0296629-2c15-41c2-9151-302cfaa51ddd", "volume_types": ["e07f2fcc-5d68-42a3-9993-f46e56ac921d"], "name": "tempest-GroupsV320Test-Group-1994481984"}} {{(pid=116797) _process_stack /opt/stack/cinder/cinder/api/openstack/wsgi.py:866}}
Mar 31 15:40:06.784995 dv-cinder-836028-1-smb devstack@c-api.service[116797]: DEBUG cinder.api.v3.groups [None req-b4fb0e11-c1a2-41f3-b7b2-f43295246cac tempest-GroupsV320Test-2119908679 tempest-GroupsV320Test-2119908679-project] Creating new group {'group': {'group_type': 'b0296629-2c15-41c2-9151-302cfaa51ddd', 'volume_types': ['e07f2fcc-5d68-42a3-9993-f46e56ac921d'], 'name': 'tempest-GroupsV320Test-Group-1994481984'}} {{(pid=116797) create /opt/stack/cinder/cinder/api/v3/groups.py:190}}
Mar 31 15:40:06.793598 dv-cinder-836028-1-smb devstack@c-api.service[116797]: INFO cinder.api.v3.groups [None req-b4fb0e11-c1a2-41f3-b7b2-f43295246cac tempest-GroupsV320Test-2119908679 tempest-GroupsV320Test-2119908679-project] Creating group tempest-GroupsV320Test-Group-1994481984.
Mar 31 15:40:06.832307 dv-cinder-836028-1-smb devstack@c-api.service[116797]: INFO cinder.volume.api [None req-b4fb0e11-c1a2-41f3-b7b2-f43295246cac tempest-GroupsV320Test-2119908679 tempest-GroupsV320Test-2119908679-project] Availability Zones retrieved successfully.
Mar 31 15:40:06.879165 dv-cinder-836028-1-smb devstack@c-api.service[116797]: DEBUG cinder.quota [None req-b4fb0e11-c1a2-41f3-b7b2-f43295246cac tempest-GroupsV320Test-2119908679 tempest-GroupsV320Test-2119908679-project] Created reservations ['0e0433ad-bc96-4f5b-a626-536f9798d1a2'] {{(pid=116797) reserve /opt/stack/cinder/cinder/quota.py:755}}
Mar 31 15:40:06.956091 dv-cinder-836028-1-smb devstack@c-api.service[116797]: INFO cinder.api.openstack.wsgi [None req-b4fb0e11-c1a2-41f3-b7b2-f43295246cac tempest-GroupsV320Test-2119908679 tempest-GroupsV320Test-2119908679-project] http://10.222.0.55/volume/v3/3ed5ae9303154ad594f6c7ae159a1d36/groups returned with HTTP 202
Mar 31 15:40:06.957229 dv-cinder-836028-1-smb devstack@c-api.service[116797]: [pid: 116797|app: 0|req: 65/136] 10.222.0.55 () {62 vars in 1273 bytes} [Thu Mar 31 15:40:06 2022] POST /volume/v3/3ed5ae9303154ad594f6c7ae159a1d36/groups => generated 108 bytes in 623 msecs (HTTP/1.1 202) 7 headers in 292 bytes (1 switches on core 0)
Mar 31 15:40:06.963016 dv-cinder-836028-1-smb devstack@c-api.service[116796]: DEBUG cinder.api.middleware.request_id [None req-63061239-24f5-4984-99b2-1160fd8282de None None] RequestId filter calling following filter/app {{(pid=116796) _context_setter /opt/stack/cinder/cinder/api/middleware/request_id.py:62}}
Mar 31 15:40:06.967046 dv-cinder-836028-1-smb devstack@c-api.service[116796]: INFO cinder.api.openstack.wsgi [None req-63061239-24f5-4984-99b2-1160fd8282de tempest-GroupsV320Test-2119908679 tempest-GroupsV320Test-2119908679-project] GET http://10.222.0.55/volume/v3/3ed5ae9303154ad594f6c7ae159a1d36/groups/409b02a6-6a57-4927-b3de-bc560e0aeed3
Mar 31 15:40:06.967610 dv-cinder-836028-1-smb devstack@c-api.service[116796]: DEBUG cinder.api.openstack.wsgi [None req-63061239-24f5-4984-99b2-1160fd8282de tempest-GroupsV320Test-2119908679 tempest-GroupsV320Test-2119908679-project] Empty body provided in request {{(pid=116796) get_body /opt/stack/cinder/cinder/api/openstack/wsgi.py:715}}
