Sep 01 16:15:52.052827 dv-cinder-836027-9-smb devstack@keystone.service[81784]: DEBUG keystone.server.flask.request_processing.req_logging [None req-594c8518-90b0-4c72-b512-3f0a76a4c14a None admin] SCRIPT_NAME: `/identity` {{(pid=81784) log_request_info /opt/stack/keystone/keystone/server/flask/request_processing/req_logging.py:28}}
Sep 01 16:15:52.052827 dv-cinder-836027-9-smb devstack@keystone.service[81784]: DEBUG keystone.server.flask.request_processing.req_logging [None req-594c8518-90b0-4c72-b512-3f0a76a4c14a None admin] PATH_INFO: `/v3/auth/tokens` {{(pid=81784) log_request_info /opt/stack/keystone/keystone/server/flask/request_processing/req_logging.py:29}}
Sep 01 16:15:52.067432 dv-cinder-836027-9-smb devstack@keystone.service[81784]: DEBUG dbcounter [-] [81784] Writing DB stats keystone:SELECT=100 {{(pid=81784) stat_writer /usr/local/lib/python3.8/dist-packages/dbcounter.py:114}}
Sep 01 16:15:52.122278 dv-cinder-836027-9-smb devstack@keystone.service[81783]: DEBUG keystone.server.flask.request_processing.middleware.auth_context [None req-19df8e4a-9d6a-4c75-9883-718e486f3614 None admin] Validating token access rules against request {{(pid=81783) validate_allowed_request /usr/local/lib/python3.8/dist-packages/keystonemiddleware/auth_token/__init__.py:545}}
Sep 01 16:15:52.123352 dv-cinder-836027-9-smb devstack@keystone.service[81784]: DEBUG keystone.common.rbac_enforcer.enforcer [None req-594c8518-90b0-4c72-b512-3f0a76a4c14a None admin] RBAC: Authorizing `identity:validate_token()` {{(pid=81784) enforce_call /opt/stack/keystone/keystone/common/rbac_enforcer/enforcer.py:449}}
Sep 01 16:15:52.124885 dv-cinder-836027-9-smb devstack@keystone.service[81784]: DEBUG keystone.common.rbac_enforcer.enforcer [None req-594c8518-90b0-4c72-b512-3f0a76a4c14a None admin] RBAC: Authorization granted {{(pid=81784) enforce_call /opt/stack/keystone/keystone/common/rbac_enforcer/enforcer.py:457}}
Sep 01 16:15:52.161420 dv-cinder-836027-9-smb devstack@keystone.service[81783]: DEBUG keystone.server.flask.request_processing.middleware.auth_context [None req-f6e2a0c4-b8c3-47fd-8e0d-0f2ed0729643 None admin] RBAC: auth_context: {'token': , 'domain_id': None, 'trust_id': None, 'trustor_id': None, 'trustee_id': None, 'domain_name': None, 'group_ids': [], 'user_id': '9919555c8b9f4d16b646e3f64ace74c5', 'user_domain_id': 'default', 'system_scope': 'all', 'project_id': None, 'project_domain_id': None, 'roles': ['admin', 'member', 'reader'], 'is_admin_project': True, 'service_user_id': None, 'service_user_domain_id': None, 'service_project_id': None, 'service_project_domain_id': None, 'service_roles': []} {{(pid=81783) fill_context /opt/stack/keystone/keystone/server/flask/request_processing/middleware/auth_context.py:478}}
Sep 01 16:15:52.162144 dv-cinder-836027-9-smb devstack@keystone.service[81783]: DEBUG keystone.server.flask.request_processing.req_logging [None req-f6e2a0c4-b8c3-47fd-8e0d-0f2ed0729643 None admin] REQUEST_METHOD: `GET` {{(pid=81783) log_request_info /opt/stack/keystone/keystone/server/flask/request_processing/req_logging.py:27}}
Sep 01 16:15:52.162373 dv-cinder-836027-9-smb devstack@keystone.service[81783]: DEBUG keystone.server.flask.request_processing.req_logging [None req-f6e2a0c4-b8c3-47fd-8e0d-0f2ed0729643 None admin] SCRIPT_NAME: `/identity` {{(pid=81783) log_request_info /opt/stack/keystone/keystone/server/flask/request_processing/req_logging.py:28}}
Sep 01 16:15:52.162645 dv-cinder-836027-9-smb devstack@keystone.service[81783]: DEBUG keystone.server.flask.request_processing.req_logging [None req-f6e2a0c4-b8c3-47fd-8e0d-0f2ed0729643 None admin] PATH_INFO: `/v3/roles/member` {{(pid=81783) log_request_info /opt/stack/keystone/keystone/server/flask/request_processing/req_logging.py:29}}
Sep 01 16:15:52.171852 dv-cinder-836027-9-smb devstack@keystone.service[81783]: DEBUG dbcounter [-] [81783] Writing DB stats keystone:SELECT=100 {{(pid=81783) stat_writer /usr/local/lib/python3.8/dist-packages/dbcounter.py:114}}
Sep 01 16:15:52.174901 dv-cinder-836027-9-smb devstack@keystone.service[81783]: DEBUG keystone.common.rbac_enforcer.enforcer [None req-f6e2a0c4-b8c3-47fd-8e0d-0f2ed0729643 None admin] Extracting inferred target data resulted in "NOT FOUND (404)". {{(pid=81783) enforce_call /opt/stack/keystone/keystone/common/rbac_enforcer/enforcer.py:409}}
Sep 01 16:15:52.180537 dv-cinder-836027-9-smb devstack@keystone.service[81783]: ERROR keystone.server.flask.application [None req-f6e2a0c4-b8c3-47fd-8e0d-0f2ed0729643 None admin] Could not find role: member.: keystone.exception.RoleNotFound: Could not find role: member.
Sep 01 16:15:52.180537 dv-cinder-836027-9-smb devstack@keystone.service[81783]: ERROR keystone.server.flask.application
Traceback (most recent call last):
Sep 01 16:15:52.180537 dv-cinder-836027-9-smb devstack@keystone.service[81783]: ERROR keystone.server.flask.application
File "/usr/local/lib/python3.8/dist-packages/flask/app.py", line 1820, in full_dispatch_request
Sep 01 16:15:52.180537 dv-cinder-836027-9-smb devstack@keystone.service[81783]: ERROR keystone.server.flask.application rv = self.dispatch_request()
Sep 01 16:15:52.180537 dv-cinder-836027-9-smb devstack@keystone.service[81783]: ERROR keystone.server.flask.application
File "/usr/local/lib/python3.8/dist-packages/flask/app.py", line 1796, in dispatch_request
Sep 01 16:15:52.180537 dv-cinder-836027-9-smb devstack@keystone.service[81783]: ERROR keystone.server.flask.application return self.ensure_sync(self.view_functions[rule.endpoint])(**view_args)
Sep 01 16:15:52.180537 dv-cinder-836027-9-smb devstack@keystone.service[81783]: ERROR keystone.server.flask.application
File "/usr/local/lib/python3.8/dist-packages/flask_restful/__init__.py", line 467, in wrapper
Sep 01 16:15:52.180537 dv-cinder-836027-9-smb devstack@keystone.service[81783]: ERROR keystone.server.flask.application resp = resource(*args, **kwargs)
Sep 01 16:15:52.180537 dv-cinder-836027-9-smb devstack@keystone.service[81783]: ERROR keystone.server.flask.application
File "/usr/local/lib/python3.8/dist-packages/flask/views.py", line 107, in view
Sep 01 16:15:52.180537 dv-cinder-836027-9-smb devstack@keystone.service[81783]: ERROR keystone.server.flask.application return current_app.ensure_sync(self.dispatch_request)(**kwargs)
Sep 01 16:15:52.180537 dv-cinder-836027-9-smb devstack@keystone.service[81783]: ERROR keystone.server.flask.application
File "/usr/local/lib/python3.8/dist-packages/flask_restful/__init__.py", line 582, in dispatch_request
Sep 01 16:15:52.180537 dv-cinder-836027-9-smb devstack@keystone.service[81783]: ERROR keystone.server.flask.application resp = meth(*args, **kwargs)
Sep 01 16:15:52.180537 dv-cinder-836027-9-smb devstack@keystone.service[81783]: ERROR keystone.server.flask.application
File "/opt/stack/keystone/keystone/api/roles.py", line 50, in get
Sep 01 16:15:52.180537 dv-cinder-836027-9-smb devstack@keystone.service[81783]: ERROR keystone.server.flask.application return self._get_role(role_id)
Sep 01 16:15:52.180537 dv-cinder-836027-9-smb devstack@keystone.service[81783]: ERROR keystone.server.flask.application
File "/opt/stack/keystone/keystone/api/roles.py", line 70, in _get_role
Sep 01 16:15:52.180537 dv-cinder-836027-9-smb devstack@keystone.service[81783]: ERROR keystone.server.flask.application ENFORCER.enforce_call(action='identity:get_role')
Sep 01 16:15:52.181579 dv-cinder-836027-9-smb devstack@keystone.service[81783]: ERROR keystone.server.flask.application
File "/opt/stack/keystone/keystone/common/rbac_enforcer/enforcer.py", line 402, in enforce_call
Sep 01 16:15:52.181579 dv-cinder-836027-9-smb devstack@keystone.service[81783]: ERROR keystone.server.flask.application policy_dict.update(cls._extract_member_target_data(
Sep 01 16:15:52.181579 dv-cinder-836027-9-smb devstack@keystone.service[81783]: ERROR keystone.server.flask.application
File "/opt/stack/keystone/keystone/common/rbac_enforcer/enforcer.py", line 234, in _extract_member_target_data
Sep 01 16:15:52.181579 dv-cinder-836027-9-smb devstack@keystone.service[81783]: ERROR keystone.server.flask.application member_name: func(flask.request.view_args[key])
Sep 01 16:15:52.181579 dv-cinder-836027-9-smb devstack@keystone.service[81783]: ERROR keystone.server.flask.application
File "/opt/stack/keystone/keystone/common/manager.py", line 115, in wrapped
Sep 01 16:15:52.181579 dv-cinder-836027-9-smb devstack@keystone.service[81783]: ERROR keystone.server.flask.application __ret_val = __f(*args, **kwargs)
Sep 01 16:15:52.181579 dv-cinder-836027-9-smb devstack@keystone.service[81783]: ERROR keystone.server.flask.application
File "/usr/local/lib/python3.8/dist-packages/decorator.py", line 232, in fun
Sep 01 16:15:52.181579 dv-cinder-836027-9-smb devstack@keystone.service[81783]: ERROR keystone.server.flask.application return caller(func, *(extras + args), **kw)
Sep 01 16:15:52.181579 dv-cinder-836027-9-smb devstack@keystone.service[81783]: ERROR keystone.server.flask.application
File "/usr/local/lib/python3.8/dist-packages/dogpile/cache/region.py", line 1577, in get_or_create_for_user_func
Sep 01 16:15:52.181579 dv-cinder-836027-9-smb devstack@keystone.service[81783]: ERROR keystone.server.flask.application return self.get_or_create(
Sep 01 16:15:52.181579 dv-cinder-836027-9-smb devstack@keystone.service[81783]: ERROR keystone.server.flask.application
File "/usr/local/lib/python3.8/dist-packages/dogpile/cache/region.py", line 1042, in get_or_create
Sep 01 16:15:52.181579 dv-cinder-836027-9-smb devstack@keystone.service[81783]: ERROR keystone.server.flask.application with Lock(
Sep 01 16:15:52.181579 dv-cinder-836027-9-smb devstack@keystone.service[81783]: ERROR keystone.server.flask.application
File "/usr/local/lib/python3.8/dist-packages/dogpile/lock.py", line 185, in __enter__
Sep 01 16:15:52.181579 dv-cinder-836027-9-smb devstack@keystone.service[81783]: ERROR keystone.server.flask.application return self._enter()
Sep 01 16:15:52.181579 dv-cinder-836027-9-smb devstack@keystone.service[81783]: ERROR keystone.server.flask.application
File "/usr/local/lib/python3.8/dist-packages/dogpile/lock.py", line 94, in _enter
Sep 01 16:15:52.181579 dv-cinder-836027-9-smb devstack@keystone.service[81783]: ERROR keystone.server.flask.application generated = self._enter_create(value, createdtime)
Sep 01 16:15:52.182591 dv-cinder-836027-9-smb devstack@keystone.service[81783]: ERROR keystone.server.flask.application
File "/usr/local/lib/python3.8/dist-packages/dogpile/lock.py", line 178, in _enter_create
Sep 01 16:15:52.182591 dv-cinder-836027-9-smb devstack@keystone.service[81783]: ERROR keystone.server.flask.application return self.creator()
Sep 01 16:15:52.182591 dv-cinder-836027-9-smb devstack@keystone.service[81783]: ERROR keystone.server.flask.application
File "/usr/local/lib/python3.8/dist-packages/dogpile/cache/region.py", line 995, in gen_value
Sep 01 16:15:52.182591 dv-cinder-836027-9-smb devstack@keystone.service[81783]: ERROR keystone.server.flask.application created_value = creator(
Sep 01 16:15:52.182591 dv-cinder-836027-9-smb devstack@keystone.service[81783]: ERROR keystone.server.flask.application
File "/opt/stack/keystone/keystone/assignment/core.py", line 1276, in get_role
Sep 01 16:15:52.182591 dv-cinder-836027-9-smb devstack@keystone.service[81783]: ERROR keystone.server.flask.application return self.driver.get_role(role_id)
Sep 01 16:15:52.182591 dv-cinder-836027-9-smb devstack@keystone.service[81783]: ERROR keystone.server.flask.application
File "/opt/stack/keystone/keystone/assignment/role_backends/sql.py", line 70, in get_role
Sep 01 16:15:52.182591 dv-cinder-836027-9-smb devstack@keystone.service[81783]: ERROR keystone.server.flask.application return self._get_role(session, role_id).to_dict()
Sep 01 16:15:52.182591 dv-cinder-836027-9-smb devstack@keystone.service[81783]: ERROR keystone.server.flask.application
File "/opt/stack/keystone/keystone/assignment/role_backends/sql.py", line 65, in _get_role
Sep 01 16:15:52.182591 dv-cinder-836027-9-smb devstack@keystone.service[81783]: ERROR keystone.server.flask.application raise exception.RoleNotFound(role_id=role_id)
Sep 01 16:15:52.182591 dv-cinder-836027-9-smb devstack@keystone.service[81783]: ERROR keystone.server.flask.application keystone.exception.RoleNotFound: Could not find role: member.
Sep 01 16:15:52.182591 dv-cinder-836027-9-smb devstack@keystone.service[81783]: ERROR keystone.server.flask.application
Sep 01 16:15:52.182591 dv-cinder-836027-9-smb devstack@keystone.service[81783]: [pid: 81783|app: 0|req: 43/82] 10.222.0.15 () {56 vars in 1099 bytes} [Thu Sep 1 16:15:52 2022] GET /identity/v3/roles/member => generated 84 bytes in 173 msecs (HTTP/1.1 404) 5 headers in 183 bytes (1 switches on core 0)
Sep 01 16:15:52.182591 dv-cinder-836027-9-smb devstack@keystone.service[81783]: DEBUG keystone.server.flask.request_processing.middleware.auth_context [None req-f6e2a0c4-b8c3-47fd-8e0d-0f2ed0729643 None admin] Authenticating user token {{(pid=81783) process_request /usr/local/lib/python3.8/dist-packages/keystonemiddleware/auth_token/__init__.py:407}}
Sep 01 16:15:52.241136 dv-cinder-836027-9-smb devstack@keystone.service[81784]: [pid: 81784|app: 0|req: 40/83] 10.222.0.15 () {58 vars in 1282 bytes} [Thu Sep 1 16:15:51 2022] GET /identity/v3/auth/tokens => generated 799 bytes in 341 msecs (HTTP/1.1 200) 6 headers in 358 bytes (1 switches on core 0)
Sep 01 16:15:52.242452 dv-cinder-836027-9-smb devstack@keystone.service[81784]: DEBUG keystone.server.flask.request_processing.middleware.auth_context [None req-594c8518-90b0-4c72-b512-3f0a76a4c14a None admin] Authenticating user token {{(pid=81784) process_request /usr/local/lib/python3.8/dist-packages/keystonemiddleware/auth_token/__init__.py:407}}
Sep 01 16:15:52.291564 dv-cinder-836027-9-smb devstack@keystone.service[81783]: DEBUG keystone.server.flask.request_processing.middleware.auth_context [None req-f6e2a0c4-b8c3-47fd-8e0d-0f2ed0729643 None admin] Validating token access rules against request {{(pid=81783) validate_allowed_request /usr/local/lib/python3.8/dist-packages/keystonemiddleware/auth_token/__init__.py:545}}
Sep 01 16:15:52.300791 dv-cinder-836027-9-smb devstack@keystone.service[81784]: DEBUG dbcounter [-] [81784] Writing DB stats keystone:SELECT=100 {{(pid=81784) stat_writer /usr/local/lib/python3.8/dist-packages/dbcounter.py:114}}
Sep 01 16:15:52.331393 dv-cinder-836027-9-smb devstack@keystone.service[81783]: DEBUG keystone.server.flask.request_processing.middleware.auth_context [None req-614547f8-4e13-4647-81f1-3d44815ca6d1 None admin] RBAC: auth_context: {'token': , 'domain_id': None, 'trust_id': None, 'trustor_id': None, 'trustee_id': None, 'domain_name': None, 'group_ids': [], 'user_id': '9919555c8b9f4d16b646e3f64ace74c5', 'user_domain_id': 'default', 'system_scope': 'all', 'project_id': None, 'project_domain_id': None, 'roles': ['admin', 'member', 'reader'], 'is_admin_project': True, 'service_user_id': None, 'service_user_domain_id': None, 'service_project_id': None, 'service_project_domain_id': None, 'service_roles': []} {{(pid=81783) fill_context /opt/stack/keystone/keystone/server/flask/request_processing/middleware/auth_context.py:478}}
Sep 01 16:15:52.331932 dv-cinder-836027-9-smb devstack@keystone.service[81783]: DEBUG keystone.server.flask.request_processing.req_logging [None req-614547f8-4e13-4647-81f1-3d44815ca6d1 None admin] REQUEST_METHOD: `GET` {{(pid=81783) log_request_info /opt/stack/keystone/keystone/server/flask/request_processing/req_logging.py:27}}
Sep 01 16:15:52.332214 dv-cinder-836027-9-smb devstack@keystone.service[81783]: DEBUG keystone.server.flask.request_processing.req_logging [None req-614547f8-4e13-4647-81f1-3d44815ca6d1 None admin] SCRIPT_NAME: `/identity` {{(pid=81783) log_request_info /opt/stack/keystone/keystone/server/flask/request_processing/req_logging.py:28}}
Sep 01 16:15:52.332486 dv-cinder-836027-9-smb devstack@keystone.service[81783]: DEBUG keystone.server.flask.request_processing.req_logging [None req-614547f8-4e13-4647-81f1-3d44815ca6d1 None admin] PATH_INFO: `/v3/auth/tokens` {{(pid=81783) log_request_info /opt/stack/keystone/keystone/server/flask/request_processing/req_logging.py:29}}
Sep 01 16:15:52.358447 dv-cinder-836027-9-smb devstack@keystone.service[81784]: DEBUG keystone.server.flask.request_processing.middleware.auth_context [None req-594c8518-90b0-4c72-b512-3f0a76a4c14a None admin] Validating token access rules against request {{(pid=81784) validate_allowed_request /usr/local/lib/python3.8/dist-packages/keystonemiddleware/auth_token/__init__.py:545}}
Sep 01 16:15:52.404417 dv-cinder-836027-9-smb devstack@keystone.service[81784]: DEBUG keystone.server.flask.request_processing.middleware.auth_context [None req-0201bfca-d75c-42a2-8756-dcd50fe879c0 None admin] RBAC: auth_context: {'token': , 'domain_id': None, 'trust_id': None, 'trustor_id': None, 'trustee_id': None, 'domain_name': None, 'group_ids': [], 'user_id': '9919555c8b9f4d16b646e3f64ace74c5', 'user_domain_id': 'default', 'system_scope': 'all', 'project_id': None, 'project_domain_id': None, 'roles': ['admin', 'member', 'reader'], 'is_admin_project': True, 'service_user_id': None, 'service_user_domain_id': None, 'service_project_id': None, 'service_project_domain_id': None, 'service_roles': []} {{(pid=81784) fill_context /opt/stack/keystone/keystone/server/flask/request_processing/middleware/auth_context.py:478}}
Sep 01 16:15:52.405226 dv-cinder-836027-9-smb devstack@keystone.service[81784]: DEBUG keystone.server.flask.request_processing.req_logging [None req-0201bfca-d75c-42a2-8756-dcd50fe879c0 None admin] REQUEST_METHOD: `GET` {{(pid=81784) log_request_info /opt/stack/keystone/keystone/server/flask/request_processing/req_logging.py:27}}
Sep 01 16:15:52.405520 dv-cinder-836027-9-smb devstack@keystone.service[81784]: DEBUG keystone.server.flask.request_processing.req_logging [None req-0201bfca-d75c-42a2-8756-dcd50fe879c0 None admin] SCRIPT_NAME: `/identity` {{(pid=81784) log_request_info /opt/stack/keystone/keystone/server/flask/request_processing/req_logging.py:28}}
Sep 01 16:15:52.405788 dv-cinder-836027-9-smb devstack@keystone.service[81784]: DEBUG keystone.server.flask.request_processing.req_logging [None req-0201bfca-d75c-42a2-8756-dcd50fe879c0 None admin] PATH_INFO: `/v3/domains/default` {{(pid=81784) log_request_info /opt/stack/keystone/keystone/server/flask/request_processing/req_logging.py:29}}
Sep 01 16:15:52.407007 dv-cinder-836027-9-smb devstack@keystone.service[81784]: DEBUG keystone.common.rbac_enforcer.enforcer [None req-0201bfca-d75c-42a2-8756-dcd50fe879c0 None admin] RBAC: Authorizing `identity:get_domain(domain_id=default)` {{(pid=81784) enforce_call /opt/stack/keystone/keystone/common/rbac_enforcer/enforcer.py:449}}
Sep 01 16:15:52.407821 dv-cinder-836027-9-smb devstack@keystone.service[81783]: DEBUG dbcounter [-] [81783] Writing DB stats keystone:SELECT=100 {{(pid=81783) stat_writer /usr/local/lib/python3.8/dist-packages/dbcounter.py:114}}
Sep 01 16:15:52.408462 dv-cinder-836027-9-smb devstack@keystone.service[81784]: DEBUG keystone.common.rbac_enforcer.enforcer [None req-0201bfca-d75c-42a2-8756-dcd50fe879c0 None admin] RBAC: Authorization granted {{(pid=81784) enforce_call /opt/stack/keystone/keystone/common/rbac_enforcer/enforcer.py:457}}
Sep 01 16:15:52.410109 dv-cinder-836027-9-smb devstack@keystone.service[81784]: [pid: 81784|app: 0|req: 41/84] 10.222.0.15 () {56 vars in 1108 bytes} [Thu Sep 1 16:15:52 2022] GET /identity/v3/domains/default => generated 199 bytes in 168 msecs (HTTP/1.1 200) 5 headers in 177 bytes (1 switches on core 0)
Sep 01 16:15:52.410649 dv-cinder-836027-9-smb devstack@keystone.service[81783]: DEBUG keystone.common.rbac_enforcer.enforcer [None req-614547f8-4e13-4647-81f1-3d44815ca6d1 None admin] RBAC: Authorizing `identity:validate_token()` {{(pid=81783) enforce_call /opt/stack/keystone/keystone/common/rbac_enforcer/enforcer.py:449}}
Sep 01 16:15:52.410883 dv-cinder-836027-9-smb devstack@keystone.service[81784]: DEBUG keystone.server.flask.request_processing.middleware.auth_context [None req-0201bfca-d75c-42a2-8756-dcd50fe879c0 None admin] Authenticating user token {{(pid=81784) process_request /usr/local/lib/python3.8/dist-packages/keystonemiddleware/auth_token/__init__.py:407}}
Sep 01 16:15:52.412359 dv-cinder-836027-9-smb devstack@keystone.service[81783]: DEBUG keystone.common.rbac_enforcer.enforcer [None req-614547f8-4e13-4647-81f1-3d44815ca6d1 None admin] RBAC: Authorization granted {{(pid=81783) enforce_call /opt/stack/keystone/keystone/common/rbac_enforcer/enforcer.py:457}}
Sep 01 16:15:52.519986 dv-cinder-836027-9-smb devstack@keystone.service[81784]: DEBUG keystone.server.flask.request_processing.middleware.auth_context [None req-0201bfca-d75c-42a2-8756-dcd50fe879c0 None admin] Validating token access rules against request {{(pid=81784) validate_allowed_request /usr/local/lib/python3.8/dist-packages/keystonemiddleware/auth_token/__init__.py:545}}
Sep 01 16:15:52.525468 dv-cinder-836027-9-smb devstack@keystone.service[81783]: [pid: 81783|app: 0|req: 44/85] 10.222.0.15 () {58 vars in 1282 bytes} [Thu Sep 1 16:15:52 2022] GET /identity/v3/auth/tokens => generated 799 bytes in 343 msecs (HTTP/1.1 200) 6 headers in 358 bytes (1 switches on core 0)
Sep 01 16:15:52.526498 dv-cinder-836027-9-smb devstack@keystone.service[81783]: DEBUG keystone.server.flask.request_processing.middleware.auth_context [None req-614547f8-4e13-4647-81f1-3d44815ca6d1 None admin] Authenticating user token {{(pid=81783) process_request /usr/local/lib/python3.8/dist-packages/keystonemiddleware/auth_token/__init__.py:407}}
Sep 01 16:15:52.541775 dv-cinder-836027-9-smb devstack@keystone.service[81784]: DEBUG dbcounter [-] [81784] Writing DB stats keystone:SELECT=100 {{(pid=81784) stat_writer /usr/local/lib/python3.8/dist-packages/dbcounter.py:114}}
Sep 01 16:15:52.562447 dv-cinder-836027-9-smb devstack@keystone.service[81784]: DEBUG keystone.server.flask.request_processing.middleware.auth_context [None req-1287c211-292b-493d-a479-74581f9967f0 None admin] RBAC: auth_context: {'token': , 'domain_id': None, 'trust_id': None, 'trustor_id': None, 'trustee_id': None, 'domain_name': None, 'group_ids': [], 'user_id': '9919555c8b9f4d16b646e3f64ace74c5', 'user_domain_id': 'default', 'system_scope': 'all', 'project_id': None, 'project_domain_id': None, 'roles': ['admin', 'member', 'reader'], 'is_admin_project': True, 'service_user_id': None, 'service_user_domain_id': None, 'service_project_id': None, 'service_project_domain_id': None, 'service_roles': []} {{(pid=81784) fill_context /opt/stack/keystone/keystone/server/flask/request_processing/middleware/auth_context.py:478}}
Sep 01 16:15:52.563090 dv-cinder-836027-9-smb devstack@keystone.service[81784]: DEBUG keystone.server.flask.request_processing.req_logging [None req-1287c211-292b-493d-a479-74581f9967f0 None admin] REQUEST_METHOD: `GET` {{(pid=81784) log_request_info /opt/stack/keystone/keystone/server/flask/request_processing/req_logging.py:27}}
Sep 01 16:15:52.563368 dv-cinder-836027-9-smb devstack@keystone.service[81784]: DEBUG keystone.server.flask.request_processing.req_logging [None req-1287c211-292b-493d-a479-74581f9967f0 None admin] SCRIPT_NAME: `/identity` {{(pid=81784) log_request_info /opt/stack/keystone/keystone/server/flask/request_processing/req_logging.py:28}}
Sep 01 16:15:52.563644 dv-cinder-836027-9-smb devstack@keystone.service[81784]: DEBUG keystone.server.flask.request_processing.req_logging [None req-1287c211-292b-493d-a479-74581f9967f0 None admin] PATH_INFO: `/v3/projects/e9d466d9e83d40f1ad5c126b1a8f4b0b` {{(pid=81784) log_request_info /opt/stack/keystone/keystone/server/flask/request_processing/req_logging.py:29}}
Sep 01 16:15:52.564818 dv-cinder-836027-9-smb devstack@keystone.service[81784]: DEBUG keystone.common.rbac_enforcer.enforcer [None req-1287c211-292b-493d-a479-74581f9967f0 None admin] RBAC: Authorizing `identity:get_project(project_id=e9d466d9e83d40f1ad5c126b1a8f4b0b)` {{(pid=81784) enforce_call /opt/stack/keystone/keystone/common/rbac_enforcer/enforcer.py:449}}
Sep 01 16:15:52.566276 dv-cinder-836027-9-smb devstack@keystone.service[81784]: DEBUG keystone.common.rbac_enforcer.enforcer [None req-1287c211-292b-493d-a479-74581f9967f0 None admin] RBAC: Authorization granted {{(pid=81784) enforce_call /opt/stack/keystone/keystone/common/rbac_enforcer/enforcer.py:457}}
Sep 01 16:15:52.567944 dv-cinder-836027-9-smb devstack@keystone.service[81784]: [pid: 81784|app: 0|req: 42/86] 10.222.0.15 () {56 vars in 1186 bytes} [Thu Sep 1 16:15:52 2022] GET /identity/v3/projects/e9d466d9e83d40f1ad5c126b1a8f4b0b => generated 298 bytes in 157 msecs (HTTP/1.1 200) 5 headers in 177 bytes (1 switches on core 0)
Sep 01 16:15:52.568717 dv-cinder-836027-9-smb devstack@keystone.service[81784]: DEBUG keystone.server.flask.request_processing.middleware.auth_context [None req-1287c211-292b-493d-a479-74581f9967f0 None admin] Authenticating user token {{(pid=81784) process_request /usr/local/lib/python3.8/dist-packages/keystonemiddleware/auth_token/__init__.py:407}}
Sep 01 16:15:52.637957 dv-cinder-836027-9-smb devstack@keystone.service[81783]: DEBUG dbcounter [-] [81783] Writing DB stats keystone:SELECT=100 {{(pid=81783) stat_writer /usr/local/lib/python3.8/dist-packages/dbcounter.py:114}}
Sep 01 16:15:52.641399 dv-cinder-836027-9-smb devstack@keystone.service[81783]: DEBUG keystone.server.flask.request_processing.middleware.auth_context [None req-614547f8-4e13-4647-81f1-3d44815ca6d1 None admin] Validating token access rules against request {{(pid=81783) validate_allowed_request /usr/local/lib/python3.8/dist-packages/keystonemiddleware/auth_token/__init__.py:545}}
Sep 01 16:15:52.680405 dv-cinder-836027-9-smb devstack@keystone.service[81783]: DEBUG keystone.server.flask.request_processing.middleware.auth_context [None req-7c5d5357-df05-4a99-bd63-6bd90f7427cc None admin] RBAC: auth_context: {'token': , 'domain_id': None, 'trust_id': None, 'trustor_id': None, 'trustee_id': None, 'domain_name': None, 'group_ids': [], 'user_id': '9919555c8b9f4d16b646e3f64ace74c5', 'user_domain_id': 'default', 'system_scope': 'all', 'project_id': None, 'project_domain_id': None, 'roles': ['admin', 'member', 'reader'], 'is_admin_project': True, 'service_user_id': None, 'service_user_domain_id': None, 'service_project_id': None, 'service_project_domain_id': None, 'service_roles': []} {{(pid=81783) fill_context /opt/stack/keystone/keystone/server/flask/request_processing/middleware/auth_context.py:478}}
Sep 01 16:15:52.681063 dv-cinder-836027-9-smb devstack@keystone.service[81783]: DEBUG keystone.server.flask.request_processing.req_logging [None req-7c5d5357-df05-4a99-bd63-6bd90f7427cc None admin] REQUEST_METHOD: `GET` {{(pid=81783) log_request_info /opt/stack/keystone/keystone/server/flask/request_processing/req_logging.py:27}}
Sep 01 16:15:52.681341 dv-cinder-836027-9-smb devstack@keystone.service[81783]: DEBUG keystone.server.flask.request_processing.req_logging [None req-7c5d5357-df05-4a99-bd63-6bd90f7427cc None admin] SCRIPT_NAME: `/identity` {{(pid=81783) log_request_info /opt/stack/keystone/keystone/server/flask/request_processing/req_logging.py:28}}
Sep 01 16:15:52.681618 dv-cinder-836027-9-smb devstack@keystone.service[81783]: DEBUG keystone.server.flask.request_processing.req_logging [None req-7c5d5357-df05-4a99-bd63-6bd90f7427cc None admin] PATH_INFO: `/v3/roles` {{(pid=81783) log_request_info /opt/stack/keystone/keystone/server/flask/request_processing/req_logging.py:29}}
Sep 01 16:15:52.682320 dv-cinder-836027-9-smb devstack@keystone.service[81783]: DEBUG keystone.common.rbac_enforcer.enforcer [None req-7c5d5357-df05-4a99-bd63-6bd90f7427cc None admin] RBAC: Adding query filter params (name=member) {{(pid=81783) _extract_filter_values /opt/stack/keystone/keystone/common/rbac_enforcer/enforcer.py:167}}
Sep 01 16:15:52.682623 dv-cinder-836027-9-smb devstack@keystone.service[81783]: DEBUG keystone.common.rbac_enforcer.enforcer [None req-7c5d5357-df05-4a99-bd63-6bd90f7427cc None admin] RBAC: Authorizing `identity:list_roles()` {{(pid=81783) enforce_call /opt/stack/keystone/keystone/common/rbac_enforcer/enforcer.py:449}}
Sep 01 16:15:52.684020 dv-cinder-836027-9-smb devstack@keystone.service[81783]: DEBUG keystone.common.rbac_enforcer.enforcer [None req-7c5d5357-df05-4a99-bd63-6bd90f7427cc None admin] RBAC: Authorization granted {{(pid=81783) enforce_call /opt/stack/keystone/keystone/common/rbac_enforcer/enforcer.py:457}}
Sep 01 16:15:52.690669 dv-cinder-836027-9-smb devstack@keystone.service[81784]: DEBUG keystone.server.flask.request_processing.middleware.auth_context [None req-1287c211-292b-493d-a479-74581f9967f0 None admin] Validating token access rules against request {{(pid=81784) validate_allowed_request /usr/local/lib/python3.8/dist-packages/keystonemiddleware/auth_token/__init__.py:545}}
Sep 01 16:15:52.692775 dv-cinder-836027-9-smb devstack@keystone.service[81783]: [pid: 81783|app: 0|req: 45/87] 10.222.0.15 () {56 vars in 1101 bytes} [Thu Sep 1 16:15:52 2022] GET /identity/v3/roles?name=member => generated 341 bytes in 167 msecs (HTTP/1.1 200) 5 headers in 177 bytes (1 switches on core 0)
Sep 01 16:15:52.693601 dv-cinder-836027-9-smb devstack@keystone.service[81783]: DEBUG keystone.server.flask.request_processing.middleware.auth_context [None req-7c5d5357-df05-4a99-bd63-6bd90f7427cc None admin] Authenticating user token {{(pid=81783) process_request /usr/local/lib/python3.8/dist-packages/keystonemiddleware/auth_token/__init__.py:407}}
Sep 01 16:15:52.728746 dv-cinder-836027-9-smb devstack@keystone.service[81784]: DEBUG keystone.server.flask.request_processing.middleware.auth_context [None req-f8c1f796-e82f-4c9f-9bb6-ed0051c7be53 None admin] RBAC: auth_context: {'token': , 'domain_id': None, 'trust_id': None, 'trustor_id': None, 'trustee_id': None, 'domain_name': None, 'group_ids': [], 'user_id': '9919555c8b9f4d16b646e3f64ace74c5', 'user_domain_id': 'default', 'system_scope': 'all', 'project_id': None, 'project_domain_id': None, 'roles': ['admin', 'member', 'reader'], 'is_admin_project': True, 'service_user_id': None, 'service_user_domain_id': None, 'service_project_id': None, 'service_project_domain_id': None, 'service_roles': []} {{(pid=81784) fill_context /opt/stack/keystone/keystone/server/flask/request_processing/middleware/auth_context.py:478}}
Sep 01 16:15:52.729387 dv-cinder-836027-9-smb devstack@keystone.service[81784]: DEBUG keystone.server.flask.request_processing.req_logging [None req-f8c1f796-e82f-4c9f-9bb6-ed0051c7be53 None admin] REQUEST_METHOD: `GET` {{(pid=81784) log_request_info /opt/stack/keystone/keystone/server/flask/request_processing/req_logging.py:27}}
Sep 01 16:15:52.729673 dv-cinder-836027-9-smb devstack@keystone.service[81784]: DEBUG keystone.server.flask.request_processing.req_logging [None req-f8c1f796-e82f-4c9f-9bb6-ed0051c7be53 None admin] SCRIPT_NAME: `/identity` {{(pid=81784) log_request_info /opt/stack/keystone/keystone/server/flask/request_processing/req_logging.py:28}}
Sep 01 16:15:52.729991 dv-cinder-836027-9-smb devstack@keystone.service[81784]: DEBUG keystone.server.flask.request_processing.req_logging [None req-f8c1f796-e82f-4c9f-9bb6-ed0051c7be53 None admin] PATH_INFO: `/v3/projects/e9d466d9e83d40f1ad5c126b1a8f4b0b` {{(pid=81784) log_request_info /opt/stack/keystone/keystone/server/flask/request_processing/req_logging.py:29}}
Sep 01 16:15:52.731169 dv-cinder-836027-9-smb devstack@keystone.service[81784]: DEBUG keystone.common.rbac_enforcer.enforcer [None req-f8c1f796-e82f-4c9f-9bb6-ed0051c7be53 None admin] RBAC: Authorizing `identity:get_project(project_id=e9d466d9e83d40f1ad5c126b1a8f4b0b)` {{(pid=81784) enforce_call /opt/stack/keystone/keystone/common/rbac_enforcer/enforcer.py:449}}
Sep 01 16:15:52.732605 dv-cinder-836027-9-smb devstack@keystone.service[81784]: DEBUG keystone.common.rbac_enforcer.enforcer [None req-f8c1f796-e82f-4c9f-9bb6-ed0051c7be53 None admin] RBAC: Authorization granted {{(pid=81784) enforce_call /opt/stack/keystone/keystone/common/rbac_enforcer/enforcer.py:457}}
Sep 01 16:15:52.734289 dv-cinder-836027-9-smb devstack@keystone.service[81784]: [pid: 81784|app: 0|req: 43/88] 10.222.0.15 () {56 vars in 1186 bytes} [Thu Sep 1 16:15:52 2022] GET /identity/v3/projects/e9d466d9e83d40f1ad5c126b1a8f4b0b => generated 298 bytes in 166 msecs (HTTP/1.1 200) 5 headers in 177 bytes (1 switches on core 0)
Sep 01 16:15:52.735067 dv-cinder-836027-9-smb devstack@keystone.service[81784]: DEBUG keystone.server.flask.request_processing.middleware.auth_context [None req-f8c1f796-e82f-4c9f-9bb6-ed0051c7be53 None admin] Authenticating user token {{(pid=81784) process_request /usr/local/lib/python3.8/dist-packages/keystonemiddleware/auth_token/__init__.py:407}}
Sep 01 16:15:52.790116 dv-cinder-836027-9-smb devstack@keystone.service[81784]: DEBUG dbcounter [-] [81784] Writing DB stats keystone:SELECT=100 {{(pid=81784) stat_writer /usr/local/lib/python3.8/dist-packages/dbcounter.py:114}}
Sep 01 16:15:52.803703 dv-cinder-836027-9-smb devstack@keystone.service[81783]: DEBUG keystone.server.flask.request_processing.middleware.auth_context [None req-7c5d5357-df05-4a99-bd63-6bd90f7427cc None admin] Validating token access rules against request {{(pid=81783) validate_allowed_request /usr/local/lib/python3.8/dist-packages/keystonemiddleware/auth_token/__init__.py:545}}
Sep 01 16:15:52.839533 dv-cinder-836027-9-smb devstack@keystone.service[81784]: DEBUG keystone.server.flask.request_processing.middleware.auth_context [None req-f8c1f796-e82f-4c9f-9bb6-ed0051c7be53 None admin] Validating token access rules against request {{(pid=81784) validate_allowed_request /usr/local/lib/python3.8/dist-packages/keystonemiddleware/auth_token/__init__.py:545}}
Sep 01 16:15:52.843955 dv-cinder-836027-9-smb devstack@keystone.service[81783]: DEBUG keystone.server.flask.request_processing.middleware.auth_context [None req-68ab5a0f-4cdf-4f62-b2f9-13941205b6b5 None admin] RBAC: auth_context: {'token': , 'domain_id': None, 'trust_id': None, 'trustor_id': None, 'trustee_id': None, 'domain_name': None, 'group_ids': [], 'user_id': '9919555c8b9f4d16b646e3f64ace74c5', 'user_domain_id': 'default', 'system_scope': 'all', 'project_id': None, 'project_domain_id': None, 'roles': ['admin', 'member', 'reader'], 'is_admin_project': True, 'service_user_id': None, 'service_user_domain_id': None, 'service_project_id': None, 'service_project_domain_id': None, 'service_roles': []} {{(pid=81783) fill_context /opt/stack/keystone/keystone/server/flask/request_processing/middleware/auth_context.py:478}}
Sep 01 16:15:52.844580 dv-cinder-836027-9-smb devstack@keystone.service[81783]: DEBUG keystone.server.flask.request_processing.req_logging [None req-68ab5a0f-4cdf-4f62-b2f9-13941205b6b5 None admin] REQUEST_METHOD: `POST` {{(pid=81783) log_request_info /opt/stack/keystone/keystone/server/flask/request_processing/req_logging.py:27}}
Sep 01 16:15:52.844867 dv-cinder-836027-9-smb devstack@keystone.service[81783]: DEBUG keystone.server.flask.request_processing.req_logging [None req-68ab5a0f-4cdf-4f62-b2f9-13941205b6b5 None admin] SCRIPT_NAME: `/identity` {{(pid=81783) log_request_info /opt/stack/keystone/keystone/server/flask/request_processing/req_logging.py:28}}
Sep 01 16:15:52.845146 dv-cinder-836027-9-smb devstack@keystone.service[81783]: DEBUG keystone.server.flask.request_processing.req_logging [None req-68ab5a0f-4cdf-4f62-b2f9-13941205b6b5 None admin] PATH_INFO: `/v3/users` {{(pid=81783) log_request_info /opt/stack/keystone/keystone/server/flask/request_processing/req_logging.py:29}}
Sep 01 16:15:52.845806 dv-cinder-836027-9-smb devstack@keystone.service[81783]: DEBUG keystone.common.rbac_enforcer.enforcer [None req-68ab5a0f-4cdf-4f62-b2f9-13941205b6b5 None admin] RBAC: Authorizing `identity:create_user()` {{(pid=81783) enforce_call /opt/stack/keystone/keystone/common/rbac_enforcer/enforcer.py:449}}
Sep 01 16:15:52.847318 dv-cinder-836027-9-smb devstack@keystone.service[81783]: DEBUG keystone.common.rbac_enforcer.enforcer [None req-68ab5a0f-4cdf-4f62-b2f9-13941205b6b5 None admin] RBAC: Authorization granted {{(pid=81783) enforce_call /opt/stack/keystone/keystone/common/rbac_enforcer/enforcer.py:457}}
Sep 01 16:15:52.881482 dv-cinder-836027-9-smb devstack@keystone.service[81784]: DEBUG keystone.server.flask.request_processing.middleware.auth_context [None req-b90a3756-ee5b-49d5-be5c-5c3d130cebd0 None admin] RBAC: auth_context: {'token': , 'domain_id': None, 'trust_id': None, 'trustor_id': None, 'trustee_id': None, 'domain_name': None, 'group_ids': [], 'user_id': '9919555c8b9f4d16b646e3f64ace74c5', 'user_domain_id': 'default', 'system_scope': 'all', 'project_id': None, 'project_domain_id': None, 'roles': ['admin', 'member', 'reader'], 'is_admin_project': True, 'service_user_id': None, 'service_user_domain_id': None, 'service_project_id': None, 'service_project_domain_id': None, 'service_roles': []} {{(pid=81784) fill_context /opt/stack/keystone/keystone/server/flask/request_processing/middleware/auth_context.py:478}}
Sep 01 16:15:52.882768 dv-cinder-836027-9-smb devstack@keystone.service[81784]: DEBUG keystone.server.flask.request_processing.req_logging [None req-b90a3756-ee5b-49d5-be5c-5c3d130cebd0 None admin] REQUEST_METHOD: `GET` {{(pid=81784) log_request_info /opt/stack/keystone/keystone/server/flask/request_processing/req_logging.py:27}}
Sep 01 16:15:52.883053 dv-cinder-836027-9-smb devstack@keystone.service[81784]: DEBUG keystone.server.flask.request_processing.req_logging [None req-b90a3756-ee5b-49d5-be5c-5c3d130cebd0 None admin] SCRIPT_NAME: `/identity` {{(pid=81784) log_request_info /opt/stack/keystone/keystone/server/flask/request_processing/req_logging.py:28}}
Sep 01 16:15:52.883333 dv-cinder-836027-9-smb devstack@keystone.service[81784]: DEBUG keystone.server.flask.request_processing.req_logging [None req-b90a3756-ee5b-49d5-be5c-5c3d130cebd0 None admin] PATH_INFO: `/v3/projects/e9d466d9e83d40f1ad5c126b1a8f4b0b` {{(pid=81784) log_request_info /opt/stack/keystone/keystone/server/flask/request_processing/req_logging.py:29}}
Sep 01 16:15:52.884496 dv-cinder-836027-9-smb devstack@keystone.service[81784]: DEBUG keystone.common.rbac_enforcer.enforcer [None req-b90a3756-ee5b-49d5-be5c-5c3d130cebd0 None admin] RBAC: Authorizing `identity:get_project(project_id=e9d466d9e83d40f1ad5c126b1a8f4b0b)` {{(pid=81784) enforce_call /opt/stack/keystone/keystone/common/rbac_enforcer/enforcer.py:449}}
Sep 01 16:15:52.885971 dv-cinder-836027-9-smb devstack@keystone.service[81784]: DEBUG keystone.common.rbac_enforcer.enforcer [None req-b90a3756-ee5b-49d5-be5c-5c3d130cebd0 None admin] RBAC: Authorization granted {{(pid=81784) enforce_call /opt/stack/keystone/keystone/common/rbac_enforcer/enforcer.py:457}}
Sep 01 16:15:52.887643 dv-cinder-836027-9-smb devstack@keystone.service[81784]: [pid: 81784|app: 0|req: 44/89] 10.222.0.15 () {56 vars in 1186 bytes} [Thu Sep 1 16:15:52 2022] GET /identity/v3/projects/e9d466d9e83d40f1ad5c126b1a8f4b0b => generated 298 bytes in 153 msecs (HTTP/1.1 200) 5 headers in 177 bytes (1 switches on core 0)
Sep 01 16:15:52.888509 dv-cinder-836027-9-smb devstack@keystone.service[81784]: DEBUG keystone.server.flask.request_processing.middleware.auth_context [None req-b90a3756-ee5b-49d5-be5c-5c3d130cebd0 None admin] Authenticating user token {{(pid=81784) process_request /usr/local/lib/python3.8/dist-packages/keystonemiddleware/auth_token/__init__.py:407}}
Sep 01 16:15:52.994007 dv-cinder-836027-9-smb devstack@keystone.service[81784]: DEBUG keystone.server.flask.request_processing.middleware.auth_context [None req-b90a3756-ee5b-49d5-be5c-5c3d130cebd0 None admin] Validating token access rules against request {{(pid=81784) validate_allowed_request /usr/local/lib/python3.8/dist-packages/keystonemiddleware/auth_token/__init__.py:545}}
Sep 01 16:15:53.016611 dv-cinder-836027-9-smb devstack@keystone.service[81784]: DEBUG dbcounter [-] [81784] Writing DB stats keystone:SELECT=100 {{(pid=81784) stat_writer /usr/local/lib/python3.8/dist-packages/dbcounter.py:114}}
Sep 01 16:15:53.032648 dv-cinder-836027-9-smb devstack@keystone.service[81784]: DEBUG keystone.server.flask.request_processing.middleware.auth_context [None req-0cead33a-a86d-4b57-84c4-4b31a9604b03 None admin] RBAC: auth_context: {'token': , 'domain_id': None, 'trust_id': None, 'trustor_id': None, 'trustee_id': None, 'domain_name': None, 'group_ids': [], 'user_id': '9919555c8b9f4d16b646e3f64ace74c5', 'user_domain_id': 'default', 'system_scope': 'all', 'project_id': None, 'project_domain_id': None, 'roles': ['admin', 'member', 'reader'], 'is_admin_project': True, 'service_user_id': None, 'service_user_domain_id': None, 'service_project_id': None, 'service_project_domain_id': None, 'service_roles': []} {{(pid=81784) fill_context /opt/stack/keystone/keystone/server/flask/request_processing/middleware/auth_context.py:478}}
Sep 01 16:15:53.033263 dv-cinder-836027-9-smb devstack@keystone.service[81784]: DEBUG keystone.server.flask.request_processing.req_logging [None req-0cead33a-a86d-4b57-84c4-4b31a9604b03 None admin] REQUEST_METHOD: `GET` {{(pid=81784) log_request_info /opt/stack/keystone/keystone/server/flask/request_processing/req_logging.py:27}}
Sep 01 16:15:53.033548 dv-cinder-836027-9-smb devstack@keystone.service[81784]: DEBUG keystone.server.flask.request_processing.req_logging [None req-0cead33a-a86d-4b57-84c4-4b31a9604b03 None admin] SCRIPT_NAME: `/identity` {{(pid=81784) log_request_info /opt/stack/keystone/keystone/server/flask/request_processing/req_logging.py:28}}
Sep 01 16:15:53.033825 dv-cinder-836027-9-smb devstack@keystone.service[81784]: DEBUG keystone.server.flask.request_processing.req_logging [None req-0cead33a-a86d-4b57-84c4-4b31a9604b03 None admin] PATH_INFO: `/v3/role_assignments` {{(pid=81784) log_request_info /opt/stack/keystone/keystone/server/flask/request_processing/req_logging.py:29}}
Sep 01 16:15:53.034578 dv-cinder-836027-9-smb devstack@keystone.service[81784]: DEBUG keystone.common.rbac_enforcer.enforcer [None req-0cead33a-a86d-4b57-84c4-4b31a9604b03 None admin] RBAC: Adding query filter params (role.id=eb63c7589f0c472b9e1abd79cbdd7528, scope.project.id=e9d466d9e83d40f1ad5c126b1a8f4b0b, user.id=9611bb4995f64db69f45fd939815f531) {{(pid=81784) _extract_filter_values /opt/stack/keystone/keystone/common/rbac_enforcer/enforcer.py:167}}
Sep 01 16:15:53.041350 dv-cinder-836027-9-smb devstack@keystone.service[81784]: DEBUG keystone.common.rbac_enforcer.enforcer [None req-0cead33a-a86d-4b57-84c4-4b31a9604b03 None admin] RBAC: Authorizing `identity:list_role_assignments()` {{(pid=81784) enforce_call /opt/stack/keystone/keystone/common/rbac_enforcer/enforcer.py:449}}
Sep 01 16:15:53.041350 dv-cinder-836027-9-smb devstack@keystone.service[81784]: DEBUG keystone.common.rbac_enforcer.enforcer [None req-0cead33a-a86d-4b57-84c4-4b31a9604b03 None admin] RBAC: Authorization granted {{(pid=81784) enforce_call /opt/stack/keystone/keystone/common/rbac_enforcer/enforcer.py:457}}
Sep 01 16:15:53.042325 dv-cinder-836027-9-smb devstack@keystone.service[81784]: [pid: 81784|app: 0|req: 45/90] 10.222.0.15 () {56 vars in 1374 bytes} [Thu Sep 1 16:15:52 2022] GET /identity/v3/role_assignments?user.id=9611bb4995f64db69f45fd939815f531&scope.project.id=e9d466d9e83d40f1ad5c126b1a8f4b0b&role.id=eb63c7589f0c472b9e1abd79cbdd7528 => generated 259 bytes in 154 msecs (HTTP/1.1 200) 5 headers in 177 bytes (1 switches on core 0)
Sep 01 16:15:53.043146 dv-cinder-836027-9-smb devstack@keystone.service[81784]: DEBUG keystone.server.flask.request_processing.middleware.auth_context [None req-0cead33a-a86d-4b57-84c4-4b31a9604b03 None admin] Authenticating user token {{(pid=81784) process_request /usr/local/lib/python3.8/dist-packages/keystonemiddleware/auth_token/__init__.py:407}}
Sep 01 16:15:53.073663 dv-cinder-836027-9-smb devstack@keystone.service[81783]: [pid: 81783|app: 0|req: 46/91] 10.222.0.15 () {60 vars in 1132 bytes} [Thu Sep 1 16:15:52 2022] POST /identity/v3/users => generated 289 bytes in 380 msecs (HTTP/1.1 201) 5 headers in 182 bytes (1 switches on core 0)
Sep 01 16:15:53.087533 dv-cinder-836027-9-smb devstack@keystone.service[81783]: DEBUG keystone.server.flask.request_processing.middleware.auth_context [None req-68ab5a0f-4cdf-4f62-b2f9-13941205b6b5 None admin] Authenticating user token {{(pid=81783) process_request /usr/local/lib/python3.8/dist-packages/keystonemiddleware/auth_token/__init__.py:407}}
Sep 01 16:15:53.122988 dv-cinder-836027-9-smb devstack@keystone.service[81783]: DEBUG dbcounter [-] [81783] Writing DB stats keystone:SELECT=97,keystone:INSERT=3 {{(pid=81783) stat_writer /usr/local/lib/python3.8/dist-packages/dbcounter.py:114}}
Sep 01 16:15:53.193174 dv-cinder-836027-9-smb devstack@keystone.service[81784]: DEBUG keystone.server.flask.request_processing.middleware.auth_context [None req-0cead33a-a86d-4b57-84c4-4b31a9604b03 None admin] Validating token access rules against request {{(pid=81784) validate_allowed_request /usr/local/lib/python3.8/dist-packages/keystonemiddleware/auth_token/__init__.py:545}}
Sep 01 16:15:53.249969 dv-cinder-836027-9-smb devstack@keystone.service[81784]: DEBUG keystone.server.flask.request_processing.middleware.auth_context [None req-51285832-5728-44b9-aebc-0cbca7e46e24 None admin] RBAC: auth_context: {'token': , 'domain_id': None, 'trust_id': None, 'trustor_id': None, 'trustee_id': None, 'domain_name': None, 'group_ids': [], 'user_id': '9919555c8b9f4d16b646e3f64ace74c5', 'user_domain_id': 'default', 'system_scope': 'all', 'project_id': None, 'project_domain_id': None, 'roles': ['admin', 'member', 'reader'], 'is_admin_project': True, 'service_user_id': None, 'service_user_domain_id': None, 'service_project_id': None, 'service_project_domain_id': None, 'service_roles': []} {{(pid=81784) fill_context /opt/stack/keystone/keystone/server/flask/request_processing/middleware/auth_context.py:478}}
Sep 01 16:15:53.250738 dv-cinder-836027-9-smb devstack@keystone.service[81784]: DEBUG keystone.server.flask.request_processing.req_logging [None req-51285832-5728-44b9-aebc-0cbca7e46e24 None admin] REQUEST_METHOD: `GET` {{(pid=81784) log_request_info /opt/stack/keystone/keystone/server/flask/request_processing/req_logging.py:27}}
Sep 01 16:15:53.250959 dv-cinder-836027-9-smb devstack@keystone.service[81784]: DEBUG keystone.server.flask.request_processing.req_logging [None req-51285832-5728-44b9-aebc-0cbca7e46e24 None admin] SCRIPT_NAME: `/identity` {{(pid=81784) log_request_info /opt/stack/keystone/keystone/server/flask/request_processing/req_logging.py:28}}
Sep 01 16:15:53.251239 dv-cinder-836027-9-smb devstack@keystone.service[81784]: DEBUG keystone.server.flask.request_processing.req_logging [None req-51285832-5728-44b9-aebc-0cbca7e46e24 None admin] PATH_INFO: `/v3/users/9611bb4995f64db69f45fd939815f531` {{(pid=81784) log_request_info /opt/stack/keystone/keystone/server/flask/request_processing/req_logging.py:29}}
Sep 01 16:15:53.252493 dv-cinder-836027-9-smb devstack@keystone.service[81784]: DEBUG keystone.common.rbac_enforcer.enforcer [None req-51285832-5728-44b9-aebc-0cbca7e46e24 None admin] RBAC: Authorizing `identity:get_user(user_id=9611bb4995f64db69f45fd939815f531)` {{(pid=81784) enforce_call /opt/stack/keystone/keystone/common/rbac_enforcer/enforcer.py:449}}
Sep 01 16:15:53.254252 dv-cinder-836027-9-smb devstack@keystone.service[81784]: DEBUG keystone.common.rbac_enforcer.enforcer [None req-51285832-5728-44b9-aebc-0cbca7e46e24 None admin] RBAC: Authorization granted {{(pid=81784) enforce_call /opt/stack/keystone/keystone/common/rbac_enforcer/enforcer.py:457}}
Sep 01 16:15:53.257053 dv-cinder-836027-9-smb devstack@keystone.service[81784]: [pid: 81784|app: 0|req: 46/92] 10.222.0.15 () {56 vars in 1177 bytes} [Thu Sep 1 16:15:53 2022] GET /identity/v3/users/9611bb4995f64db69f45fd939815f531 => generated 275 bytes in 214 msecs (HTTP/1.1 200) 5 headers in 177 bytes (1 switches on core 0)
Sep 01 16:15:53.257776 dv-cinder-836027-9-smb devstack@keystone.service[81784]: DEBUG keystone.server.flask.request_processing.middleware.auth_context [None req-51285832-5728-44b9-aebc-0cbca7e46e24 None admin] Authenticating user token {{(pid=81784) process_request /usr/local/lib/python3.8/dist-packages/keystonemiddleware/auth_token/__init__.py:407}}
Sep 01 16:15:53.258722 dv-cinder-836027-9-smb devstack@keystone.service[81783]: DEBUG keystone.server.flask.request_processing.middleware.auth_context [None req-68ab5a0f-4cdf-4f62-b2f9-13941205b6b5 None admin] Validating token access rules against request {{(pid=81783) validate_allowed_request /usr/local/lib/python3.8/dist-packages/keystonemiddleware/auth_token/__init__.py:545}}
Sep 01 16:15:53.306156 dv-cinder-836027-9-smb devstack@keystone.service[81783]: DEBUG keystone.server.flask.request_processing.middleware.auth_context [None req-a9a9feae-fd8b-4521-8828-ad88b275eb6e None admin] RBAC: auth_context: {'token': , 'domain_id': None, 'trust_id': None, 'trustor_id': None, 'trustee_id': None, 'domain_name': None, 'group_ids': [], 'user_id': '9919555c8b9f4d16b646e3f64ace74c5', 'user_domain_id': 'default', 'system_scope': 'all', 'project_id': None, 'project_domain_id': None, 'roles': ['admin', 'member', 'reader'], 'is_admin_project': True, 'service_user_id': None, 'service_user_domain_id': None, 'service_project_id': None, 'service_project_domain_id': None, 'service_roles': []} {{(pid=81783) fill_context /opt/stack/keystone/keystone/server/flask/request_processing/middleware/auth_context.py:478}}
Sep 01 16:15:53.306790 dv-cinder-836027-9-smb devstack@keystone.service[81783]: DEBUG keystone.server.flask.request_processing.req_logging [None req-a9a9feae-fd8b-4521-8828-ad88b275eb6e None admin] REQUEST_METHOD: `GET` {{(pid=81783) log_request_info /opt/stack/keystone/keystone/server/flask/request_processing/req_logging.py:27}}
