Sep 01 16:16:17.800407 dv-cinder-836027-9-smb devstack@keystone.service[81784]: ERROR keystone.server.flask.application __ret_val = __f(*args, **kwargs)
Sep 01 16:16:17.800407 dv-cinder-836027-9-smb devstack@keystone.service[81784]: ERROR keystone.server.flask.application
File "/usr/local/lib/python3.8/dist-packages/decorator.py", line 232, in fun
Sep 01 16:16:17.800407 dv-cinder-836027-9-smb devstack@keystone.service[81784]: ERROR keystone.server.flask.application return caller(func, *(extras + args), **kw)
Sep 01 16:16:17.800407 dv-cinder-836027-9-smb devstack@keystone.service[81784]: ERROR keystone.server.flask.application
File "/usr/local/lib/python3.8/dist-packages/dogpile/cache/region.py", line 1577, in get_or_create_for_user_func
Sep 01 16:16:17.800407 dv-cinder-836027-9-smb devstack@keystone.service[81784]: ERROR keystone.server.flask.application return self.get_or_create(
Sep 01 16:16:17.800407 dv-cinder-836027-9-smb devstack@keystone.service[81784]: ERROR keystone.server.flask.application
File "/usr/local/lib/python3.8/dist-packages/dogpile/cache/region.py", line 1042, in get_or_create
Sep 01 16:16:17.800407 dv-cinder-836027-9-smb devstack@keystone.service[81784]: ERROR keystone.server.flask.application with Lock(
Sep 01 16:16:17.800407 dv-cinder-836027-9-smb devstack@keystone.service[81784]: ERROR keystone.server.flask.application
File "/usr/local/lib/python3.8/dist-packages/dogpile/lock.py", line 185, in __enter__
Sep 01 16:16:17.800407 dv-cinder-836027-9-smb devstack@keystone.service[81784]: ERROR keystone.server.flask.application return self._enter()
Sep 01 16:16:17.800407 dv-cinder-836027-9-smb devstack@keystone.service[81784]: ERROR keystone.server.flask.application
File "/usr/local/lib/python3.8/dist-packages/dogpile/lock.py", line 94, in _enter
Sep 01 16:16:17.800407 dv-cinder-836027-9-smb devstack@keystone.service[81784]: ERROR keystone.server.flask.application generated = self._enter_create(value, createdtime)
Sep 01 16:16:17.801229 dv-cinder-836027-9-smb devstack@keystone.service[81784]: ERROR keystone.server.flask.application
File "/usr/local/lib/python3.8/dist-packages/dogpile/lock.py", line 178, in _enter_create
Sep 01 16:16:17.801229 dv-cinder-836027-9-smb devstack@keystone.service[81784]: ERROR keystone.server.flask.application return self.creator()
Sep 01 16:16:17.801229 dv-cinder-836027-9-smb devstack@keystone.service[81784]: ERROR keystone.server.flask.application
File "/usr/local/lib/python3.8/dist-packages/dogpile/cache/region.py", line 995, in gen_value
Sep 01 16:16:17.801229 dv-cinder-836027-9-smb devstack@keystone.service[81784]: ERROR keystone.server.flask.application created_value = creator(
Sep 01 16:16:17.801229 dv-cinder-836027-9-smb devstack@keystone.service[81784]: ERROR keystone.server.flask.application
File "/opt/stack/keystone/keystone/assignment/core.py", line 1276, in get_role
Sep 01 16:16:17.801229 dv-cinder-836027-9-smb devstack@keystone.service[81784]: ERROR keystone.server.flask.application return self.driver.get_role(role_id)
Sep 01 16:16:17.801229 dv-cinder-836027-9-smb devstack@keystone.service[81784]: ERROR keystone.server.flask.application
File "/opt/stack/keystone/keystone/assignment/role_backends/sql.py", line 70, in get_role
Sep 01 16:16:17.801229 dv-cinder-836027-9-smb devstack@keystone.service[81784]: ERROR keystone.server.flask.application return self._get_role(session, role_id).to_dict()
Sep 01 16:16:17.801229 dv-cinder-836027-9-smb devstack@keystone.service[81784]: ERROR keystone.server.flask.application
File "/opt/stack/keystone/keystone/assignment/role_backends/sql.py", line 65, in _get_role
Sep 01 16:16:17.801229 dv-cinder-836027-9-smb devstack@keystone.service[81784]: ERROR keystone.server.flask.application raise exception.RoleNotFound(role_id=role_id)
Sep 01 16:16:17.801229 dv-cinder-836027-9-smb devstack@keystone.service[81784]: ERROR keystone.server.flask.application keystone.exception.RoleNotFound: Could not find role: admin.
Sep 01 16:16:17.801229 dv-cinder-836027-9-smb devstack@keystone.service[81784]: ERROR keystone.server.flask.application
Sep 01 16:16:17.801229 dv-cinder-836027-9-smb devstack@keystone.service[81784]: [pid: 81784|app: 0|req: 128/261] 10.222.0.15 () {56 vars in 1096 bytes} [Thu Sep 1 16:16:17 2022] GET /identity/v3/roles/admin => generated 83 bytes in 277 msecs (HTTP/1.1 404) 5 headers in 183 bytes (1 switches on core 0)
Sep 01 16:16:17.807133 dv-cinder-836027-9-smb devstack@keystone.service[81784]: DEBUG keystone.server.flask.request_processing.middleware.auth_context [None req-84ef55a0-60e1-4322-abbf-8b09366e0110 None admin] Authenticating user token {{(pid=81784) process_request /usr/local/lib/python3.8/dist-packages/keystonemiddleware/auth_token/__init__.py:407}}
Sep 01 16:16:17.852324 dv-cinder-836027-9-smb devstack@keystone.service[81784]: DEBUG dbcounter [-] [81784] Writing DB stats keystone:SELECT=99,keystone:INSERT=1 {{(pid=81784) stat_writer /usr/local/lib/python3.8/dist-packages/dbcounter.py:114}}
Sep 01 16:16:17.965221 dv-cinder-836027-9-smb devstack@keystone.service[81783]: DEBUG keystone.common.rbac_enforcer.enforcer [None req-4a19930f-f09b-4eaf-a877-38c0f2cf2c98 None admin] RBAC: Authorizing `identity:validate_token()` {{(pid=81783) enforce_call /opt/stack/keystone/keystone/common/rbac_enforcer/enforcer.py:449}}
Sep 01 16:16:17.967988 dv-cinder-836027-9-smb devstack@keystone.service[81783]: DEBUG keystone.common.rbac_enforcer.enforcer [None req-4a19930f-f09b-4eaf-a877-38c0f2cf2c98 None admin] RBAC: Authorization granted {{(pid=81783) enforce_call /opt/stack/keystone/keystone/common/rbac_enforcer/enforcer.py:457}}
Sep 01 16:16:18.013999 dv-cinder-836027-9-smb devstack@keystone.service[81784]: DEBUG keystone.server.flask.request_processing.middleware.auth_context [None req-84ef55a0-60e1-4322-abbf-8b09366e0110 None admin] Validating token access rules against request {{(pid=81784) validate_allowed_request /usr/local/lib/python3.8/dist-packages/keystonemiddleware/auth_token/__init__.py:545}}
Sep 01 16:16:18.077091 dv-cinder-836027-9-smb devstack@keystone.service[81783]: DEBUG dbcounter [-] [81783] Writing DB stats keystone:SELECT=100 {{(pid=81783) stat_writer /usr/local/lib/python3.8/dist-packages/dbcounter.py:114}}
Sep 01 16:16:18.122001 dv-cinder-836027-9-smb devstack@keystone.service[81784]: DEBUG keystone.server.flask.request_processing.middleware.auth_context [None req-d7b20026-6dae-49f7-a340-a42f0c17831b None admin] RBAC: auth_context: {'token': , 'domain_id': None, 'trust_id': None, 'trustor_id': None, 'trustee_id': None, 'domain_name': None, 'group_ids': [], 'user_id': '9919555c8b9f4d16b646e3f64ace74c5', 'user_domain_id': 'default', 'system_scope': 'all', 'project_id': None, 'project_domain_id': None, 'roles': ['admin', 'member', 'reader'], 'is_admin_project': True, 'service_user_id': None, 'service_user_domain_id': None, 'service_project_id': None, 'service_project_domain_id': None, 'service_roles': []} {{(pid=81784) fill_context /opt/stack/keystone/keystone/server/flask/request_processing/middleware/auth_context.py:478}}
Sep 01 16:16:18.122631 dv-cinder-836027-9-smb devstack@keystone.service[81784]: DEBUG keystone.server.flask.request_processing.req_logging [None req-d7b20026-6dae-49f7-a340-a42f0c17831b None admin] REQUEST_METHOD: `GET` {{(pid=81784) log_request_info /opt/stack/keystone/keystone/server/flask/request_processing/req_logging.py:27}}
Sep 01 16:16:18.122964 dv-cinder-836027-9-smb devstack@keystone.service[81784]: DEBUG keystone.server.flask.request_processing.req_logging [None req-d7b20026-6dae-49f7-a340-a42f0c17831b None admin] SCRIPT_NAME: `/identity` {{(pid=81784) log_request_info /opt/stack/keystone/keystone/server/flask/request_processing/req_logging.py:28}}
Sep 01 16:16:18.123234 dv-cinder-836027-9-smb devstack@keystone.service[81784]: DEBUG keystone.server.flask.request_processing.req_logging [None req-d7b20026-6dae-49f7-a340-a42f0c17831b None admin] PATH_INFO: `/v3/roles` {{(pid=81784) log_request_info /opt/stack/keystone/keystone/server/flask/request_processing/req_logging.py:29}}
Sep 01 16:16:18.123917 dv-cinder-836027-9-smb devstack@keystone.service[81784]: DEBUG keystone.common.rbac_enforcer.enforcer [None req-d7b20026-6dae-49f7-a340-a42f0c17831b None admin] RBAC: Adding query filter params (name=admin) {{(pid=81784) _extract_filter_values /opt/stack/keystone/keystone/common/rbac_enforcer/enforcer.py:167}}
Sep 01 16:16:18.124289 dv-cinder-836027-9-smb devstack@keystone.service[81784]: DEBUG keystone.common.rbac_enforcer.enforcer [None req-d7b20026-6dae-49f7-a340-a42f0c17831b None admin] RBAC: Authorizing `identity:list_roles()` {{(pid=81784) enforce_call /opt/stack/keystone/keystone/common/rbac_enforcer/enforcer.py:449}}
Sep 01 16:16:18.127504 dv-cinder-836027-9-smb devstack@keystone.service[81784]: DEBUG keystone.common.rbac_enforcer.enforcer [None req-d7b20026-6dae-49f7-a340-a42f0c17831b None admin] RBAC: Authorization granted {{(pid=81784) enforce_call /opt/stack/keystone/keystone/common/rbac_enforcer/enforcer.py:457}}
Sep 01 16:16:18.139257 dv-cinder-836027-9-smb devstack@keystone.service[81784]: [pid: 81784|app: 0|req: 129/262] 10.222.0.15 () {56 vars in 1099 bytes} [Thu Sep 1 16:16:17 2022] GET /identity/v3/roles?name=admin => generated 339 bytes in 332 msecs (HTTP/1.1 200) 5 headers in 177 bytes (1 switches on core 0)
Sep 01 16:16:18.144766 dv-cinder-836027-9-smb devstack@keystone.service[81784]: DEBUG keystone.server.flask.request_processing.middleware.auth_context [None req-d7b20026-6dae-49f7-a340-a42f0c17831b None admin] Authenticating user token {{(pid=81784) process_request /usr/local/lib/python3.8/dist-packages/keystonemiddleware/auth_token/__init__.py:407}}
Sep 01 16:16:18.180600 dv-cinder-836027-9-smb devstack@keystone.service[81783]: [pid: 81783|app: 0|req: 134/263] 10.222.0.15 () {58 vars in 1282 bytes} [Thu Sep 1 16:16:17 2022] GET /identity/v3/auth/tokens => generated 799 bytes in 716 msecs (HTTP/1.1 200) 6 headers in 358 bytes (2 switches on core 0)
Sep 01 16:16:18.186876 dv-cinder-836027-9-smb devstack@keystone.service[81783]: DEBUG keystone.server.flask.request_processing.middleware.auth_context [None req-4a19930f-f09b-4eaf-a877-38c0f2cf2c98 None admin] Authenticating user token {{(pid=81783) process_request /usr/local/lib/python3.8/dist-packages/keystonemiddleware/auth_token/__init__.py:407}}
Sep 01 16:16:18.329222 dv-cinder-836027-9-smb devstack@keystone.service[81783]: DEBUG keystone.server.flask.request_processing.middleware.auth_context [None req-4a19930f-f09b-4eaf-a877-38c0f2cf2c98 None admin] Validating token access rules against request {{(pid=81783) validate_allowed_request /usr/local/lib/python3.8/dist-packages/keystonemiddleware/auth_token/__init__.py:545}}
Sep 01 16:16:18.350806 dv-cinder-836027-9-smb devstack@keystone.service[81784]: DEBUG dbcounter [-] [81784] Writing DB stats keystone:SELECT=100 {{(pid=81784) stat_writer /usr/local/lib/python3.8/dist-packages/dbcounter.py:114}}
Sep 01 16:16:18.358167 dv-cinder-836027-9-smb devstack@keystone.service[81784]: DEBUG keystone.server.flask.request_processing.middleware.auth_context [None req-d7b20026-6dae-49f7-a340-a42f0c17831b None admin] Validating token access rules against request {{(pid=81784) validate_allowed_request /usr/local/lib/python3.8/dist-packages/keystonemiddleware/auth_token/__init__.py:545}}
Sep 01 16:16:18.382978 dv-cinder-836027-9-smb devstack@keystone.service[81783]: DEBUG keystone.server.flask.request_processing.middleware.auth_context [None req-66934699-2978-4acd-b216-e03ed22a49ed None admin] RBAC: auth_context: {'token': , 'domain_id': None, 'trust_id': None, 'trustor_id': None, 'trustee_id': None, 'domain_name': None, 'group_ids': [], 'user_id': '9919555c8b9f4d16b646e3f64ace74c5', 'user_domain_id': 'default', 'system_scope': 'all', 'project_id': None, 'project_domain_id': None, 'roles': ['admin', 'member', 'reader'], 'is_admin_project': True, 'service_user_id': None, 'service_user_domain_id': None, 'service_project_id': None, 'service_project_domain_id': None, 'service_roles': []} {{(pid=81783) fill_context /opt/stack/keystone/keystone/server/flask/request_processing/middleware/auth_context.py:478}}
Sep 01 16:16:18.384034 dv-cinder-836027-9-smb devstack@keystone.service[81783]: DEBUG keystone.server.flask.request_processing.req_logging [None req-66934699-2978-4acd-b216-e03ed22a49ed None admin] REQUEST_METHOD: `GET` {{(pid=81783) log_request_info /opt/stack/keystone/keystone/server/flask/request_processing/req_logging.py:27}}
Sep 01 16:16:18.384634 dv-cinder-836027-9-smb devstack@keystone.service[81783]: DEBUG keystone.server.flask.request_processing.req_logging [None req-66934699-2978-4acd-b216-e03ed22a49ed None admin] SCRIPT_NAME: `/identity` {{(pid=81783) log_request_info /opt/stack/keystone/keystone/server/flask/request_processing/req_logging.py:28}}
Sep 01 16:16:18.385120 dv-cinder-836027-9-smb devstack@keystone.service[81783]: DEBUG keystone.server.flask.request_processing.req_logging [None req-66934699-2978-4acd-b216-e03ed22a49ed None admin] PATH_INFO: `/v3/projects/5d7a7332da9346c680fa5fdc04291231` {{(pid=81783) log_request_info /opt/stack/keystone/keystone/server/flask/request_processing/req_logging.py:29}}
Sep 01 16:16:18.390770 dv-cinder-836027-9-smb devstack@keystone.service[81783]: DEBUG keystone.common.rbac_enforcer.enforcer [None req-66934699-2978-4acd-b216-e03ed22a49ed None admin] RBAC: Authorizing `identity:get_project(project_id=5d7a7332da9346c680fa5fdc04291231)` {{(pid=81783) enforce_call /opt/stack/keystone/keystone/common/rbac_enforcer/enforcer.py:449}}
Sep 01 16:16:18.392694 dv-cinder-836027-9-smb devstack@keystone.service[81783]: DEBUG keystone.common.rbac_enforcer.enforcer [None req-66934699-2978-4acd-b216-e03ed22a49ed None admin] RBAC: Authorization granted {{(pid=81783) enforce_call /opt/stack/keystone/keystone/common/rbac_enforcer/enforcer.py:457}}
Sep 01 16:16:18.394684 dv-cinder-836027-9-smb devstack@keystone.service[81783]: [pid: 81783|app: 0|req: 135/264] 10.222.0.15 () {56 vars in 1186 bytes} [Thu Sep 1 16:16:18 2022] GET /identity/v3/projects/5d7a7332da9346c680fa5fdc04291231 => generated 302 bytes in 208 msecs (HTTP/1.1 200) 5 headers in 177 bytes (1 switches on core 0)
Sep 01 16:16:18.400785 dv-cinder-836027-9-smb devstack@keystone.service[81783]: DEBUG keystone.server.flask.request_processing.middleware.auth_context [None req-66934699-2978-4acd-b216-e03ed22a49ed None admin] Authenticating user token {{(pid=81783) process_request /usr/local/lib/python3.8/dist-packages/keystonemiddleware/auth_token/__init__.py:407}}
Sep 01 16:16:18.410342 dv-cinder-836027-9-smb devstack@keystone.service[81783]: DEBUG dbcounter [-] [81783] Writing DB stats keystone:SELECT=100 {{(pid=81783) stat_writer /usr/local/lib/python3.8/dist-packages/dbcounter.py:114}}
Sep 01 16:16:18.418638 dv-cinder-836027-9-smb devstack@keystone.service[81784]: DEBUG keystone.server.flask.request_processing.middleware.auth_context [None req-8a169cc2-db09-47d7-94e4-04a08faf0525 None admin] RBAC: auth_context: {'token': , 'domain_id': None, 'trust_id': None, 'trustor_id': None, 'trustee_id': None, 'domain_name': None, 'group_ids': [], 'user_id': '9919555c8b9f4d16b646e3f64ace74c5', 'user_domain_id': 'default', 'system_scope': 'all', 'project_id': None, 'project_domain_id': None, 'roles': ['admin', 'member', 'reader'], 'is_admin_project': True, 'service_user_id': None, 'service_user_domain_id': None, 'service_project_id': None, 'service_project_domain_id': None, 'service_roles': []} {{(pid=81784) fill_context /opt/stack/keystone/keystone/server/flask/request_processing/middleware/auth_context.py:478}}
Sep 01 16:16:18.419304 dv-cinder-836027-9-smb devstack@keystone.service[81784]: DEBUG keystone.server.flask.request_processing.req_logging [None req-8a169cc2-db09-47d7-94e4-04a08faf0525 None admin] REQUEST_METHOD: `GET` {{(pid=81784) log_request_info /opt/stack/keystone/keystone/server/flask/request_processing/req_logging.py:27}}
Sep 01 16:16:18.419593 dv-cinder-836027-9-smb devstack@keystone.service[81784]: DEBUG keystone.server.flask.request_processing.req_logging [None req-8a169cc2-db09-47d7-94e4-04a08faf0525 None admin] SCRIPT_NAME: `/identity` {{(pid=81784) log_request_info /opt/stack/keystone/keystone/server/flask/request_processing/req_logging.py:28}}
Sep 01 16:16:18.419875 dv-cinder-836027-9-smb devstack@keystone.service[81784]: DEBUG keystone.server.flask.request_processing.req_logging [None req-8a169cc2-db09-47d7-94e4-04a08faf0525 None admin] PATH_INFO: `/v3/users/4727cc049f6c4d00947562113661b8b6` {{(pid=81784) log_request_info /opt/stack/keystone/keystone/server/flask/request_processing/req_logging.py:29}}
Sep 01 16:16:18.421157 dv-cinder-836027-9-smb devstack@keystone.service[81784]: DEBUG keystone.common.rbac_enforcer.enforcer [None req-8a169cc2-db09-47d7-94e4-04a08faf0525 None admin] RBAC: Authorizing `identity:get_user(user_id=4727cc049f6c4d00947562113661b8b6)` {{(pid=81784) enforce_call /opt/stack/keystone/keystone/common/rbac_enforcer/enforcer.py:449}}
Sep 01 16:16:18.426141 dv-cinder-836027-9-smb devstack@keystone.service[81784]: DEBUG keystone.common.rbac_enforcer.enforcer [None req-8a169cc2-db09-47d7-94e4-04a08faf0525 None admin] RBAC: Authorization granted {{(pid=81784) enforce_call /opt/stack/keystone/keystone/common/rbac_enforcer/enforcer.py:457}}
Sep 01 16:16:18.426141 dv-cinder-836027-9-smb devstack@keystone.service[81784]: [pid: 81784|app: 0|req: 130/265] 10.222.0.15 () {56 vars in 1177 bytes} [Thu Sep 1 16:16:18 2022] GET /identity/v3/users/4727cc049f6c4d00947562113661b8b6 => generated 283 bytes in 280 msecs (HTTP/1.1 200) 5 headers in 177 bytes (1 switches on core 0)
Sep 01 16:16:18.430456 dv-cinder-836027-9-smb devstack@keystone.service[81784]: DEBUG keystone.server.flask.request_processing.middleware.auth_context [None req-8a169cc2-db09-47d7-94e4-04a08faf0525 None admin] Authenticating user token {{(pid=81784) process_request /usr/local/lib/python3.8/dist-packages/keystonemiddleware/auth_token/__init__.py:407}}
Sep 01 16:16:18.655816 dv-cinder-836027-9-smb devstack@keystone.service[81783]: DEBUG keystone.server.flask.request_processing.middleware.auth_context [None req-66934699-2978-4acd-b216-e03ed22a49ed None admin] Validating token access rules against request {{(pid=81783) validate_allowed_request /usr/local/lib/python3.8/dist-packages/keystonemiddleware/auth_token/__init__.py:545}}
Sep 01 16:16:18.672900 dv-cinder-836027-9-smb devstack@keystone.service[81784]: DEBUG keystone.server.flask.request_processing.middleware.auth_context [None req-8a169cc2-db09-47d7-94e4-04a08faf0525 None admin] Validating token access rules against request {{(pid=81784) validate_allowed_request /usr/local/lib/python3.8/dist-packages/keystonemiddleware/auth_token/__init__.py:545}}
Sep 01 16:16:18.718495 dv-cinder-836027-9-smb devstack@keystone.service[81783]: DEBUG keystone.server.flask.request_processing.middleware.auth_context [None req-6b598b56-79a5-41f5-926f-139c5467ba9b None admin] RBAC: auth_context: {'token': , 'domain_id': None, 'trust_id': None, 'trustor_id': None, 'trustee_id': None, 'domain_name': None, 'group_ids': [], 'user_id': '9919555c8b9f4d16b646e3f64ace74c5', 'user_domain_id': 'default', 'system_scope': 'all', 'project_id': None, 'project_domain_id': None, 'roles': ['admin', 'member', 'reader'], 'is_admin_project': True, 'service_user_id': None, 'service_user_domain_id': None, 'service_project_id': None, 'service_project_domain_id': None, 'service_roles': []} {{(pid=81783) fill_context /opt/stack/keystone/keystone/server/flask/request_processing/middleware/auth_context.py:478}}
Sep 01 16:16:18.719461 dv-cinder-836027-9-smb devstack@keystone.service[81783]: DEBUG keystone.server.flask.request_processing.req_logging [None req-6b598b56-79a5-41f5-926f-139c5467ba9b None admin] REQUEST_METHOD: `GET` {{(pid=81783) log_request_info /opt/stack/keystone/keystone/server/flask/request_processing/req_logging.py:27}}
Sep 01 16:16:18.719849 dv-cinder-836027-9-smb devstack@keystone.service[81783]: DEBUG keystone.server.flask.request_processing.req_logging [None req-6b598b56-79a5-41f5-926f-139c5467ba9b None admin] SCRIPT_NAME: `/identity` {{(pid=81783) log_request_info /opt/stack/keystone/keystone/server/flask/request_processing/req_logging.py:28}}
Sep 01 16:16:18.720120 dv-cinder-836027-9-smb devstack@keystone.service[81783]: DEBUG keystone.server.flask.request_processing.req_logging [None req-6b598b56-79a5-41f5-926f-139c5467ba9b None admin] PATH_INFO: `/v3/role_assignments` {{(pid=81783) log_request_info /opt/stack/keystone/keystone/server/flask/request_processing/req_logging.py:29}}
Sep 01 16:16:18.720854 dv-cinder-836027-9-smb devstack@keystone.service[81783]: DEBUG keystone.common.rbac_enforcer.enforcer [None req-6b598b56-79a5-41f5-926f-139c5467ba9b None admin] RBAC: Adding query filter params (role.id=57a8970530a24c16b8d86a333768e765, scope.project.id=5d7a7332da9346c680fa5fdc04291231, user.id=4727cc049f6c4d00947562113661b8b6) {{(pid=81783) _extract_filter_values /opt/stack/keystone/keystone/common/rbac_enforcer/enforcer.py:167}}
Sep 01 16:16:18.721226 dv-cinder-836027-9-smb devstack@keystone.service[81783]: DEBUG keystone.common.rbac_enforcer.enforcer [None req-6b598b56-79a5-41f5-926f-139c5467ba9b None admin] RBAC: Authorizing `identity:list_role_assignments()` {{(pid=81783) enforce_call /opt/stack/keystone/keystone/common/rbac_enforcer/enforcer.py:449}}
Sep 01 16:16:18.722897 dv-cinder-836027-9-smb devstack@keystone.service[81783]: DEBUG keystone.common.rbac_enforcer.enforcer [None req-6b598b56-79a5-41f5-926f-139c5467ba9b None admin] RBAC: Authorization granted {{(pid=81783) enforce_call /opt/stack/keystone/keystone/common/rbac_enforcer/enforcer.py:457}}
Sep 01 16:16:18.723301 dv-cinder-836027-9-smb devstack@keystone.service[81784]: DEBUG keystone.server.flask.request_processing.middleware.auth_context [None req-3936d3f1-80c5-4f48-8856-4fce73728f03 None admin] RBAC: auth_context: {'token': , 'domain_id': None, 'trust_id': None, 'trustor_id': None, 'trustee_id': None, 'domain_name': None, 'group_ids': [], 'user_id': '9919555c8b9f4d16b646e3f64ace74c5', 'user_domain_id': 'default', 'system_scope': 'all', 'project_id': None, 'project_domain_id': None, 'roles': ['admin', 'member', 'reader'], 'is_admin_project': True, 'service_user_id': None, 'service_user_domain_id': None, 'service_project_id': None, 'service_project_domain_id': None, 'service_roles': []} {{(pid=81784) fill_context /opt/stack/keystone/keystone/server/flask/request_processing/middleware/auth_context.py:478}}
Sep 01 16:16:18.723995 dv-cinder-836027-9-smb devstack@keystone.service[81784]: DEBUG keystone.server.flask.request_processing.req_logging [None req-3936d3f1-80c5-4f48-8856-4fce73728f03 None admin] REQUEST_METHOD: `GET` {{(pid=81784) log_request_info /opt/stack/keystone/keystone/server/flask/request_processing/req_logging.py:27}}
Sep 01 16:16:18.724343 dv-cinder-836027-9-smb devstack@keystone.service[81784]: DEBUG keystone.server.flask.request_processing.req_logging [None req-3936d3f1-80c5-4f48-8856-4fce73728f03 None admin] SCRIPT_NAME: `/identity` {{(pid=81784) log_request_info /opt/stack/keystone/keystone/server/flask/request_processing/req_logging.py:28}}
Sep 01 16:16:18.724690 dv-cinder-836027-9-smb devstack@keystone.service[81784]: DEBUG keystone.server.flask.request_processing.req_logging [None req-3936d3f1-80c5-4f48-8856-4fce73728f03 None admin] PATH_INFO: `/v3/auth/tokens` {{(pid=81784) log_request_info /opt/stack/keystone/keystone/server/flask/request_processing/req_logging.py:29}}
Sep 01 16:16:18.731993 dv-cinder-836027-9-smb devstack@keystone.service[81783]: [pid: 81783|app: 0|req: 136/266] 10.222.0.15 () {56 vars in 1374 bytes} [Thu Sep 1 16:16:18 2022] GET /identity/v3/role_assignments?user.id=4727cc049f6c4d00947562113661b8b6&scope.project.id=5d7a7332da9346c680fa5fdc04291231&role.id=57a8970530a24c16b8d86a333768e765 => generated 608 bytes in 331 msecs (HTTP/1.1 200) 5 headers in 177 bytes (2 switches on core 0)
Sep 01 16:16:18.733376 dv-cinder-836027-9-smb devstack@keystone.service[81783]: DEBUG keystone.server.flask.request_processing.req_logging [None req-8bec4f4f-89e7-4c8c-99f4-29e860c20a98 None None] REQUEST_METHOD: `GET` {{(pid=81783) log_request_info /opt/stack/keystone/keystone/server/flask/request_processing/req_logging.py:27}}
Sep 01 16:16:18.733722 dv-cinder-836027-9-smb devstack@keystone.service[81783]: DEBUG keystone.server.flask.request_processing.req_logging [None req-8bec4f4f-89e7-4c8c-99f4-29e860c20a98 None None] SCRIPT_NAME: `/identity` {{(pid=81783) log_request_info /opt/stack/keystone/keystone/server/flask/request_processing/req_logging.py:28}}
Sep 01 16:16:18.734086 dv-cinder-836027-9-smb devstack@keystone.service[81783]: DEBUG keystone.server.flask.request_processing.req_logging [None req-8bec4f4f-89e7-4c8c-99f4-29e860c20a98 None None] PATH_INFO: `/` {{(pid=81783) log_request_info /opt/stack/keystone/keystone/server/flask/request_processing/req_logging.py:29}}
Sep 01 16:16:18.735652 dv-cinder-836027-9-smb devstack@keystone.service[81783]: [pid: 81783|app: 0|req: 137/267] 10.222.0.15 () {54 vars in 927 bytes} [Thu Sep 1 16:16:18 2022] GET /identity => generated 270 bytes in 3 msecs (HTTP/1.1 300) 6 headers in 234 bytes (1 switches on core 0)
Sep 01 16:16:18.736806 dv-cinder-836027-9-smb devstack@keystone.service[81783]: DEBUG keystone.server.flask.request_processing.req_logging [None req-337d696d-1b2f-47cd-94d6-97ee2b393297 None None] REQUEST_METHOD: `GET` {{(pid=81783) log_request_info /opt/stack/keystone/keystone/server/flask/request_processing/req_logging.py:27}}
Sep 01 16:16:18.737150 dv-cinder-836027-9-smb devstack@keystone.service[81783]: DEBUG keystone.server.flask.request_processing.req_logging [None req-337d696d-1b2f-47cd-94d6-97ee2b393297 None None] SCRIPT_NAME: `/identity` {{(pid=81783) log_request_info /opt/stack/keystone/keystone/server/flask/request_processing/req_logging.py:28}}
Sep 01 16:16:18.737483 dv-cinder-836027-9-smb devstack@keystone.service[81783]: DEBUG keystone.server.flask.request_processing.req_logging [None req-337d696d-1b2f-47cd-94d6-97ee2b393297 None None] PATH_INFO: `/` {{(pid=81783) log_request_info /opt/stack/keystone/keystone/server/flask/request_processing/req_logging.py:29}}
Sep 01 16:16:18.739144 dv-cinder-836027-9-smb devstack@keystone.service[81783]: [pid: 81783|app: 0|req: 138/268] 10.222.0.15 () {54 vars in 927 bytes} [Thu Sep 1 16:16:18 2022] GET /identity => generated 270 bytes in 3 msecs (HTTP/1.1 300) 6 headers in 234 bytes (1 switches on core 0)
Sep 01 16:16:18.742942 dv-cinder-836027-9-smb devstack@keystone.service[81783]: DEBUG keystone.server.flask.request_processing.req_logging [None req-7f4a9f98-81a7-4b8d-b70d-2b198c714c18 None None] REQUEST_METHOD: `POST` {{(pid=81783) log_request_info /opt/stack/keystone/keystone/server/flask/request_processing/req_logging.py:27}}
Sep 01 16:16:18.743227 dv-cinder-836027-9-smb devstack@keystone.service[81783]: DEBUG keystone.server.flask.request_processing.req_logging [None req-7f4a9f98-81a7-4b8d-b70d-2b198c714c18 None None] SCRIPT_NAME: `/identity` {{(pid=81783) log_request_info /opt/stack/keystone/keystone/server/flask/request_processing/req_logging.py:28}}
Sep 01 16:16:18.743836 dv-cinder-836027-9-smb devstack@keystone.service[81783]: DEBUG keystone.server.flask.request_processing.req_logging [None req-7f4a9f98-81a7-4b8d-b70d-2b198c714c18 None None] PATH_INFO: `/v3/auth/tokens` {{(pid=81783) log_request_info /opt/stack/keystone/keystone/server/flask/request_processing/req_logging.py:29}}
Sep 01 16:16:18.786924 dv-cinder-836027-9-smb devstack@keystone.service[81783]: DEBUG keystone.auth.core [None req-7f4a9f98-81a7-4b8d-b70d-2b198c714c18 None None] MFA Rules not processed for user `9919555c8b9f4d16b646e3f64ace74c5`. Rule list: `[]` (Enabled: `True`). {{(pid=81783) check_auth_methods_against_rules /opt/stack/keystone/keystone/auth/core.py:438}}
Sep 01 16:16:18.790319 dv-cinder-836027-9-smb devstack@keystone.service[81783]: DEBUG keystone.common.fernet_utils [None req-7f4a9f98-81a7-4b8d-b70d-2b198c714c18 None None] Loaded 2 Fernet keys from /etc/keystone/fernet-keys/, but `[fernet_tokens] max_active_keys = 3`; perhaps there have not been enough key rotations to reach `max_active_keys` yet? {{(pid=81783) load_keys /opt/stack/keystone/keystone/common/fernet_utils.py:286}}
Sep 01 16:16:18.796323 dv-cinder-836027-9-smb devstack@keystone.service[81784]: DEBUG dbcounter [-] [81784] Writing DB stats keystone:SELECT=100 {{(pid=81784) stat_writer /usr/local/lib/python3.8/dist-packages/dbcounter.py:114}}
Sep 01 16:16:18.890848 dv-cinder-836027-9-smb devstack@keystone.service[81784]: DEBUG keystone.common.rbac_enforcer.enforcer [None req-3936d3f1-80c5-4f48-8856-4fce73728f03 None admin] RBAC: Authorizing `identity:validate_token()` {{(pid=81784) enforce_call /opt/stack/keystone/keystone/common/rbac_enforcer/enforcer.py:449}}
Sep 01 16:16:18.892474 dv-cinder-836027-9-smb devstack@keystone.service[81784]: DEBUG keystone.common.rbac_enforcer.enforcer [None req-3936d3f1-80c5-4f48-8856-4fce73728f03 None admin] RBAC: Authorization granted {{(pid=81784) enforce_call /opt/stack/keystone/keystone/common/rbac_enforcer/enforcer.py:457}}
Sep 01 16:16:18.917895 dv-cinder-836027-9-smb devstack@keystone.service[81783]: DEBUG dbcounter [-] [81783] Writing DB stats keystone:SELECT=100 {{(pid=81783) stat_writer /usr/local/lib/python3.8/dist-packages/dbcounter.py:114}}
Sep 01 16:16:18.934860 dv-cinder-836027-9-smb devstack@keystone.service[81783]: [pid: 81783|app: 0|req: 139/269] 10.222.0.15 () {58 vars in 1024 bytes} [Thu Sep 1 16:16:18 2022] POST /identity/v3/auth/tokens => generated 799 bytes in 194 msecs (HTTP/1.1 201) 6 headers in 363 bytes (2 switches on core 0)
Sep 01 16:16:18.943301 dv-cinder-836027-9-smb devstack@keystone.service[81783]: DEBUG keystone.server.flask.request_processing.req_logging [None req-ba70d96b-6b46-4306-a675-cbf2ea118b42 None None] REQUEST_METHOD: `POST` {{(pid=81783) log_request_info /opt/stack/keystone/keystone/server/flask/request_processing/req_logging.py:27}}
Sep 01 16:16:18.943836 dv-cinder-836027-9-smb devstack@keystone.service[81783]: DEBUG keystone.server.flask.request_processing.req_logging [None req-ba70d96b-6b46-4306-a675-cbf2ea118b42 None None] SCRIPT_NAME: `/identity` {{(pid=81783) log_request_info /opt/stack/keystone/keystone/server/flask/request_processing/req_logging.py:28}}
Sep 01 16:16:18.949899 dv-cinder-836027-9-smb devstack@keystone.service[81783]: DEBUG keystone.server.flask.request_processing.req_logging [None req-ba70d96b-6b46-4306-a675-cbf2ea118b42 None None] PATH_INFO: `/v3/auth/tokens` {{(pid=81783) log_request_info /opt/stack/keystone/keystone/server/flask/request_processing/req_logging.py:29}}
Sep 01 16:16:18.968155 dv-cinder-836027-9-smb devstack@keystone.service[81783]: DEBUG keystone.auth.core [None req-ba70d96b-6b46-4306-a675-cbf2ea118b42 None None] MFA Rules not processed for user `9919555c8b9f4d16b646e3f64ace74c5`. Rule list: `[]` (Enabled: `True`). {{(pid=81783) check_auth_methods_against_rules /opt/stack/keystone/keystone/auth/core.py:438}}
Sep 01 16:16:18.969341 dv-cinder-836027-9-smb devstack@keystone.service[81783]: DEBUG keystone.common.fernet_utils [None req-ba70d96b-6b46-4306-a675-cbf2ea118b42 None None] Loaded 2 Fernet keys from /etc/keystone/fernet-keys/, but `[fernet_tokens] max_active_keys = 3`; perhaps there have not been enough key rotations to reach `max_active_keys` yet? {{(pid=81783) load_keys /opt/stack/keystone/keystone/common/fernet_utils.py:286}}
Sep 01 16:16:19.074025 dv-cinder-836027-9-smb devstack@keystone.service[81783]: [pid: 81783|app: 0|req: 140/270] 10.222.0.15 () {58 vars in 1024 bytes} [Thu Sep 1 16:16:18 2022] POST /identity/v3/auth/tokens => generated 799 bytes in 139 msecs (HTTP/1.1 201) 6 headers in 363 bytes (1 switches on core 0)
Sep 01 16:16:19.091810 dv-cinder-836027-9-smb devstack@keystone.service[81784]: [pid: 81784|app: 0|req: 131/271] 10.222.0.15 () {58 vars in 1282 bytes} [Thu Sep 1 16:16:18 2022] GET /identity/v3/auth/tokens => generated 799 bytes in 662 msecs (HTTP/1.1 200) 6 headers in 358 bytes (1 switches on core 0)
Sep 01 16:16:19.105936 dv-cinder-836027-9-smb devstack@keystone.service[81783]: DEBUG keystone.server.flask.request_processing.middleware.auth_context [None req-ba70d96b-6b46-4306-a675-cbf2ea118b42 None None] Authenticating user token {{(pid=81783) process_request /usr/local/lib/python3.8/dist-packages/keystonemiddleware/auth_token/__init__.py:407}}
Sep 01 16:16:19.258809 dv-cinder-836027-9-smb devstack@keystone.service[81783]: DEBUG keystone.server.flask.request_processing.middleware.auth_context [None req-ba70d96b-6b46-4306-a675-cbf2ea118b42 None None] Validating token access rules against request {{(pid=81783) validate_allowed_request /usr/local/lib/python3.8/dist-packages/keystonemiddleware/auth_token/__init__.py:545}}
Sep 01 16:16:19.298278 dv-cinder-836027-9-smb devstack@keystone.service[81783]: DEBUG dbcounter [-] [81783] Writing DB stats keystone:SELECT=100 {{(pid=81783) stat_writer /usr/local/lib/python3.8/dist-packages/dbcounter.py:114}}
Sep 01 16:16:19.307852 dv-cinder-836027-9-smb devstack@keystone.service[81783]: DEBUG keystone.server.flask.request_processing.middleware.auth_context [None req-d0fd6523-df88-4e0c-b633-7d123473c81f None admin] RBAC: auth_context: {'token': , 'domain_id': None, 'trust_id': None, 'trustor_id': None, 'trustee_id': None, 'domain_name': None, 'group_ids': [], 'user_id': '9919555c8b9f4d16b646e3f64ace74c5', 'user_domain_id': 'default', 'system_scope': 'all', 'project_id': None, 'project_domain_id': None, 'roles': ['admin', 'member', 'reader'], 'is_admin_project': True, 'service_user_id': None, 'service_user_domain_id': None, 'service_project_id': None, 'service_project_domain_id': None, 'service_roles': []} {{(pid=81783) fill_context /opt/stack/keystone/keystone/server/flask/request_processing/middleware/auth_context.py:478}}
Sep 01 16:16:19.308500 dv-cinder-836027-9-smb devstack@keystone.service[81783]: DEBUG keystone.server.flask.request_processing.req_logging [None req-d0fd6523-df88-4e0c-b633-7d123473c81f None admin] REQUEST_METHOD: `GET` {{(pid=81783) log_request_info /opt/stack/keystone/keystone/server/flask/request_processing/req_logging.py:27}}
Sep 01 16:16:19.308810 dv-cinder-836027-9-smb devstack@keystone.service[81783]: DEBUG keystone.server.flask.request_processing.req_logging [None req-d0fd6523-df88-4e0c-b633-7d123473c81f None admin] SCRIPT_NAME: `/identity` {{(pid=81783) log_request_info /opt/stack/keystone/keystone/server/flask/request_processing/req_logging.py:28}}
Sep 01 16:16:19.309086 dv-cinder-836027-9-smb devstack@keystone.service[81783]: DEBUG keystone.server.flask.request_processing.req_logging [None req-d0fd6523-df88-4e0c-b633-7d123473c81f None admin] PATH_INFO: `/v3/projects/5d7a7332da9346c680fa5fdc04291231` {{(pid=81783) log_request_info /opt/stack/keystone/keystone/server/flask/request_processing/req_logging.py:29}}
Sep 01 16:16:19.310718 dv-cinder-836027-9-smb devstack@keystone.service[81783]: DEBUG keystone.common.rbac_enforcer.enforcer [None req-d0fd6523-df88-4e0c-b633-7d123473c81f None admin] RBAC: Authorizing `identity:get_project(project_id=5d7a7332da9346c680fa5fdc04291231)` {{(pid=81783) enforce_call /opt/stack/keystone/keystone/common/rbac_enforcer/enforcer.py:449}}
Sep 01 16:16:19.312238 dv-cinder-836027-9-smb devstack@keystone.service[81783]: DEBUG keystone.common.rbac_enforcer.enforcer [None req-d0fd6523-df88-4e0c-b633-7d123473c81f None admin] RBAC: Authorization granted {{(pid=81783) enforce_call /opt/stack/keystone/keystone/common/rbac_enforcer/enforcer.py:457}}
Sep 01 16:16:19.318136 dv-cinder-836027-9-smb devstack@keystone.service[81783]: [pid: 81783|app: 0|req: 141/272] 10.222.0.15 () {56 vars in 1186 bytes} [Thu Sep 1 16:16:19 2022] GET /identity/v3/projects/5d7a7332da9346c680fa5fdc04291231 => generated 302 bytes in 221 msecs (HTTP/1.1 200) 5 headers in 177 bytes (1 switches on core 0)
Sep 01 16:16:19.325815 dv-cinder-836027-9-smb devstack@keystone.service[81784]: DEBUG keystone.server.flask.request_processing.middleware.auth_context [None req-3936d3f1-80c5-4f48-8856-4fce73728f03 None admin] Authenticating user token {{(pid=81784) process_request /usr/local/lib/python3.8/dist-packages/keystonemiddleware/auth_token/__init__.py:407}}
Sep 01 16:16:19.354259 dv-cinder-836027-9-smb devstack@keystone.service[81783]: DEBUG keystone.server.flask.request_processing.middleware.auth_context [None req-d0fd6523-df88-4e0c-b633-7d123473c81f None admin] Authenticating user token {{(pid=81783) process_request /usr/local/lib/python3.8/dist-packages/keystonemiddleware/auth_token/__init__.py:407}}
Sep 01 16:16:19.431979 dv-cinder-836027-9-smb devstack@keystone.service[81784]: DEBUG dbcounter [-] [81784] Writing DB stats keystone:SELECT=100 {{(pid=81784) stat_writer /usr/local/lib/python3.8/dist-packages/dbcounter.py:114}}
Sep 01 16:16:19.477335 dv-cinder-836027-9-smb devstack@keystone.service[81784]: DEBUG keystone.server.flask.request_processing.middleware.auth_context [None req-3936d3f1-80c5-4f48-8856-4fce73728f03 None admin] Validating token access rules against request {{(pid=81784) validate_allowed_request /usr/local/lib/python3.8/dist-packages/keystonemiddleware/auth_token/__init__.py:545}}
Sep 01 16:16:19.517996 dv-cinder-836027-9-smb devstack@keystone.service[81783]: DEBUG keystone.server.flask.request_processing.middleware.auth_context [None req-d0fd6523-df88-4e0c-b633-7d123473c81f None admin] Validating token access rules against request {{(pid=81783) validate_allowed_request /usr/local/lib/python3.8/dist-packages/keystonemiddleware/auth_token/__init__.py:545}}
Sep 01 16:16:19.531895 dv-cinder-836027-9-smb devstack@keystone.service[81784]: DEBUG keystone.server.flask.request_processing.middleware.auth_context [None req-acee0eae-8e7c-4c93-9543-31b965188112 None admin] RBAC: auth_context: {'token': , 'domain_id': None, 'trust_id': None, 'trustor_id': None, 'trustee_id': None, 'domain_name': None, 'group_ids': [], 'user_id': '9919555c8b9f4d16b646e3f64ace74c5', 'user_domain_id': 'default', 'system_scope': 'all', 'project_id': None, 'project_domain_id': None, 'roles': ['admin', 'member', 'reader'], 'is_admin_project': True, 'service_user_id': None, 'service_user_domain_id': None, 'service_project_id': None, 'service_project_domain_id': None, 'service_roles': []} {{(pid=81784) fill_context /opt/stack/keystone/keystone/server/flask/request_processing/middleware/auth_context.py:478}}
Sep 01 16:16:19.532516 dv-cinder-836027-9-smb devstack@keystone.service[81784]: DEBUG keystone.server.flask.request_processing.req_logging [None req-acee0eae-8e7c-4c93-9543-31b965188112 None admin] REQUEST_METHOD: `GET` {{(pid=81784) log_request_info /opt/stack/keystone/keystone/server/flask/request_processing/req_logging.py:27}}
Sep 01 16:16:19.532793 dv-cinder-836027-9-smb devstack@keystone.service[81784]: DEBUG keystone.server.flask.request_processing.req_logging [None req-acee0eae-8e7c-4c93-9543-31b965188112 None admin] SCRIPT_NAME: `/identity` {{(pid=81784) log_request_info /opt/stack/keystone/keystone/server/flask/request_processing/req_logging.py:28}}
Sep 01 16:16:19.533063 dv-cinder-836027-9-smb devstack@keystone.service[81784]: DEBUG keystone.server.flask.request_processing.req_logging [None req-acee0eae-8e7c-4c93-9543-31b965188112 None admin] PATH_INFO: `/v3/role_assignments` {{(pid=81784) log_request_info /opt/stack/keystone/keystone/server/flask/request_processing/req_logging.py:29}}
Sep 01 16:16:19.533800 dv-cinder-836027-9-smb devstack@keystone.service[81784]: DEBUG keystone.common.rbac_enforcer.enforcer [None req-acee0eae-8e7c-4c93-9543-31b965188112 None admin] RBAC: Adding query filter params (role.id=3e0fa6dce41f4f8dbebf5d5ae9ec99cf, scope.project.id=5d7a7332da9346c680fa5fdc04291231, user.id=4727cc049f6c4d00947562113661b8b6) {{(pid=81784) _extract_filter_values /opt/stack/keystone/keystone/common/rbac_enforcer/enforcer.py:167}}
Sep 01 16:16:19.534184 dv-cinder-836027-9-smb devstack@keystone.service[81784]: DEBUG keystone.common.rbac_enforcer.enforcer [None req-acee0eae-8e7c-4c93-9543-31b965188112 None admin] RBAC: Authorizing `identity:list_role_assignments()` {{(pid=81784) enforce_call /opt/stack/keystone/keystone/common/rbac_enforcer/enforcer.py:449}}
Sep 01 16:16:19.537032 dv-cinder-836027-9-smb devstack@keystone.service[81784]: DEBUG keystone.common.rbac_enforcer.enforcer [None req-acee0eae-8e7c-4c93-9543-31b965188112 None admin] RBAC: Authorization granted {{(pid=81784) enforce_call /opt/stack/keystone/keystone/common/rbac_enforcer/enforcer.py:457}}
Sep 01 16:16:19.544311 dv-cinder-836027-9-smb devstack@keystone.service[81784]: [pid: 81784|app: 0|req: 132/273] 10.222.0.15 () {56 vars in 1374 bytes} [Thu Sep 1 16:16:19 2022] GET /identity/v3/role_assignments?user.id=4727cc049f6c4d00947562113661b8b6&scope.project.id=5d7a7332da9346c680fa5fdc04291231&role.id=3e0fa6dce41f4f8dbebf5d5ae9ec99cf => generated 608 bytes in 219 msecs (HTTP/1.1 200) 5 headers in 177 bytes (1 switches on core 0)
Sep 01 16:16:19.545407 dv-cinder-836027-9-smb devstack@keystone.service[81784]: DEBUG keystone.server.flask.request_processing.middleware.auth_context [None req-acee0eae-8e7c-4c93-9543-31b965188112 None admin] Authenticating user token {{(pid=81784) process_request /usr/local/lib/python3.8/dist-packages/keystonemiddleware/auth_token/__init__.py:407}}
Sep 01 16:16:19.577635 dv-cinder-836027-9-smb devstack@keystone.service[81783]: DEBUG keystone.server.flask.request_processing.middleware.auth_context [None req-6144c1d2-27de-4a22-b465-a7be57a989da None admin] RBAC: auth_context: {'token': , 'domain_id': None, 'trust_id': None, 'trustor_id': None, 'trustee_id': None, 'domain_name': None, 'group_ids': [], 'user_id': '9919555c8b9f4d16b646e3f64ace74c5', 'user_domain_id': 'default', 'system_scope': 'all', 'project_id': None, 'project_domain_id': None, 'roles': ['admin', 'member', 'reader'], 'is_admin_project': True, 'service_user_id': None, 'service_user_domain_id': None, 'service_project_id': None, 'service_project_domain_id': None, 'service_roles': []} {{(pid=81783) fill_context /opt/stack/keystone/keystone/server/flask/request_processing/middleware/auth_context.py:478}}
Sep 01 16:16:19.578319 dv-cinder-836027-9-smb devstack@keystone.service[81783]: DEBUG keystone.server.flask.request_processing.req_logging [None req-6144c1d2-27de-4a22-b465-a7be57a989da None admin] REQUEST_METHOD: `GET` {{(pid=81783) log_request_info /opt/stack/keystone/keystone/server/flask/request_processing/req_logging.py:27}}
Sep 01 16:16:19.578593 dv-cinder-836027-9-smb devstack@keystone.service[81783]: DEBUG keystone.server.flask.request_processing.req_logging [None req-6144c1d2-27de-4a22-b465-a7be57a989da None admin] SCRIPT_NAME: `/identity` {{(pid=81783) log_request_info /opt/stack/keystone/keystone/server/flask/request_processing/req_logging.py:28}}
Sep 01 16:16:19.578858 dv-cinder-836027-9-smb devstack@keystone.service[81783]: DEBUG keystone.server.flask.request_processing.req_logging [None req-6144c1d2-27de-4a22-b465-a7be57a989da None admin] PATH_INFO: `/v3/domains/default` {{(pid=81783) log_request_info /opt/stack/keystone/keystone/server/flask/request_processing/req_logging.py:29}}
Sep 01 16:16:19.581914 dv-cinder-836027-9-smb devstack@keystone.service[81783]: DEBUG keystone.common.rbac_enforcer.enforcer [None req-6144c1d2-27de-4a22-b465-a7be57a989da None admin] RBAC: Authorizing `identity:get_domain(domain_id=default)` {{(pid=81783) enforce_call /opt/stack/keystone/keystone/common/rbac_enforcer/enforcer.py:449}}
Sep 01 16:16:19.583555 dv-cinder-836027-9-smb devstack@keystone.service[81783]: DEBUG keystone.common.rbac_enforcer.enforcer [None req-6144c1d2-27de-4a22-b465-a7be57a989da None admin] RBAC: Authorization granted {{(pid=81783) enforce_call /opt/stack/keystone/keystone/common/rbac_enforcer/enforcer.py:457}}
Sep 01 16:16:19.590188 dv-cinder-836027-9-smb devstack@keystone.service[81783]: [pid: 81783|app: 0|req: 142/274] 10.222.0.15 () {56 vars in 1108 bytes} [Thu Sep 1 16:16:19 2022] GET /identity/v3/domains/default => generated 199 bytes in 232 msecs (HTTP/1.1 200) 5 headers in 177 bytes (2 switches on core 0)
Sep 01 16:16:19.591381 dv-cinder-836027-9-smb devstack@keystone.service[81783]: DEBUG keystone.server.flask.request_processing.middleware.auth_context [None req-6144c1d2-27de-4a22-b465-a7be57a989da None admin] Authenticating user token {{(pid=81783) process_request /usr/local/lib/python3.8/dist-packages/keystonemiddleware/auth_token/__init__.py:407}}
Sep 01 16:16:19.685045 dv-cinder-836027-9-smb devstack@keystone.service[81784]: DEBUG keystone.server.flask.request_processing.middleware.auth_context [None req-acee0eae-8e7c-4c93-9543-31b965188112 None admin] Validating token access rules against request {{(pid=81784) validate_allowed_request /usr/local/lib/python3.8/dist-packages/keystonemiddleware/auth_token/__init__.py:545}}
Sep 01 16:16:19.710289 dv-cinder-836027-9-smb devstack@keystone.service[81783]: DEBUG dbcounter [-] [81783] Writing DB stats keystone:SELECT=100 {{(pid=81783) stat_writer /usr/local/lib/python3.8/dist-packages/dbcounter.py:114}}
Sep 01 16:16:19.750669 dv-cinder-836027-9-smb devstack@keystone.service[81784]: DEBUG dbcounter [-] [81784] Writing DB stats keystone:SELECT=100 {{(pid=81784) stat_writer /usr/local/lib/python3.8/dist-packages/dbcounter.py:114}}
Sep 01 16:16:19.767928 dv-cinder-836027-9-smb devstack@keystone.service[81784]: DEBUG keystone.server.flask.request_processing.middleware.auth_context [None req-4148a434-fe07-46ea-a550-93436eec49d5 None admin] RBAC: auth_context: {'token': , 'domain_id': None, 'trust_id': None, 'trustor_id': None, 'trustee_id': None, 'domain_name': None, 'group_ids': [], 'user_id': '9919555c8b9f4d16b646e3f64ace74c5', 'user_domain_id': 'default', 'system_scope': 'all', 'project_id': None, 'project_domain_id': None, 'roles': ['admin', 'member', 'reader'], 'is_admin_project': True, 'service_user_id': None, 'service_user_domain_id': None, 'service_project_id': None, 'service_project_domain_id': None, 'service_roles': []} {{(pid=81784) fill_context /opt/stack/keystone/keystone/server/flask/request_processing/middleware/auth_context.py:478}}
Sep 01 16:16:19.768633 dv-cinder-836027-9-smb devstack@keystone.service[81784]: DEBUG keystone.server.flask.request_processing.req_logging [None req-4148a434-fe07-46ea-a550-93436eec49d5 None admin] REQUEST_METHOD: `GET` {{(pid=81784) log_request_info /opt/stack/keystone/keystone/server/flask/request_processing/req_logging.py:27}}
Sep 01 16:16:19.768855 dv-cinder-836027-9-smb devstack@keystone.service[81784]: DEBUG keystone.server.flask.request_processing.req_logging [None req-4148a434-fe07-46ea-a550-93436eec49d5 None admin] SCRIPT_NAME: `/identity` {{(pid=81784) log_request_info /opt/stack/keystone/keystone/server/flask/request_processing/req_logging.py:28}}
Sep 01 16:16:19.769138 dv-cinder-836027-9-smb devstack@keystone.service[81784]: DEBUG keystone.server.flask.request_processing.req_logging [None req-4148a434-fe07-46ea-a550-93436eec49d5 None admin] PATH_INFO: `/v3/roles/member` {{(pid=81784) log_request_info /opt/stack/keystone/keystone/server/flask/request_processing/req_logging.py:29}}
Sep 01 16:16:19.782259 dv-cinder-836027-9-smb devstack@keystone.service[81783]: DEBUG keystone.server.flask.request_processing.middleware.auth_context [None req-6144c1d2-27de-4a22-b465-a7be57a989da None admin] Validating token access rules against request {{(pid=81783) validate_allowed_request /usr/local/lib/python3.8/dist-packages/keystonemiddleware/auth_token/__init__.py:545}}
Sep 01 16:16:19.784936 dv-cinder-836027-9-smb devstack@keystone.service[81784]: DEBUG keystone.common.rbac_enforcer.enforcer [None req-4148a434-fe07-46ea-a550-93436eec49d5 None admin] Extracting inferred target data resulted in "NOT FOUND (404)". {{(pid=81784) enforce_call /opt/stack/keystone/keystone/common/rbac_enforcer/enforcer.py:409}}
Sep 01 16:16:19.793059 dv-cinder-836027-9-smb devstack@keystone.service[81784]: ERROR keystone.server.flask.application [None req-4148a434-fe07-46ea-a550-93436eec49d5 None admin] Could not find role: member.: keystone.exception.RoleNotFound: Could not find role: member.
Sep 01 16:16:19.793059 dv-cinder-836027-9-smb devstack@keystone.service[81784]: ERROR keystone.server.flask.application
Traceback (most recent call last):
Sep 01 16:16:19.793059 dv-cinder-836027-9-smb devstack@keystone.service[81784]: ERROR keystone.server.flask.application
File "/usr/local/lib/python3.8/dist-packages/flask/app.py", line 1820, in full_dispatch_request
Sep 01 16:16:19.793059 dv-cinder-836027-9-smb devstack@keystone.service[81784]: ERROR keystone.server.flask.application rv = self.dispatch_request()
Sep 01 16:16:19.793059 dv-cinder-836027-9-smb devstack@keystone.service[81784]: ERROR keystone.server.flask.application
File "/usr/local/lib/python3.8/dist-packages/flask/app.py", line 1796, in dispatch_request
Sep 01 16:16:19.793059 dv-cinder-836027-9-smb devstack@keystone.service[81784]: ERROR keystone.server.flask.application return self.ensure_sync(self.view_functions[rule.endpoint])(**view_args)
Sep 01 16:16:19.793059 dv-cinder-836027-9-smb devstack@keystone.service[81784]: ERROR keystone.server.flask.application
File "/usr/local/lib/python3.8/dist-packages/flask_restful/__init__.py", line 467, in wrapper
Sep 01 16:16:19.793059 dv-cinder-836027-9-smb devstack@keystone.service[81784]: ERROR keystone.server.flask.application resp = resource(*args, **kwargs)
Sep 01 16:16:19.793059 dv-cinder-836027-9-smb devstack@keystone.service[81784]: ERROR keystone.server.flask.application
File "/usr/local/lib/python3.8/dist-packages/flask/views.py", line 107, in view
Sep 01 16:16:19.793059 dv-cinder-836027-9-smb devstack@keystone.service[81784]: ERROR keystone.server.flask.application return current_app.ensure_sync(self.dispatch_request)(**kwargs)
