Sep 01 05:06:24.264930 dv-cinder-836027-8-smb devstack@keystone.service[81496]: DEBUG keystone.server.flask.request_processing.middleware.auth_context [None req-12d2bc47-4edb-4c73-9e11-1056ea546006 None admin] Validating token access rules against request {{(pid=81496) validate_allowed_request /usr/local/lib/python3.8/dist-packages/keystonemiddleware/auth_token/__init__.py:545}}
Sep 01 05:06:24.267609 dv-cinder-836027-8-smb devstack@keystone.service[81497]: DEBUG keystone.common.rbac_enforcer.enforcer [None req-2f295fe4-bdeb-47b8-ab15-7bf13db29977 None admin] RBAC: Authorization granted {{(pid=81497) enforce_call /opt/stack/keystone/keystone/common/rbac_enforcer/enforcer.py:457}}
Sep 01 05:06:24.285327 dv-cinder-836027-8-smb devstack@keystone.service[81497]: [pid: 81497|app: 0|req: 69/128] 10.222.0.57 () {56 vars in 1099 bytes} [Thu Sep 1 05:06:23 2022] GET /identity/v3/roles?name=admin => generated 339 bytes in 287 msecs (HTTP/1.1 200) 5 headers in 177 bytes (1 switches on core 0)
Sep 01 05:06:24.286699 dv-cinder-836027-8-smb devstack@keystone.service[81497]: DEBUG keystone.server.flask.request_processing.middleware.auth_context [None req-2f295fe4-bdeb-47b8-ab15-7bf13db29977 None admin] Authenticating user token {{(pid=81497) process_request /usr/local/lib/python3.8/dist-packages/keystonemiddleware/auth_token/__init__.py:407}}
Sep 01 05:06:24.308926 dv-cinder-836027-8-smb devstack@keystone.service[81496]: DEBUG keystone.server.flask.request_processing.middleware.auth_context [None req-55c429ad-208a-4fa5-8553-04d114f2dbfd None admin] RBAC: auth_context: {'token': , 'domain_id': None, 'trust_id': None, 'trustor_id': None, 'trustee_id': None, 'domain_name': None, 'group_ids': [], 'user_id': '230f8b0dcb17425a90aa8f093d4d7ce6', 'user_domain_id': 'default', 'system_scope': 'all', 'project_id': None, 'project_domain_id': None, 'roles': ['admin', 'member', 'reader'], 'is_admin_project': True, 'service_user_id': None, 'service_user_domain_id': None, 'service_project_id': None, 'service_project_domain_id': None, 'service_roles': []} {{(pid=81496) fill_context /opt/stack/keystone/keystone/server/flask/request_processing/middleware/auth_context.py:478}}
Sep 01 05:06:24.309162 dv-cinder-836027-8-smb devstack@keystone.service[81497]: DEBUG dbcounter [-] [81497] Writing DB stats keystone:SELECT=100 {{(pid=81497) stat_writer /usr/local/lib/python3.8/dist-packages/dbcounter.py:114}}
Sep 01 05:06:24.310178 dv-cinder-836027-8-smb devstack@keystone.service[81496]: DEBUG keystone.server.flask.request_processing.req_logging [None req-55c429ad-208a-4fa5-8553-04d114f2dbfd None admin] REQUEST_METHOD: `GET` {{(pid=81496) log_request_info /opt/stack/keystone/keystone/server/flask/request_processing/req_logging.py:27}}
Sep 01 05:06:24.310713 dv-cinder-836027-8-smb devstack@keystone.service[81496]: DEBUG keystone.server.flask.request_processing.req_logging [None req-55c429ad-208a-4fa5-8553-04d114f2dbfd None admin] SCRIPT_NAME: `/identity` {{(pid=81496) log_request_info /opt/stack/keystone/keystone/server/flask/request_processing/req_logging.py:28}}
Sep 01 05:06:24.311214 dv-cinder-836027-8-smb devstack@keystone.service[81496]: DEBUG keystone.server.flask.request_processing.req_logging [None req-55c429ad-208a-4fa5-8553-04d114f2dbfd None admin] PATH_INFO: `/v3/users/a3ee5ad379424977ab3602ba23b1e1b6` {{(pid=81496) log_request_info /opt/stack/keystone/keystone/server/flask/request_processing/req_logging.py:29}}
Sep 01 05:06:24.313174 dv-cinder-836027-8-smb devstack@keystone.service[81496]: DEBUG keystone.common.rbac_enforcer.enforcer [None req-55c429ad-208a-4fa5-8553-04d114f2dbfd None admin] RBAC: Authorizing `identity:get_user(user_id=a3ee5ad379424977ab3602ba23b1e1b6)` {{(pid=81496) enforce_call /opt/stack/keystone/keystone/common/rbac_enforcer/enforcer.py:449}}
Sep 01 05:06:24.315421 dv-cinder-836027-8-smb devstack@keystone.service[81496]: DEBUG keystone.common.rbac_enforcer.enforcer [None req-55c429ad-208a-4fa5-8553-04d114f2dbfd None admin] RBAC: Authorization granted {{(pid=81496) enforce_call /opt/stack/keystone/keystone/common/rbac_enforcer/enforcer.py:457}}
Sep 01 05:06:24.317538 dv-cinder-836027-8-smb devstack@keystone.service[81496]: [pid: 81496|app: 0|req: 60/129] 10.222.0.57 () {56 vars in 1177 bytes} [Thu Sep 1 05:06:24 2022] GET /identity/v3/users/a3ee5ad379424977ab3602ba23b1e1b6 => generated 275 bytes in 179 msecs (HTTP/1.1 200) 5 headers in 177 bytes (1 switches on core 0)
Sep 01 05:06:24.318781 dv-cinder-836027-8-smb devstack@keystone.service[81496]: DEBUG keystone.server.flask.request_processing.middleware.auth_context [None req-55c429ad-208a-4fa5-8553-04d114f2dbfd None admin] Authenticating user token {{(pid=81496) process_request /usr/local/lib/python3.8/dist-packages/keystonemiddleware/auth_token/__init__.py:407}}
Sep 01 05:06:24.432989 dv-cinder-836027-8-smb devstack@keystone.service[81496]: DEBUG dbcounter [-] [81496] Writing DB stats keystone:SELECT=100 {{(pid=81496) stat_writer /usr/local/lib/python3.8/dist-packages/dbcounter.py:114}}
Sep 01 05:06:24.442451 dv-cinder-836027-8-smb devstack@keystone.service[81496]: DEBUG keystone.server.flask.request_processing.middleware.auth_context [None req-55c429ad-208a-4fa5-8553-04d114f2dbfd None admin] Validating token access rules against request {{(pid=81496) validate_allowed_request /usr/local/lib/python3.8/dist-packages/keystonemiddleware/auth_token/__init__.py:545}}
Sep 01 05:06:24.483516 dv-cinder-836027-8-smb devstack@keystone.service[81496]: DEBUG keystone.server.flask.request_processing.middleware.auth_context [None req-3faa7c01-7bda-4e8f-99f9-41e61195269a None admin] RBAC: auth_context: {'token': , 'domain_id': None, 'trust_id': None, 'trustor_id': None, 'trustee_id': None, 'domain_name': None, 'group_ids': [], 'user_id': '230f8b0dcb17425a90aa8f093d4d7ce6', 'user_domain_id': 'default', 'system_scope': 'all', 'project_id': None, 'project_domain_id': None, 'roles': ['admin', 'member', 'reader'], 'is_admin_project': True, 'service_user_id': None, 'service_user_domain_id': None, 'service_project_id': None, 'service_project_domain_id': None, 'service_roles': []} {{(pid=81496) fill_context /opt/stack/keystone/keystone/server/flask/request_processing/middleware/auth_context.py:478}}
Sep 01 05:06:24.484637 dv-cinder-836027-8-smb devstack@keystone.service[81496]: DEBUG keystone.server.flask.request_processing.req_logging [None req-3faa7c01-7bda-4e8f-99f9-41e61195269a None admin] REQUEST_METHOD: `GET` {{(pid=81496) log_request_info /opt/stack/keystone/keystone/server/flask/request_processing/req_logging.py:27}}
Sep 01 05:06:24.485229 dv-cinder-836027-8-smb devstack@keystone.service[81496]: DEBUG keystone.server.flask.request_processing.req_logging [None req-3faa7c01-7bda-4e8f-99f9-41e61195269a None admin] SCRIPT_NAME: `/identity` {{(pid=81496) log_request_info /opt/stack/keystone/keystone/server/flask/request_processing/req_logging.py:28}}
Sep 01 05:06:24.485702 dv-cinder-836027-8-smb devstack@keystone.service[81496]: DEBUG keystone.server.flask.request_processing.req_logging [None req-3faa7c01-7bda-4e8f-99f9-41e61195269a None admin] PATH_INFO: `/v3/projects/892640f70c834da6a9715633f0fbc7ae` {{(pid=81496) log_request_info /opt/stack/keystone/keystone/server/flask/request_processing/req_logging.py:29}}
Sep 01 05:06:24.487237 dv-cinder-836027-8-smb devstack@keystone.service[81496]: DEBUG keystone.common.rbac_enforcer.enforcer [None req-3faa7c01-7bda-4e8f-99f9-41e61195269a None admin] RBAC: Authorizing `identity:get_project(project_id=892640f70c834da6a9715633f0fbc7ae)` {{(pid=81496) enforce_call /opt/stack/keystone/keystone/common/rbac_enforcer/enforcer.py:449}}
Sep 01 05:06:24.488992 dv-cinder-836027-8-smb devstack@keystone.service[81496]: DEBUG keystone.common.rbac_enforcer.enforcer [None req-3faa7c01-7bda-4e8f-99f9-41e61195269a None admin] RBAC: Authorization granted {{(pid=81496) enforce_call /opt/stack/keystone/keystone/common/rbac_enforcer/enforcer.py:457}}
Sep 01 05:06:24.490938 dv-cinder-836027-8-smb devstack@keystone.service[81496]: [pid: 81496|app: 0|req: 61/130] 10.222.0.57 () {56 vars in 1186 bytes} [Thu Sep 1 05:06:24 2022] GET /identity/v3/projects/892640f70c834da6a9715633f0fbc7ae => generated 298 bytes in 173 msecs (HTTP/1.1 200) 5 headers in 177 bytes (1 switches on core 0)
Sep 01 05:06:24.491685 dv-cinder-836027-8-smb devstack@keystone.service[81497]: DEBUG keystone.server.flask.request_processing.middleware.auth_context [None req-2f295fe4-bdeb-47b8-ab15-7bf13db29977 None admin] Validating token access rules against request {{(pid=81497) validate_allowed_request /usr/local/lib/python3.8/dist-packages/keystonemiddleware/auth_token/__init__.py:545}}
Sep 01 05:06:24.492187 dv-cinder-836027-8-smb devstack@keystone.service[81496]: DEBUG keystone.server.flask.request_processing.middleware.auth_context [None req-3faa7c01-7bda-4e8f-99f9-41e61195269a None admin] Authenticating user token {{(pid=81496) process_request /usr/local/lib/python3.8/dist-packages/keystonemiddleware/auth_token/__init__.py:407}}
Sep 01 05:06:24.564576 dv-cinder-836027-8-smb devstack@keystone.service[81497]: DEBUG keystone.server.flask.request_processing.middleware.auth_context [None req-9f928d3e-9b98-4f64-89b3-51d670aba348 None admin] RBAC: auth_context: {'token': , 'domain_id': None, 'trust_id': None, 'trustor_id': None, 'trustee_id': None, 'domain_name': None, 'group_ids': [], 'user_id': '230f8b0dcb17425a90aa8f093d4d7ce6', 'user_domain_id': 'default', 'system_scope': 'all', 'project_id': None, 'project_domain_id': None, 'roles': ['admin', 'member', 'reader'], 'is_admin_project': True, 'service_user_id': None, 'service_user_domain_id': None, 'service_project_id': None, 'service_project_domain_id': None, 'service_roles': []} {{(pid=81497) fill_context /opt/stack/keystone/keystone/server/flask/request_processing/middleware/auth_context.py:478}}
Sep 01 05:06:24.565770 dv-cinder-836027-8-smb devstack@keystone.service[81497]: DEBUG keystone.server.flask.request_processing.req_logging [None req-9f928d3e-9b98-4f64-89b3-51d670aba348 None admin] REQUEST_METHOD: `PUT` {{(pid=81497) log_request_info /opt/stack/keystone/keystone/server/flask/request_processing/req_logging.py:27}}
Sep 01 05:06:24.566267 dv-cinder-836027-8-smb devstack@keystone.service[81497]: DEBUG keystone.server.flask.request_processing.req_logging [None req-9f928d3e-9b98-4f64-89b3-51d670aba348 None admin] SCRIPT_NAME: `/identity` {{(pid=81497) log_request_info /opt/stack/keystone/keystone/server/flask/request_processing/req_logging.py:28}}
Sep 01 05:06:24.566761 dv-cinder-836027-8-smb devstack@keystone.service[81497]: DEBUG keystone.server.flask.request_processing.req_logging [None req-9f928d3e-9b98-4f64-89b3-51d670aba348 None admin] PATH_INFO: `/v3/projects/892640f70c834da6a9715633f0fbc7ae/users/a3ee5ad379424977ab3602ba23b1e1b6/roles/c4f58c0e1d28408db0615bf553e5dfbb` {{(pid=81497) log_request_info /opt/stack/keystone/keystone/server/flask/request_processing/req_logging.py:29}}
Sep 01 05:06:24.571069 dv-cinder-836027-8-smb devstack@keystone.service[81497]: DEBUG keystone.common.rbac_enforcer.enforcer [None req-9f928d3e-9b98-4f64-89b3-51d670aba348 None admin] RBAC: Authorizing `identity:create_grant(project_id=892640f70c834da6a9715633f0fbc7ae, user_id=a3ee5ad379424977ab3602ba23b1e1b6, role_id=c4f58c0e1d28408db0615bf553e5dfbb)` {{(pid=81497) enforce_call /opt/stack/keystone/keystone/common/rbac_enforcer/enforcer.py:449}}
Sep 01 05:06:24.574077 dv-cinder-836027-8-smb devstack@keystone.service[81497]: DEBUG keystone.common.rbac_enforcer.enforcer [None req-9f928d3e-9b98-4f64-89b3-51d670aba348 None admin] RBAC: Authorization granted {{(pid=81497) enforce_call /opt/stack/keystone/keystone/common/rbac_enforcer/enforcer.py:457}}
Sep 01 05:06:24.603050 dv-cinder-836027-8-smb devstack@keystone.service[81497]: [pid: 81497|app: 0|req: 70/131] 10.222.0.57 () {58 vars in 1439 bytes} [Thu Sep 1 05:06:24 2022] PUT /identity/v3/projects/892640f70c834da6a9715633f0fbc7ae/users/a3ee5ad379424977ab3602ba23b1e1b6/roles/c4f58c0e1d28408db0615bf553e5dfbb => generated 0 bytes in 317 msecs (HTTP/1.1 204) 3 headers in 132 bytes (0 switches on core 0)
Sep 01 05:06:24.604540 dv-cinder-836027-8-smb devstack@keystone.service[81497]: DEBUG keystone.server.flask.request_processing.middleware.auth_context [None req-9f928d3e-9b98-4f64-89b3-51d670aba348 None admin] Authenticating user token {{(pid=81497) process_request /usr/local/lib/python3.8/dist-packages/keystonemiddleware/auth_token/__init__.py:407}}
Sep 01 05:06:24.623354 dv-cinder-836027-8-smb devstack@keystone.service[81496]: DEBUG keystone.server.flask.request_processing.middleware.auth_context [None req-3faa7c01-7bda-4e8f-99f9-41e61195269a None admin] Validating token access rules against request {{(pid=81496) validate_allowed_request /usr/local/lib/python3.8/dist-packages/keystonemiddleware/auth_token/__init__.py:545}}
Sep 01 05:06:24.676920 dv-cinder-836027-8-smb devstack@keystone.service[81496]: DEBUG keystone.server.flask.request_processing.middleware.auth_context [None req-2c182991-9e98-44d1-bb31-713d4bbdc0c0 None admin] RBAC: auth_context: {'token': , 'domain_id': None, 'trust_id': None, 'trustor_id': None, 'trustee_id': None, 'domain_name': None, 'group_ids': [], 'user_id': '230f8b0dcb17425a90aa8f093d4d7ce6', 'user_domain_id': 'default', 'system_scope': 'all', 'project_id': None, 'project_domain_id': None, 'roles': ['admin', 'member', 'reader'], 'is_admin_project': True, 'service_user_id': None, 'service_user_domain_id': None, 'service_project_id': None, 'service_project_domain_id': None, 'service_roles': []} {{(pid=81496) fill_context /opt/stack/keystone/keystone/server/flask/request_processing/middleware/auth_context.py:478}}
Sep 01 05:06:24.678029 dv-cinder-836027-8-smb devstack@keystone.service[81496]: DEBUG keystone.server.flask.request_processing.req_logging [None req-2c182991-9e98-44d1-bb31-713d4bbdc0c0 None admin] REQUEST_METHOD: `GET` {{(pid=81496) log_request_info /opt/stack/keystone/keystone/server/flask/request_processing/req_logging.py:27}}
Sep 01 05:06:24.678542 dv-cinder-836027-8-smb devstack@keystone.service[81496]: DEBUG keystone.server.flask.request_processing.req_logging [None req-2c182991-9e98-44d1-bb31-713d4bbdc0c0 None admin] SCRIPT_NAME: `/identity` {{(pid=81496) log_request_info /opt/stack/keystone/keystone/server/flask/request_processing/req_logging.py:28}}
Sep 01 05:06:24.679010 dv-cinder-836027-8-smb devstack@keystone.service[81496]: DEBUG keystone.server.flask.request_processing.req_logging [None req-2c182991-9e98-44d1-bb31-713d4bbdc0c0 None admin] PATH_INFO: `/v3/users/230f8b0dcb17425a90aa8f093d4d7ce6` {{(pid=81496) log_request_info /opt/stack/keystone/keystone/server/flask/request_processing/req_logging.py:29}}
Sep 01 05:06:24.680650 dv-cinder-836027-8-smb devstack@keystone.service[81496]: DEBUG keystone.common.rbac_enforcer.enforcer [None req-2c182991-9e98-44d1-bb31-713d4bbdc0c0 None admin] RBAC: Authorizing `identity:get_user(user_id=230f8b0dcb17425a90aa8f093d4d7ce6)` {{(pid=81496) enforce_call /opt/stack/keystone/keystone/common/rbac_enforcer/enforcer.py:449}}
Sep 01 05:06:24.683388 dv-cinder-836027-8-smb devstack@keystone.service[81496]: DEBUG keystone.common.rbac_enforcer.enforcer [None req-2c182991-9e98-44d1-bb31-713d4bbdc0c0 None admin] RBAC: Authorization granted {{(pid=81496) enforce_call /opt/stack/keystone/keystone/common/rbac_enforcer/enforcer.py:457}}
Sep 01 05:06:24.686300 dv-cinder-836027-8-smb devstack@keystone.service[81496]: [pid: 81496|app: 0|req: 62/132] 10.222.0.57 () {56 vars in 1177 bytes} [Thu Sep 1 05:06:24 2022] GET /identity/v3/users/230f8b0dcb17425a90aa8f093d4d7ce6 => generated 247 bytes in 195 msecs (HTTP/1.1 200) 5 headers in 177 bytes (1 switches on core 0)
Sep 01 05:06:24.687583 dv-cinder-836027-8-smb devstack@keystone.service[81496]: DEBUG keystone.server.flask.request_processing.middleware.auth_context [None req-2c182991-9e98-44d1-bb31-713d4bbdc0c0 None admin] Authenticating user token {{(pid=81496) process_request /usr/local/lib/python3.8/dist-packages/keystonemiddleware/auth_token/__init__.py:407}}
Sep 01 05:06:24.732642 dv-cinder-836027-8-smb devstack@keystone.service[81496]: DEBUG dbcounter [-] [81496] Writing DB stats keystone:SELECT=100 {{(pid=81496) stat_writer /usr/local/lib/python3.8/dist-packages/dbcounter.py:114}}
Sep 01 05:06:24.734122 dv-cinder-836027-8-smb devstack@keystone.service[81497]: DEBUG dbcounter [-] [81497] Writing DB stats keystone:SELECT=99,keystone:INSERT=1 {{(pid=81497) stat_writer /usr/local/lib/python3.8/dist-packages/dbcounter.py:114}}
Sep 01 05:06:24.805604 dv-cinder-836027-8-smb devstack@keystone.service[81497]: DEBUG keystone.server.flask.request_processing.middleware.auth_context [None req-9f928d3e-9b98-4f64-89b3-51d670aba348 None admin] Validating token access rules against request {{(pid=81497) validate_allowed_request /usr/local/lib/python3.8/dist-packages/keystonemiddleware/auth_token/__init__.py:545}}
Sep 01 05:06:24.832377 dv-cinder-836027-8-smb devstack@keystone.service[81496]: DEBUG keystone.server.flask.request_processing.middleware.auth_context [None req-2c182991-9e98-44d1-bb31-713d4bbdc0c0 None admin] Validating token access rules against request {{(pid=81496) validate_allowed_request /usr/local/lib/python3.8/dist-packages/keystonemiddleware/auth_token/__init__.py:545}}
Sep 01 05:06:24.873843 dv-cinder-836027-8-smb devstack@keystone.service[81497]: DEBUG keystone.server.flask.request_processing.middleware.auth_context [None req-85030fec-8593-45c6-94ea-e14b4760c9f6 None admin] RBAC: auth_context: {'token': , 'domain_id': None, 'trust_id': None, 'trustor_id': None, 'trustee_id': None, 'domain_name': None, 'group_ids': [], 'user_id': '230f8b0dcb17425a90aa8f093d4d7ce6', 'user_domain_id': 'default', 'system_scope': 'all', 'project_id': None, 'project_domain_id': None, 'roles': ['admin', 'member', 'reader'], 'is_admin_project': True, 'service_user_id': None, 'service_user_domain_id': None, 'service_project_id': None, 'service_project_domain_id': None, 'service_roles': []} {{(pid=81497) fill_context /opt/stack/keystone/keystone/server/flask/request_processing/middleware/auth_context.py:478}}
Sep 01 05:06:24.875420 dv-cinder-836027-8-smb devstack@keystone.service[81497]: DEBUG keystone.server.flask.request_processing.req_logging [None req-85030fec-8593-45c6-94ea-e14b4760c9f6 None admin] REQUEST_METHOD: `GET` {{(pid=81497) log_request_info /opt/stack/keystone/keystone/server/flask/request_processing/req_logging.py:27}}
Sep 01 05:06:24.876201 dv-cinder-836027-8-smb devstack@keystone.service[81497]: DEBUG keystone.server.flask.request_processing.req_logging [None req-85030fec-8593-45c6-94ea-e14b4760c9f6 None admin] SCRIPT_NAME: `/identity` {{(pid=81497) log_request_info /opt/stack/keystone/keystone/server/flask/request_processing/req_logging.py:28}}
Sep 01 05:06:24.876917 dv-cinder-836027-8-smb devstack@keystone.service[81497]: DEBUG keystone.server.flask.request_processing.req_logging [None req-85030fec-8593-45c6-94ea-e14b4760c9f6 None admin] PATH_INFO: `/v3/projects/f4f9fc41a1e04ba4be67781d005c9075` {{(pid=81497) log_request_info /opt/stack/keystone/keystone/server/flask/request_processing/req_logging.py:29}}
Sep 01 05:06:24.879787 dv-cinder-836027-8-smb devstack@keystone.service[81497]: DEBUG keystone.common.rbac_enforcer.enforcer [None req-85030fec-8593-45c6-94ea-e14b4760c9f6 None admin] RBAC: Authorizing `identity:get_project(project_id=f4f9fc41a1e04ba4be67781d005c9075)` {{(pid=81497) enforce_call /opt/stack/keystone/keystone/common/rbac_enforcer/enforcer.py:449}}
Sep 01 05:06:24.880416 dv-cinder-836027-8-smb devstack@keystone.service[81496]: DEBUG keystone.server.flask.request_processing.middleware.auth_context [None req-23fdf194-e8e2-4d99-887f-4b47a5f53113 None admin] RBAC: auth_context: {'token': , 'domain_id': None, 'trust_id': None, 'trustor_id': None, 'trustee_id': None, 'domain_name': None, 'group_ids': [], 'user_id': '230f8b0dcb17425a90aa8f093d4d7ce6', 'user_domain_id': 'default', 'system_scope': 'all', 'project_id': None, 'project_domain_id': None, 'roles': ['admin', 'member', 'reader'], 'is_admin_project': True, 'service_user_id': None, 'service_user_domain_id': None, 'service_project_id': None, 'service_project_domain_id': None, 'service_roles': []} {{(pid=81496) fill_context /opt/stack/keystone/keystone/server/flask/request_processing/middleware/auth_context.py:478}}
Sep 01 05:06:24.881307 dv-cinder-836027-8-smb devstack@keystone.service[81496]: DEBUG keystone.server.flask.request_processing.req_logging [None req-23fdf194-e8e2-4d99-887f-4b47a5f53113 None admin] REQUEST_METHOD: `PUT` {{(pid=81496) log_request_info /opt/stack/keystone/keystone/server/flask/request_processing/req_logging.py:27}}
Sep 01 05:06:24.881693 dv-cinder-836027-8-smb devstack@keystone.service[81496]: DEBUG keystone.server.flask.request_processing.req_logging [None req-23fdf194-e8e2-4d99-887f-4b47a5f53113 None admin] SCRIPT_NAME: `/identity` {{(pid=81496) log_request_info /opt/stack/keystone/keystone/server/flask/request_processing/req_logging.py:28}}
Sep 01 05:06:24.882029 dv-cinder-836027-8-smb devstack@keystone.service[81496]: DEBUG keystone.server.flask.request_processing.req_logging [None req-23fdf194-e8e2-4d99-887f-4b47a5f53113 None admin] PATH_INFO: `/v3/projects/892640f70c834da6a9715633f0fbc7ae/users/a3ee5ad379424977ab3602ba23b1e1b6/roles/05dc7b23426a4cc49791c2e6585774ad` {{(pid=81496) log_request_info /opt/stack/keystone/keystone/server/flask/request_processing/req_logging.py:29}}
Sep 01 05:06:24.884113 dv-cinder-836027-8-smb devstack@keystone.service[81496]: DEBUG keystone.common.rbac_enforcer.enforcer [None req-23fdf194-e8e2-4d99-887f-4b47a5f53113 None admin] RBAC: Authorizing `identity:create_grant(project_id=892640f70c834da6a9715633f0fbc7ae, user_id=a3ee5ad379424977ab3602ba23b1e1b6, role_id=05dc7b23426a4cc49791c2e6585774ad)` {{(pid=81496) enforce_call /opt/stack/keystone/keystone/common/rbac_enforcer/enforcer.py:449}}
Sep 01 05:06:24.885113 dv-cinder-836027-8-smb devstack@keystone.service[81497]: DEBUG keystone.common.rbac_enforcer.enforcer [None req-85030fec-8593-45c6-94ea-e14b4760c9f6 None admin] RBAC: Authorization granted {{(pid=81497) enforce_call /opt/stack/keystone/keystone/common/rbac_enforcer/enforcer.py:457}}
Sep 01 05:06:24.886132 dv-cinder-836027-8-smb devstack@keystone.service[81496]: DEBUG keystone.common.rbac_enforcer.enforcer [None req-23fdf194-e8e2-4d99-887f-4b47a5f53113 None admin] RBAC: Authorization granted {{(pid=81496) enforce_call /opt/stack/keystone/keystone/common/rbac_enforcer/enforcer.py:457}}
Sep 01 05:06:24.888580 dv-cinder-836027-8-smb devstack@keystone.service[81497]: [pid: 81497|app: 0|req: 71/133] 10.222.0.57 () {56 vars in 1186 bytes} [Thu Sep 1 05:06:24 2022] GET /identity/v3/projects/f4f9fc41a1e04ba4be67781d005c9075 => generated 312 bytes in 285 msecs (HTTP/1.1 200) 5 headers in 177 bytes (1 switches on core 0)
Sep 01 05:06:24.890603 dv-cinder-836027-8-smb devstack@keystone.service[81497]: DEBUG keystone.server.flask.request_processing.middleware.auth_context [None req-85030fec-8593-45c6-94ea-e14b4760c9f6 None admin] Authenticating user token {{(pid=81497) process_request /usr/local/lib/python3.8/dist-packages/keystonemiddleware/auth_token/__init__.py:407}}
Sep 01 05:06:24.909370 dv-cinder-836027-8-smb devstack@keystone.service[81496]: [pid: 81496|app: 0|req: 63/134] 10.222.0.57 () {58 vars in 1439 bytes} [Thu Sep 1 05:06:24 2022] PUT /identity/v3/projects/892640f70c834da6a9715633f0fbc7ae/users/a3ee5ad379424977ab3602ba23b1e1b6/roles/05dc7b23426a4cc49791c2e6585774ad => generated 0 bytes in 222 msecs (HTTP/1.1 204) 3 headers in 132 bytes (0 switches on core 0)
Sep 01 05:06:24.909899 dv-cinder-836027-8-smb devstack@keystone.service[81496]: DEBUG keystone.server.flask.request_processing.middleware.auth_context [None req-23fdf194-e8e2-4d99-887f-4b47a5f53113 None admin] Authenticating user token {{(pid=81496) process_request /usr/local/lib/python3.8/dist-packages/keystonemiddleware/auth_token/__init__.py:407}}
Sep 01 05:06:25.093365 dv-cinder-836027-8-smb devstack@keystone.service[81496]: DEBUG dbcounter [-] [81496] Writing DB stats keystone:SELECT=99,keystone:INSERT=1 {{(pid=81496) stat_writer /usr/local/lib/python3.8/dist-packages/dbcounter.py:114}}
Sep 01 05:06:25.102132 dv-cinder-836027-8-smb devstack@keystone.service[81496]: DEBUG keystone.server.flask.request_processing.middleware.auth_context [None req-23fdf194-e8e2-4d99-887f-4b47a5f53113 None admin] Validating token access rules against request {{(pid=81496) validate_allowed_request /usr/local/lib/python3.8/dist-packages/keystonemiddleware/auth_token/__init__.py:545}}
Sep 01 05:06:25.150763 dv-cinder-836027-8-smb devstack@keystone.service[81496]: DEBUG keystone.server.flask.request_processing.middleware.auth_context [None req-6ded3daa-5b46-4327-929e-6d4b3fb83963 None admin] RBAC: auth_context: {'token': , 'domain_id': None, 'trust_id': None, 'trustor_id': None, 'trustee_id': None, 'domain_name': None, 'group_ids': [], 'user_id': '230f8b0dcb17425a90aa8f093d4d7ce6', 'user_domain_id': 'default', 'system_scope': 'all', 'project_id': None, 'project_domain_id': None, 'roles': ['admin', 'member', 'reader'], 'is_admin_project': True, 'service_user_id': None, 'service_user_domain_id': None, 'service_project_id': None, 'service_project_domain_id': None, 'service_roles': []} {{(pid=81496) fill_context /opt/stack/keystone/keystone/server/flask/request_processing/middleware/auth_context.py:478}}
Sep 01 05:06:25.151483 dv-cinder-836027-8-smb devstack@keystone.service[81496]: DEBUG keystone.server.flask.request_processing.req_logging [None req-6ded3daa-5b46-4327-929e-6d4b3fb83963 None admin] REQUEST_METHOD: `PUT` {{(pid=81496) log_request_info /opt/stack/keystone/keystone/server/flask/request_processing/req_logging.py:27}}
Sep 01 05:06:25.151764 dv-cinder-836027-8-smb devstack@keystone.service[81496]: DEBUG keystone.server.flask.request_processing.req_logging [None req-6ded3daa-5b46-4327-929e-6d4b3fb83963 None admin] SCRIPT_NAME: `/identity` {{(pid=81496) log_request_info /opt/stack/keystone/keystone/server/flask/request_processing/req_logging.py:28}}
Sep 01 05:06:25.158042 dv-cinder-836027-8-smb devstack@keystone.service[81496]: DEBUG keystone.server.flask.request_processing.req_logging [None req-6ded3daa-5b46-4327-929e-6d4b3fb83963 None admin] PATH_INFO: `/v3/projects/f4f9fc41a1e04ba4be67781d005c9075/users/a3ee5ad379424977ab3602ba23b1e1b6/roles/05dc7b23426a4cc49791c2e6585774ad` {{(pid=81496) log_request_info /opt/stack/keystone/keystone/server/flask/request_processing/req_logging.py:29}}
Sep 01 05:06:25.160529 dv-cinder-836027-8-smb devstack@keystone.service[81496]: DEBUG keystone.common.rbac_enforcer.enforcer [None req-6ded3daa-5b46-4327-929e-6d4b3fb83963 None admin] RBAC: Authorizing `identity:create_grant(project_id=f4f9fc41a1e04ba4be67781d005c9075, user_id=a3ee5ad379424977ab3602ba23b1e1b6, role_id=05dc7b23426a4cc49791c2e6585774ad)` {{(pid=81496) enforce_call /opt/stack/keystone/keystone/common/rbac_enforcer/enforcer.py:449}}
Sep 01 05:06:25.162066 dv-cinder-836027-8-smb devstack@keystone.service[81496]: DEBUG keystone.common.rbac_enforcer.enforcer [None req-6ded3daa-5b46-4327-929e-6d4b3fb83963 None admin] RBAC: Authorization granted {{(pid=81496) enforce_call /opt/stack/keystone/keystone/common/rbac_enforcer/enforcer.py:457}}
Sep 01 05:06:25.187586 dv-cinder-836027-8-smb devstack@keystone.service[81496]: [pid: 81496|app: 0|req: 64/135] 10.222.0.57 () {58 vars in 1439 bytes} [Thu Sep 1 05:06:24 2022] PUT /identity/v3/projects/f4f9fc41a1e04ba4be67781d005c9075/users/a3ee5ad379424977ab3602ba23b1e1b6/roles/05dc7b23426a4cc49791c2e6585774ad => generated 0 bytes in 278 msecs (HTTP/1.1 204) 3 headers in 132 bytes (0 switches on core 0)
Sep 01 05:06:25.243975 dv-cinder-836027-8-smb devstack@keystone.service[81496]: DEBUG keystone.server.flask.request_processing.req_logging [None req-4c53f14b-c79f-469d-b04f-b3ccac7adb59 None None] REQUEST_METHOD: `GET` {{(pid=81496) log_request_info /opt/stack/keystone/keystone/server/flask/request_processing/req_logging.py:27}}
Sep 01 05:06:25.244378 dv-cinder-836027-8-smb devstack@keystone.service[81496]: DEBUG keystone.server.flask.request_processing.req_logging [None req-4c53f14b-c79f-469d-b04f-b3ccac7adb59 None None] SCRIPT_NAME: `/identity` {{(pid=81496) log_request_info /opt/stack/keystone/keystone/server/flask/request_processing/req_logging.py:28}}
Sep 01 05:06:25.244940 dv-cinder-836027-8-smb devstack@keystone.service[81496]: DEBUG keystone.server.flask.request_processing.req_logging [None req-4c53f14b-c79f-469d-b04f-b3ccac7adb59 None None] PATH_INFO: `/` {{(pid=81496) log_request_info /opt/stack/keystone/keystone/server/flask/request_processing/req_logging.py:29}}
Sep 01 05:06:25.247749 dv-cinder-836027-8-smb devstack@keystone.service[81496]: [pid: 81496|app: 0|req: 65/136] 10.222.0.57 () {54 vars in 927 bytes} [Thu Sep 1 05:06:25 2022] GET /identity => generated 270 bytes in 5 msecs (HTTP/1.1 300) 6 headers in 234 bytes (1 switches on core 0)
Sep 01 05:06:25.266486 dv-cinder-836027-8-smb devstack@keystone.service[81497]: DEBUG keystone.server.flask.request_processing.middleware.auth_context [None req-85030fec-8593-45c6-94ea-e14b4760c9f6 None admin] Validating token access rules against request {{(pid=81497) validate_allowed_request /usr/local/lib/python3.8/dist-packages/keystonemiddleware/auth_token/__init__.py:545}}
Sep 01 05:06:25.273452 dv-cinder-836027-8-smb devstack@keystone.service[81496]: DEBUG keystone.server.flask.request_processing.req_logging [None req-aec04be8-decc-4453-9c64-2e59cba1de22 None None] REQUEST_METHOD: `POST` {{(pid=81496) log_request_info /opt/stack/keystone/keystone/server/flask/request_processing/req_logging.py:27}}
Sep 01 05:06:25.273901 dv-cinder-836027-8-smb devstack@keystone.service[81496]: DEBUG keystone.server.flask.request_processing.req_logging [None req-aec04be8-decc-4453-9c64-2e59cba1de22 None None] SCRIPT_NAME: `/identity` {{(pid=81496) log_request_info /opt/stack/keystone/keystone/server/flask/request_processing/req_logging.py:28}}
Sep 01 05:06:25.274153 dv-cinder-836027-8-smb devstack@keystone.service[81496]: DEBUG keystone.server.flask.request_processing.req_logging [None req-aec04be8-decc-4453-9c64-2e59cba1de22 None None] PATH_INFO: `/v3/auth/tokens` {{(pid=81496) log_request_info /opt/stack/keystone/keystone/server/flask/request_processing/req_logging.py:29}}
Sep 01 05:06:25.346906 dv-cinder-836027-8-smb devstack@keystone.service[81496]: DEBUG keystone.auth.core [None req-aec04be8-decc-4453-9c64-2e59cba1de22 None None] MFA Rules not processed for user `230f8b0dcb17425a90aa8f093d4d7ce6`. Rule list: `[]` (Enabled: `True`). {{(pid=81496) check_auth_methods_against_rules /opt/stack/keystone/keystone/auth/core.py:438}}
Sep 01 05:06:25.349075 dv-cinder-836027-8-smb devstack@keystone.service[81496]: DEBUG keystone.common.fernet_utils [None req-aec04be8-decc-4453-9c64-2e59cba1de22 None None] Loaded 2 Fernet keys from /etc/keystone/fernet-keys/, but `[fernet_tokens] max_active_keys = 3`; perhaps there have not been enough key rotations to reach `max_active_keys` yet? {{(pid=81496) load_keys /opt/stack/keystone/keystone/common/fernet_utils.py:286}}
Sep 01 05:06:25.403073 dv-cinder-836027-8-smb devstack@keystone.service[81497]: DEBUG keystone.server.flask.request_processing.middleware.auth_context [None req-c34bf86d-bcde-40b5-ac0a-f0a1329869ea None admin] RBAC: auth_context: {'token': , 'domain_id': None, 'trust_id': None, 'trustor_id': None, 'trustee_id': None, 'domain_name': None, 'group_ids': [], 'user_id': '230f8b0dcb17425a90aa8f093d4d7ce6', 'user_domain_id': 'default', 'system_scope': 'all', 'project_id': None, 'project_domain_id': None, 'roles': ['admin', 'member', 'reader'], 'is_admin_project': True, 'service_user_id': None, 'service_user_domain_id': None, 'service_project_id': None, 'service_project_domain_id': None, 'service_roles': []} {{(pid=81497) fill_context /opt/stack/keystone/keystone/server/flask/request_processing/middleware/auth_context.py:478}}
Sep 01 05:06:25.404281 dv-cinder-836027-8-smb devstack@keystone.service[81497]: DEBUG keystone.server.flask.request_processing.req_logging [None req-c34bf86d-bcde-40b5-ac0a-f0a1329869ea None admin] REQUEST_METHOD: `GET` {{(pid=81497) log_request_info /opt/stack/keystone/keystone/server/flask/request_processing/req_logging.py:27}}
Sep 01 05:06:25.404920 dv-cinder-836027-8-smb devstack@keystone.service[81497]: DEBUG keystone.server.flask.request_processing.req_logging [None req-c34bf86d-bcde-40b5-ac0a-f0a1329869ea None admin] SCRIPT_NAME: `/identity` {{(pid=81497) log_request_info /opt/stack/keystone/keystone/server/flask/request_processing/req_logging.py:28}}
Sep 01 05:06:25.405476 dv-cinder-836027-8-smb devstack@keystone.service[81497]: DEBUG keystone.server.flask.request_processing.req_logging [None req-c34bf86d-bcde-40b5-ac0a-f0a1329869ea None admin] PATH_INFO: `/v3/projects/892640f70c834da6a9715633f0fbc7ae` {{(pid=81497) log_request_info /opt/stack/keystone/keystone/server/flask/request_processing/req_logging.py:29}}
Sep 01 05:06:25.409021 dv-cinder-836027-8-smb devstack@keystone.service[81497]: DEBUG keystone.common.rbac_enforcer.enforcer [None req-c34bf86d-bcde-40b5-ac0a-f0a1329869ea None admin] RBAC: Authorizing `identity:get_project(project_id=892640f70c834da6a9715633f0fbc7ae)` {{(pid=81497) enforce_call /opt/stack/keystone/keystone/common/rbac_enforcer/enforcer.py:449}}
Sep 01 05:06:25.412087 dv-cinder-836027-8-smb devstack@keystone.service[81497]: DEBUG keystone.common.rbac_enforcer.enforcer [None req-c34bf86d-bcde-40b5-ac0a-f0a1329869ea None admin] RBAC: Authorization granted {{(pid=81497) enforce_call /opt/stack/keystone/keystone/common/rbac_enforcer/enforcer.py:457}}
Sep 01 05:06:25.415255 dv-cinder-836027-8-smb devstack@keystone.service[81497]: [pid: 81497|app: 0|req: 72/137] 10.222.0.57 () {56 vars in 1186 bytes} [Thu Sep 1 05:06:24 2022] GET /identity/v3/projects/892640f70c834da6a9715633f0fbc7ae => generated 298 bytes in 526 msecs (HTTP/1.1 200) 5 headers in 177 bytes (1 switches on core 0)
Sep 01 05:06:25.425639 dv-cinder-836027-8-smb devstack@keystone.service[81497]: DEBUG keystone.server.flask.request_processing.middleware.auth_context [None req-c34bf86d-bcde-40b5-ac0a-f0a1329869ea None admin] Authenticating user token {{(pid=81497) process_request /usr/local/lib/python3.8/dist-packages/keystonemiddleware/auth_token/__init__.py:407}}
Sep 01 05:06:25.434613 dv-cinder-836027-8-smb devstack@keystone.service[81497]: DEBUG dbcounter [-] [81497] Writing DB stats keystone:SELECT=100 {{(pid=81497) stat_writer /usr/local/lib/python3.8/dist-packages/dbcounter.py:114}}
Sep 01 05:06:25.455435 dv-cinder-836027-8-smb devstack@keystone.service[81496]: [pid: 81496|app: 0|req: 66/138] 10.222.0.57 () {58 vars in 1024 bytes} [Thu Sep 1 05:06:25 2022] POST /identity/v3/auth/tokens => generated 799 bytes in 184 msecs (HTTP/1.1 201) 6 headers in 363 bytes (2 switches on core 0)
Sep 01 05:06:25.721386 dv-cinder-836027-8-smb devstack@keystone.service[81497]: DEBUG keystone.server.flask.request_processing.middleware.auth_context [None req-c34bf86d-bcde-40b5-ac0a-f0a1329869ea None admin] Validating token access rules against request {{(pid=81497) validate_allowed_request /usr/local/lib/python3.8/dist-packages/keystonemiddleware/auth_token/__init__.py:545}}
Sep 01 05:06:25.761503 dv-cinder-836027-8-smb devstack@keystone.service[81496]: DEBUG keystone.server.flask.request_processing.middleware.auth_context [None req-aec04be8-decc-4453-9c64-2e59cba1de22 None None] Authenticating user token {{(pid=81496) process_request /usr/local/lib/python3.8/dist-packages/keystonemiddleware/auth_token/__init__.py:407}}
Sep 01 05:06:25.778444 dv-cinder-836027-8-smb devstack@keystone.service[81497]: DEBUG keystone.server.flask.request_processing.middleware.auth_context [None req-a5bb99e2-1ead-42bc-9b88-af408a67714f None admin] RBAC: auth_context: {'token': , 'domain_id': None, 'trust_id': None, 'trustor_id': None, 'trustee_id': None, 'domain_name': None, 'group_ids': [], 'user_id': '230f8b0dcb17425a90aa8f093d4d7ce6', 'user_domain_id': 'default', 'system_scope': 'all', 'project_id': None, 'project_domain_id': None, 'roles': ['admin', 'member', 'reader'], 'is_admin_project': True, 'service_user_id': None, 'service_user_domain_id': None, 'service_project_id': None, 'service_project_domain_id': None, 'service_roles': []} {{(pid=81497) fill_context /opt/stack/keystone/keystone/server/flask/request_processing/middleware/auth_context.py:478}}
Sep 01 05:06:25.779534 dv-cinder-836027-8-smb devstack@keystone.service[81497]: DEBUG keystone.server.flask.request_processing.req_logging [None req-a5bb99e2-1ead-42bc-9b88-af408a67714f None admin] REQUEST_METHOD: `PUT` {{(pid=81497) log_request_info /opt/stack/keystone/keystone/server/flask/request_processing/req_logging.py:27}}
Sep 01 05:06:25.780035 dv-cinder-836027-8-smb devstack@keystone.service[81497]: DEBUG keystone.server.flask.request_processing.req_logging [None req-a5bb99e2-1ead-42bc-9b88-af408a67714f None admin] SCRIPT_NAME: `/identity` {{(pid=81497) log_request_info /opt/stack/keystone/keystone/server/flask/request_processing/req_logging.py:28}}
Sep 01 05:06:25.780506 dv-cinder-836027-8-smb devstack@keystone.service[81497]: DEBUG keystone.server.flask.request_processing.req_logging [None req-a5bb99e2-1ead-42bc-9b88-af408a67714f None admin] PATH_INFO: `/v3/projects/892640f70c834da6a9715633f0fbc7ae/users/230f8b0dcb17425a90aa8f093d4d7ce6/roles/73d94b00a1864422b65efc55999d79b0` {{(pid=81497) log_request_info /opt/stack/keystone/keystone/server/flask/request_processing/req_logging.py:29}}
Sep 01 05:06:25.793831 dv-cinder-836027-8-smb devstack@keystone.service[81497]: DEBUG keystone.common.rbac_enforcer.enforcer [None req-a5bb99e2-1ead-42bc-9b88-af408a67714f None admin] RBAC: Authorizing `identity:create_grant(project_id=892640f70c834da6a9715633f0fbc7ae, user_id=230f8b0dcb17425a90aa8f093d4d7ce6, role_id=73d94b00a1864422b65efc55999d79b0)` {{(pid=81497) enforce_call /opt/stack/keystone/keystone/common/rbac_enforcer/enforcer.py:449}}
Sep 01 05:06:25.795772 dv-cinder-836027-8-smb devstack@keystone.service[81497]: DEBUG keystone.common.rbac_enforcer.enforcer [None req-a5bb99e2-1ead-42bc-9b88-af408a67714f None admin] RBAC: Authorization granted {{(pid=81497) enforce_call /opt/stack/keystone/keystone/common/rbac_enforcer/enforcer.py:457}}
Sep 01 05:06:25.826542 dv-cinder-836027-8-smb devstack@keystone.service[81497]: [pid: 81497|app: 0|req: 73/139] 10.222.0.57 () {58 vars in 1439 bytes} [Thu Sep 1 05:06:25 2022] PUT /identity/v3/projects/892640f70c834da6a9715633f0fbc7ae/users/230f8b0dcb17425a90aa8f093d4d7ce6/roles/73d94b00a1864422b65efc55999d79b0 => generated 0 bytes in 402 msecs (HTTP/1.1 204) 3 headers in 132 bytes (1 switches on core 0)
Sep 01 05:06:25.920119 dv-cinder-836027-8-smb devstack@keystone.service[81496]: DEBUG dbcounter [-] [81496] Writing DB stats keystone:SELECT=99,keystone:INSERT=1 {{(pid=81496) stat_writer /usr/local/lib/python3.8/dist-packages/dbcounter.py:114}}
Sep 01 05:06:25.957704 dv-cinder-836027-8-smb devstack@keystone.service[81496]: DEBUG keystone.server.flask.request_processing.middleware.auth_context [None req-aec04be8-decc-4453-9c64-2e59cba1de22 None None] Validating token access rules against request {{(pid=81496) validate_allowed_request /usr/local/lib/python3.8/dist-packages/keystonemiddleware/auth_token/__init__.py:545}}
Sep 01 05:06:26.020746 dv-cinder-836027-8-smb devstack@keystone.service[81496]: DEBUG keystone.server.flask.request_processing.middleware.auth_context [None req-41bb217f-263c-4cc3-af7a-a8ce7b8416af None admin] RBAC: auth_context: {'token': , 'domain_id': None, 'trust_id': None, 'trustor_id': None, 'trustee_id': None, 'domain_name': None, 'group_ids': [], 'user_id': '230f8b0dcb17425a90aa8f093d4d7ce6', 'user_domain_id': 'default', 'system_scope': 'all', 'project_id': None, 'project_domain_id': None, 'roles': ['admin', 'member', 'reader'], 'is_admin_project': True, 'service_user_id': None, 'service_user_domain_id': None, 'service_project_id': None, 'service_project_domain_id': None, 'service_roles': []} {{(pid=81496) fill_context /opt/stack/keystone/keystone/server/flask/request_processing/middleware/auth_context.py:478}}
Sep 01 05:06:26.021347 dv-cinder-836027-8-smb devstack@keystone.service[81496]: DEBUG keystone.server.flask.request_processing.req_logging [None req-41bb217f-263c-4cc3-af7a-a8ce7b8416af None admin] REQUEST_METHOD: `GET` {{(pid=81496) log_request_info /opt/stack/keystone/keystone/server/flask/request_processing/req_logging.py:27}}
Sep 01 05:06:26.021645 dv-cinder-836027-8-smb devstack@keystone.service[81496]: DEBUG keystone.server.flask.request_processing.req_logging [None req-41bb217f-263c-4cc3-af7a-a8ce7b8416af None admin] SCRIPT_NAME: `/identity` {{(pid=81496) log_request_info /opt/stack/keystone/keystone/server/flask/request_processing/req_logging.py:28}}
Sep 01 05:06:26.021919 dv-cinder-836027-8-smb devstack@keystone.service[81496]: DEBUG keystone.server.flask.request_processing.req_logging [None req-41bb217f-263c-4cc3-af7a-a8ce7b8416af None admin] PATH_INFO: `/v3/roles/reader` {{(pid=81496) log_request_info /opt/stack/keystone/keystone/server/flask/request_processing/req_logging.py:29}}
Sep 01 05:06:26.050486 dv-cinder-836027-8-smb devstack@keystone.service[81496]: DEBUG keystone.common.rbac_enforcer.enforcer [None req-41bb217f-263c-4cc3-af7a-a8ce7b8416af None admin] Extracting inferred target data resulted in "NOT FOUND (404)". {{(pid=81496) enforce_call /opt/stack/keystone/keystone/common/rbac_enforcer/enforcer.py:409}}
Sep 01 05:06:26.059903 dv-cinder-836027-8-smb devstack@keystone.service[81496]: ERROR keystone.server.flask.application [None req-41bb217f-263c-4cc3-af7a-a8ce7b8416af None admin] Could not find role: reader.: keystone.exception.RoleNotFound: Could not find role: reader.
Sep 01 05:06:26.059903 dv-cinder-836027-8-smb devstack@keystone.service[81496]: ERROR keystone.server.flask.application
Traceback (most recent call last):
Sep 01 05:06:26.059903 dv-cinder-836027-8-smb devstack@keystone.service[81496]: ERROR keystone.server.flask.application
File "/usr/local/lib/python3.8/dist-packages/flask/app.py", line 1820, in full_dispatch_request
Sep 01 05:06:26.059903 dv-cinder-836027-8-smb devstack@keystone.service[81496]: ERROR keystone.server.flask.application rv = self.dispatch_request()
Sep 01 05:06:26.059903 dv-cinder-836027-8-smb devstack@keystone.service[81496]: ERROR keystone.server.flask.application
File "/usr/local/lib/python3.8/dist-packages/flask/app.py", line 1796, in dispatch_request
Sep 01 05:06:26.059903 dv-cinder-836027-8-smb devstack@keystone.service[81496]: ERROR keystone.server.flask.application return self.ensure_sync(self.view_functions[rule.endpoint])(**view_args)
Sep 01 05:06:26.059903 dv-cinder-836027-8-smb devstack@keystone.service[81496]: ERROR keystone.server.flask.application
File "/usr/local/lib/python3.8/dist-packages/flask_restful/__init__.py", line 467, in wrapper
Sep 01 05:06:26.059903 dv-cinder-836027-8-smb devstack@keystone.service[81496]: ERROR keystone.server.flask.application resp = resource(*args, **kwargs)
Sep 01 05:06:26.059903 dv-cinder-836027-8-smb devstack@keystone.service[81496]: ERROR keystone.server.flask.application
File "/usr/local/lib/python3.8/dist-packages/flask/views.py", line 107, in view
Sep 01 05:06:26.059903 dv-cinder-836027-8-smb devstack@keystone.service[81496]: ERROR keystone.server.flask.application return current_app.ensure_sync(self.dispatch_request)(**kwargs)
Sep 01 05:06:26.059903 dv-cinder-836027-8-smb devstack@keystone.service[81496]: ERROR keystone.server.flask.application
File "/usr/local/lib/python3.8/dist-packages/flask_restful/__init__.py", line 582, in dispatch_request
Sep 01 05:06:26.059903 dv-cinder-836027-8-smb devstack@keystone.service[81496]: ERROR keystone.server.flask.application resp = meth(*args, **kwargs)
Sep 01 05:06:26.059903 dv-cinder-836027-8-smb devstack@keystone.service[81496]: ERROR keystone.server.flask.application
File "/opt/stack/keystone/keystone/api/roles.py", line 50, in get
Sep 01 05:06:26.059903 dv-cinder-836027-8-smb devstack@keystone.service[81496]: ERROR keystone.server.flask.application return self._get_role(role_id)
Sep 01 05:06:26.059903 dv-cinder-836027-8-smb devstack@keystone.service[81496]: ERROR keystone.server.flask.application
File "/opt/stack/keystone/keystone/api/roles.py", line 70, in _get_role
Sep 01 05:06:26.059903 dv-cinder-836027-8-smb devstack@keystone.service[81496]: ERROR keystone.server.flask.application ENFORCER.enforce_call(action='identity:get_role')
Sep 01 05:06:26.060888 dv-cinder-836027-8-smb devstack@keystone.service[81496]: ERROR keystone.server.flask.application
File "/opt/stack/keystone/keystone/common/rbac_enforcer/enforcer.py", line 402, in enforce_call
Sep 01 05:06:26.060888 dv-cinder-836027-8-smb devstack@keystone.service[81496]: ERROR keystone.server.flask.application policy_dict.update(cls._extract_member_target_data(
Sep 01 05:06:26.060888 dv-cinder-836027-8-smb devstack@keystone.service[81496]: ERROR keystone.server.flask.application
File "/opt/stack/keystone/keystone/common/rbac_enforcer/enforcer.py", line 234, in _extract_member_target_data
Sep 01 05:06:26.060888 dv-cinder-836027-8-smb devstack@keystone.service[81496]: ERROR keystone.server.flask.application member_name: func(flask.request.view_args[key])
Sep 01 05:06:26.060888 dv-cinder-836027-8-smb devstack@keystone.service[81496]: ERROR keystone.server.flask.application
File "/opt/stack/keystone/keystone/common/manager.py", line 115, in wrapped
Sep 01 05:06:26.060888 dv-cinder-836027-8-smb devstack@keystone.service[81496]: ERROR keystone.server.flask.application __ret_val = __f(*args, **kwargs)
Sep 01 05:06:26.060888 dv-cinder-836027-8-smb devstack@keystone.service[81496]: ERROR keystone.server.flask.application
File "/usr/local/lib/python3.8/dist-packages/decorator.py", line 232, in fun
Sep 01 05:06:26.060888 dv-cinder-836027-8-smb devstack@keystone.service[81496]: ERROR keystone.server.flask.application return caller(func, *(extras + args), **kw)
Sep 01 05:06:26.060888 dv-cinder-836027-8-smb devstack@keystone.service[81496]: ERROR keystone.server.flask.application
File "/usr/local/lib/python3.8/dist-packages/dogpile/cache/region.py", line 1577, in get_or_create_for_user_func
Sep 01 05:06:26.060888 dv-cinder-836027-8-smb devstack@keystone.service[81496]: ERROR keystone.server.flask.application return self.get_or_create(
Sep 01 05:06:26.060888 dv-cinder-836027-8-smb devstack@keystone.service[81496]: ERROR keystone.server.flask.application
File "/usr/local/lib/python3.8/dist-packages/dogpile/cache/region.py", line 1042, in get_or_create
Sep 01 05:06:26.060888 dv-cinder-836027-8-smb devstack@keystone.service[81496]: ERROR keystone.server.flask.application with Lock(
Sep 01 05:06:26.060888 dv-cinder-836027-8-smb devstack@keystone.service[81496]: ERROR keystone.server.flask.application
File "/usr/local/lib/python3.8/dist-packages/dogpile/lock.py", line 185, in __enter__
Sep 01 05:06:26.060888 dv-cinder-836027-8-smb devstack@keystone.service[81496]: ERROR keystone.server.flask.application return self._enter()
Sep 01 05:06:26.060888 dv-cinder-836027-8-smb devstack@keystone.service[81496]: ERROR keystone.server.flask.application
File "/usr/local/lib/python3.8/dist-packages/dogpile/lock.py", line 94, in _enter
Sep 01 05:06:26.060888 dv-cinder-836027-8-smb devstack@keystone.service[81496]: ERROR keystone.server.flask.application generated = self._enter_create(value, createdtime)
Sep 01 05:06:26.061731 dv-cinder-836027-8-smb devstack@keystone.service[81496]: ERROR keystone.server.flask.application
File "/usr/local/lib/python3.8/dist-packages/dogpile/lock.py", line 178, in _enter_create
Sep 01 05:06:26.061731 dv-cinder-836027-8-smb devstack@keystone.service[81496]: ERROR keystone.server.flask.application return self.creator()
Sep 01 05:06:26.061731 dv-cinder-836027-8-smb devstack@keystone.service[81496]: ERROR keystone.server.flask.application
File "/usr/local/lib/python3.8/dist-packages/dogpile/cache/region.py", line 995, in gen_value
Sep 01 05:06:26.061731 dv-cinder-836027-8-smb devstack@keystone.service[81496]: ERROR keystone.server.flask.application created_value = creator(
Sep 01 05:06:26.061731 dv-cinder-836027-8-smb devstack@keystone.service[81496]: ERROR keystone.server.flask.application
File "/opt/stack/keystone/keystone/assignment/core.py", line 1276, in get_role
Sep 01 05:06:26.061731 dv-cinder-836027-8-smb devstack@keystone.service[81496]: ERROR keystone.server.flask.application return self.driver.get_role(role_id)
Sep 01 05:06:26.061731 dv-cinder-836027-8-smb devstack@keystone.service[81496]: ERROR keystone.server.flask.application
File "/opt/stack/keystone/keystone/assignment/role_backends/sql.py", line 70, in get_role
Sep 01 05:06:26.061731 dv-cinder-836027-8-smb devstack@keystone.service[81496]: ERROR keystone.server.flask.application return self._get_role(session, role_id).to_dict()
Sep 01 05:06:26.061731 dv-cinder-836027-8-smb devstack@keystone.service[81496]: ERROR keystone.server.flask.application
File "/opt/stack/keystone/keystone/assignment/role_backends/sql.py", line 65, in _get_role
Sep 01 05:06:26.061731 dv-cinder-836027-8-smb devstack@keystone.service[81496]: ERROR keystone.server.flask.application raise exception.RoleNotFound(role_id=role_id)
Sep 01 05:06:26.061731 dv-cinder-836027-8-smb devstack@keystone.service[81496]: ERROR keystone.server.flask.application keystone.exception.RoleNotFound: Could not find role: reader.
Sep 01 05:06:26.061731 dv-cinder-836027-8-smb devstack@keystone.service[81496]: ERROR keystone.server.flask.application
Sep 01 05:06:26.062327 dv-cinder-836027-8-smb devstack@keystone.service[81496]: [pid: 81496|app: 0|req: 67/140] 10.222.0.57 () {56 vars in 1099 bytes} [Thu Sep 1 05:06:25 2022] GET /identity/v3/roles/reader => generated 84 bytes in 301 msecs (HTTP/1.1 404) 5 headers in 183 bytes (2 switches on core 0)
