Aug 18 12:20:24.953011 dv-cinder-836027-7-smb neutron-server[106848]: DEBUG dbcounter [-] [106848] Writing DB stats neutron:SELECT=84,neutron:INSERT=12,neutron:UPDATE=3,neutron:DELETE=1 {{(pid=106848) stat_writer /usr/local/lib/python3.8/dist-packages/dbcounter.py:114}}
Aug 18 12:20:24.966709 dv-cinder-836027-7-smb neutron-server[106848]: DEBUG neutron_lib.callbacks.manager [None req-07684051-21bf-4674-b8e6-a189c4ab5865 admin admin] Publish callbacks ['neutron.plugins.ml2.ovo_rpc._ObjectChangeHandler.handle_event-1819473', 'neutron.api.rpc.agentnotifiers.dhcp_rpc_agent_api.DhcpAgentNotifyAPI._native_event_send_dhcp_notification-1634403'] for subnet (116da05b-f8ef-455b-af2d-4a1067377e95), after_create {{(pid=106848) _notify_loop /usr/local/lib/python3.8/dist-packages/neutron_lib/callbacks/manager.py:176}}
Aug 18 12:20:24.975657 dv-cinder-836027-7-smb neutron-server[106849]: DEBUG neutron.wsgi [-] (106849) accepted ('10.222.0.96', 45164) {{(pid=106849) server /usr/local/lib/python3.8/dist-packages/eventlet/wsgi.py:1004}}
Aug 18 12:20:25.007335 dv-cinder-836027-7-smb neutron-server[106849]: DEBUG neutron.wsgi [-] (106849) accepted ('10.222.0.96', 45168) {{(pid=106849) server /usr/local/lib/python3.8/dist-packages/eventlet/wsgi.py:1004}}
Aug 18 12:20:25.039427 dv-cinder-836027-7-smb neutron-server[106848]: DEBUG neutron_lib.callbacks.manager [None req-8ef32b10-eb0e-4fe6-8e9c-5c2cb32660c4 admin admin] Publish callbacks ['neutron.plugins.ml2.ovo_rpc._ObjectChangeHandler.handle_event-1819473', 'neutron.api.rpc.agentnotifiers.dhcp_rpc_agent_api.DhcpAgentNotifyAPI._native_event_send_dhcp_notification-1634403'] for subnet (1101b453-61b7-4815-a802-8229ba98aba4), after_create {{(pid=106848) _notify_loop /usr/local/lib/python3.8/dist-packages/neutron_lib/callbacks/manager.py:176}}
Aug 18 12:20:25.048645 dv-cinder-836027-7-smb neutron-server[106848]: DEBUG neutron.api.rpc.handlers.resources_rpc [None req-07684051-21bf-4674-b8e6-a189c4ab5865 admin admin] Pushing event updated for resources: {'Subnet': ['ID=116da05b-f8ef-455b-af2d-4a1067377e95,revision_number=0']} {{(pid=106848) push /opt/stack/neutron/neutron/api/rpc/handlers/resources_rpc.py:237}}
Aug 18 12:20:25.057106 dv-cinder-836027-7-smb neutron-server[106848]: DEBUG neutron.plugins.ml2.drivers.mech_agent [None req-07684051-21bf-4674-b8e6-a189c4ab5865 admin admin] Checking segment: {'id': '7d9fb0ea-5734-463b-bce6-55b5679a3636', 'network_type': 'vlan', 'physical_network': 'physnet1', 'segmentation_id': 1189, 'network_id': '94bf016e-8fe6-4919-915d-947dfd081389'} for mappings: {'physnet1': 'br-data'} with network types: ['local', 'flat', 'vlan'] {{(pid=106848) check_segment_for_agent /opt/stack/neutron/neutron/plugins/ml2/drivers/mech_agent.py:373}}
Aug 18 12:20:25.057464 dv-cinder-836027-7-smb neutron-server[106848]: DEBUG neutron.scheduler.dhcp_agent_scheduler [None req-07684051-21bf-4674-b8e6-a189c4ab5865 admin admin] Network hostable DHCP agents. Network: 94bf016e-8fe6-4919-915d-947dfd081389, hostable agents: ['c117aac7-cc60-41ac-b6cf-005d88e25853'], hosted agents: [] {{(pid=106848) _get_network_hostable_dhcp_agents /opt/stack/neutron/neutron/scheduler/dhcp_agent_scheduler.py:329}}
Aug 18 12:20:25.124693 dv-cinder-836027-7-smb neutron-server[106848]: DEBUG neutron.api.rpc.handlers.resources_rpc [None req-8ef32b10-eb0e-4fe6-8e9c-5c2cb32660c4 admin admin] Pushing event updated for resources: {'Subnet': ['ID=1101b453-61b7-4815-a802-8229ba98aba4,revision_number=0']} {{(pid=106848) push /opt/stack/neutron/neutron/api/rpc/handlers/resources_rpc.py:237}}
Aug 18 12:20:25.139249 dv-cinder-836027-7-smb neutron-server[106848]: DEBUG neutron.plugins.ml2.drivers.mech_agent [None req-8ef32b10-eb0e-4fe6-8e9c-5c2cb32660c4 admin admin] Checking segment: {'id': '753372ee-35d5-466c-8633-88e2f31613c9', 'network_type': 'vlan', 'physical_network': 'physnet1', 'segmentation_id': 1192, 'network_id': 'ef3fdf33-e817-4feb-923a-2424a38e0185'} for mappings: {'physnet1': 'br-data'} with network types: ['local', 'flat', 'vlan'] {{(pid=106848) check_segment_for_agent /opt/stack/neutron/neutron/plugins/ml2/drivers/mech_agent.py:373}}
Aug 18 12:20:25.139646 dv-cinder-836027-7-smb neutron-server[106848]: DEBUG neutron.scheduler.dhcp_agent_scheduler [None req-8ef32b10-eb0e-4fe6-8e9c-5c2cb32660c4 admin admin] Network hostable DHCP agents. Network: ef3fdf33-e817-4feb-923a-2424a38e0185, hostable agents: ['c117aac7-cc60-41ac-b6cf-005d88e25853'], hosted agents: [] {{(pid=106848) _get_network_hostable_dhcp_agents /opt/stack/neutron/neutron/scheduler/dhcp_agent_scheduler.py:329}}
Aug 18 12:20:25.195454 dv-cinder-836027-7-smb neutron-server[106848]: DEBUG neutron.scheduler.dhcp_agent_scheduler [None req-07684051-21bf-4674-b8e6-a189c4ab5865 admin admin] Network 94bf016e-8fe6-4919-915d-947dfd081389 is scheduled to be hosted by DHCP agent c117aac7-cc60-41ac-b6cf-005d88e25853 with binding_index 1 {{(pid=106848) bind /opt/stack/neutron/neutron/scheduler/dhcp_agent_scheduler.py:227}}
Aug 18 12:20:25.221742 dv-cinder-836027-7-smb neutron-server[106849]: DEBUG neutron.api.v2.base [None req-30ced099-cfe3-43a5-9454-fc7a0b5e83e9 admin admin] Request body: {'network': {'name': 'tempest-ServerRescueNegativeTestJSON-35423380-network', 'tenant_id': 'e79af5b1ea9c4cb5845aa2b156796586'}} {{(pid=106849) prepare_request_body /opt/stack/neutron/neutron/api/v2/base.py:730}}
Aug 18 12:20:25.227321 dv-cinder-836027-7-smb neutron-server[106848]: DEBUG neutron.scheduler.dhcp_agent_scheduler [None req-8ef32b10-eb0e-4fe6-8e9c-5c2cb32660c4 admin admin] Network ef3fdf33-e817-4feb-923a-2424a38e0185 is scheduled to be hosted by DHCP agent c117aac7-cc60-41ac-b6cf-005d88e25853 with binding_index 1 {{(pid=106848) bind /opt/stack/neutron/neutron/scheduler/dhcp_agent_scheduler.py:227}}
Aug 18 12:20:25.259500 dv-cinder-836027-7-smb neutron-server[106849]: DEBUG neutron.api.v2.base [None req-85c6edde-a179-4e28-934d-0d8c035fdad9 admin admin] Request body: {'network': {'name': 'tempest-DeleteServersTestJSON-20788116-network', 'tenant_id': '50a3f3b47beb45159bc19cbce90b9280'}} {{(pid=106849) prepare_request_body /opt/stack/neutron/neutron/api/v2/base.py:730}}
Aug 18 12:20:25.301586 dv-cinder-836027-7-smb neutron-server[106849]: DEBUG neutron.api.v2.base [None req-f699b8d1-6f1b-43e5-8169-e65975901e3d admin admin] Request body: {'network': {'name': 'tempest-AttachVolumeTestJSON-1846240115-network', 'tenant_id': 'cf3f957b4390439a8b331171cad838a7'}} {{(pid=106849) prepare_request_body /opt/stack/neutron/neutron/api/v2/base.py:730}}
Aug 18 12:20:25.311659 dv-cinder-836027-7-smb neutron-server[106848]: DEBUG neutron.scheduler.base_scheduler [None req-8ef32b10-eb0e-4fe6-8e9c-5c2cb32660c4 admin admin] Resources bound (agent type, host, resource id): (DHCP agent, dv-cinder-836027-7-smb, ef3fdf33-e817-4feb-923a-2424a38e0185) {{(pid=106848) schedule /opt/stack/neutron/neutron/scheduler/base_scheduler.py:57}}
Aug 18 12:20:25.313264 dv-cinder-836027-7-smb neutron-server[106848]: DEBUG neutron.scheduler.base_scheduler [None req-07684051-21bf-4674-b8e6-a189c4ab5865 admin admin] Resources bound (agent type, host, resource id): (DHCP agent, dv-cinder-836027-7-smb, 94bf016e-8fe6-4919-915d-947dfd081389) {{(pid=106848) schedule /opt/stack/neutron/neutron/scheduler/base_scheduler.py:57}}
Aug 18 12:20:25.322195 dv-cinder-836027-7-smb neutron-server[106850]: DEBUG neutron.api.rpc.handlers.dhcp_rpc [None req-cce30332-399c-4101-b47d-d1efdc026f90 None None] Network ef3fdf33-e817-4feb-923a-2424a38e0185 requested from dv-cinder-836027-7-smb {{(pid=106850) get_network_info /opt/stack/neutron/neutron/api/rpc/handlers/dhcp_rpc.py:191}}
Aug 18 12:20:25.340614 dv-cinder-836027-7-smb neutron-server[106848]: DEBUG neutron.pecan_wsgi.hooks.policy_enforcement [None req-07684051-21bf-4674-b8e6-a189c4ab5865 admin admin] Attributes excluded by policy engine: ['standard_attr_id', 'shared', 'network'] {{(pid=106848) _exclude_attributes_by_policy /opt/stack/neutron/neutron/pecan_wsgi/hooks/policy_enforcement.py:259}}
Aug 18 12:20:25.341229 dv-cinder-836027-7-smb neutron-server[106848]: DEBUG neutron_lib.callbacks.manager [None req-07684051-21bf-4674-b8e6-a189c4ab5865 admin admin] Publish callbacks ['neutron.api.rpc.agentnotifiers.dhcp_rpc_agent_api.DhcpAgentNotifyAPI._send_dhcp_notification-1634417'] for subnet (None), before_response {{(pid=106848) _notify_loop /usr/local/lib/python3.8/dist-packages/neutron_lib/callbacks/manager.py:176}}
Aug 18 12:20:25.344295 dv-cinder-836027-7-smb neutron-server[106848]: DEBUG neutron.pecan_wsgi.hooks.policy_enforcement [None req-8ef32b10-eb0e-4fe6-8e9c-5c2cb32660c4 admin admin] Attributes excluded by policy engine: ['standard_attr_id', 'shared', 'network'] {{(pid=106848) _exclude_attributes_by_policy /opt/stack/neutron/neutron/pecan_wsgi/hooks/policy_enforcement.py:259}}
Aug 18 12:20:25.344945 dv-cinder-836027-7-smb neutron-server[106848]: DEBUG neutron_lib.callbacks.manager [None req-8ef32b10-eb0e-4fe6-8e9c-5c2cb32660c4 admin admin] Publish callbacks ['neutron.api.rpc.agentnotifiers.dhcp_rpc_agent_api.DhcpAgentNotifyAPI._send_dhcp_notification-1634417'] for subnet (None), before_response {{(pid=106848) _notify_loop /usr/local/lib/python3.8/dist-packages/neutron_lib/callbacks/manager.py:176}}
Aug 18 12:20:25.367625 dv-cinder-836027-7-smb neutron-server[106849]: DEBUG neutron.pecan_wsgi.hooks.quota_enforcement [None req-85c6edde-a179-4e28-934d-0d8c035fdad9 admin admin] Made reservation on behalf of 50a3f3b47beb45159bc19cbce90b9280 for: {'network': 1} {{(pid=106849) before /opt/stack/neutron/neutron/pecan_wsgi/hooks/quota_enforcement.py:53}}
Aug 18 12:20:25.369984 dv-cinder-836027-7-smb neutron-server[106849]: DEBUG neutron_lib.callbacks.manager [None req-85c6edde-a179-4e28-934d-0d8c035fdad9 admin admin] Publish callbacks ['neutron.plugins.ml2.plugin.SecurityGroupDbMixin._ensure_default_security_group_handler-741113'] for network (None), before_create {{(pid=106849) _notify_loop /usr/local/lib/python3.8/dist-packages/neutron_lib/callbacks/manager.py:176}}
Aug 18 12:20:25.371709 dv-cinder-836027-7-smb neutron-server[106850]: DEBUG neutron.api.rpc.handlers.dhcp_rpc [None req-f5779da3-672f-472c-bae2-7ee2a418a3f2 None None] Network 94bf016e-8fe6-4919-915d-947dfd081389 requested from dv-cinder-836027-7-smb {{(pid=106850) get_network_info /opt/stack/neutron/neutron/api/rpc/handlers/dhcp_rpc.py:191}}
Aug 18 12:20:25.374176 dv-cinder-836027-7-smb neutron-server[106849]: DEBUG neutron.pecan_wsgi.hooks.quota_enforcement [None req-30ced099-cfe3-43a5-9454-fc7a0b5e83e9 admin admin] Made reservation on behalf of e79af5b1ea9c4cb5845aa2b156796586 for: {'network': 1} {{(pid=106849) before /opt/stack/neutron/neutron/pecan_wsgi/hooks/quota_enforcement.py:53}}
Aug 18 12:20:25.376261 dv-cinder-836027-7-smb neutron-server[106849]: DEBUG neutron_lib.callbacks.manager [None req-30ced099-cfe3-43a5-9454-fc7a0b5e83e9 admin admin] Publish callbacks ['neutron.plugins.ml2.plugin.SecurityGroupDbMixin._ensure_default_security_group_handler-741113'] for network (None), before_create {{(pid=106849) _notify_loop /usr/local/lib/python3.8/dist-packages/neutron_lib/callbacks/manager.py:176}}
Aug 18 12:20:25.389755 dv-cinder-836027-7-smb neutron-server[106849]: DEBUG neutron_lib.callbacks.manager [None req-85c6edde-a179-4e28-934d-0d8c035fdad9 admin admin] Publish callbacks [] for security_group (None), before_create {{(pid=106849) _notify_loop /usr/local/lib/python3.8/dist-packages/neutron_lib/callbacks/manager.py:176}}
Aug 18 12:20:25.392611 dv-cinder-836027-7-smb neutron-server[106849]: DEBUG neutron_lib.callbacks.manager [None req-30ced099-cfe3-43a5-9454-fc7a0b5e83e9 admin admin] Publish callbacks [] for security_group (None), before_create {{(pid=106849) _notify_loop /usr/local/lib/python3.8/dist-packages/neutron_lib/callbacks/manager.py:176}}
Aug 18 12:20:25.411042 dv-cinder-836027-7-smb neutron-server[106849]: DEBUG neutron.pecan_wsgi.hooks.quota_enforcement [None req-f699b8d1-6f1b-43e5-8169-e65975901e3d admin admin] Made reservation on behalf of cf3f957b4390439a8b331171cad838a7 for: {'network': 1} {{(pid=106849) before /opt/stack/neutron/neutron/pecan_wsgi/hooks/quota_enforcement.py:53}}
Aug 18 12:20:25.414805 dv-cinder-836027-7-smb neutron-server[106849]: DEBUG neutron_lib.callbacks.manager [None req-f699b8d1-6f1b-43e5-8169-e65975901e3d admin admin] Publish callbacks ['neutron.plugins.ml2.plugin.SecurityGroupDbMixin._ensure_default_security_group_handler-741113'] for network (None), before_create {{(pid=106849) _notify_loop /usr/local/lib/python3.8/dist-packages/neutron_lib/callbacks/manager.py:176}}
Aug 18 12:20:25.438536 dv-cinder-836027-7-smb neutron-server[106849]: DEBUG neutron_lib.callbacks.manager [None req-f699b8d1-6f1b-43e5-8169-e65975901e3d admin admin] Publish callbacks [] for security_group (None), before_create {{(pid=106849) _notify_loop /usr/local/lib/python3.8/dist-packages/neutron_lib/callbacks/manager.py:176}}
Aug 18 12:20:25.462013 dv-cinder-836027-7-smb neutron-server[106848]: INFO neutron.wsgi [None req-8ef32b10-eb0e-4fe6-8e9c-5c2cb32660c4 admin admin] 10.222.0.96 "POST /networking/v2.0/subnets HTTP/1.1" status: 201 len: 852 time: 0.8922107
Aug 18 12:20:25.467650 dv-cinder-836027-7-smb neutron-server[106848]: INFO neutron.wsgi [None req-07684051-21bf-4674-b8e6-a189c4ab5865 admin admin] 10.222.0.96 "POST /networking/v2.0/subnets HTTP/1.1" status: 201 len: 851 time: 1.0365429
Aug 18 12:20:25.468552 dv-cinder-836027-7-smb neutron-server[106848]: DEBUG neutron.wsgi [-] (106848) accepted ('10.222.0.96', 45184) {{(pid=106848) server /usr/local/lib/python3.8/dist-packages/eventlet/wsgi.py:1004}}
Aug 18 12:20:25.477910 dv-cinder-836027-7-smb neutron-server[106848]: DEBUG neutron.wsgi [-] (106848) accepted ('10.222.0.96', 45186) {{(pid=106848) server /usr/local/lib/python3.8/dist-packages/eventlet/wsgi.py:1004}}
Aug 18 12:20:25.485671 dv-cinder-836027-7-smb neutron-server[106848]: DEBUG neutron.api.v2.base [None req-4612a450-ae1e-4f85-9cef-fff540637439 admin admin] Request body: {'router': {'name': 'tempest-AttachVolumeShelveTestJSON-353120104-router', 'tenant_id': 'f7a4c0c31fda4c9d898641ca64bfee17', 'external_gateway_info': {'network_id': 'd8c1015e-7673-4934-b4c7-1f3d38d54413'}}} {{(pid=106848) prepare_request_body /opt/stack/neutron/neutron/api/v2/base.py:730}}
Aug 18 12:20:25.496598 dv-cinder-836027-7-smb neutron-server[106850]: DEBUG neutron.api.rpc.handlers.dhcp_rpc [None req-a8f65516-817f-49a5-a3fa-d003e163e40d None None] Create dhcp port {'port': {'name': '', 'admin_state_up': True, 'device_id': 'dhcp24da5413-7f44-59d5-8480-5fcecae2e511-ef3fdf33-e817-4feb-923a-2424a38e0185', 'network_id': 'ef3fdf33-e817-4feb-923a-2424a38e0185', 'project_id': 'f7a4c0c31fda4c9d898641ca64bfee17', 'fixed_ips': [{'subnet_id': '1101b453-61b7-4815-a802-8229ba98aba4'}]}} from dv-cinder-836027-7-smb. {{(pid=106850) create_dhcp_port /opt/stack/neutron/neutron/api/rpc/handlers/dhcp_rpc.py:268}}
Aug 18 12:20:25.497726 dv-cinder-836027-7-smb neutron-server[106850]: DEBUG neutron_lib.callbacks.manager [None req-a8f65516-817f-49a5-a3fa-d003e163e40d None None] Publish callbacks ['neutron.plugins.ml2.plugin.SecurityGroupDbMixin._ensure_default_security_group_handler-741113'] for port (None), before_create {{(pid=106850) _notify_loop /usr/local/lib/python3.8/dist-packages/neutron_lib/callbacks/manager.py:176}}
Aug 18 12:20:25.517295 dv-cinder-836027-7-smb neutron-server[106848]: DEBUG neutron.api.v2.base [None req-2c238d88-0377-4d32-a067-c5db99e4c5e5 admin admin] Request body: {'router': {'name': 'tempest-AttachVolumeNegativeTest-1571840113-router', 'tenant_id': '64681f290ed841ff872f0d3dbf794945', 'external_gateway_info': {'network_id': 'd8c1015e-7673-4934-b4c7-1f3d38d54413'}}} {{(pid=106848) prepare_request_body /opt/stack/neutron/neutron/api/v2/base.py:730}}
Aug 18 12:20:25.550930 dv-cinder-836027-7-smb neutron-server[106850]: DEBUG neutron.api.rpc.handlers.dhcp_rpc [None req-e2aa41f9-c364-47a1-bf3b-5a4dff70d11b None None] Create dhcp port {'port': {'name': '', 'admin_state_up': True, 'device_id': 'dhcp24da5413-7f44-59d5-8480-5fcecae2e511-94bf016e-8fe6-4919-915d-947dfd081389', 'network_id': '94bf016e-8fe6-4919-915d-947dfd081389', 'project_id': '64681f290ed841ff872f0d3dbf794945', 'fixed_ips': [{'subnet_id': '116da05b-f8ef-455b-af2d-4a1067377e95'}]}} from dv-cinder-836027-7-smb. {{(pid=106850) create_dhcp_port /opt/stack/neutron/neutron/api/rpc/handlers/dhcp_rpc.py:268}}
Aug 18 12:20:25.554609 dv-cinder-836027-7-smb neutron-server[106850]: DEBUG neutron_lib.callbacks.manager [None req-e2aa41f9-c364-47a1-bf3b-5a4dff70d11b None None] Publish callbacks ['neutron.plugins.ml2.plugin.SecurityGroupDbMixin._ensure_default_security_group_handler-741113'] for port (None), before_create {{(pid=106850) _notify_loop /usr/local/lib/python3.8/dist-packages/neutron_lib/callbacks/manager.py:176}}
Aug 18 12:20:25.626431 dv-cinder-836027-7-smb neutron-server[106849]: DEBUG dbcounter [-] [106849] Writing DB stats neutron:SELECT=72,neutron:INSERT=24,neutron:UPDATE=4 {{(pid=106849) stat_writer /usr/local/lib/python3.8/dist-packages/dbcounter.py:114}}
Aug 18 12:20:25.631053 dv-cinder-836027-7-smb neutron-server[106848]: DEBUG neutron_lib.callbacks.manager [None req-2c238d88-0377-4d32-a067-c5db99e4c5e5 admin admin] Publish callbacks ['neutron.services.l3_router.l3_router_plugin.L3_HA_NAT_db_mixin._before_router_create_handler-1614128', 'neutron.services.l3_router.service_providers.driver_controller.DriverController._check_router_request-259100'] for router (efb10c37-e963-4cde-bd80-693728c27191), before_create {{(pid=106848) _notify_loop /usr/local/lib/python3.8/dist-packages/neutron_lib/callbacks/manager.py:176}}
Aug 18 12:20:25.632626 dv-cinder-836027-7-smb neutron-server[106848]: DEBUG neutron_lib.callbacks.manager [None req-2c238d88-0377-4d32-a067-c5db99e4c5e5 admin admin] Publish callbacks ['neutron.services.l3_router.l3_router_plugin.L3_HA_NAT_db_mixin._precommit_router_create-1621350', 'neutron.services.l3_router.l3_router_plugin.DVRResourceOperationHandler._set_distributed_flag-1613378', 'neutron.services.l3_router.l3_router_plugin.RouterAvailabilityZoneMixin._process_az_request-1742009', 'neutron.services.l3_router.service_providers.driver_controller.DriverController._set_router_provider-259095'] for router (efb10c37-e963-4cde-bd80-693728c27191), precommit_create {{(pid=106848) _notify_loop /usr/local/lib/python3.8/dist-packages/neutron_lib/callbacks/manager.py:176}}
Aug 18 12:20:25.638579 dv-cinder-836027-7-smb neutron-server[106848]: DEBUG neutron_lib.callbacks.manager [None req-4612a450-ae1e-4f85-9cef-fff540637439 admin admin] Publish callbacks ['neutron.services.l3_router.l3_router_plugin.L3_HA_NAT_db_mixin._before_router_create_handler-1614128', 'neutron.services.l3_router.service_providers.driver_controller.DriverController._check_router_request-259100'] for router (aa47d097-e4cc-4a3e-85a2-c95ddfd9caf1), before_create {{(pid=106848) _notify_loop /usr/local/lib/python3.8/dist-packages/neutron_lib/callbacks/manager.py:176}}
Aug 18 12:20:25.640756 dv-cinder-836027-7-smb neutron-server[106848]: DEBUG neutron_lib.callbacks.manager [None req-4612a450-ae1e-4f85-9cef-fff540637439 admin admin] Publish callbacks ['neutron.services.l3_router.l3_router_plugin.L3_HA_NAT_db_mixin._precommit_router_create-1621350', 'neutron.services.l3_router.l3_router_plugin.DVRResourceOperationHandler._set_distributed_flag-1613378', 'neutron.services.l3_router.l3_router_plugin.RouterAvailabilityZoneMixin._process_az_request-1742009', 'neutron.services.l3_router.service_providers.driver_controller.DriverController._set_router_provider-259095'] for router (aa47d097-e4cc-4a3e-85a2-c95ddfd9caf1), precommit_create {{(pid=106848) _notify_loop /usr/local/lib/python3.8/dist-packages/neutron_lib/callbacks/manager.py:176}}
Aug 18 12:20:25.648037 dv-cinder-836027-7-smb neutron-server[106849]: DEBUG dbcounter [-] [106849] Writing DB stats neutron:SELECT=67,neutron:INSERT=28,neutron:UPDATE=3,neutron:DELETE=2 {{(pid=106849) stat_writer /usr/local/lib/python3.8/dist-packages/dbcounter.py:114}}
Aug 18 12:20:25.750439 dv-cinder-836027-7-smb neutron-server[106849]: DEBUG neutron_lib.callbacks.manager [None req-f699b8d1-6f1b-43e5-8169-e65975901e3d admin admin] Publish callbacks [] for security_group (6ac66722-54d1-4da9-8d71-ded38254e4e8), precommit_create {{(pid=106849) _notify_loop /usr/local/lib/python3.8/dist-packages/neutron_lib/callbacks/manager.py:176}}
Aug 18 12:20:25.758751 dv-cinder-836027-7-smb neutron-server[106849]: DEBUG neutron_lib.callbacks.manager [None req-30ced099-cfe3-43a5-9454-fc7a0b5e83e9 admin admin] Publish callbacks [] for security_group (e7170096-a1a2-48ad-be65-6b1726b8a8d3), precommit_create {{(pid=106849) _notify_loop /usr/local/lib/python3.8/dist-packages/neutron_lib/callbacks/manager.py:176}}
Aug 18 12:20:25.775354 dv-cinder-836027-7-smb neutron-server[106850]: DEBUG neutron.db.db_base_plugin_common [None req-a8f65516-817f-49a5-a3fa-d003e163e40d None None] Allocated IP 172.20.0.2 (ef3fdf33-e817-4feb-923a-2424a38e0185/1101b453-61b7-4815-a802-8229ba98aba4/85d55ea4-952d-4e2b-a2ca-465ab41f3c49) {{(pid=106850) _store_ip_allocation /opt/stack/neutron/neutron/db/db_base_plugin_common.py:131}}
Aug 18 12:20:25.777846 dv-cinder-836027-7-smb neutron-server[106849]: DEBUG neutron_lib.callbacks.manager [None req-85c6edde-a179-4e28-934d-0d8c035fdad9 admin admin] Publish callbacks [] for security_group (e4a04bcf-e667-410f-afc2-71560d4c61a0), precommit_create {{(pid=106849) _notify_loop /usr/local/lib/python3.8/dist-packages/neutron_lib/callbacks/manager.py:176}}
Aug 18 12:20:25.798685 dv-cinder-836027-7-smb neutron-server[106850]: DEBUG neutron.db.db_base_plugin_common [None req-e2aa41f9-c364-47a1-bf3b-5a4dff70d11b None None] Allocated IP 172.20.0.2 (94bf016e-8fe6-4919-915d-947dfd081389/116da05b-f8ef-455b-af2d-4a1067377e95/a35ca7fc-3307-4738-b172-86e74b0936ba) {{(pid=106850) _store_ip_allocation /opt/stack/neutron/neutron/db/db_base_plugin_common.py:131}}
Aug 18 12:20:25.806913 dv-cinder-836027-7-smb neutron-server[106848]: DEBUG neutron_lib.callbacks.manager [None req-4612a450-ae1e-4f85-9cef-fff540637439 admin admin] Publish callbacks [] for router_controller (aa47d097-e4cc-4a3e-85a2-c95ddfd9caf1), precommit_add_association {{(pid=106848) _notify_loop /usr/local/lib/python3.8/dist-packages/neutron_lib/callbacks/manager.py:176}}
Aug 18 12:20:25.842967 dv-cinder-836027-7-smb neutron-server[106849]: DEBUG neutron_lib.callbacks.manager [None req-f699b8d1-6f1b-43e5-8169-e65975901e3d admin admin] Publish callbacks ['neutron.plugins.ml2.ovo_rpc._ObjectChangeHandler.handle_event-1808874'] for security_group (6ac66722-54d1-4da9-8d71-ded38254e4e8), after_create {{(pid=106849) _notify_loop /usr/local/lib/python3.8/dist-packages/neutron_lib/callbacks/manager.py:176}}
Aug 18 12:20:25.856224 dv-cinder-836027-7-smb neutron-server[106848]: DEBUG neutron_lib.callbacks.manager [None req-2c238d88-0377-4d32-a067-c5db99e4c5e5 admin admin] Publish callbacks [] for router_controller (efb10c37-e963-4cde-bd80-693728c27191), precommit_add_association {{(pid=106848) _notify_loop /usr/local/lib/python3.8/dist-packages/neutron_lib/callbacks/manager.py:176}}
Aug 18 12:20:25.861291 dv-cinder-836027-7-smb neutron-server[106849]: DEBUG neutron.plugins.ml2.drivers.helpers [None req-f699b8d1-6f1b-43e5-8169-e65975901e3d admin admin] vlan segment allocate from pool success with {'vlan_id': 1195, 'physical_network': 'physnet1'} {{(pid=106849) allocate_partially_specified_segment /opt/stack/neutron/neutron/plugins/ml2/drivers/helpers.py:153}}
Aug 18 12:20:25.872900 dv-cinder-836027-7-smb neutron-server[106849]: DEBUG neutron_lib.callbacks.manager [None req-f699b8d1-6f1b-43e5-8169-e65975901e3d admin admin] Publish callbacks ['neutron.plugins.ml2.plugin.Ml2Plugin._handle_segment_change-1400038'] for segment (8fec1bb7-cbb8-49ec-a423-3c4076012cdc), precommit_create {{(pid=106849) _notify_loop /usr/local/lib/python3.8/dist-packages/neutron_lib/callbacks/manager.py:176}}
Aug 18 12:20:25.873320 dv-cinder-836027-7-smb neutron-server[106849]: INFO neutron.db.segments_db [None req-f699b8d1-6f1b-43e5-8169-e65975901e3d admin admin] Added segment 8fec1bb7-cbb8-49ec-a423-3c4076012cdc of type vlan for network 5f12a98d-0d1a-4bd4-bc85-af1807b650f0
Aug 18 12:20:25.929497 dv-cinder-836027-7-smb neutron-server[106849]: DEBUG neutron_lib.callbacks.manager [None req-30ced099-cfe3-43a5-9454-fc7a0b5e83e9 admin admin] Publish callbacks ['neutron.plugins.ml2.ovo_rpc._ObjectChangeHandler.handle_event-1808874'] for security_group (e7170096-a1a2-48ad-be65-6b1726b8a8d3), after_create {{(pid=106849) _notify_loop /usr/local/lib/python3.8/dist-packages/neutron_lib/callbacks/manager.py:176}}
Aug 18 12:20:25.933549 dv-cinder-836027-7-smb neutron-server[106849]: DEBUG neutron_lib.callbacks.manager [None req-85c6edde-a179-4e28-934d-0d8c035fdad9 admin admin] Publish callbacks ['neutron.plugins.ml2.ovo_rpc._ObjectChangeHandler.handle_event-1808874'] for security_group (e4a04bcf-e667-410f-afc2-71560d4c61a0), after_create {{(pid=106849) _notify_loop /usr/local/lib/python3.8/dist-packages/neutron_lib/callbacks/manager.py:176}}
Aug 18 12:20:25.958099 dv-cinder-836027-7-smb neutron-server[106849]: DEBUG neutron_lib.callbacks.manager [None req-f699b8d1-6f1b-43e5-8169-e65975901e3d admin admin] Publish callbacks ['neutron.services.auto_allocate.db._ensure_external_network_default_value_callback-8733013419102'] for network (5f12a98d-0d1a-4bd4-bc85-af1807b650f0), precommit_create {{(pid=106849) _notify_loop /usr/local/lib/python3.8/dist-packages/neutron_lib/callbacks/manager.py:176}}
Aug 18 12:20:25.966340 dv-cinder-836027-7-smb neutron-server[106849]: DEBUG neutron.api.rpc.handlers.resources_rpc [None req-f699b8d1-6f1b-43e5-8169-e65975901e3d admin admin] Pushing event updated for resources: {'SecurityGroup': ['ID=6ac66722-54d1-4da9-8d71-ded38254e4e8,revision_number=1']} {{(pid=106849) push /opt/stack/neutron/neutron/api/rpc/handlers/resources_rpc.py:237}}
Aug 18 12:20:25.992115 dv-cinder-836027-7-smb neutron-server[106849]: DEBUG neutron.plugins.ml2.drivers.helpers [None req-30ced099-cfe3-43a5-9454-fc7a0b5e83e9 admin admin] vlan segment allocate from pool success with {'vlan_id': 1173, 'physical_network': 'physnet1'} {{(pid=106849) allocate_partially_specified_segment /opt/stack/neutron/neutron/plugins/ml2/drivers/helpers.py:153}}
Aug 18 12:20:26.009516 dv-cinder-836027-7-smb neutron-server[106849]: DEBUG neutron.plugins.ml2.drivers.helpers [None req-85c6edde-a179-4e28-934d-0d8c035fdad9 admin admin] vlan segment allocate from pool success with {'vlan_id': 1153, 'physical_network': 'physnet1'} {{(pid=106849) allocate_partially_specified_segment /opt/stack/neutron/neutron/plugins/ml2/drivers/helpers.py:153}}
Aug 18 12:20:26.057646 dv-cinder-836027-7-smb neutron-server[106849]: DEBUG neutron_lib.callbacks.manager [None req-30ced099-cfe3-43a5-9454-fc7a0b5e83e9 admin admin] Publish callbacks ['neutron.plugins.ml2.plugin.Ml2Plugin._handle_segment_change-1400038'] for segment (6989d087-40f4-4f12-a315-f95549808c06), precommit_create {{(pid=106849) _notify_loop /usr/local/lib/python3.8/dist-packages/neutron_lib/callbacks/manager.py:176}}
Aug 18 12:20:26.058895 dv-cinder-836027-7-smb neutron-server[106849]: INFO neutron.db.segments_db [None req-30ced099-cfe3-43a5-9454-fc7a0b5e83e9 admin admin] Added segment 6989d087-40f4-4f12-a315-f95549808c06 of type vlan for network a43026dc-b8a7-499e-a3fe-a674aee84b28
Aug 18 12:20:26.075076 dv-cinder-836027-7-smb neutron-server[106849]: DEBUG neutron.api.rpc.handlers.resources_rpc [None req-30ced099-cfe3-43a5-9454-fc7a0b5e83e9 admin admin] Pushing event updated for resources: {'SecurityGroup': ['ID=e7170096-a1a2-48ad-be65-6b1726b8a8d3,revision_number=1']} {{(pid=106849) push /opt/stack/neutron/neutron/api/rpc/handlers/resources_rpc.py:237}}
Aug 18 12:20:26.096763 dv-cinder-836027-7-smb neutron-server[106850]: DEBUG neutron_lib.callbacks.manager [None req-e2aa41f9-c364-47a1-bf3b-5a4dff70d11b None None] Publish callbacks [] for port (a35ca7fc-3307-4738-b172-86e74b0936ba), precommit_create {{(pid=106850) _notify_loop /usr/local/lib/python3.8/dist-packages/neutron_lib/callbacks/manager.py:176}}
Aug 18 12:20:26.097700 dv-cinder-836027-7-smb neutron-server[106849]: DEBUG neutron_lib.callbacks.manager [None req-85c6edde-a179-4e28-934d-0d8c035fdad9 admin admin] Publish callbacks ['neutron.plugins.ml2.plugin.Ml2Plugin._handle_segment_change-1400038'] for segment (dfc19735-6380-4e9f-913f-818f686c1741), precommit_create {{(pid=106849) _notify_loop /usr/local/lib/python3.8/dist-packages/neutron_lib/callbacks/manager.py:176}}
Aug 18 12:20:26.098969 dv-cinder-836027-7-smb neutron-server[106849]: INFO neutron.db.segments_db [None req-85c6edde-a179-4e28-934d-0d8c035fdad9 admin admin] Added segment dfc19735-6380-4e9f-913f-818f686c1741 of type vlan for network 1c1b031d-67ab-4f8f-bac1-95bcb39591a2
Aug 18 12:20:26.099855 dv-cinder-836027-7-smb neutron-server[106850]: DEBUG dbcounter [-] [106850] Writing DB stats neutron:SELECT=92,neutron:INSERT=6,neutron:UPDATE=2 {{(pid=106850) stat_writer /usr/local/lib/python3.8/dist-packages/dbcounter.py:114}}
Aug 18 12:20:26.169378 dv-cinder-836027-7-smb neutron-server[106850]: DEBUG neutron_lib.callbacks.manager [None req-e2aa41f9-c364-47a1-bf3b-5a4dff70d11b None None] Publish callbacks ['neutron.plugins.ml2.plugin.SecurityGroupServerNotifierRpcMixin._notify_sg_on_port_change-741048', 'neutron.plugins.ml2.ovo_rpc._ObjectChangeHandler.handle_event-107130', 'neutron.api.rpc.agentnotifiers.dhcp_rpc_agent_api.DhcpAgentNotifyAPI._native_event_send_dhcp_notification-1634403', 'neutron.db.l3_dvrscheduler_db._notify_l3_agent_new_port-8733013466152'] for port (a35ca7fc-3307-4738-b172-86e74b0936ba), after_create {{(pid=106850) _notify_loop /usr/local/lib/python3.8/dist-packages/neutron_lib/callbacks/manager.py:176}}
Aug 18 12:20:26.191904 dv-cinder-836027-7-smb neutron-server[106850]: DEBUG dbcounter [-] [106850] Writing DB stats neutron:SELECT=86,neutron:INSERT=6,neutron:UPDATE=8 {{(pid=106850) stat_writer /usr/local/lib/python3.8/dist-packages/dbcounter.py:114}}
Aug 18 12:20:26.222712 dv-cinder-836027-7-smb neutron-server[106849]: DEBUG neutron_lib.callbacks.manager [None req-30ced099-cfe3-43a5-9454-fc7a0b5e83e9 admin admin] Publish callbacks ['neutron.services.auto_allocate.db._ensure_external_network_default_value_callback-8733013419102'] for network (a43026dc-b8a7-499e-a3fe-a674aee84b28), precommit_create {{(pid=106849) _notify_loop /usr/local/lib/python3.8/dist-packages/neutron_lib/callbacks/manager.py:176}}
Aug 18 12:20:26.225787 dv-cinder-836027-7-smb neutron-server[106849]: DEBUG neutron_lib.callbacks.manager [None req-85c6edde-a179-4e28-934d-0d8c035fdad9 admin admin] Publish callbacks ['neutron.services.auto_allocate.db._ensure_external_network_default_value_callback-8733013419102'] for network (1c1b031d-67ab-4f8f-bac1-95bcb39591a2), precommit_create {{(pid=106849) _notify_loop /usr/local/lib/python3.8/dist-packages/neutron_lib/callbacks/manager.py:176}}
Aug 18 12:20:26.229062 dv-cinder-836027-7-smb neutron-server[106849]: DEBUG neutron_lib.callbacks.manager [None req-f699b8d1-6f1b-43e5-8169-e65975901e3d admin admin] Publish callbacks ['neutron.plugins.ml2.ovo_rpc._ObjectChangeHandler.handle_event-1794652', 'neutron.api.rpc.agentnotifiers.dhcp_rpc_agent_api.DhcpAgentNotifyAPI._native_event_send_dhcp_notification-1634403'] for network (5f12a98d-0d1a-4bd4-bc85-af1807b650f0), after_create {{(pid=106849) _notify_loop /usr/local/lib/python3.8/dist-packages/neutron_lib/callbacks/manager.py:176}}
Aug 18 12:20:26.230839 dv-cinder-836027-7-smb neutron-server[106849]: DEBUG neutron.pecan_wsgi.hooks.policy_enforcement [None req-f699b8d1-6f1b-43e5-8169-e65975901e3d admin admin] Attributes excluded by policy engine: ['standard_attr_id', 'vlan_transparent'] {{(pid=106849) _exclude_attributes_by_policy /opt/stack/neutron/neutron/pecan_wsgi/hooks/policy_enforcement.py:259}}
Aug 18 12:20:26.231278 dv-cinder-836027-7-smb neutron-server[106849]: DEBUG neutron_lib.callbacks.manager [None req-f699b8d1-6f1b-43e5-8169-e65975901e3d admin admin] Publish callbacks ['neutron.api.rpc.agentnotifiers.dhcp_rpc_agent_api.DhcpAgentNotifyAPI._send_dhcp_notification-1634417'] for network (None), before_response {{(pid=106849) _notify_loop /usr/local/lib/python3.8/dist-packages/neutron_lib/callbacks/manager.py:176}}
Aug 18 12:20:26.243414 dv-cinder-836027-7-smb neutron-server[106849]: DEBUG neutron.api.rpc.handlers.resources_rpc [None req-85c6edde-a179-4e28-934d-0d8c035fdad9 admin admin] Pushing event updated for resources: {'SecurityGroup': ['ID=e4a04bcf-e667-410f-afc2-71560d4c61a0,revision_number=1']} {{(pid=106849) push /opt/stack/neutron/neutron/api/rpc/handlers/resources_rpc.py:237}}
Aug 18 12:20:26.248679 dv-cinder-836027-7-smb neutron-server[106850]: DEBUG neutron.scheduler.dhcp_agent_scheduler [None req-e2aa41f9-c364-47a1-bf3b-5a4dff70d11b None None] Network 94bf016e-8fe6-4919-915d-947dfd081389 is already hosted by enough agents. {{(pid=106850) _get_dhcp_agents_hosting_network /opt/stack/neutron/neutron/scheduler/dhcp_agent_scheduler.py:275}}
Aug 18 12:20:26.263348 dv-cinder-836027-7-smb neutron-server[106850]: DEBUG neutron.scheduler.base_scheduler [None req-e2aa41f9-c364-47a1-bf3b-5a4dff70d11b None None] Resources bound (agent type, host, resource id): {{(pid=106850) schedule /opt/stack/neutron/neutron/scheduler/base_scheduler.py:57}}
Aug 18 12:20:26.269503 dv-cinder-836027-7-smb neutron-server[106850]: DEBUG neutron.db.l3_dvrscheduler_db [None req-e2aa41f9-c364-47a1-bf3b-5a4dff70d11b None None] Received port after_create {{(pid=106850) _notify_l3_agent_new_port /opt/stack/neutron/neutron/db/l3_dvrscheduler_db.py:538}}
Aug 18 12:20:26.287948 dv-cinder-836027-7-smb neutron-server[106850]: DEBUG neutron.api.rpc.handlers.resources_rpc [None req-e2aa41f9-c364-47a1-bf3b-5a4dff70d11b None None] Pushing event updated for resources: {'Port': ['ID=a35ca7fc-3307-4738-b172-86e74b0936ba,revision_number=1']} {{(pid=106850) push /opt/stack/neutron/neutron/api/rpc/handlers/resources_rpc.py:237}}
Aug 18 12:20:26.291414 dv-cinder-836027-7-smb neutron-server[106850]: DEBUG neutron_lib.callbacks.manager [None req-a8f65516-817f-49a5-a3fa-d003e163e40d None None] Publish callbacks [] for port (85d55ea4-952d-4e2b-a2ca-465ab41f3c49), precommit_create {{(pid=106850) _notify_loop /usr/local/lib/python3.8/dist-packages/neutron_lib/callbacks/manager.py:176}}
Aug 18 12:20:26.302051 dv-cinder-836027-7-smb neutron-server[106850]: DEBUG neutron.api.rpc.callbacks.version_manager [None req-e2aa41f9-c364-47a1-bf3b-5a4dff70d11b None None] Version for resource type AddressGroup changed None to 1.2 on consumer Open vSwitch agent@dv-cinder-836027-7-smb {{(pid=106850) _set_version /opt/stack/neutron/neutron/api/rpc/callbacks/version_manager.py:113}}
Aug 18 12:20:26.302773 dv-cinder-836027-7-smb neutron-server[106850]: DEBUG neutron.api.rpc.callbacks.version_manager [None req-e2aa41f9-c364-47a1-bf3b-5a4dff70d11b None None] Version for resource type Agent changed None to 1.1 on consumer Open vSwitch agent@dv-cinder-836027-7-smb {{(pid=106850) _set_version /opt/stack/neutron/neutron/api/rpc/callbacks/version_manager.py:113}}
Aug 18 12:20:26.303335 dv-cinder-836027-7-smb neutron-server[106850]: DEBUG neutron.api.rpc.callbacks.version_manager [None req-e2aa41f9-c364-47a1-bf3b-5a4dff70d11b None None] Version for resource type ConntrackHelper changed None to 1.0 on consumer Open vSwitch agent@dv-cinder-836027-7-smb {{(pid=106850) _set_version /opt/stack/neutron/neutron/api/rpc/callbacks/version_manager.py:113}}
Aug 18 12:20:26.303906 dv-cinder-836027-7-smb neutron-server[106850]: DEBUG neutron.api.rpc.callbacks.version_manager [None req-e2aa41f9-c364-47a1-bf3b-5a4dff70d11b None None] Version for resource type LocalIPAssociation changed None to 1.0 on consumer Open vSwitch agent@dv-cinder-836027-7-smb {{(pid=106850) _set_version /opt/stack/neutron/neutron/api/rpc/callbacks/version_manager.py:113}}
Aug 18 12:20:26.304526 dv-cinder-836027-7-smb neutron-server[106850]: DEBUG neutron.api.rpc.callbacks.version_manager [None req-e2aa41f9-c364-47a1-bf3b-5a4dff70d11b None None] Version for resource type Log changed None to 1.0 on consumer Open vSwitch agent@dv-cinder-836027-7-smb {{(pid=106850) _set_version /opt/stack/neutron/neutron/api/rpc/callbacks/version_manager.py:113}}
Aug 18 12:20:26.305132 dv-cinder-836027-7-smb neutron-server[106850]: DEBUG neutron.api.rpc.callbacks.version_manager [None req-e2aa41f9-c364-47a1-bf3b-5a4dff70d11b None None] Version for resource type NDPProxy changed None to 1.0 on consumer Open vSwitch agent@dv-cinder-836027-7-smb {{(pid=106850) _set_version /opt/stack/neutron/neutron/api/rpc/callbacks/version_manager.py:113}}
Aug 18 12:20:26.306114 dv-cinder-836027-7-smb neutron-server[106850]: DEBUG neutron.api.rpc.callbacks.version_manager [None req-e2aa41f9-c364-47a1-bf3b-5a4dff70d11b None None] Version for resource type Network changed None to 1.1 on consumer Open vSwitch agent@dv-cinder-836027-7-smb {{(pid=106850) _set_version /opt/stack/neutron/neutron/api/rpc/callbacks/version_manager.py:113}}
Aug 18 12:20:26.306668 dv-cinder-836027-7-smb neutron-server[106850]: DEBUG neutron.api.rpc.callbacks.version_manager [None req-e2aa41f9-c364-47a1-bf3b-5a4dff70d11b None None] Version for resource type Port changed None to 1.7 on consumer Open vSwitch agent@dv-cinder-836027-7-smb {{(pid=106850) _set_version /opt/stack/neutron/neutron/api/rpc/callbacks/version_manager.py:113}}
Aug 18 12:20:26.307215 dv-cinder-836027-7-smb neutron-server[106850]: DEBUG neutron.api.rpc.callbacks.version_manager [None req-e2aa41f9-c364-47a1-bf3b-5a4dff70d11b None None] Version for resource type PortForwarding changed None to 1.3 on consumer Open vSwitch agent@dv-cinder-836027-7-smb {{(pid=106850) _set_version /opt/stack/neutron/neutron/api/rpc/callbacks/version_manager.py:113}}
Aug 18 12:20:26.307746 dv-cinder-836027-7-smb neutron-server[106850]: DEBUG neutron.api.rpc.callbacks.version_manager [None req-e2aa41f9-c364-47a1-bf3b-5a4dff70d11b None None] Version for resource type QosPolicy changed None to 1.10 on consumer Open vSwitch agent@dv-cinder-836027-7-smb {{(pid=106850) _set_version /opt/stack/neutron/neutron/api/rpc/callbacks/version_manager.py:113}}
Aug 18 12:20:26.309062 dv-cinder-836027-7-smb neutron-server[106850]: DEBUG neutron.api.rpc.callbacks.version_manager [None req-e2aa41f9-c364-47a1-bf3b-5a4dff70d11b None None] Version for resource type SecurityGroup changed None to 1.5 on consumer Open vSwitch agent@dv-cinder-836027-7-smb {{(pid=106850) _set_version /opt/stack/neutron/neutron/api/rpc/callbacks/version_manager.py:113}}
Aug 18 12:20:26.311741 dv-cinder-836027-7-smb neutron-server[106850]: DEBUG neutron.api.rpc.callbacks.version_manager [None req-e2aa41f9-c364-47a1-bf3b-5a4dff70d11b None None] Version for resource type SecurityGroupRule changed None to 1.2 on consumer Open vSwitch agent@dv-cinder-836027-7-smb {{(pid=106850) _set_version /opt/stack/neutron/neutron/api/rpc/callbacks/version_manager.py:113}}
Aug 18 12:20:26.311741 dv-cinder-836027-7-smb neutron-server[106850]: DEBUG neutron.api.rpc.callbacks.version_manager [None req-e2aa41f9-c364-47a1-bf3b-5a4dff70d11b None None] Version for resource type SubPort changed None to 1.0 on consumer Open vSwitch agent@dv-cinder-836027-7-smb {{(pid=106850) _set_version /opt/stack/neutron/neutron/api/rpc/callbacks/version_manager.py:113}}
Aug 18 12:20:26.311741 dv-cinder-836027-7-smb neutron-server[106850]: DEBUG neutron.api.rpc.callbacks.version_manager [None req-e2aa41f9-c364-47a1-bf3b-5a4dff70d11b None None] Version for resource type Subnet changed None to 1.1 on consumer Open vSwitch agent@dv-cinder-836027-7-smb {{(pid=106850) _set_version /opt/stack/neutron/neutron/api/rpc/callbacks/version_manager.py:113}}
Aug 18 12:20:26.311741 dv-cinder-836027-7-smb neutron-server[106850]: DEBUG neutron.api.rpc.callbacks.version_manager [None req-e2aa41f9-c364-47a1-bf3b-5a4dff70d11b None None] Version for resource type Trunk changed None to 1.1 on consumer Open vSwitch agent@dv-cinder-836027-7-smb {{(pid=106850) _set_version /opt/stack/neutron/neutron/api/rpc/callbacks/version_manager.py:113}}
Aug 18 12:20:26.312225 dv-cinder-836027-7-smb neutron-server[106850]: DEBUG neutron.api.rpc.callbacks.version_manager [None req-e2aa41f9-c364-47a1-bf3b-5a4dff70d11b None None] Tracked resource versions report:
Aug 18 12:20:26.312225 dv-cinder-836027-7-smb neutron-server[106850]: pushed versions:
Aug 18 12:20:26.312225 dv-cinder-836027-7-smb neutron-server[106850]: { 'AddressGroup': {'1.2'},
Aug 18 12:20:26.312225 dv-cinder-836027-7-smb neutron-server[106850]: 'Agent': {'1.1'},
Aug 18 12:20:26.312225 dv-cinder-836027-7-smb neutron-server[106850]: 'ConntrackHelper': {'1.0'},
Aug 18 12:20:26.312225 dv-cinder-836027-7-smb neutron-server[106850]: 'LocalIPAssociation': {'1.0'},
Aug 18 12:20:26.312225 dv-cinder-836027-7-smb neutron-server[106850]: 'Log': {'1.0'},
Aug 18 12:20:26.312225 dv-cinder-836027-7-smb neutron-server[106850]: 'NDPProxy': {'1.0'},
Aug 18 12:20:26.312225 dv-cinder-836027-7-smb neutron-server[106850]: 'Network': {'1.1'},
Aug 18 12:20:26.312225 dv-cinder-836027-7-smb neutron-server[106850]: 'Port': {'1.7'},
Aug 18 12:20:26.312225 dv-cinder-836027-7-smb neutron-server[106850]: 'PortForwarding': {'1.3'},
Aug 18 12:20:26.312225 dv-cinder-836027-7-smb neutron-server[106850]: 'QosPolicy': {'1.10'},
Aug 18 12:20:26.312225 dv-cinder-836027-7-smb neutron-server[106850]: 'SecurityGroup': {'1.5'},
Aug 18 12:20:26.312225 dv-cinder-836027-7-smb neutron-server[106850]: 'SecurityGroupRule': {'1.2'},
Aug 18 12:20:26.312225 dv-cinder-836027-7-smb neutron-server[106850]: 'SubPort': {'1.0'},
Aug 18 12:20:26.312225 dv-cinder-836027-7-smb neutron-server[106850]: 'Subnet': {'1.1'},
Aug 18 12:20:26.312225 dv-cinder-836027-7-smb neutron-server[106850]: 'Trunk': {'1.1'}}
Aug 18 12:20:26.312225 dv-cinder-836027-7-smb neutron-server[106850]: consumer versions:
Aug 18 12:20:26.312225 dv-cinder-836027-7-smb neutron-server[106850]: { DHCP agent@dv-cinder-836027-7-smb: {},
Aug 18 12:20:26.312225 dv-cinder-836027-7-smb neutron-server[106850]: HyperV agent@hv-cinder-83602: {},
Aug 18 12:20:26.312225 dv-cinder-836027-7-smb neutron-server[106850]: L3 agent@dv-cinder-836027-7-smb: {},
Aug 18 12:20:26.312225 dv-cinder-836027-7-smb neutron-server[106850]: Metadata agent@dv-cinder-836027-7-smb: {},
Aug 18 12:20:26.312225 dv-cinder-836027-7-smb neutron-server[106850]: Metering agent@dv-cinder-836027-7-smb: {},
Aug 18 12:20:26.312225 dv-cinder-836027-7-smb neutron-server[106850]: Open vSwitch agent@dv-cinder-836027-7-smb: { 'AddressGroup': '1.2',
Aug 18 12:20:26.312225 dv-cinder-836027-7-smb neutron-server[106850]: 'Agent': '1.1',
Aug 18 12:20:26.312225 dv-cinder-836027-7-smb neutron-server[106850]: 'ConntrackHelper': '1.0',
Aug 18 12:20:26.312225 dv-cinder-836027-7-smb neutron-server[106850]: 'LocalIPAssociation': '1.0',
Aug 18 12:20:26.312225 dv-cinder-836027-7-smb neutron-server[106850]: 'Log': '1.0',
Aug 18 12:20:26.312225 dv-cinder-836027-7-smb neutron-server[106850]: 'NDPProxy': '1.0',
Aug 18 12:20:26.312225 dv-cinder-836027-7-smb neutron-server[106850]: 'Network': '1.1',
Aug 18 12:20:26.312225 dv-cinder-836027-7-smb neutron-server[106850]: 'Port': '1.7',
Aug 18 12:20:26.312225 dv-cinder-836027-7-smb neutron-server[106850]: 'PortForwarding': '1.3',
Aug 18 12:20:26.312225 dv-cinder-836027-7-smb neutron-server[106850]: 'QosPolicy': '1.10',
Aug 18 12:20:26.312225 dv-cinder-836027-7-smb neutron-server[106850]: 'SecurityGroup': '1.5',
Aug 18 12:20:26.312225 dv-cinder-836027-7-smb neutron-server[106850]: 'SecurityGroupRule': '1.2',
Aug 18 12:20:26.312225 dv-cinder-836027-7-smb neutron-server[106850]: 'SubPort': '1.0',
Aug 18 12:20:26.312225 dv-cinder-836027-7-smb neutron-server[106850]: 'Subnet': '1.1',
Aug 18 12:20:26.312225 dv-cinder-836027-7-smb neutron-server[106850]: 'Trunk': '1.1'}}
Aug 18 12:20:26.312225 dv-cinder-836027-7-smb neutron-server[106850]: {{(pid=106850) report /opt/stack/neutron/neutron/api/rpc/callbacks/version_manager.py:175}}
Aug 18 12:20:26.341430 dv-cinder-836027-7-smb neutron-server[106849]: INFO neutron.wsgi [None req-f699b8d1-6f1b-43e5-8169-e65975901e3d admin admin] 10.222.0.96 "POST /networking/v2.0/networks HTTP/1.1" status: 201 len: 885 time: 1.3295915
Aug 18 12:20:26.351611 dv-cinder-836027-7-smb neutron-server[106849]: DEBUG neutron.wsgi [-] (106849) accepted ('10.222.0.96', 45212) {{(pid=106849) server /usr/local/lib/python3.8/dist-packages/eventlet/wsgi.py:1004}}
Aug 18 12:20:26.366807 dv-cinder-836027-7-smb neutron-server[106849]: DEBUG neutron.api.v2.base [None req-33e97f06-54ae-4236-a051-f807b199ef88 admin admin] Request body: {'subnet': {'network_id': '5f12a98d-0d1a-4bd4-bc85-af1807b650f0', 'cidr': '172.20.0.0/28', 'name': 'tempest-AttachVolumeTestJSON-1846240115-subnet', 'tenant_id': 'cf3f957b4390439a8b331171cad838a7', 'enable_dhcp': True, 'ip_version': 4}} {{(pid=106849) prepare_request_body /opt/stack/neutron/neutron/api/v2/base.py:730}}
Aug 18 12:20:26.375764 dv-cinder-836027-7-smb neutron-server[106850]: DEBUG neutron.plugins.ml2.managers [None req-e2aa41f9-c364-47a1-bf3b-5a4dff70d11b None None] Attempting to bind port a35ca7fc-3307-4738-b172-86e74b0936ba on host dv-cinder-836027-7-smb for vnic_type normal with profile {{(pid=106850) bind_port /opt/stack/neutron/neutron/plugins/ml2/managers.py:810}}
Aug 18 12:20:26.376670 dv-cinder-836027-7-smb neutron-server[106850]: DEBUG neutron.plugins.ml2.managers [None req-e2aa41f9-c364-47a1-bf3b-5a4dff70d11b None None] Attempting to bind port a35ca7fc-3307-4738-b172-86e74b0936ba by drivers openvswitch,hyperv on host dv-cinder-836027-7-smb at level 0 using segments [{'id': '7d9fb0ea-5734-463b-bce6-55b5679a3636', 'network_type': 'vlan', 'physical_network': 'physnet1', 'segmentation_id': 1189, 'network_id': '94bf016e-8fe6-4919-915d-947dfd081389'}] {{(pid=106850) _bind_port_level /opt/stack/neutron/neutron/plugins/ml2/managers.py:835}}
Aug 18 12:20:26.377294 dv-cinder-836027-7-smb neutron-server[106850]: DEBUG neutron.plugins.ml2.drivers.mech_agent [None req-e2aa41f9-c364-47a1-bf3b-5a4dff70d11b None None] Attempting to bind port a35ca7fc-3307-4738-b172-86e74b0936ba on network 94bf016e-8fe6-4919-915d-947dfd081389 {{(pid=106850) bind_port /opt/stack/neutron/neutron/plugins/ml2/drivers/mech_agent.py:91}}
Aug 18 12:20:26.383473 dv-cinder-836027-7-smb neutron-server[106850]: DEBUG neutron.plugins.ml2.drivers.mech_agent [None req-e2aa41f9-c364-47a1-bf3b-5a4dff70d11b None None] Checking agent: {'id': 'e7edf6f5-3cea-4534-8879-629b9cbc6bea', 'agent_type': 'Open vSwitch agent', 'binary': 'neutron-openvswitch-agent', 'topic': 'N/A', 'host': 'dv-cinder-836027-7-smb', 'admin_state_up': True, 'created_at': datetime.datetime(2022, 8, 18, 12, 12, 13), 'started_at': datetime.datetime(2022, 8, 18, 12, 12, 43), 'heartbeat_timestamp': datetime.datetime(2022, 8, 18, 12, 20, 13), 'description': None, 'resources_synced': None, 'availability_zone': None, 'alive': True, 'configurations': {'arp_responder_enabled': False, 'baremetal_smartnic': False, 'bridge_mappings': {'physnet1': 'br-data'}, 'datapath_type': 'system', 'devices': 0, 'enable_distributed_routing': False, 'extensions': [], 'in_distributed_mode': False, 'integration_bridge': 'br-int', 'l2_population': False, 'log_agent_heartbeats': False, 'ovs_capabilities': {'datapath_types': ['netdev', 'system'], 'iface_types': ['erspan', 'geneve', 'gre', 'internal', 'ip6erspan', 'ip6gre', 'lisp', 'patch', 'stt', 'system', 'tap', 'vxlan']}, 'ovs_hybrid_plug': False, 'resource_provider_bandwidths': {}, 'resource_provider_hypervisors': {'br-data': 'dv-cinder-836027-7-smb'}, 'resource_provider_inventory_defaults': {'allocation_ratio': 1.0, 'min_unit': 1, 'step_size': 1, 'reserved': 0}, 'resource_provider_packet_processing_inventory_defaults': {'allocation_ratio': 1.0, 'min_unit': 1, 'step_size': 1, 'reserved': 0}, 'resource_provider_packet_processing_with_direction': {}, 'resource_provider_packet_processing_without_direction': {}, 'tunnel_types': [], 'tunneling_ip': None, 'vhostuser_socket_dir': '/var/run/openvswitch'}, 'resource_versions': {'AddressGroup': '1.2', 'Agent': '1.1', 'ConntrackHelper': '1.0', 'LocalIPAssociation': '1.0', 'Log': '1.0', 'NDPProxy': '1.0', 'Network': '1.1', 'Port': '1.7', 'PortForwarding': '1.3', 'QosPolicy': '1.10', 'SecurityGroup': '1.5', 'SecurityGroupRule': '1.2', 'SubPort': '1.0', 'Subnet': '1.1', 'Trunk': '1.1'}} {{(pid=106850) bind_port /opt/stack/neutron/neutron/plugins/ml2/drivers/mech_agent.py:110}}
Aug 18 12:20:26.384175 dv-cinder-836027-7-smb neutron-server[106849]: DEBUG neutron.api.rpc.handlers.resources_rpc [None req-f699b8d1-6f1b-43e5-8169-e65975901e3d admin admin] Pushing event updated for resources: {'Network': ['ID=5f12a98d-0d1a-4bd4-bc85-af1807b650f0,revision_number=1']} {{(pid=106849) push /opt/stack/neutron/neutron/api/rpc/handlers/resources_rpc.py:237}}
Aug 18 12:20:26.384539 dv-cinder-836027-7-smb neutron-server[106850]: DEBUG neutron.plugins.ml2.drivers.mech_agent [None req-e2aa41f9-c364-47a1-bf3b-5a4dff70d11b None None] Checking segment: {'id': '7d9fb0ea-5734-463b-bce6-55b5679a3636', 'network_type': 'vlan', 'physical_network': 'physnet1', 'segmentation_id': 1189, 'network_id': '94bf016e-8fe6-4919-915d-947dfd081389'} for mappings: {'physnet1': 'br-data'} with network types: ['local', 'flat', 'vlan'] {{(pid=106850) check_segment_for_agent /opt/stack/neutron/neutron/plugins/ml2/drivers/mech_agent.py:373}}
Aug 18 12:20:26.385289 dv-cinder-836027-7-smb neutron-server[106850]: DEBUG neutron_lib.callbacks.manager [None req-e2aa41f9-c364-47a1-bf3b-5a4dff70d11b None None] Publish callbacks [] for ovs_bridge_name (None), before_read {{(pid=106850) _notify_loop /usr/local/lib/python3.8/dist-packages/neutron_lib/callbacks/manager.py:176}}
