Aug 18 12:20:19.422083 dv-cinder-836027-7-iscsi devstack@c-api.service[114067]: DEBUG cinder.volume.flows.api.create_volume [req-06859ee1-b964-4c56-8cb9-f048e07c8dad req-7aba7312-e627-4f08-8b1c-7524f8ea9328 tempest-VolumesGetTestJSON-1880857944 tempest-VolumesGetTestJSON-1880857944-project] Validating volume size '1' using validate_int {{(pid=114067) _extract_size /opt/stack/cinder/cinder/volume/flows/api/create_volume.py:228}}
Aug 18 12:20:19.461560 dv-cinder-836027-7-iscsi devstack@c-api.service[114067]: DEBUG cinder.volume.api [req-06859ee1-b964-4c56-8cb9-f048e07c8dad req-7aba7312-e627-4f08-8b1c-7524f8ea9328 tempest-VolumesGetTestJSON-1880857944 tempest-VolumesGetTestJSON-1880857944-project] Task 'cinder.volume.flows.api.create_volume.ExtractVolumeRequestTask;volume:create' (0d64cb0c-72c3-4668-9b33-3c7b52215a09) transitioned into state 'SUCCESS' from state 'RUNNING' with result '{'size': 1, 'snapshot_id': None, 'source_volid': None, 'volume_type': VolumeType(created_at=2022-08-18T12:05:33Z,deleted=False,deleted_at=None,description='Default Volume Type',extra_specs={},id=fa2ae479-2123-4073-97c1-b8945f8f34a8,is_public=True,name='__DEFAULT__',projects=[],qos_specs=,qos_specs_id=None,updated_at=2022-08-18T12:05:33Z), 'volume_type_id': 'fa2ae479-2123-4073-97c1-b8945f8f34a8', 'encryption_key_id': None, 'qos_specs': None, 'consistencygroup_id': None, 'cgsnapshot_id': None, 'group_id': None, 'replication_status': 'disabled', 'refresh_az': False, 'backup_id': None, 'multiattach': False, 'availability_zones': ['nova']}' {{(pid=114067) _task_receiver /usr/local/lib/python3.8/dist-packages/taskflow/listeners/logging.py:178}}
Aug 18 12:20:19.464419 dv-cinder-836027-7-iscsi devstack@c-api.service[114067]: DEBUG cinder.volume.api [req-06859ee1-b964-4c56-8cb9-f048e07c8dad req-7aba7312-e627-4f08-8b1c-7524f8ea9328 tempest-VolumesGetTestJSON-1880857944 tempest-VolumesGetTestJSON-1880857944-project] Task 'cinder.volume.flows.api.create_volume.QuotaReserveTask;volume:create' (018548fa-8f06-443a-bb48-99686a6a99f6) transitioned into state 'RUNNING' from state 'PENDING' {{(pid=114067) _task_receiver /usr/local/lib/python3.8/dist-packages/taskflow/listeners/logging.py:190}}
Aug 18 12:20:19.490368 dv-cinder-836027-7-iscsi devstack@c-api.service[114067]: DEBUG dbcounter [-] [114067] Writing DB stats cinder:SELECT=77,cinder:INSERT=11,cinder:UPDATE=12 {{(pid=114067) stat_writer /usr/local/lib/python3.8/dist-packages/dbcounter.py:114}}
Aug 18 12:20:19.632777 dv-cinder-836027-7-iscsi devstack@c-api.service[114068]: INFO cinder.api.openstack.wsgi [None req-6108d5eb-f31f-427e-8f1a-f4ea1b938e03 tempest-GroupTypeSpecsTest-2063954410 tempest-GroupTypeSpecsTest-2063954410-project-admin] http://10.222.0.98/volume/v3/bdf7b54a8ed14ca7b73c7972b039309f/group_types returned with HTTP 202
Aug 18 12:20:19.641915 dv-cinder-836027-7-iscsi devstack@c-api.service[114068]: [pid: 114068|app: 0|req: 8/16] 10.222.0.98 () {62 vars in 1288 bytes} [Thu Aug 18 12:20:19 2022] POST /volume/v3/bdf7b54a8ed14ca7b73c7972b039309f/group_types => generated 181 bytes in 320 msecs (HTTP/1.1 202) 7 headers in 292 bytes (1 switches on core 0)
Aug 18 12:20:19.643909 dv-cinder-836027-7-iscsi devstack@c-api.service[114068]: DEBUG cinder.api.middleware.request_id [None req-31eed208-8863-4136-9417-07b080bfc11c None None] RequestId filter calling following filter/app {{(pid=114068) _context_setter /opt/stack/cinder/cinder/api/middleware/request_id.py:62}}
Aug 18 12:20:19.792004 dv-cinder-836027-7-iscsi devstack@c-api.service[114068]: INFO cinder.api.openstack.wsgi [None req-31eed208-8863-4136-9417-07b080bfc11c tempest-VolumeTypesNegativeTest-1924352167 tempest-VolumeTypesNegativeTest-1924352167-project] POST http://10.222.0.98/volume/v3/296b5d138eff48958150d7dda904e484/volumes
Aug 18 12:20:19.793032 dv-cinder-836027-7-iscsi devstack@c-api.service[114068]: DEBUG cinder.api.openstack.wsgi [None req-31eed208-8863-4136-9417-07b080bfc11c tempest-VolumeTypesNegativeTest-1924352167 tempest-VolumeTypesNegativeTest-1924352167-project] Action: 'create', calling method: create, body: {"volume": {"volume_type": "28b658e9-a4ff-4e9f-949f-c922de8f6b9b", "size": 1, "name": "tempest-VolumeTypesNegativeTest-Volume-870637170"}} {{(pid=114068) _process_stack /opt/stack/cinder/cinder/api/openstack/wsgi.py:866}}
Aug 18 12:20:19.798232 dv-cinder-836027-7-iscsi devstack@c-api.service[114068]: DEBUG cinder.api.v3.volumes [None req-31eed208-8863-4136-9417-07b080bfc11c tempest-VolumeTypesNegativeTest-1924352167 tempest-VolumeTypesNegativeTest-1924352167-project] Create volume request body: {'volume': {'volume_type': '28b658e9-a4ff-4e9f-949f-c922de8f6b9b', 'size': 1, 'name': 'tempest-VolumeTypesNegativeTest-Volume-870637170'}} {{(pid=114068) create /opt/stack/cinder/cinder/api/v3/volumes.py:298}}
Aug 18 12:20:19.821790 dv-cinder-836027-7-iscsi devstack@c-api.service[114067]: DEBUG cinder.quota [req-06859ee1-b964-4c56-8cb9-f048e07c8dad req-7aba7312-e627-4f08-8b1c-7524f8ea9328 tempest-VolumesGetTestJSON-1880857944 tempest-VolumesGetTestJSON-1880857944-project] Created reservations ['dfd92a82-519c-49fe-9410-b888a56f4153', '7649460e-057a-49f0-a4fa-5c8a444bfe48', '7c756b0c-9bb1-4644-a7ea-70cb03990cff', 'b7c5a585-998a-4b51-95e2-d0ca60cb8db5'] {{(pid=114067) reserve /opt/stack/cinder/cinder/quota.py:755}}
Aug 18 12:20:19.824578 dv-cinder-836027-7-iscsi devstack@c-api.service[114067]: DEBUG cinder.volume.api [req-06859ee1-b964-4c56-8cb9-f048e07c8dad req-7aba7312-e627-4f08-8b1c-7524f8ea9328 tempest-VolumesGetTestJSON-1880857944 tempest-VolumesGetTestJSON-1880857944-project] Task 'cinder.volume.flows.api.create_volume.QuotaReserveTask;volume:create' (018548fa-8f06-443a-bb48-99686a6a99f6) transitioned into state 'SUCCESS' from state 'RUNNING' with result '{'reservations': ['dfd92a82-519c-49fe-9410-b888a56f4153', '7649460e-057a-49f0-a4fa-5c8a444bfe48', '7c756b0c-9bb1-4644-a7ea-70cb03990cff', 'b7c5a585-998a-4b51-95e2-d0ca60cb8db5']}' {{(pid=114067) _task_receiver /usr/local/lib/python3.8/dist-packages/taskflow/listeners/logging.py:178}}
Aug 18 12:20:19.827798 dv-cinder-836027-7-iscsi devstack@c-api.service[114067]: DEBUG cinder.volume.api [req-06859ee1-b964-4c56-8cb9-f048e07c8dad req-7aba7312-e627-4f08-8b1c-7524f8ea9328 tempest-VolumesGetTestJSON-1880857944 tempest-VolumesGetTestJSON-1880857944-project] Task 'cinder.volume.flows.api.create_volume.EntryCreateTask;volume:create' (68c23656-7f89-481a-b2a5-9bc4c3f58207) transitioned into state 'RUNNING' from state 'PENDING' {{(pid=114067) _task_receiver /usr/local/lib/python3.8/dist-packages/taskflow/listeners/logging.py:190}}
Aug 18 12:20:19.834469 dv-cinder-836027-7-iscsi devstack@c-api.service[114068]: INFO cinder.api.openstack.wsgi [None req-31eed208-8863-4136-9417-07b080bfc11c tempest-VolumeTypesNegativeTest-1924352167 tempest-VolumeTypesNegativeTest-1924352167-project] http://10.222.0.98/volume/v3/296b5d138eff48958150d7dda904e484/volumes returned with HTTP 404
Aug 18 12:20:19.834469 dv-cinder-836027-7-iscsi devstack@c-api.service[114068]: [pid: 114068|app: 0|req: 9/17] 10.222.0.98 () {60 vars in 1236 bytes} [Thu Aug 18 12:20:19 2022] POST /volume/v3/296b5d138eff48958150d7dda904e484/volumes => generated 114 bytes in 190 msecs (HTTP/1.1 404) 7 headers in 292 bytes (1 switches on core 0)
Aug 18 12:20:19.834469 dv-cinder-836027-7-iscsi devstack@c-api.service[114068]: DEBUG cinder.api.middleware.request_id [None req-4d5f4366-0a45-4565-a25b-3604256162f1 None None] RequestId filter calling following filter/app {{(pid=114068) _context_setter /opt/stack/cinder/cinder/api/middleware/request_id.py:62}}
Aug 18 12:20:19.848231 dv-cinder-836027-7-iscsi devstack@c-api.service[114068]: INFO cinder.api.openstack.wsgi [None req-4d5f4366-0a45-4565-a25b-3604256162f1 tempest-GroupTypeSpecsTest-2063954410 tempest-GroupTypeSpecsTest-2063954410-project-admin] POST http://10.222.0.98/volume/v3/bdf7b54a8ed14ca7b73c7972b039309f/group_types/b3218e6d-2070-416b-94cd-4c6f91414971/group_specs
Aug 18 12:20:19.851972 dv-cinder-836027-7-iscsi devstack@c-api.service[114068]: DEBUG cinder.api.openstack.wsgi [None req-4d5f4366-0a45-4565-a25b-3604256162f1 tempest-GroupTypeSpecsTest-2063954410 tempest-GroupTypeSpecsTest-2063954410-project-admin] Action: 'create', calling method: version_select, body: {"group_specs": {"key1": "value1", "key2": "value2"}} {{(pid=114068) _process_stack /opt/stack/cinder/cinder/api/openstack/wsgi.py:866}}
Aug 18 12:20:19.970755 dv-cinder-836027-7-iscsi devstack@c-api.service[114068]: INFO cinder.api.openstack.wsgi [None req-4d5f4366-0a45-4565-a25b-3604256162f1 tempest-GroupTypeSpecsTest-2063954410 tempest-GroupTypeSpecsTest-2063954410-project-admin] http://10.222.0.98/volume/v3/bdf7b54a8ed14ca7b73c7972b039309f/group_types/b3218e6d-2070-416b-94cd-4c6f91414971/group_specs returned with HTTP 202
Aug 18 12:20:19.974547 dv-cinder-836027-7-iscsi devstack@c-api.service[114068]: [pid: 114068|app: 0|req: 10/18] 10.222.0.98 () {62 vars in 1435 bytes} [Thu Aug 18 12:20:19 2022] POST /volume/v3/bdf7b54a8ed14ca7b73c7972b039309f/group_types/b3218e6d-2070-416b-94cd-4c6f91414971/group_specs => generated 53 bytes in 140 msecs (HTTP/1.1 202) 7 headers in 291 bytes (1 switches on core 0)
Aug 18 12:20:19.979689 dv-cinder-836027-7-iscsi devstack@c-api.service[114067]: DEBUG cinder.volume.api [req-06859ee1-b964-4c56-8cb9-f048e07c8dad req-7aba7312-e627-4f08-8b1c-7524f8ea9328 tempest-VolumesGetTestJSON-1880857944 tempest-VolumesGetTestJSON-1880857944-project] Task 'cinder.volume.flows.api.create_volume.EntryCreateTask;volume:create' (68c23656-7f89-481a-b2a5-9bc4c3f58207) transitioned into state 'SUCCESS' from state 'RUNNING' with result '{'volume_id': 'a9381e37-59e2-48cc-8c25-a424963cf8bb', 'volume_properties': VolumeProperties(attach_status='detached',availability_zone='nova',cgsnapshot_id=None,consistencygroup_id=None,display_description=None,display_name='tempest-VolumesGetTestJSON-Volume-1883191997',encryption_key_id=None,group_id=None,group_type_id=,metadata={Type='work'},multiattach=False,project_id='69a97ad9036941329090a7723cac0cb4',qos_specs=None,replication_status=,reservations=['dfd92a82-519c-49fe-9410-b888a56f4153','7649460e-057a-49f0-a4fa-5c8a444bfe48','7c756b0c-9bb1-4644-a7ea-70cb03990cff','b7c5a585-998a-4b51-95e2-d0ca60cb8db5'],size=1,snapshot_id=None,source_replicaid=,source_volid=None,status='creating',user_id='018b805cff9946c3b5878df51e6332fe',volume_type_id=fa2ae479-2123-4073-97c1-b8945f8f34a8), 'volume': Volume(_name_id=None,admin_metadata=,attach_status='detached',availability_zone='nova',bootable=False,cluster=,cluster_name=None,consistencygroup=,consistencygroup_id=None,created_at=2022-08-18T12:20:19Z,deleted=False,deleted_at=None,display_description=None,display_name='tempest-VolumesGetTestJSON-Volume-1883191997',ec2_id=None,encryption_key_id=None,glance_metadata=,group=,group_id=None,host=None,id=a9381e37-59e2-48cc-8c25-a424963cf8bb,launched_at=None,metadata={Type='work'},migration_status=None,multiattach=False,previous_status=None,project_id='69a97ad9036941329090a7723cac0cb4',provider_auth=None,provider_geometry=None,provider_id=None,provider_location=None,replication_driver_data=None,replication_extended_status=None,replication_status=None,scheduled_at=None,service_uuid=None,shared_targets=True,size=1,snapshot_id=None,snapshots=,source_volid=None,status='creating',terminated_at=None,updated_at=None,use_quota=True,user_id='018b805cff9946c3b5878df51e6332fe',volume_attachment=VolumeAttachmentList,volume_type=VolumeType(fa2ae479-2123-4073-97c1-b8945f8f34a8),volume_type_id=fa2ae479-2123-4073-97c1-b8945f8f34a8)}' {{(pid=114067) _task_receiver /usr/local/lib/python3.8/dist-packages/taskflow/listeners/logging.py:178}}
Aug 18 12:20:19.979913 dv-cinder-836027-7-iscsi devstack@c-api.service[114068]: DEBUG cinder.api.middleware.request_id [None req-ecf6be4c-e34c-4716-bbb0-c5225089485f None None] RequestId filter calling following filter/app {{(pid=114068) _context_setter /opt/stack/cinder/cinder/api/middleware/request_id.py:62}}
Aug 18 12:20:19.981917 dv-cinder-836027-7-iscsi devstack@c-api.service[114067]: DEBUG cinder.volume.api [req-06859ee1-b964-4c56-8cb9-f048e07c8dad req-7aba7312-e627-4f08-8b1c-7524f8ea9328 tempest-VolumesGetTestJSON-1880857944 tempest-VolumesGetTestJSON-1880857944-project] Task 'cinder.volume.flows.api.create_volume.QuotaCommitTask;volume:create' (9d66bc41-0702-4f6b-a704-d6ba07e76bd6) transitioned into state 'RUNNING' from state 'PENDING' {{(pid=114067) _task_receiver /usr/local/lib/python3.8/dist-packages/taskflow/listeners/logging.py:190}}
Aug 18 12:20:19.987227 dv-cinder-836027-7-iscsi devstack@c-api.service[114068]: INFO cinder.api.openstack.wsgi [None req-ecf6be4c-e34c-4716-bbb0-c5225089485f tempest-VolumesTestJSON-1904387873 tempest-VolumesTestJSON-1904387873-project] GET http://10.222.0.98/volume/v3/524406c27cf045a08ac45f2cb420e944/volumes/6ea3781f-24c4-453d-99ab-9f41361de6ac
Aug 18 12:20:19.987972 dv-cinder-836027-7-iscsi devstack@c-api.service[114068]: DEBUG cinder.api.openstack.wsgi [None req-ecf6be4c-e34c-4716-bbb0-c5225089485f tempest-VolumesTestJSON-1904387873 tempest-VolumesTestJSON-1904387873-project] Empty body provided in request {{(pid=114068) get_body /opt/stack/cinder/cinder/api/openstack/wsgi.py:715}}
Aug 18 12:20:19.988695 dv-cinder-836027-7-iscsi devstack@c-api.service[114068]: DEBUG cinder.api.openstack.wsgi [None req-ecf6be4c-e34c-4716-bbb0-c5225089485f tempest-VolumesTestJSON-1904387873 tempest-VolumesTestJSON-1904387873-project] Calling method 'show' {{(pid=114068) _process_stack /opt/stack/cinder/cinder/api/openstack/wsgi.py:868}}
Aug 18 12:20:20.011586 dv-cinder-836027-7-iscsi devstack@c-api.service[114068]: /usr/local/lib/python3.8/dist-packages/oslo_context/context.py:100: DeprecationWarning: Policy enforcement is depending on the value of is_admin. This key is deprecated. Please update your policy file to use the standard policy values.
Aug 18 12:20:20.011586 dv-cinder-836027-7-iscsi devstack@c-api.service[114068]: warnings.warn('Policy enforcement is depending on the value of '
Aug 18 12:20:20.022445 dv-cinder-836027-7-iscsi devstack@c-api.service[114068]: INFO cinder.volume.api [None req-ecf6be4c-e34c-4716-bbb0-c5225089485f tempest-VolumesTestJSON-1904387873 tempest-VolumesTestJSON-1904387873-project] Volume info retrieved successfully.
Aug 18 12:20:20.038433 dv-cinder-836027-7-iscsi devstack@c-api.service[114068]: INFO cinder.api.openstack.wsgi [None req-ecf6be4c-e34c-4716-bbb0-c5225089485f tempest-VolumesTestJSON-1904387873 tempest-VolumesTestJSON-1904387873-project] http://10.222.0.98/volume/v3/524406c27cf045a08ac45f2cb420e944/volumes/6ea3781f-24c4-453d-99ab-9f41361de6ac returned with HTTP 200
Aug 18 12:20:20.039625 dv-cinder-836027-7-iscsi devstack@c-api.service[114068]: [pid: 114068|app: 0|req: 11/19] 10.222.0.98 () {58 vars in 1325 bytes} [Thu Aug 18 12:20:19 2022] GET /volume/v3/524406c27cf045a08ac45f2cb420e944/volumes/6ea3781f-24c4-453d-99ab-9f41361de6ac => generated 922 bytes in 64 msecs (HTTP/1.1 200) 7 headers in 285 bytes (1 switches on core 0)
Aug 18 12:20:20.041200 dv-cinder-836027-7-iscsi devstack@c-api.service[114068]: DEBUG cinder.api.middleware.request_id [None req-416e89b0-b6f3-4ade-bb5b-944ee3af0ed3 None None] RequestId filter calling following filter/app {{(pid=114068) _context_setter /opt/stack/cinder/cinder/api/middleware/request_id.py:62}}
Aug 18 12:20:20.044969 dv-cinder-836027-7-iscsi devstack@c-api.service[114068]: INFO cinder.api.openstack.wsgi [None req-416e89b0-b6f3-4ade-bb5b-944ee3af0ed3 tempest-VolumeTypesNegativeTest-990190203 tempest-VolumeTypesNegativeTest-990190203-project-admin] POST http://10.222.0.98/volume/v3/0a3aed9d3ac44f0287f88dc207cd9c14/types
Aug 18 12:20:20.047500 dv-cinder-836027-7-iscsi devstack@c-api.service[114068]: DEBUG cinder.api.openstack.wsgi [None req-416e89b0-b6f3-4ade-bb5b-944ee3af0ed3 tempest-VolumeTypesNegativeTest-990190203 tempest-VolumeTypesNegativeTest-990190203-project-admin] Action: 'create', calling method: _create, body: {"volume_type": {"name": ""}} {{(pid=114068) _process_stack /opt/stack/cinder/cinder/api/openstack/wsgi.py:866}}
Aug 18 12:20:20.050807 dv-cinder-836027-7-iscsi devstack@c-api.service[114068]: INFO cinder.api.openstack.wsgi [None req-416e89b0-b6f3-4ade-bb5b-944ee3af0ed3 tempest-VolumeTypesNegativeTest-990190203 tempest-VolumeTypesNegativeTest-990190203-project-admin] http://10.222.0.98/volume/v3/0a3aed9d3ac44f0287f88dc207cd9c14/types returned with HTTP 400
Aug 18 12:20:20.053317 dv-cinder-836027-7-iscsi devstack@c-api.service[114068]: [pid: 114068|app: 0|req: 12/20] 10.222.0.98 () {60 vars in 1229 bytes} [Thu Aug 18 12:20:20 2022] POST /volume/v3/0a3aed9d3ac44f0287f88dc207cd9c14/types => generated 108 bytes in 13 msecs (HTTP/1.1 400) 7 headers in 294 bytes (1 switches on core 0)
Aug 18 12:20:20.056972 dv-cinder-836027-7-iscsi devstack@c-api.service[114068]: DEBUG cinder.api.middleware.request_id [None req-561d7667-d678-490c-b7b4-6a5d5c036e4a None None] RequestId filter calling following filter/app {{(pid=114068) _context_setter /opt/stack/cinder/cinder/api/middleware/request_id.py:62}}
Aug 18 12:20:20.062735 dv-cinder-836027-7-iscsi devstack@c-api.service[114068]: INFO cinder.api.openstack.wsgi [None req-561d7667-d678-490c-b7b4-6a5d5c036e4a tempest-GroupTypeSpecsTest-2063954410 tempest-GroupTypeSpecsTest-2063954410-project-admin] POST http://10.222.0.98/volume/v3/bdf7b54a8ed14ca7b73c7972b039309f/group_types/b3218e6d-2070-416b-94cd-4c6f91414971/group_specs
Aug 18 12:20:20.063763 dv-cinder-836027-7-iscsi devstack@c-api.service[114068]: DEBUG cinder.api.openstack.wsgi [None req-561d7667-d678-490c-b7b4-6a5d5c036e4a tempest-GroupTypeSpecsTest-2063954410 tempest-GroupTypeSpecsTest-2063954410-project-admin] Action: 'create', calling method: version_select, body: {"group_specs": {"key2": "value2-updated", "key3": "value3"}} {{(pid=114068) _process_stack /opt/stack/cinder/cinder/api/openstack/wsgi.py:866}}
Aug 18 12:20:20.097248 dv-cinder-836027-7-iscsi devstack@c-api.service[114067]: DEBUG cinder.volume.api [req-06859ee1-b964-4c56-8cb9-f048e07c8dad req-7aba7312-e627-4f08-8b1c-7524f8ea9328 tempest-VolumesGetTestJSON-1880857944 tempest-VolumesGetTestJSON-1880857944-project] Task 'cinder.volume.flows.api.create_volume.QuotaCommitTask;volume:create' (9d66bc41-0702-4f6b-a704-d6ba07e76bd6) transitioned into state 'SUCCESS' from state 'RUNNING' with result '{'volume_properties': VolumeProperties(attach_status='detached',availability_zone='nova',cgsnapshot_id=None,consistencygroup_id=None,display_description=None,display_name='tempest-VolumesGetTestJSON-Volume-1883191997',encryption_key_id=None,group_id=None,group_type_id=,metadata={Type='work'},multiattach=False,project_id='69a97ad9036941329090a7723cac0cb4',qos_specs=None,replication_status=,reservations=['dfd92a82-519c-49fe-9410-b888a56f4153','7649460e-057a-49f0-a4fa-5c8a444bfe48','7c756b0c-9bb1-4644-a7ea-70cb03990cff','b7c5a585-998a-4b51-95e2-d0ca60cb8db5'],size=1,snapshot_id=None,source_replicaid=,source_volid=None,status='creating',user_id='018b805cff9946c3b5878df51e6332fe',volume_type_id=fa2ae479-2123-4073-97c1-b8945f8f34a8)}' {{(pid=114067) _task_receiver /usr/local/lib/python3.8/dist-packages/taskflow/listeners/logging.py:178}}
Aug 18 12:20:20.105526 dv-cinder-836027-7-iscsi devstack@c-api.service[114067]: DEBUG cinder.volume.api [req-06859ee1-b964-4c56-8cb9-f048e07c8dad req-7aba7312-e627-4f08-8b1c-7524f8ea9328 tempest-VolumesGetTestJSON-1880857944 tempest-VolumesGetTestJSON-1880857944-project] Task 'cinder.volume.flows.api.create_volume.VolumeCastTask;volume:create' (4c2d3c2b-c521-472e-9024-a1bf3a47885d) transitioned into state 'RUNNING' from state 'PENDING' {{(pid=114067) _task_receiver /usr/local/lib/python3.8/dist-packages/taskflow/listeners/logging.py:190}}
Aug 18 12:20:20.204388 dv-cinder-836027-7-iscsi devstack@c-api.service[114068]: INFO cinder.api.openstack.wsgi [None req-561d7667-d678-490c-b7b4-6a5d5c036e4a tempest-GroupTypeSpecsTest-2063954410 tempest-GroupTypeSpecsTest-2063954410-project-admin] http://10.222.0.98/volume/v3/bdf7b54a8ed14ca7b73c7972b039309f/group_types/b3218e6d-2070-416b-94cd-4c6f91414971/group_specs returned with HTTP 202
Aug 18 12:20:20.205498 dv-cinder-836027-7-iscsi devstack@c-api.service[114068]: [pid: 114068|app: 0|req: 13/21] 10.222.0.98 () {62 vars in 1435 bytes} [Thu Aug 18 12:20:20 2022] POST /volume/v3/bdf7b54a8ed14ca7b73c7972b039309f/group_types/b3218e6d-2070-416b-94cd-4c6f91414971/group_specs => generated 61 bytes in 151 msecs (HTTP/1.1 202) 7 headers in 291 bytes (1 switches on core 0)
Aug 18 12:20:20.207445 dv-cinder-836027-7-iscsi devstack@c-api.service[114068]: DEBUG cinder.api.middleware.request_id [None req-14e7ca83-a5a3-4837-87da-411eeae4df9d None None] RequestId filter calling following filter/app {{(pid=114068) _context_setter /opt/stack/cinder/cinder/api/middleware/request_id.py:62}}
Aug 18 12:20:20.212779 dv-cinder-836027-7-iscsi devstack@c-api.service[114067]: DEBUG cinder.volume.api [req-06859ee1-b964-4c56-8cb9-f048e07c8dad req-7aba7312-e627-4f08-8b1c-7524f8ea9328 tempest-VolumesGetTestJSON-1880857944 tempest-VolumesGetTestJSON-1880857944-project] Task 'cinder.volume.flows.api.create_volume.VolumeCastTask;volume:create' (4c2d3c2b-c521-472e-9024-a1bf3a47885d) transitioned into state 'SUCCESS' from state 'RUNNING' with result 'None' {{(pid=114067) _task_receiver /usr/local/lib/python3.8/dist-packages/taskflow/listeners/logging.py:178}}
Aug 18 12:20:20.216447 dv-cinder-836027-7-iscsi devstack@c-api.service[114068]: INFO cinder.api.openstack.wsgi [None req-14e7ca83-a5a3-4837-87da-411eeae4df9d tempest-VolumeTypesNegativeTest-990190203 tempest-VolumeTypesNegativeTest-990190203-project-admin] POST http://10.222.0.98/volume/v3/0a3aed9d3ac44f0287f88dc207cd9c14/types
Aug 18 12:20:20.216447 dv-cinder-836027-7-iscsi devstack@c-api.service[114068]: DEBUG cinder.api.openstack.wsgi [None req-14e7ca83-a5a3-4837-87da-411eeae4df9d tempest-VolumeTypesNegativeTest-990190203 tempest-VolumeTypesNegativeTest-990190203-project-admin] Action: 'create', calling method: _create, body: {"volume_type": {"name": "tempest-VolumeTypesNegativeTest-volume-type-299745388"}} {{(pid=114068) _process_stack /opt/stack/cinder/cinder/api/openstack/wsgi.py:866}}
Aug 18 12:20:20.216662 dv-cinder-836027-7-iscsi devstack@c-api.service[114067]: DEBUG cinder.volume.api [req-06859ee1-b964-4c56-8cb9-f048e07c8dad req-7aba7312-e627-4f08-8b1c-7524f8ea9328 tempest-VolumesGetTestJSON-1880857944 tempest-VolumesGetTestJSON-1880857944-project] Flow 'volume_create_api' (9e354029-1021-4644-a927-2b6651a065c0) transitioned into state 'SUCCESS' from state 'RUNNING' {{(pid=114067) _flow_receiver /usr/local/lib/python3.8/dist-packages/taskflow/listeners/logging.py:141}}
Aug 18 12:20:20.216662 dv-cinder-836027-7-iscsi devstack@c-api.service[114067]: INFO cinder.volume.api [req-06859ee1-b964-4c56-8cb9-f048e07c8dad req-7aba7312-e627-4f08-8b1c-7524f8ea9328 tempest-VolumesGetTestJSON-1880857944 tempest-VolumesGetTestJSON-1880857944-project] Create volume request issued successfully.
Aug 18 12:20:20.220365 dv-cinder-836027-7-iscsi devstack@c-api.service[114067]: INFO cinder.api.openstack.wsgi [req-06859ee1-b964-4c56-8cb9-f048e07c8dad req-7aba7312-e627-4f08-8b1c-7524f8ea9328 tempest-VolumesGetTestJSON-1880857944 tempest-VolumesGetTestJSON-1880857944-project] http://10.222.0.98/volume/v3/69a97ad9036941329090a7723cac0cb4/volumes returned with HTTP 202
Aug 18 12:20:20.221176 dv-cinder-836027-7-iscsi devstack@c-api.service[114067]: [pid: 114067|app: 0|req: 9/22] 10.222.0.98 () {64 vars in 1521 bytes} [Thu Aug 18 12:20:19 2022] POST /volume/v3/69a97ad9036941329090a7723cac0cb4/volumes => generated 832 bytes in 1067 msecs (HTTP/1.1 202) 7 headers in 291 bytes (2 switches on core 0)
Aug 18 12:20:20.225993 dv-cinder-836027-7-iscsi devstack@c-api.service[114067]: DEBUG cinder.api.middleware.request_id [None req-c0b75db8-59db-40b5-bd95-86b0f2212c61 None None] RequestId filter calling following filter/app {{(pid=114067) _context_setter /opt/stack/cinder/cinder/api/middleware/request_id.py:62}}
Aug 18 12:20:20.240335 dv-cinder-836027-7-iscsi devstack@c-api.service[114067]: INFO cinder.api.openstack.wsgi [None req-c0b75db8-59db-40b5-bd95-86b0f2212c61 tempest-GroupTypeSpecsTest-2063954410 tempest-GroupTypeSpecsTest-2063954410-project-admin] GET http://10.222.0.98/volume/v3/bdf7b54a8ed14ca7b73c7972b039309f/group_types/b3218e6d-2070-416b-94cd-4c6f91414971/group_specs/key2
Aug 18 12:20:20.240950 dv-cinder-836027-7-iscsi devstack@c-api.service[114067]: DEBUG cinder.api.openstack.wsgi [None req-c0b75db8-59db-40b5-bd95-86b0f2212c61 tempest-GroupTypeSpecsTest-2063954410 tempest-GroupTypeSpecsTest-2063954410-project-admin] Empty body provided in request {{(pid=114067) get_body /opt/stack/cinder/cinder/api/openstack/wsgi.py:715}}
Aug 18 12:20:20.241425 dv-cinder-836027-7-iscsi devstack@c-api.service[114067]: DEBUG cinder.api.openstack.wsgi [None req-c0b75db8-59db-40b5-bd95-86b0f2212c61 tempest-GroupTypeSpecsTest-2063954410 tempest-GroupTypeSpecsTest-2063954410-project-admin] Calling method 'version_select' {{(pid=114067) _process_stack /opt/stack/cinder/cinder/api/openstack/wsgi.py:868}}
Aug 18 12:20:20.242180 dv-cinder-836027-7-iscsi devstack@c-api.service[114067]: /usr/local/lib/python3.8/dist-packages/oslo_context/context.py:100: DeprecationWarning: Policy enforcement is depending on the value of is_admin. This key is deprecated. Please update your policy file to use the standard policy values.
Aug 18 12:20:20.242180 dv-cinder-836027-7-iscsi devstack@c-api.service[114067]: warnings.warn('Policy enforcement is depending on the value of '
Aug 18 12:20:20.294179 dv-cinder-836027-7-iscsi devstack@c-api.service[114067]: INFO cinder.api.openstack.wsgi [None req-c0b75db8-59db-40b5-bd95-86b0f2212c61 tempest-GroupTypeSpecsTest-2063954410 tempest-GroupTypeSpecsTest-2063954410-project-admin] http://10.222.0.98/volume/v3/bdf7b54a8ed14ca7b73c7972b039309f/group_types/b3218e6d-2070-416b-94cd-4c6f91414971/group_specs/key2 returned with HTTP 200
Aug 18 12:20:20.516392 dv-cinder-836027-7-iscsi devstack@c-api.service[114067]: [pid: 114067|app: 0|req: 10/23] 10.222.0.98 () {60 vars in 1429 bytes} [Thu Aug 18 12:20:20 2022] GET /volume/v3/bdf7b54a8ed14ca7b73c7972b039309f/group_types/b3218e6d-2070-416b-94cd-4c6f91414971/group_specs/key2 => generated 26 bytes in 74 msecs (HTTP/1.1 200) 7 headers in 285 bytes (1 switches on core 0)
Aug 18 12:20:20.516392 dv-cinder-836027-7-iscsi devstack@c-api.service[114067]: DEBUG cinder.api.middleware.request_id [req-06859ee1-b964-4c56-8cb9-f048e07c8dad req-3834c2af-8b63-4a25-89eb-2bb74f98937f None None] RequestId filter calling following filter/app {{(pid=114067) _context_setter /opt/stack/cinder/cinder/api/middleware/request_id.py:62}}
Aug 18 12:20:20.516392 dv-cinder-836027-7-iscsi devstack@c-api.service[114067]: INFO cinder.api.openstack.wsgi [req-06859ee1-b964-4c56-8cb9-f048e07c8dad req-3834c2af-8b63-4a25-89eb-2bb74f98937f tempest-VolumesGetTestJSON-1880857944 tempest-VolumesGetTestJSON-1880857944-project] GET http://10.222.0.98/volume/v3/69a97ad9036941329090a7723cac0cb4/volumes/a9381e37-59e2-48cc-8c25-a424963cf8bb
Aug 18 12:20:20.516392 dv-cinder-836027-7-iscsi devstack@c-api.service[114067]: DEBUG cinder.api.openstack.wsgi [req-06859ee1-b964-4c56-8cb9-f048e07c8dad req-3834c2af-8b63-4a25-89eb-2bb74f98937f tempest-VolumesGetTestJSON-1880857944 tempest-VolumesGetTestJSON-1880857944-project] Empty body provided in request {{(pid=114067) get_body /opt/stack/cinder/cinder/api/openstack/wsgi.py:715}}
Aug 18 12:20:20.516392 dv-cinder-836027-7-iscsi devstack@c-api.service[114067]: DEBUG cinder.api.openstack.wsgi [req-06859ee1-b964-4c56-8cb9-f048e07c8dad req-3834c2af-8b63-4a25-89eb-2bb74f98937f tempest-VolumesGetTestJSON-1880857944 tempest-VolumesGetTestJSON-1880857944-project] Calling method 'show' {{(pid=114067) _process_stack /opt/stack/cinder/cinder/api/openstack/wsgi.py:868}}
Aug 18 12:20:20.516392 dv-cinder-836027-7-iscsi devstack@c-api.service[114067]: /usr/local/lib/python3.8/dist-packages/oslo_context/context.py:100: DeprecationWarning: Policy enforcement is depending on the value of is_admin. This key is deprecated. Please update your policy file to use the standard policy values.
Aug 18 12:20:20.516392 dv-cinder-836027-7-iscsi devstack@c-api.service[114067]: warnings.warn('Policy enforcement is depending on the value of '
Aug 18 12:20:20.522187 dv-cinder-836027-7-iscsi devstack@c-api.service[114068]: INFO cinder.api.openstack.wsgi [None req-14e7ca83-a5a3-4837-87da-411eeae4df9d tempest-VolumeTypesNegativeTest-990190203 tempest-VolumeTypesNegativeTest-990190203-project-admin] http://10.222.0.98/volume/v3/0a3aed9d3ac44f0287f88dc207cd9c14/types returned with HTTP 200
Aug 18 12:20:20.522187 dv-cinder-836027-7-iscsi devstack@c-api.service[114068]: [pid: 114068|app: 0|req: 14/24] 10.222.0.98 () {60 vars in 1229 bytes} [Thu Aug 18 12:20:20 2022] POST /volume/v3/0a3aed9d3ac44f0287f88dc207cd9c14/types => generated 228 bytes in 161 msecs (HTTP/1.1 200) 7 headers in 285 bytes (1 switches on core 0)
Aug 18 12:20:20.522187 dv-cinder-836027-7-iscsi devstack@c-api.service[114068]: DEBUG cinder.api.middleware.request_id [None req-7d5f6462-3c9e-416f-a178-23610514dee0 None None] RequestId filter calling following filter/app {{(pid=114068) _context_setter /opt/stack/cinder/cinder/api/middleware/request_id.py:62}}
Aug 18 12:20:20.528950 dv-cinder-836027-7-iscsi devstack@c-api.service[114067]: INFO cinder.volume.api [req-06859ee1-b964-4c56-8cb9-f048e07c8dad req-3834c2af-8b63-4a25-89eb-2bb74f98937f tempest-VolumesGetTestJSON-1880857944 tempest-VolumesGetTestJSON-1880857944-project] Volume info retrieved successfully.
Aug 18 12:20:20.530149 dv-cinder-836027-7-iscsi devstack@c-api.service[114068]: INFO cinder.api.openstack.wsgi [None req-7d5f6462-3c9e-416f-a178-23610514dee0 tempest-GroupTypeSpecsTest-2063954410 tempest-GroupTypeSpecsTest-2063954410-project-admin] GET http://10.222.0.98/volume/v3/bdf7b54a8ed14ca7b73c7972b039309f/group_types/b3218e6d-2070-416b-94cd-4c6f91414971/group_specs/key3
Aug 18 12:20:20.530149 dv-cinder-836027-7-iscsi devstack@c-api.service[114068]: DEBUG cinder.api.openstack.wsgi [None req-7d5f6462-3c9e-416f-a178-23610514dee0 tempest-GroupTypeSpecsTest-2063954410 tempest-GroupTypeSpecsTest-2063954410-project-admin] Empty body provided in request {{(pid=114068) get_body /opt/stack/cinder/cinder/api/openstack/wsgi.py:715}}
Aug 18 12:20:20.530149 dv-cinder-836027-7-iscsi devstack@c-api.service[114068]: DEBUG cinder.api.openstack.wsgi [None req-7d5f6462-3c9e-416f-a178-23610514dee0 tempest-GroupTypeSpecsTest-2063954410 tempest-GroupTypeSpecsTest-2063954410-project-admin] Calling method 'version_select' {{(pid=114068) _process_stack /opt/stack/cinder/cinder/api/openstack/wsgi.py:868}}
Aug 18 12:20:20.532215 dv-cinder-836027-7-iscsi devstack@c-api.service[114067]: INFO cinder.api.openstack.wsgi [req-06859ee1-b964-4c56-8cb9-f048e07c8dad req-3834c2af-8b63-4a25-89eb-2bb74f98937f tempest-VolumesGetTestJSON-1880857944 tempest-VolumesGetTestJSON-1880857944-project] http://10.222.0.98/volume/v3/69a97ad9036941329090a7723cac0cb4/volumes/a9381e37-59e2-48cc-8c25-a424963cf8bb returned with HTTP 200
Aug 18 12:20:20.532215 dv-cinder-836027-7-iscsi devstack@c-api.service[114067]: [pid: 114067|app: 0|req: 11/25] 10.222.0.98 () {60 vars in 1578 bytes} [Thu Aug 18 12:20:20 2022] GET /volume/v3/69a97ad9036941329090a7723cac0cb4/volumes/a9381e37-59e2-48cc-8c25-a424963cf8bb => generated 900 bytes in 115 msecs (HTTP/1.1 200) 7 headers in 285 bytes (1 switches on core 0)
Aug 18 12:20:20.532520 dv-cinder-836027-7-iscsi devstack@c-api.service[114068]: INFO cinder.api.openstack.wsgi [None req-7d5f6462-3c9e-416f-a178-23610514dee0 tempest-GroupTypeSpecsTest-2063954410 tempest-GroupTypeSpecsTest-2063954410-project-admin] http://10.222.0.98/volume/v3/bdf7b54a8ed14ca7b73c7972b039309f/group_types/b3218e6d-2070-416b-94cd-4c6f91414971/group_specs/key3 returned with HTTP 200
Aug 18 12:20:20.532658 dv-cinder-836027-7-iscsi devstack@c-api.service[114067]: DEBUG cinder.api.middleware.request_id [None req-49321bdf-b845-4b05-96df-0f4d2875b6f1 None None] RequestId filter calling following filter/app {{(pid=114067) _context_setter /opt/stack/cinder/cinder/api/middleware/request_id.py:62}}
Aug 18 12:20:20.532815 dv-cinder-836027-7-iscsi devstack@c-api.service[114068]: [pid: 114068|app: 0|req: 15/26] 10.222.0.98 () {60 vars in 1429 bytes} [Thu Aug 18 12:20:20 2022] GET /volume/v3/bdf7b54a8ed14ca7b73c7972b039309f/group_types/b3218e6d-2070-416b-94cd-4c6f91414971/group_specs/key3 => generated 18 bytes in 57 msecs (HTTP/1.1 200) 7 headers in 285 bytes (1 switches on core 0)
Aug 18 12:20:20.532815 dv-cinder-836027-7-iscsi devstack@c-api.service[114068]: DEBUG cinder.api.middleware.request_id [None req-fe0aaab9-9b79-4ba8-a6dd-f5c7f1888ad2 None None] RequestId filter calling following filter/app {{(pid=114068) _context_setter /opt/stack/cinder/cinder/api/middleware/request_id.py:62}}
Aug 18 12:20:20.533076 dv-cinder-836027-7-iscsi devstack@c-api.service[114067]: INFO cinder.api.openstack.wsgi [None req-49321bdf-b845-4b05-96df-0f4d2875b6f1 tempest-VolumeTypesNegativeTest-990190203 tempest-VolumeTypesNegativeTest-990190203-project-admin] POST http://10.222.0.98/volume/v3/0a3aed9d3ac44f0287f88dc207cd9c14/types
Aug 18 12:20:20.533203 dv-cinder-836027-7-iscsi devstack@c-api.service[114068]: INFO cinder.api.openstack.wsgi [None req-fe0aaab9-9b79-4ba8-a6dd-f5c7f1888ad2 tempest-GroupTypeSpecsTest-2063954410 tempest-GroupTypeSpecsTest-2063954410-project-admin] PUT http://10.222.0.98/volume/v3/bdf7b54a8ed14ca7b73c7972b039309f/group_types/b3218e6d-2070-416b-94cd-4c6f91414971/group_specs/key3
Aug 18 12:20:20.533203 dv-cinder-836027-7-iscsi devstack@c-api.service[114068]: DEBUG cinder.api.openstack.wsgi [None req-fe0aaab9-9b79-4ba8-a6dd-f5c7f1888ad2 tempest-GroupTypeSpecsTest-2063954410 tempest-GroupTypeSpecsTest-2063954410-project-admin] Action: 'update', calling method: version_select, body: {"key3": "value3-updated"} {{(pid=114068) _process_stack /opt/stack/cinder/cinder/api/openstack/wsgi.py:866}}
Aug 18 12:20:20.533455 dv-cinder-836027-7-iscsi devstack@c-api.service[114067]: DEBUG cinder.api.openstack.wsgi [None req-49321bdf-b845-4b05-96df-0f4d2875b6f1 tempest-VolumeTypesNegativeTest-990190203 tempest-VolumeTypesNegativeTest-990190203-project-admin] Action: 'create', calling method: _create, body: {"volume_type": {"name": "tempest-VolumeTypesNegativeTest-volume-type-299745388"}} {{(pid=114067) _process_stack /opt/stack/cinder/cinder/api/openstack/wsgi.py:866}}
Aug 18 12:20:20.533455 dv-cinder-836027-7-iscsi devstack@c-api.service[114067]: INFO cinder.api.openstack.wsgi [None req-49321bdf-b845-4b05-96df-0f4d2875b6f1 tempest-VolumeTypesNegativeTest-990190203 tempest-VolumeTypesNegativeTest-990190203-project-admin] HTTP exception thrown: Volume Type tempest-VolumeTypesNegativeTest-volume-type-299745388 already exists.
Aug 18 12:20:20.533455 dv-cinder-836027-7-iscsi devstack@c-api.service[114067]: INFO cinder.api.openstack.wsgi [None req-49321bdf-b845-4b05-96df-0f4d2875b6f1 tempest-VolumeTypesNegativeTest-990190203 tempest-VolumeTypesNegativeTest-990190203-project-admin] http://10.222.0.98/volume/v3/0a3aed9d3ac44f0287f88dc207cd9c14/types returned with HTTP 409
Aug 18 12:20:20.533455 dv-cinder-836027-7-iscsi devstack@c-api.service[114067]: [pid: 114067|app: 0|req: 12/27] 10.222.0.98 () {60 vars in 1229 bytes} [Thu Aug 18 12:20:20 2022] POST /volume/v3/0a3aed9d3ac44f0287f88dc207cd9c14/types => generated 133 bytes in 59 msecs (HTTP/1.1 409) 7 headers in 291 bytes (1 switches on core 0)
Aug 18 12:20:20.533455 dv-cinder-836027-7-iscsi devstack@c-api.service[114067]: DEBUG cinder.api.middleware.request_id [req-6595a5f4-9b02-468e-ba6d-e6b53ac674fc req-22b483f6-9fed-4565-b466-5ac92cac1fff None None] RequestId filter calling following filter/app {{(pid=114067) _context_setter /opt/stack/cinder/cinder/api/middleware/request_id.py:62}}
Aug 18 12:20:20.533455 dv-cinder-836027-7-iscsi devstack@c-api.service[114067]: INFO cinder.api.openstack.wsgi [req-6595a5f4-9b02-468e-ba6d-e6b53ac674fc req-22b483f6-9fed-4565-b466-5ac92cac1fff tempest-VolumesGetTestJSON-1880857944 tempest-VolumesGetTestJSON-1880857944-project] GET http://10.222.0.98/volume/v3/69a97ad9036941329090a7723cac0cb4/volumes/a9381e37-59e2-48cc-8c25-a424963cf8bb
Aug 18 12:20:20.533455 dv-cinder-836027-7-iscsi devstack@c-api.service[114067]: DEBUG cinder.api.openstack.wsgi [req-6595a5f4-9b02-468e-ba6d-e6b53ac674fc req-22b483f6-9fed-4565-b466-5ac92cac1fff tempest-VolumesGetTestJSON-1880857944 tempest-VolumesGetTestJSON-1880857944-project] Empty body provided in request {{(pid=114067) get_body /opt/stack/cinder/cinder/api/openstack/wsgi.py:715}}
Aug 18 12:20:20.533455 dv-cinder-836027-7-iscsi devstack@c-api.service[114067]: DEBUG cinder.api.openstack.wsgi [req-6595a5f4-9b02-468e-ba6d-e6b53ac674fc req-22b483f6-9fed-4565-b466-5ac92cac1fff tempest-VolumesGetTestJSON-1880857944 tempest-VolumesGetTestJSON-1880857944-project] Calling method 'show' {{(pid=114067) _process_stack /opt/stack/cinder/cinder/api/openstack/wsgi.py:868}}
Aug 18 12:20:20.533455 dv-cinder-836027-7-iscsi devstack@c-api.service[114067]: /usr/local/lib/python3.8/dist-packages/oslo_context/context.py:100: DeprecationWarning: Policy enforcement is depending on the value of is_admin. This key is deprecated. Please update your policy file to use the standard policy values.
Aug 18 12:20:20.533455 dv-cinder-836027-7-iscsi devstack@c-api.service[114067]: warnings.warn('Policy enforcement is depending on the value of '
Aug 18 12:20:20.545535 dv-cinder-836027-7-iscsi devstack@c-api.service[114067]: INFO cinder.volume.api [req-6595a5f4-9b02-468e-ba6d-e6b53ac674fc req-22b483f6-9fed-4565-b466-5ac92cac1fff tempest-VolumesGetTestJSON-1880857944 tempest-VolumesGetTestJSON-1880857944-project] Volume info retrieved successfully.
Aug 18 12:20:20.564115 dv-cinder-836027-7-iscsi devstack@c-api.service[114067]: INFO cinder.api.openstack.wsgi [req-6595a5f4-9b02-468e-ba6d-e6b53ac674fc req-22b483f6-9fed-4565-b466-5ac92cac1fff tempest-VolumesGetTestJSON-1880857944 tempest-VolumesGetTestJSON-1880857944-project] http://10.222.0.98/volume/v3/69a97ad9036941329090a7723cac0cb4/volumes/a9381e37-59e2-48cc-8c25-a424963cf8bb returned with HTTP 200
Aug 18 12:20:20.564998 dv-cinder-836027-7-iscsi devstack@c-api.service[114067]: [pid: 114067|app: 0|req: 13/28] 10.222.0.98 () {60 vars in 1578 bytes} [Thu Aug 18 12:20:20 2022] GET /volume/v3/69a97ad9036941329090a7723cac0cb4/volumes/a9381e37-59e2-48cc-8c25-a424963cf8bb => generated 900 bytes in 89 msecs (HTTP/1.1 200) 7 headers in 285 bytes (1 switches on core 0)
Aug 18 12:20:20.566494 dv-cinder-836027-7-iscsi devstack@c-api.service[114067]: DEBUG cinder.api.middleware.request_id [None req-21c02f73-c9aa-4842-a8e0-52f1abb404bd None None] RequestId filter calling following filter/app {{(pid=114067) _context_setter /opt/stack/cinder/cinder/api/middleware/request_id.py:62}}
Aug 18 12:20:20.586182 dv-cinder-836027-7-iscsi devstack@c-api.service[114067]: INFO cinder.api.openstack.wsgi [None req-21c02f73-c9aa-4842-a8e0-52f1abb404bd tempest-VolumeTypesNegativeTest-990190203 tempest-VolumeTypesNegativeTest-990190203-project-admin] DELETE http://10.222.0.98/volume/v3/0a3aed9d3ac44f0287f88dc207cd9c14/types/930ee1a1-fba3-4edb-8c30-d833224d91f0
Aug 18 12:20:20.586182 dv-cinder-836027-7-iscsi devstack@c-api.service[114067]: DEBUG cinder.api.openstack.wsgi [None req-21c02f73-c9aa-4842-a8e0-52f1abb404bd tempest-VolumeTypesNegativeTest-990190203 tempest-VolumeTypesNegativeTest-990190203-project-admin] Empty body provided in request {{(pid=114067) get_body /opt/stack/cinder/cinder/api/openstack/wsgi.py:715}}
Aug 18 12:20:20.586182 dv-cinder-836027-7-iscsi devstack@c-api.service[114067]: DEBUG cinder.api.openstack.wsgi [None req-21c02f73-c9aa-4842-a8e0-52f1abb404bd tempest-VolumeTypesNegativeTest-990190203 tempest-VolumeTypesNegativeTest-990190203-project-admin] Calling method '_delete' {{(pid=114067) _process_stack /opt/stack/cinder/cinder/api/openstack/wsgi.py:868}}
Aug 18 12:20:20.586182 dv-cinder-836027-7-iscsi devstack@c-api.service[114067]: INFO cinder.api.openstack.wsgi [None req-21c02f73-c9aa-4842-a8e0-52f1abb404bd tempest-VolumeTypesNegativeTest-990190203 tempest-VolumeTypesNegativeTest-990190203-project-admin] http://10.222.0.98/volume/v3/0a3aed9d3ac44f0287f88dc207cd9c14/types/930ee1a1-fba3-4edb-8c30-d833224d91f0 returned with HTTP 404
Aug 18 12:20:20.586182 dv-cinder-836027-7-iscsi devstack@c-api.service[114067]: [pid: 114067|app: 0|req: 14/29] 10.222.0.98 () {58 vars in 1322 bytes} [Thu Aug 18 12:20:20 2022] DELETE /volume/v3/0a3aed9d3ac44f0287f88dc207cd9c14/types/930ee1a1-fba3-4edb-8c30-d833224d91f0 => generated 114 bytes in 16 msecs (HTTP/1.1 404) 7 headers in 292 bytes (1 switches on core 0)
Aug 18 12:20:20.588692 dv-cinder-836027-7-iscsi devstack@c-api.service[114067]: DEBUG cinder.api.middleware.request_id [None req-478eb627-f61f-4188-848a-c8ba1170f14d None None] RequestId filter calling following filter/app {{(pid=114067) _context_setter /opt/stack/cinder/cinder/api/middleware/request_id.py:62}}
Aug 18 12:20:20.594673 dv-cinder-836027-7-iscsi devstack@c-api.service[114067]: INFO cinder.api.openstack.wsgi [None req-478eb627-f61f-4188-848a-c8ba1170f14d tempest-VolumeTypesNegativeTest-990190203 tempest-VolumeTypesNegativeTest-990190203-project-admin] GET http://10.222.0.98/volume/v3/0a3aed9d3ac44f0287f88dc207cd9c14/types/4bf53d0d-ce6d-4e06-9a51-207178af72d8
Aug 18 12:20:20.594765 dv-cinder-836027-7-iscsi devstack@c-api.service[114067]: DEBUG cinder.api.openstack.wsgi [None req-478eb627-f61f-4188-848a-c8ba1170f14d tempest-VolumeTypesNegativeTest-990190203 tempest-VolumeTypesNegativeTest-990190203-project-admin] Empty body provided in request {{(pid=114067) get_body /opt/stack/cinder/cinder/api/openstack/wsgi.py:715}}
Aug 18 12:20:20.595522 dv-cinder-836027-7-iscsi devstack@c-api.service[114067]: DEBUG cinder.api.openstack.wsgi [None req-478eb627-f61f-4188-848a-c8ba1170f14d tempest-VolumeTypesNegativeTest-990190203 tempest-VolumeTypesNegativeTest-990190203-project-admin] Calling method 'show' {{(pid=114067) _process_stack /opt/stack/cinder/cinder/api/openstack/wsgi.py:868}}
Aug 18 12:20:20.602002 dv-cinder-836027-7-iscsi devstack@c-api.service[114067]: INFO cinder.api.openstack.wsgi [None req-478eb627-f61f-4188-848a-c8ba1170f14d tempest-VolumeTypesNegativeTest-990190203 tempest-VolumeTypesNegativeTest-990190203-project-admin] http://10.222.0.98/volume/v3/0a3aed9d3ac44f0287f88dc207cd9c14/types/4bf53d0d-ce6d-4e06-9a51-207178af72d8 returned with HTTP 404
Aug 18 12:20:20.603357 dv-cinder-836027-7-iscsi devstack@c-api.service[114067]: [pid: 114067|app: 0|req: 15/30] 10.222.0.98 () {58 vars in 1319 bytes} [Thu Aug 18 12:20:20 2022] GET /volume/v3/0a3aed9d3ac44f0287f88dc207cd9c14/types/4bf53d0d-ce6d-4e06-9a51-207178af72d8 => generated 114 bytes in 16 msecs (HTTP/1.1 404) 7 headers in 292 bytes (1 switches on core 0)
Aug 18 12:20:20.610328 dv-cinder-836027-7-iscsi devstack@c-api.service[114067]: DEBUG cinder.api.middleware.request_id [None req-81f1e639-5585-4b4a-ad8e-994a6987a056 None None] RequestId filter calling following filter/app {{(pid=114067) _context_setter /opt/stack/cinder/cinder/api/middleware/request_id.py:62}}
Aug 18 12:20:20.615056 dv-cinder-836027-7-iscsi devstack@c-api.service[114067]: INFO cinder.api.openstack.wsgi [None req-81f1e639-5585-4b4a-ad8e-994a6987a056 tempest-VolumeTypesNegativeTest-990190203 tempest-VolumeTypesNegativeTest-990190203-project-admin] DELETE http://10.222.0.98/volume/v3/0a3aed9d3ac44f0287f88dc207cd9c14/types/b346065f-c971-4454-a1a5-40d00d9481d1
Aug 18 12:20:20.615666 dv-cinder-836027-7-iscsi devstack@c-api.service[114067]: DEBUG cinder.api.openstack.wsgi [None req-81f1e639-5585-4b4a-ad8e-994a6987a056 tempest-VolumeTypesNegativeTest-990190203 tempest-VolumeTypesNegativeTest-990190203-project-admin] Empty body provided in request {{(pid=114067) get_body /opt/stack/cinder/cinder/api/openstack/wsgi.py:715}}
Aug 18 12:20:20.616291 dv-cinder-836027-7-iscsi devstack@c-api.service[114067]: DEBUG cinder.api.openstack.wsgi [None req-81f1e639-5585-4b4a-ad8e-994a6987a056 tempest-VolumeTypesNegativeTest-990190203 tempest-VolumeTypesNegativeTest-990190203-project-admin] Calling method '_delete' {{(pid=114067) _process_stack /opt/stack/cinder/cinder/api/openstack/wsgi.py:868}}
Aug 18 12:20:20.684481 dv-cinder-836027-7-iscsi devstack@c-api.service[114068]: INFO cinder.api.openstack.wsgi [None req-fe0aaab9-9b79-4ba8-a6dd-f5c7f1888ad2 tempest-GroupTypeSpecsTest-2063954410 tempest-GroupTypeSpecsTest-2063954410-project-admin] http://10.222.0.98/volume/v3/bdf7b54a8ed14ca7b73c7972b039309f/group_types/b3218e6d-2070-416b-94cd-4c6f91414971/group_specs/key3 returned with HTTP 200
Aug 18 12:20:20.685938 dv-cinder-836027-7-iscsi devstack@c-api.service[114068]: [pid: 114068|app: 0|req: 16/31] 10.222.0.98 () {62 vars in 1449 bytes} [Thu Aug 18 12:20:20 2022] PUT /volume/v3/bdf7b54a8ed14ca7b73c7972b039309f/group_types/b3218e6d-2070-416b-94cd-4c6f91414971/group_specs/key3 => generated 26 bytes in 261 msecs (HTTP/1.1 200) 7 headers in 285 bytes (1 switches on core 0)
Aug 18 12:20:20.692474 dv-cinder-836027-7-iscsi devstack@c-api.service[114068]: DEBUG cinder.api.middleware.request_id [None req-0d208120-6413-4b29-9713-1a57c48a32df None None] RequestId filter calling following filter/app {{(pid=114068) _context_setter /opt/stack/cinder/cinder/api/middleware/request_id.py:62}}
Aug 18 12:20:20.697596 dv-cinder-836027-7-iscsi devstack@c-api.service[114068]: INFO cinder.api.openstack.wsgi [None req-0d208120-6413-4b29-9713-1a57c48a32df tempest-GroupTypeSpecsTest-2063954410 tempest-GroupTypeSpecsTest-2063954410-project-admin] GET http://10.222.0.98/volume/v3/bdf7b54a8ed14ca7b73c7972b039309f/group_types/b3218e6d-2070-416b-94cd-4c6f91414971/group_specs
Aug 18 12:20:20.698108 dv-cinder-836027-7-iscsi devstack@c-api.service[114068]: DEBUG cinder.api.openstack.wsgi [None req-0d208120-6413-4b29-9713-1a57c48a32df tempest-GroupTypeSpecsTest-2063954410 tempest-GroupTypeSpecsTest-2063954410-project-admin] Empty body provided in request {{(pid=114068) get_body /opt/stack/cinder/cinder/api/openstack/wsgi.py:715}}
Aug 18 12:20:20.698558 dv-cinder-836027-7-iscsi devstack@c-api.service[114068]: DEBUG cinder.api.openstack.wsgi [None req-0d208120-6413-4b29-9713-1a57c48a32df tempest-GroupTypeSpecsTest-2063954410 tempest-GroupTypeSpecsTest-2063954410-project-admin] Calling method 'version_select' {{(pid=114068) _process_stack /opt/stack/cinder/cinder/api/openstack/wsgi.py:868}}
Aug 18 12:20:20.720992 dv-cinder-836027-7-iscsi devstack@c-api.service[114068]: INFO cinder.api.openstack.wsgi [None req-0d208120-6413-4b29-9713-1a57c48a32df tempest-GroupTypeSpecsTest-2063954410 tempest-GroupTypeSpecsTest-2063954410-project-admin] http://10.222.0.98/volume/v3/bdf7b54a8ed14ca7b73c7972b039309f/group_types/b3218e6d-2070-416b-94cd-4c6f91414971/group_specs returned with HTTP 200
Aug 18 12:20:20.728139 dv-cinder-836027-7-iscsi devstack@c-api.service[114068]: [pid: 114068|app: 0|req: 17/32] 10.222.0.98 () {60 vars in 1414 bytes} [Thu Aug 18 12:20:20 2022] GET /volume/v3/bdf7b54a8ed14ca7b73c7972b039309f/group_types/b3218e6d-2070-416b-94cd-4c6f91414971/group_specs => generated 87 bytes in 36 msecs (HTTP/1.1 200) 7 headers in 285 bytes (1 switches on core 0)
Aug 18 12:20:20.731425 dv-cinder-836027-7-iscsi devstack@c-api.service[114068]: DEBUG cinder.api.middleware.request_id [None req-73d4c55f-3b05-4715-97ec-4fdff9ef8ebe None None] RequestId filter calling following filter/app {{(pid=114068) _context_setter /opt/stack/cinder/cinder/api/middleware/request_id.py:62}}
Aug 18 12:20:20.735789 dv-cinder-836027-7-iscsi devstack@c-api.service[114068]: INFO cinder.api.openstack.wsgi [None req-73d4c55f-3b05-4715-97ec-4fdff9ef8ebe tempest-GroupTypeSpecsTest-2063954410 tempest-GroupTypeSpecsTest-2063954410-project-admin] DELETE http://10.222.0.98/volume/v3/bdf7b54a8ed14ca7b73c7972b039309f/group_types/b3218e6d-2070-416b-94cd-4c6f91414971/group_specs/key1
Aug 18 12:20:20.736568 dv-cinder-836027-7-iscsi devstack@c-api.service[114068]: DEBUG cinder.api.openstack.wsgi [None req-73d4c55f-3b05-4715-97ec-4fdff9ef8ebe tempest-GroupTypeSpecsTest-2063954410 tempest-GroupTypeSpecsTest-2063954410-project-admin] Empty body provided in request {{(pid=114068) get_body /opt/stack/cinder/cinder/api/openstack/wsgi.py:715}}
Aug 18 12:20:20.737810 dv-cinder-836027-7-iscsi devstack@c-api.service[114068]: DEBUG cinder.api.openstack.wsgi [None req-73d4c55f-3b05-4715-97ec-4fdff9ef8ebe tempest-GroupTypeSpecsTest-2063954410 tempest-GroupTypeSpecsTest-2063954410-project-admin] Calling method 'version_select' {{(pid=114068) _process_stack /opt/stack/cinder/cinder/api/openstack/wsgi.py:868}}
Aug 18 12:20:20.873359 dv-cinder-836027-7-iscsi devstack@c-api.service[114068]: INFO cinder.api.openstack.wsgi [None req-73d4c55f-3b05-4715-97ec-4fdff9ef8ebe tempest-GroupTypeSpecsTest-2063954410 tempest-GroupTypeSpecsTest-2063954410-project-admin] http://10.222.0.98/volume/v3/bdf7b54a8ed14ca7b73c7972b039309f/group_types/b3218e6d-2070-416b-94cd-4c6f91414971/group_specs/key1 returned with HTTP 202
Aug 18 12:20:20.875549 dv-cinder-836027-7-iscsi devstack@c-api.service[114068]: [pid: 114068|app: 0|req: 18/33] 10.222.0.98 () {60 vars in 1432 bytes} [Thu Aug 18 12:20:20 2022] DELETE /volume/v3/bdf7b54a8ed14ca7b73c7972b039309f/group_types/b3218e6d-2070-416b-94cd-4c6f91414971/group_specs/key1 => generated 0 bytes in 146 msecs (HTTP/1.1 202) 6 headers in 234 bytes (1 switches on core 0)
Aug 18 12:20:20.880972 dv-cinder-836027-7-iscsi devstack@c-api.service[114068]: DEBUG cinder.api.middleware.request_id [req-45b98bc2-35c5-483a-959b-3ed1d6519fca req-07157f7d-7949-4b82-9dd6-bc8902b1cfdf None None] RequestId filter calling following filter/app {{(pid=114068) _context_setter /opt/stack/cinder/cinder/api/middleware/request_id.py:62}}
