Jun 30 16:07:38.204296 dv-cinder-836027-2-smb devstack@keystone.service[80548]: DEBUG keystone.common.rbac_enforcer.enforcer [None req-d46b755f-7690-468d-b1c4-6f097c8b7659 None admin] RBAC: Authorization granted {{(pid=80548) enforce_call /opt/stack/keystone/keystone/common/rbac_enforcer/enforcer.py:457}}
Jun 30 16:07:38.231096 dv-cinder-836027-2-smb devstack@keystone.service[80548]: [pid: 80548|app: 0|req: 80/165] 10.222.0.48 () {56 vars in 1101 bytes} [Thu Jun 30 16:07:38 2022] GET /identity/v3/roles?name=member => generated 341 bytes in 212 msecs (HTTP/1.1 200) 5 headers in 177 bytes (1 switches on core 0)
Jun 30 16:07:38.232518 dv-cinder-836027-2-smb devstack@keystone.service[80548]: DEBUG keystone.server.flask.request_processing.req_logging [None req-7d8f36a1-b863-4904-8b92-3b314f1426f5 None None] REQUEST_METHOD: `POST` {{(pid=80548) log_request_info /opt/stack/keystone/keystone/server/flask/request_processing/req_logging.py:27}}
Jun 30 16:07:38.232809 dv-cinder-836027-2-smb devstack@keystone.service[80548]: DEBUG keystone.server.flask.request_processing.req_logging [None req-7d8f36a1-b863-4904-8b92-3b314f1426f5 None None] SCRIPT_NAME: `/identity` {{(pid=80548) log_request_info /opt/stack/keystone/keystone/server/flask/request_processing/req_logging.py:28}}
Jun 30 16:07:38.233087 dv-cinder-836027-2-smb devstack@keystone.service[80548]: DEBUG keystone.server.flask.request_processing.req_logging [None req-7d8f36a1-b863-4904-8b92-3b314f1426f5 None None] PATH_INFO: `/v3/auth/tokens` {{(pid=80548) log_request_info /opt/stack/keystone/keystone/server/flask/request_processing/req_logging.py:29}}
Jun 30 16:07:38.276999 dv-cinder-836027-2-smb devstack@keystone.service[80548]: DEBUG keystone.auth.core [None req-7d8f36a1-b863-4904-8b92-3b314f1426f5 None None] MFA Rules not processed for user `0dbc6be58a77472493b6d5cd93d8e20c`. Rule list: `[]` (Enabled: `True`). {{(pid=80548) check_auth_methods_against_rules /opt/stack/keystone/keystone/auth/core.py:438}}
Jun 30 16:07:38.278221 dv-cinder-836027-2-smb devstack@keystone.service[80548]: DEBUG keystone.common.fernet_utils [None req-7d8f36a1-b863-4904-8b92-3b314f1426f5 None None] Loaded 2 Fernet keys from /etc/keystone/fernet-keys/, but `[fernet_tokens] max_active_keys = 3`; perhaps there have not been enough key rotations to reach `max_active_keys` yet? {{(pid=80548) load_keys /opt/stack/keystone/keystone/common/fernet_utils.py:286}}
Jun 30 16:07:38.309442 dv-cinder-836027-2-smb devstack@keystone.service[80548]: DEBUG dbcounter [-] [80548] Writing DB stats keystone:SELECT=100 {{(pid=80548) stat_writer /usr/local/lib/python3.8/dist-packages/dbcounter.py:114}}
Jun 30 16:07:38.403463 dv-cinder-836027-2-smb devstack@keystone.service[80549]: DEBUG keystone.server.flask.request_processing.middleware.auth_context [None req-16b57504-71e7-4e74-a0c9-e99571e721bf None None] Validating token access rules against request {{(pid=80549) validate_allowed_request /usr/local/lib/python3.8/dist-packages/keystonemiddleware/auth_token/__init__.py:545}}
Jun 30 16:07:38.464165 dv-cinder-836027-2-smb devstack@keystone.service[80548]: [pid: 80548|app: 0|req: 81/166] 10.222.0.48 () {58 vars in 1023 bytes} [Thu Jun 30 16:07:38 2022] POST /identity/v3/auth/tokens => generated 799 bytes in 232 msecs (HTTP/1.1 201) 6 headers in 363 bytes (1 switches on core 0)
Jun 30 16:07:38.464531 dv-cinder-836027-2-smb devstack@keystone.service[80549]: DEBUG keystone.server.flask.request_processing.middleware.auth_context [None req-9508b362-da11-42af-a5e5-b0dbe9e8477d None admin] RBAC: auth_context: {'token': , 'domain_id': None, 'trust_id': None, 'trustor_id': None, 'trustee_id': None, 'domain_name': None, 'group_ids': [], 'user_id': '0dbc6be58a77472493b6d5cd93d8e20c', 'user_domain_id': 'default', 'system_scope': 'all', 'project_id': None, 'project_domain_id': None, 'roles': ['admin', 'member', 'reader'], 'is_admin_project': True, 'service_user_id': None, 'service_user_domain_id': None, 'service_project_id': None, 'service_project_domain_id': None, 'service_roles': []} {{(pid=80549) fill_context /opt/stack/keystone/keystone/server/flask/request_processing/middleware/auth_context.py:478}}
Jun 30 16:07:38.465002 dv-cinder-836027-2-smb devstack@keystone.service[80549]: DEBUG keystone.server.flask.request_processing.req_logging [None req-9508b362-da11-42af-a5e5-b0dbe9e8477d None admin] REQUEST_METHOD: `GET` {{(pid=80549) log_request_info /opt/stack/keystone/keystone/server/flask/request_processing/req_logging.py:27}}
Jun 30 16:07:38.465105 dv-cinder-836027-2-smb devstack@keystone.service[80548]: DEBUG keystone.server.flask.request_processing.middleware.auth_context [None req-7d8f36a1-b863-4904-8b92-3b314f1426f5 None None] Authenticating user token {{(pid=80548) process_request /usr/local/lib/python3.8/dist-packages/keystonemiddleware/auth_token/__init__.py:407}}
Jun 30 16:07:38.465276 dv-cinder-836027-2-smb devstack@keystone.service[80549]: DEBUG keystone.server.flask.request_processing.req_logging [None req-9508b362-da11-42af-a5e5-b0dbe9e8477d None admin] SCRIPT_NAME: `/identity` {{(pid=80549) log_request_info /opt/stack/keystone/keystone/server/flask/request_processing/req_logging.py:28}}
Jun 30 16:07:38.465556 dv-cinder-836027-2-smb devstack@keystone.service[80549]: DEBUG keystone.server.flask.request_processing.req_logging [None req-9508b362-da11-42af-a5e5-b0dbe9e8477d None admin] PATH_INFO: `/v3/roles` {{(pid=80549) log_request_info /opt/stack/keystone/keystone/server/flask/request_processing/req_logging.py:29}}
Jun 30 16:07:38.466376 dv-cinder-836027-2-smb devstack@keystone.service[80549]: DEBUG keystone.common.rbac_enforcer.enforcer [None req-9508b362-da11-42af-a5e5-b0dbe9e8477d None admin] RBAC: Adding query filter params (name=reader) {{(pid=80549) _extract_filter_values /opt/stack/keystone/keystone/common/rbac_enforcer/enforcer.py:167}}
Jun 30 16:07:38.466705 dv-cinder-836027-2-smb devstack@keystone.service[80549]: DEBUG keystone.common.rbac_enforcer.enforcer [None req-9508b362-da11-42af-a5e5-b0dbe9e8477d None admin] RBAC: Authorizing `identity:list_roles()` {{(pid=80549) enforce_call /opt/stack/keystone/keystone/common/rbac_enforcer/enforcer.py:449}}
Jun 30 16:07:38.468369 dv-cinder-836027-2-smb devstack@keystone.service[80549]: DEBUG keystone.common.rbac_enforcer.enforcer [None req-9508b362-da11-42af-a5e5-b0dbe9e8477d None admin] RBAC: Authorization granted {{(pid=80549) enforce_call /opt/stack/keystone/keystone/common/rbac_enforcer/enforcer.py:457}}
Jun 30 16:07:38.487995 dv-cinder-836027-2-smb devstack@keystone.service[80549]: [pid: 80549|app: 0|req: 86/167] 10.222.0.48 () {56 vars in 1101 bytes} [Thu Jun 30 16:07:38 2022] GET /identity/v3/roles?name=reader => generated 341 bytes in 368 msecs (HTTP/1.1 200) 5 headers in 177 bytes (1 switches on core 0)
Jun 30 16:07:38.494660 dv-cinder-836027-2-smb devstack@keystone.service[80549]: DEBUG keystone.server.flask.request_processing.middleware.auth_context [None req-9508b362-da11-42af-a5e5-b0dbe9e8477d None admin] Authenticating user token {{(pid=80549) process_request /usr/local/lib/python3.8/dist-packages/keystonemiddleware/auth_token/__init__.py:407}}
Jun 30 16:07:38.596672 dv-cinder-836027-2-smb devstack@keystone.service[80549]: DEBUG dbcounter [-] [80549] Writing DB stats keystone:SELECT=100 {{(pid=80549) stat_writer /usr/local/lib/python3.8/dist-packages/dbcounter.py:114}}
Jun 30 16:07:38.620048 dv-cinder-836027-2-smb devstack@keystone.service[80548]: DEBUG keystone.server.flask.request_processing.middleware.auth_context [None req-7d8f36a1-b863-4904-8b92-3b314f1426f5 None None] Validating token access rules against request {{(pid=80548) validate_allowed_request /usr/local/lib/python3.8/dist-packages/keystonemiddleware/auth_token/__init__.py:545}}
Jun 30 16:07:38.671201 dv-cinder-836027-2-smb devstack@keystone.service[80549]: DEBUG keystone.server.flask.request_processing.middleware.auth_context [None req-9508b362-da11-42af-a5e5-b0dbe9e8477d None admin] Validating token access rules against request {{(pid=80549) validate_allowed_request /usr/local/lib/python3.8/dist-packages/keystonemiddleware/auth_token/__init__.py:545}}
Jun 30 16:07:38.688462 dv-cinder-836027-2-smb devstack@keystone.service[80548]: DEBUG keystone.server.flask.request_processing.middleware.auth_context [None req-0e01ed51-40de-4b73-a5db-17fa2cc9dcde None admin] RBAC: auth_context: {'token': , 'domain_id': None, 'trust_id': None, 'trustor_id': None, 'trustee_id': None, 'domain_name': None, 'group_ids': [], 'user_id': '0dbc6be58a77472493b6d5cd93d8e20c', 'user_domain_id': 'default', 'system_scope': 'all', 'project_id': None, 'project_domain_id': None, 'roles': ['admin', 'member', 'reader'], 'is_admin_project': True, 'service_user_id': None, 'service_user_domain_id': None, 'service_project_id': None, 'service_project_domain_id': None, 'service_roles': []} {{(pid=80548) fill_context /opt/stack/keystone/keystone/server/flask/request_processing/middleware/auth_context.py:478}}
Jun 30 16:07:38.689700 dv-cinder-836027-2-smb devstack@keystone.service[80548]: DEBUG keystone.server.flask.request_processing.req_logging [None req-0e01ed51-40de-4b73-a5db-17fa2cc9dcde None admin] REQUEST_METHOD: `GET` {{(pid=80548) log_request_info /opt/stack/keystone/keystone/server/flask/request_processing/req_logging.py:27}}
Jun 30 16:07:38.690242 dv-cinder-836027-2-smb devstack@keystone.service[80548]: DEBUG keystone.server.flask.request_processing.req_logging [None req-0e01ed51-40de-4b73-a5db-17fa2cc9dcde None admin] SCRIPT_NAME: `/identity` {{(pid=80548) log_request_info /opt/stack/keystone/keystone/server/flask/request_processing/req_logging.py:28}}
Jun 30 16:07:38.690740 dv-cinder-836027-2-smb devstack@keystone.service[80548]: DEBUG keystone.server.flask.request_processing.req_logging [None req-0e01ed51-40de-4b73-a5db-17fa2cc9dcde None admin] PATH_INFO: `/v3/users/9484ea8ec4fc4e13b61e56f46c2d6dc5` {{(pid=80548) log_request_info /opt/stack/keystone/keystone/server/flask/request_processing/req_logging.py:29}}
Jun 30 16:07:38.692318 dv-cinder-836027-2-smb devstack@keystone.service[80548]: DEBUG keystone.common.rbac_enforcer.enforcer [None req-0e01ed51-40de-4b73-a5db-17fa2cc9dcde None admin] RBAC: Authorizing `identity:get_user(user_id=9484ea8ec4fc4e13b61e56f46c2d6dc5)` {{(pid=80548) enforce_call /opt/stack/keystone/keystone/common/rbac_enforcer/enforcer.py:449}}
Jun 30 16:07:38.694417 dv-cinder-836027-2-smb devstack@keystone.service[80548]: DEBUG keystone.common.rbac_enforcer.enforcer [None req-0e01ed51-40de-4b73-a5db-17fa2cc9dcde None admin] RBAC: Authorization granted {{(pid=80548) enforce_call /opt/stack/keystone/keystone/common/rbac_enforcer/enforcer.py:457}}
Jun 30 16:07:38.697046 dv-cinder-836027-2-smb devstack@keystone.service[80548]: [pid: 80548|app: 0|req: 82/168] 10.222.0.48 () {56 vars in 1177 bytes} [Thu Jun 30 16:07:38 2022] GET /identity/v3/users/9484ea8ec4fc4e13b61e56f46c2d6dc5 => generated 275 bytes in 232 msecs (HTTP/1.1 200) 5 headers in 177 bytes (1 switches on core 0)
Jun 30 16:07:38.698146 dv-cinder-836027-2-smb devstack@keystone.service[80548]: DEBUG keystone.server.flask.request_processing.middleware.auth_context [None req-0e01ed51-40de-4b73-a5db-17fa2cc9dcde None admin] Authenticating user token {{(pid=80548) process_request /usr/local/lib/python3.8/dist-packages/keystonemiddleware/auth_token/__init__.py:407}}
Jun 30 16:07:38.738512 dv-cinder-836027-2-smb devstack@keystone.service[80548]: DEBUG dbcounter [-] [80548] Writing DB stats keystone:SELECT=100 {{(pid=80548) stat_writer /usr/local/lib/python3.8/dist-packages/dbcounter.py:114}}
Jun 30 16:07:38.799833 dv-cinder-836027-2-smb devstack@keystone.service[80549]: DEBUG keystone.server.flask.request_processing.middleware.auth_context [None req-5b6bb873-6bd8-43a2-a96f-d3a80b3fa32a None admin] RBAC: auth_context: {'token': , 'domain_id': None, 'trust_id': None, 'trustor_id': None, 'trustee_id': None, 'domain_name': None, 'group_ids': [], 'user_id': '0dbc6be58a77472493b6d5cd93d8e20c', 'user_domain_id': 'default', 'system_scope': 'all', 'project_id': None, 'project_domain_id': None, 'roles': ['admin', 'member', 'reader'], 'is_admin_project': True, 'service_user_id': None, 'service_user_domain_id': None, 'service_project_id': None, 'service_project_domain_id': None, 'service_roles': []} {{(pid=80549) fill_context /opt/stack/keystone/keystone/server/flask/request_processing/middleware/auth_context.py:478}}
Jun 30 16:07:38.800746 dv-cinder-836027-2-smb devstack@keystone.service[80549]: DEBUG keystone.server.flask.request_processing.req_logging [None req-5b6bb873-6bd8-43a2-a96f-d3a80b3fa32a None admin] REQUEST_METHOD: `GET` {{(pid=80549) log_request_info /opt/stack/keystone/keystone/server/flask/request_processing/req_logging.py:27}}
Jun 30 16:07:38.801028 dv-cinder-836027-2-smb devstack@keystone.service[80549]: DEBUG keystone.server.flask.request_processing.req_logging [None req-5b6bb873-6bd8-43a2-a96f-d3a80b3fa32a None admin] SCRIPT_NAME: `/identity` {{(pid=80549) log_request_info /opt/stack/keystone/keystone/server/flask/request_processing/req_logging.py:28}}
Jun 30 16:07:38.801303 dv-cinder-836027-2-smb devstack@keystone.service[80549]: DEBUG keystone.server.flask.request_processing.req_logging [None req-5b6bb873-6bd8-43a2-a96f-d3a80b3fa32a None admin] PATH_INFO: `/v3/users/36eecd0050664e9ab4ebf049e6ffc985` {{(pid=80549) log_request_info /opt/stack/keystone/keystone/server/flask/request_processing/req_logging.py:29}}
Jun 30 16:07:38.805723 dv-cinder-836027-2-smb devstack@keystone.service[80549]: DEBUG keystone.common.rbac_enforcer.enforcer [None req-5b6bb873-6bd8-43a2-a96f-d3a80b3fa32a None admin] RBAC: Authorizing `identity:get_user(user_id=36eecd0050664e9ab4ebf049e6ffc985)` {{(pid=80549) enforce_call /opt/stack/keystone/keystone/common/rbac_enforcer/enforcer.py:449}}
Jun 30 16:07:38.807340 dv-cinder-836027-2-smb devstack@keystone.service[80549]: DEBUG keystone.common.rbac_enforcer.enforcer [None req-5b6bb873-6bd8-43a2-a96f-d3a80b3fa32a None admin] RBAC: Authorization granted {{(pid=80549) enforce_call /opt/stack/keystone/keystone/common/rbac_enforcer/enforcer.py:457}}
Jun 30 16:07:38.809615 dv-cinder-836027-2-smb devstack@keystone.service[80549]: [pid: 80549|app: 0|req: 87/169] 10.222.0.48 () {56 vars in 1177 bytes} [Thu Jun 30 16:07:38 2022] GET /identity/v3/users/36eecd0050664e9ab4ebf049e6ffc985 => generated 289 bytes in 315 msecs (HTTP/1.1 200) 5 headers in 177 bytes (1 switches on core 0)
Jun 30 16:07:38.810533 dv-cinder-836027-2-smb devstack@keystone.service[80549]: DEBUG keystone.server.flask.request_processing.middleware.auth_context [None req-5b6bb873-6bd8-43a2-a96f-d3a80b3fa32a None admin] Authenticating user token {{(pid=80549) process_request /usr/local/lib/python3.8/dist-packages/keystonemiddleware/auth_token/__init__.py:407}}
Jun 30 16:07:38.856252 dv-cinder-836027-2-smb devstack@keystone.service[80548]: DEBUG keystone.server.flask.request_processing.middleware.auth_context [None req-0e01ed51-40de-4b73-a5db-17fa2cc9dcde None admin] Validating token access rules against request {{(pid=80548) validate_allowed_request /usr/local/lib/python3.8/dist-packages/keystonemiddleware/auth_token/__init__.py:545}}
Jun 30 16:07:38.897726 dv-cinder-836027-2-smb devstack@keystone.service[80548]: DEBUG keystone.server.flask.request_processing.middleware.auth_context [None req-b3ceb485-cec9-465c-a636-0f9334a4a796 None admin] RBAC: auth_context: {'token': , 'domain_id': None, 'trust_id': None, 'trustor_id': None, 'trustee_id': None, 'domain_name': None, 'group_ids': [], 'user_id': '0dbc6be58a77472493b6d5cd93d8e20c', 'user_domain_id': 'default', 'system_scope': 'all', 'project_id': None, 'project_domain_id': None, 'roles': ['admin', 'member', 'reader'], 'is_admin_project': True, 'service_user_id': None, 'service_user_domain_id': None, 'service_project_id': None, 'service_project_domain_id': None, 'service_roles': []} {{(pid=80548) fill_context /opt/stack/keystone/keystone/server/flask/request_processing/middleware/auth_context.py:478}}
Jun 30 16:07:38.899050 dv-cinder-836027-2-smb devstack@keystone.service[80548]: DEBUG keystone.server.flask.request_processing.req_logging [None req-b3ceb485-cec9-465c-a636-0f9334a4a796 None admin] REQUEST_METHOD: `GET` {{(pid=80548) log_request_info /opt/stack/keystone/keystone/server/flask/request_processing/req_logging.py:27}}
Jun 30 16:07:38.899539 dv-cinder-836027-2-smb devstack@keystone.service[80548]: DEBUG keystone.server.flask.request_processing.req_logging [None req-b3ceb485-cec9-465c-a636-0f9334a4a796 None admin] SCRIPT_NAME: `/identity` {{(pid=80548) log_request_info /opt/stack/keystone/keystone/server/flask/request_processing/req_logging.py:28}}
Jun 30 16:07:38.900015 dv-cinder-836027-2-smb devstack@keystone.service[80548]: DEBUG keystone.server.flask.request_processing.req_logging [None req-b3ceb485-cec9-465c-a636-0f9334a4a796 None admin] PATH_INFO: `/v3/roles/anotherrole` {{(pid=80548) log_request_info /opt/stack/keystone/keystone/server/flask/request_processing/req_logging.py:29}}
Jun 30 16:07:38.912874 dv-cinder-836027-2-smb devstack@keystone.service[80548]: DEBUG keystone.common.rbac_enforcer.enforcer [None req-b3ceb485-cec9-465c-a636-0f9334a4a796 None admin] Extracting inferred target data resulted in "NOT FOUND (404)". {{(pid=80548) enforce_call /opt/stack/keystone/keystone/common/rbac_enforcer/enforcer.py:409}}
Jun 30 16:07:38.922427 dv-cinder-836027-2-smb devstack@keystone.service[80548]: ERROR keystone.server.flask.application [None req-b3ceb485-cec9-465c-a636-0f9334a4a796 None admin] Could not find role: anotherrole.: keystone.exception.RoleNotFound: Could not find role: anotherrole.
Jun 30 16:07:38.922427 dv-cinder-836027-2-smb devstack@keystone.service[80548]: ERROR keystone.server.flask.application
Traceback (most recent call last):
Jun 30 16:07:38.922427 dv-cinder-836027-2-smb devstack@keystone.service[80548]: ERROR keystone.server.flask.application
File "/usr/local/lib/python3.8/dist-packages/flask/app.py", line 1523, in full_dispatch_request
Jun 30 16:07:38.922427 dv-cinder-836027-2-smb devstack@keystone.service[80548]: ERROR keystone.server.flask.application rv = self.dispatch_request()
Jun 30 16:07:38.922427 dv-cinder-836027-2-smb devstack@keystone.service[80548]: ERROR keystone.server.flask.application
File "/usr/local/lib/python3.8/dist-packages/flask/app.py", line 1509, in dispatch_request
Jun 30 16:07:38.922427 dv-cinder-836027-2-smb devstack@keystone.service[80548]: ERROR keystone.server.flask.application return self.ensure_sync(self.view_functions[rule.endpoint])(**req.view_args)
Jun 30 16:07:38.922427 dv-cinder-836027-2-smb devstack@keystone.service[80548]: ERROR keystone.server.flask.application
File "/usr/local/lib/python3.8/dist-packages/flask_restful/__init__.py", line 467, in wrapper
Jun 30 16:07:38.922427 dv-cinder-836027-2-smb devstack@keystone.service[80548]: ERROR keystone.server.flask.application resp = resource(*args, **kwargs)
Jun 30 16:07:38.922427 dv-cinder-836027-2-smb devstack@keystone.service[80548]: ERROR keystone.server.flask.application
File "/usr/local/lib/python3.8/dist-packages/flask/views.py", line 84, in view
Jun 30 16:07:38.922427 dv-cinder-836027-2-smb devstack@keystone.service[80548]: ERROR keystone.server.flask.application return current_app.ensure_sync(self.dispatch_request)(*args, **kwargs)
Jun 30 16:07:38.922427 dv-cinder-836027-2-smb devstack@keystone.service[80548]: ERROR keystone.server.flask.application
File "/usr/local/lib/python3.8/dist-packages/flask_restful/__init__.py", line 582, in dispatch_request
Jun 30 16:07:38.922427 dv-cinder-836027-2-smb devstack@keystone.service[80548]: ERROR keystone.server.flask.application resp = meth(*args, **kwargs)
Jun 30 16:07:38.922427 dv-cinder-836027-2-smb devstack@keystone.service[80548]: ERROR keystone.server.flask.application
File "/opt/stack/keystone/keystone/api/roles.py", line 50, in get
Jun 30 16:07:38.922427 dv-cinder-836027-2-smb devstack@keystone.service[80548]: ERROR keystone.server.flask.application return self._get_role(role_id)
Jun 30 16:07:38.922427 dv-cinder-836027-2-smb devstack@keystone.service[80548]: ERROR keystone.server.flask.application
File "/opt/stack/keystone/keystone/api/roles.py", line 70, in _get_role
Jun 30 16:07:38.922427 dv-cinder-836027-2-smb devstack@keystone.service[80548]: ERROR keystone.server.flask.application ENFORCER.enforce_call(action='identity:get_role')
Jun 30 16:07:38.923365 dv-cinder-836027-2-smb devstack@keystone.service[80548]: ERROR keystone.server.flask.application
File "/opt/stack/keystone/keystone/common/rbac_enforcer/enforcer.py", line 402, in enforce_call
Jun 30 16:07:38.923365 dv-cinder-836027-2-smb devstack@keystone.service[80548]: ERROR keystone.server.flask.application policy_dict.update(cls._extract_member_target_data(
Jun 30 16:07:38.923365 dv-cinder-836027-2-smb devstack@keystone.service[80548]: ERROR keystone.server.flask.application
File "/opt/stack/keystone/keystone/common/rbac_enforcer/enforcer.py", line 234, in _extract_member_target_data
Jun 30 16:07:38.923365 dv-cinder-836027-2-smb devstack@keystone.service[80548]: ERROR keystone.server.flask.application member_name: func(flask.request.view_args[key])
Jun 30 16:07:38.923365 dv-cinder-836027-2-smb devstack@keystone.service[80548]: ERROR keystone.server.flask.application
File "/opt/stack/keystone/keystone/common/manager.py", line 115, in wrapped
Jun 30 16:07:38.923365 dv-cinder-836027-2-smb devstack@keystone.service[80548]: ERROR keystone.server.flask.application __ret_val = __f(*args, **kwargs)
Jun 30 16:07:38.923365 dv-cinder-836027-2-smb devstack@keystone.service[80548]: ERROR keystone.server.flask.application
File "/usr/local/lib/python3.8/dist-packages/decorator.py", line 232, in fun
Jun 30 16:07:38.923365 dv-cinder-836027-2-smb devstack@keystone.service[80548]: ERROR keystone.server.flask.application return caller(func, *(extras + args), **kw)
Jun 30 16:07:38.923365 dv-cinder-836027-2-smb devstack@keystone.service[80548]: ERROR keystone.server.flask.application
File "/usr/local/lib/python3.8/dist-packages/dogpile/cache/region.py", line 1577, in get_or_create_for_user_func
Jun 30 16:07:38.923365 dv-cinder-836027-2-smb devstack@keystone.service[80548]: ERROR keystone.server.flask.application return self.get_or_create(
Jun 30 16:07:38.923365 dv-cinder-836027-2-smb devstack@keystone.service[80548]: ERROR keystone.server.flask.application
File "/usr/local/lib/python3.8/dist-packages/dogpile/cache/region.py", line 1042, in get_or_create
Jun 30 16:07:38.923365 dv-cinder-836027-2-smb devstack@keystone.service[80548]: ERROR keystone.server.flask.application with Lock(
Jun 30 16:07:38.923365 dv-cinder-836027-2-smb devstack@keystone.service[80548]: ERROR keystone.server.flask.application
File "/usr/local/lib/python3.8/dist-packages/dogpile/lock.py", line 185, in __enter__
Jun 30 16:07:38.923365 dv-cinder-836027-2-smb devstack@keystone.service[80548]: ERROR keystone.server.flask.application return self._enter()
Jun 30 16:07:38.923365 dv-cinder-836027-2-smb devstack@keystone.service[80548]: ERROR keystone.server.flask.application
File "/usr/local/lib/python3.8/dist-packages/dogpile/lock.py", line 94, in _enter
Jun 30 16:07:38.923365 dv-cinder-836027-2-smb devstack@keystone.service[80548]: ERROR keystone.server.flask.application generated = self._enter_create(value, createdtime)
Jun 30 16:07:38.924204 dv-cinder-836027-2-smb devstack@keystone.service[80548]: ERROR keystone.server.flask.application
File "/usr/local/lib/python3.8/dist-packages/dogpile/lock.py", line 178, in _enter_create
Jun 30 16:07:38.924204 dv-cinder-836027-2-smb devstack@keystone.service[80548]: ERROR keystone.server.flask.application return self.creator()
Jun 30 16:07:38.924204 dv-cinder-836027-2-smb devstack@keystone.service[80548]: ERROR keystone.server.flask.application
File "/usr/local/lib/python3.8/dist-packages/dogpile/cache/region.py", line 995, in gen_value
Jun 30 16:07:38.924204 dv-cinder-836027-2-smb devstack@keystone.service[80548]: ERROR keystone.server.flask.application created_value = creator(
Jun 30 16:07:38.924204 dv-cinder-836027-2-smb devstack@keystone.service[80548]: ERROR keystone.server.flask.application
File "/opt/stack/keystone/keystone/assignment/core.py", line 1276, in get_role
Jun 30 16:07:38.924204 dv-cinder-836027-2-smb devstack@keystone.service[80548]: ERROR keystone.server.flask.application return self.driver.get_role(role_id)
Jun 30 16:07:38.924204 dv-cinder-836027-2-smb devstack@keystone.service[80548]: ERROR keystone.server.flask.application
File "/opt/stack/keystone/keystone/assignment/role_backends/sql.py", line 70, in get_role
Jun 30 16:07:38.924204 dv-cinder-836027-2-smb devstack@keystone.service[80548]: ERROR keystone.server.flask.application return self._get_role(session, role_id).to_dict()
Jun 30 16:07:38.924204 dv-cinder-836027-2-smb devstack@keystone.service[80548]: ERROR keystone.server.flask.application
File "/opt/stack/keystone/keystone/assignment/role_backends/sql.py", line 65, in _get_role
Jun 30 16:07:38.924204 dv-cinder-836027-2-smb devstack@keystone.service[80548]: ERROR keystone.server.flask.application raise exception.RoleNotFound(role_id=role_id)
Jun 30 16:07:38.924204 dv-cinder-836027-2-smb devstack@keystone.service[80548]: ERROR keystone.server.flask.application keystone.exception.RoleNotFound: Could not find role: anotherrole.
Jun 30 16:07:38.924204 dv-cinder-836027-2-smb devstack@keystone.service[80548]: ERROR keystone.server.flask.application
Jun 30 16:07:38.928017 dv-cinder-836027-2-smb devstack@keystone.service[80548]: [pid: 80548|app: 0|req: 83/170] 10.222.0.48 () {56 vars in 1114 bytes} [Thu Jun 30 16:07:38 2022] GET /identity/v3/roles/anotherrole => generated 89 bytes in 229 msecs (HTTP/1.1 404) 5 headers in 183 bytes (1 switches on core 0)
Jun 30 16:07:38.929250 dv-cinder-836027-2-smb devstack@keystone.service[80549]: DEBUG keystone.server.flask.request_processing.middleware.auth_context [None req-5b6bb873-6bd8-43a2-a96f-d3a80b3fa32a None admin] Validating token access rules against request {{(pid=80549) validate_allowed_request /usr/local/lib/python3.8/dist-packages/keystonemiddleware/auth_token/__init__.py:545}}
Jun 30 16:07:38.929942 dv-cinder-836027-2-smb devstack@keystone.service[80548]: DEBUG keystone.server.flask.request_processing.req_logging [None req-b4df68e7-21f1-4832-9bc8-e237271dbdc5 None None] REQUEST_METHOD: `GET` {{(pid=80548) log_request_info /opt/stack/keystone/keystone/server/flask/request_processing/req_logging.py:27}}
Jun 30 16:07:38.930442 dv-cinder-836027-2-smb devstack@keystone.service[80548]: DEBUG keystone.server.flask.request_processing.req_logging [None req-b4df68e7-21f1-4832-9bc8-e237271dbdc5 None None] SCRIPT_NAME: `/identity` {{(pid=80548) log_request_info /opt/stack/keystone/keystone/server/flask/request_processing/req_logging.py:28}}
Jun 30 16:07:38.931045 dv-cinder-836027-2-smb devstack@keystone.service[80548]: DEBUG keystone.server.flask.request_processing.req_logging [None req-b4df68e7-21f1-4832-9bc8-e237271dbdc5 None None] PATH_INFO: `/` {{(pid=80548) log_request_info /opt/stack/keystone/keystone/server/flask/request_processing/req_logging.py:29}}
Jun 30 16:07:38.933122 dv-cinder-836027-2-smb devstack@keystone.service[80548]: [pid: 80548|app: 0|req: 84/171] 10.222.0.48 () {54 vars in 926 bytes} [Thu Jun 30 16:07:38 2022] GET /identity => generated 270 bytes in 4 msecs (HTTP/1.1 300) 6 headers in 234 bytes (1 switches on core 0)
Jun 30 16:07:38.934214 dv-cinder-836027-2-smb devstack@keystone.service[80548]: DEBUG keystone.server.flask.request_processing.middleware.auth_context [None req-b4df68e7-21f1-4832-9bc8-e237271dbdc5 None None] Authenticating user token {{(pid=80548) process_request /usr/local/lib/python3.8/dist-packages/keystonemiddleware/auth_token/__init__.py:407}}
Jun 30 16:07:38.966798 dv-cinder-836027-2-smb devstack@keystone.service[80549]: DEBUG keystone.server.flask.request_processing.middleware.auth_context [None req-cd0f6a82-f1c5-4252-b554-016d43f1b449 None admin] RBAC: auth_context: {'token': , 'domain_id': None, 'trust_id': None, 'trustor_id': None, 'trustee_id': None, 'domain_name': None, 'group_ids': [], 'user_id': '0dbc6be58a77472493b6d5cd93d8e20c', 'user_domain_id': 'default', 'system_scope': 'all', 'project_id': None, 'project_domain_id': None, 'roles': ['admin', 'member', 'reader'], 'is_admin_project': True, 'service_user_id': None, 'service_user_domain_id': None, 'service_project_id': None, 'service_project_domain_id': None, 'service_roles': []} {{(pid=80549) fill_context /opt/stack/keystone/keystone/server/flask/request_processing/middleware/auth_context.py:478}}
Jun 30 16:07:38.967451 dv-cinder-836027-2-smb devstack@keystone.service[80549]: DEBUG keystone.server.flask.request_processing.req_logging [None req-cd0f6a82-f1c5-4252-b554-016d43f1b449 None admin] REQUEST_METHOD: `GET` {{(pid=80549) log_request_info /opt/stack/keystone/keystone/server/flask/request_processing/req_logging.py:27}}
Jun 30 16:07:38.967731 dv-cinder-836027-2-smb devstack@keystone.service[80549]: DEBUG keystone.server.flask.request_processing.req_logging [None req-cd0f6a82-f1c5-4252-b554-016d43f1b449 None admin] SCRIPT_NAME: `/identity` {{(pid=80549) log_request_info /opt/stack/keystone/keystone/server/flask/request_processing/req_logging.py:28}}
Jun 30 16:07:38.968008 dv-cinder-836027-2-smb devstack@keystone.service[80549]: DEBUG keystone.server.flask.request_processing.req_logging [None req-cd0f6a82-f1c5-4252-b554-016d43f1b449 None admin] PATH_INFO: `/v3/auth/tokens` {{(pid=80549) log_request_info /opt/stack/keystone/keystone/server/flask/request_processing/req_logging.py:29}}
Jun 30 16:07:38.971735 dv-cinder-836027-2-smb devstack@keystone.service[80549]: DEBUG dbcounter [-] [80549] Writing DB stats keystone:SELECT=100 {{(pid=80549) stat_writer /usr/local/lib/python3.8/dist-packages/dbcounter.py:114}}
Jun 30 16:07:39.015371 dv-cinder-836027-2-smb devstack@keystone.service[80548]: DEBUG dbcounter [-] [80548] Writing DB stats keystone:SELECT=100 {{(pid=80548) stat_writer /usr/local/lib/python3.8/dist-packages/dbcounter.py:114}}
Jun 30 16:07:39.040160 dv-cinder-836027-2-smb devstack@keystone.service[80549]: DEBUG keystone.common.rbac_enforcer.enforcer [None req-cd0f6a82-f1c5-4252-b554-016d43f1b449 None admin] RBAC: Authorizing `identity:validate_token()` {{(pid=80549) enforce_call /opt/stack/keystone/keystone/common/rbac_enforcer/enforcer.py:449}}
Jun 30 16:07:39.041634 dv-cinder-836027-2-smb devstack@keystone.service[80549]: DEBUG keystone.common.rbac_enforcer.enforcer [None req-cd0f6a82-f1c5-4252-b554-016d43f1b449 None admin] RBAC: Authorization granted {{(pid=80549) enforce_call /opt/stack/keystone/keystone/common/rbac_enforcer/enforcer.py:457}}
Jun 30 16:07:39.056009 dv-cinder-836027-2-smb devstack@keystone.service[80548]: DEBUG keystone.server.flask.request_processing.middleware.auth_context [None req-b4df68e7-21f1-4832-9bc8-e237271dbdc5 None None] Validating token access rules against request {{(pid=80548) validate_allowed_request /usr/local/lib/python3.8/dist-packages/keystonemiddleware/auth_token/__init__.py:545}}
Jun 30 16:07:39.092082 dv-cinder-836027-2-smb devstack@keystone.service[80548]: DEBUG keystone.server.flask.request_processing.middleware.auth_context [None req-1c884960-8d7e-4874-8aae-1193d92d65c2 None admin] RBAC: auth_context: {'token': , 'domain_id': None, 'trust_id': None, 'trustor_id': None, 'trustee_id': None, 'domain_name': None, 'group_ids': [], 'user_id': '0dbc6be58a77472493b6d5cd93d8e20c', 'user_domain_id': 'default', 'system_scope': 'all', 'project_id': None, 'project_domain_id': None, 'roles': ['admin', 'member', 'reader'], 'is_admin_project': True, 'service_user_id': None, 'service_user_domain_id': None, 'service_project_id': None, 'service_project_domain_id': None, 'service_roles': []} {{(pid=80548) fill_context /opt/stack/keystone/keystone/server/flask/request_processing/middleware/auth_context.py:478}}
Jun 30 16:07:39.092940 dv-cinder-836027-2-smb devstack@keystone.service[80548]: DEBUG keystone.server.flask.request_processing.req_logging [None req-1c884960-8d7e-4874-8aae-1193d92d65c2 None admin] REQUEST_METHOD: `GET` {{(pid=80548) log_request_info /opt/stack/keystone/keystone/server/flask/request_processing/req_logging.py:27}}
Jun 30 16:07:39.093228 dv-cinder-836027-2-smb devstack@keystone.service[80548]: DEBUG keystone.server.flask.request_processing.req_logging [None req-1c884960-8d7e-4874-8aae-1193d92d65c2 None admin] SCRIPT_NAME: `/identity` {{(pid=80548) log_request_info /opt/stack/keystone/keystone/server/flask/request_processing/req_logging.py:28}}
Jun 30 16:07:39.093507 dv-cinder-836027-2-smb devstack@keystone.service[80548]: DEBUG keystone.server.flask.request_processing.req_logging [None req-1c884960-8d7e-4874-8aae-1193d92d65c2 None admin] PATH_INFO: `/v3/projects/268ffd70675643c794e403ff4fe6fbfd` {{(pid=80548) log_request_info /opt/stack/keystone/keystone/server/flask/request_processing/req_logging.py:29}}
Jun 30 16:07:39.094702 dv-cinder-836027-2-smb devstack@keystone.service[80548]: DEBUG keystone.common.rbac_enforcer.enforcer [None req-1c884960-8d7e-4874-8aae-1193d92d65c2 None admin] RBAC: Authorizing `identity:get_project(project_id=268ffd70675643c794e403ff4fe6fbfd)` {{(pid=80548) enforce_call /opt/stack/keystone/keystone/common/rbac_enforcer/enforcer.py:449}}
Jun 30 16:07:39.096219 dv-cinder-836027-2-smb devstack@keystone.service[80548]: DEBUG keystone.common.rbac_enforcer.enforcer [None req-1c884960-8d7e-4874-8aae-1193d92d65c2 None admin] RBAC: Authorization granted {{(pid=80548) enforce_call /opt/stack/keystone/keystone/common/rbac_enforcer/enforcer.py:457}}
Jun 30 16:07:39.097933 dv-cinder-836027-2-smb devstack@keystone.service[80548]: [pid: 80548|app: 0|req: 85/172] 10.222.0.48 () {56 vars in 1186 bytes} [Thu Jun 30 16:07:38 2022] GET /identity/v3/projects/268ffd70675643c794e403ff4fe6fbfd => generated 298 bytes in 164 msecs (HTTP/1.1 200) 5 headers in 177 bytes (1 switches on core 0)
Jun 30 16:07:39.098717 dv-cinder-836027-2-smb devstack@keystone.service[80548]: DEBUG keystone.server.flask.request_processing.middleware.auth_context [None req-1c884960-8d7e-4874-8aae-1193d92d65c2 None admin] Authenticating user token {{(pid=80548) process_request /usr/local/lib/python3.8/dist-packages/keystonemiddleware/auth_token/__init__.py:407}}
Jun 30 16:07:39.151970 dv-cinder-836027-2-smb devstack@keystone.service[80549]: [pid: 80549|app: 0|req: 88/173] 10.222.0.48 () {58 vars in 1282 bytes} [Thu Jun 30 16:07:38 2022] GET /identity/v3/auth/tokens => generated 799 bytes in 342 msecs (HTTP/1.1 200) 6 headers in 358 bytes (1 switches on core 0)
Jun 30 16:07:39.153265 dv-cinder-836027-2-smb devstack@keystone.service[80549]: DEBUG keystone.server.flask.request_processing.req_logging [None req-5d54628f-e14f-44ba-9369-f3c2f498ff2a None None] REQUEST_METHOD: `POST` {{(pid=80549) log_request_info /opt/stack/keystone/keystone/server/flask/request_processing/req_logging.py:27}}
Jun 30 16:07:39.153595 dv-cinder-836027-2-smb devstack@keystone.service[80549]: DEBUG keystone.server.flask.request_processing.req_logging [None req-5d54628f-e14f-44ba-9369-f3c2f498ff2a None None] SCRIPT_NAME: `/identity` {{(pid=80549) log_request_info /opt/stack/keystone/keystone/server/flask/request_processing/req_logging.py:28}}
Jun 30 16:07:39.153879 dv-cinder-836027-2-smb devstack@keystone.service[80549]: DEBUG keystone.server.flask.request_processing.req_logging [None req-5d54628f-e14f-44ba-9369-f3c2f498ff2a None None] PATH_INFO: `/v3/auth/tokens` {{(pid=80549) log_request_info /opt/stack/keystone/keystone/server/flask/request_processing/req_logging.py:29}}
Jun 30 16:07:39.170347 dv-cinder-836027-2-smb devstack@keystone.service[80549]: DEBUG keystone.auth.core [None req-5d54628f-e14f-44ba-9369-f3c2f498ff2a None None] MFA Rules not processed for user `0dbc6be58a77472493b6d5cd93d8e20c`. Rule list: `[]` (Enabled: `True`). {{(pid=80549) check_auth_methods_against_rules /opt/stack/keystone/keystone/auth/core.py:438}}
Jun 30 16:07:39.171570 dv-cinder-836027-2-smb devstack@keystone.service[80549]: DEBUG keystone.common.fernet_utils [None req-5d54628f-e14f-44ba-9369-f3c2f498ff2a None None] Loaded 2 Fernet keys from /etc/keystone/fernet-keys/, but `[fernet_tokens] max_active_keys = 3`; perhaps there have not been enough key rotations to reach `max_active_keys` yet? {{(pid=80549) load_keys /opt/stack/keystone/keystone/common/fernet_utils.py:286}}
Jun 30 16:07:39.204385 dv-cinder-836027-2-smb devstack@keystone.service[80549]: DEBUG dbcounter [-] [80549] Writing DB stats keystone:SELECT=100 {{(pid=80549) stat_writer /usr/local/lib/python3.8/dist-packages/dbcounter.py:114}}
Jun 30 16:07:39.211601 dv-cinder-836027-2-smb devstack@keystone.service[80548]: DEBUG keystone.server.flask.request_processing.middleware.auth_context [None req-1c884960-8d7e-4874-8aae-1193d92d65c2 None admin] Validating token access rules against request {{(pid=80548) validate_allowed_request /usr/local/lib/python3.8/dist-packages/keystonemiddleware/auth_token/__init__.py:545}}
Jun 30 16:07:39.242802 dv-cinder-836027-2-smb devstack@keystone.service[80549]: [pid: 80549|app: 0|req: 89/174] 10.222.0.48 () {58 vars in 1023 bytes} [Thu Jun 30 16:07:39 2022] POST /identity/v3/auth/tokens => generated 799 bytes in 90 msecs (HTTP/1.1 201) 6 headers in 363 bytes (1 switches on core 0)
Jun 30 16:07:39.244656 dv-cinder-836027-2-smb devstack@keystone.service[80549]: DEBUG keystone.server.flask.request_processing.req_logging [None req-d7952af2-558a-47d6-9c2d-a15423b4f373 None None] REQUEST_METHOD: `GET` {{(pid=80549) log_request_info /opt/stack/keystone/keystone/server/flask/request_processing/req_logging.py:27}}
Jun 30 16:07:39.245048 dv-cinder-836027-2-smb devstack@keystone.service[80549]: DEBUG keystone.server.flask.request_processing.req_logging [None req-d7952af2-558a-47d6-9c2d-a15423b4f373 None None] SCRIPT_NAME: `/identity` {{(pid=80549) log_request_info /opt/stack/keystone/keystone/server/flask/request_processing/req_logging.py:28}}
Jun 30 16:07:39.245335 dv-cinder-836027-2-smb devstack@keystone.service[80549]: DEBUG keystone.server.flask.request_processing.req_logging [None req-d7952af2-558a-47d6-9c2d-a15423b4f373 None None] PATH_INFO: `/` {{(pid=80549) log_request_info /opt/stack/keystone/keystone/server/flask/request_processing/req_logging.py:29}}
Jun 30 16:07:39.246620 dv-cinder-836027-2-smb devstack@keystone.service[80549]: [pid: 80549|app: 0|req: 90/175] 10.222.0.48 () {54 vars in 926 bytes} [Thu Jun 30 16:07:39 2022] GET /identity => generated 270 bytes in 3 msecs (HTTP/1.1 300) 6 headers in 234 bytes (1 switches on core 0)
Jun 30 16:07:39.247634 dv-cinder-836027-2-smb devstack@keystone.service[80548]: DEBUG keystone.server.flask.request_processing.middleware.auth_context [None req-2563e558-aa4a-46fd-81b4-c6b1f2a52f11 None admin] RBAC: auth_context: {'token': , 'domain_id': None, 'trust_id': None, 'trustor_id': None, 'trustee_id': None, 'domain_name': None, 'group_ids': [], 'user_id': '0dbc6be58a77472493b6d5cd93d8e20c', 'user_domain_id': 'default', 'system_scope': 'all', 'project_id': None, 'project_domain_id': None, 'roles': ['admin', 'member', 'reader'], 'is_admin_project': True, 'service_user_id': None, 'service_user_domain_id': None, 'service_project_id': None, 'service_project_domain_id': None, 'service_roles': []} {{(pid=80548) fill_context /opt/stack/keystone/keystone/server/flask/request_processing/middleware/auth_context.py:478}}
Jun 30 16:07:39.248502 dv-cinder-836027-2-smb devstack@keystone.service[80548]: DEBUG keystone.server.flask.request_processing.req_logging [None req-2563e558-aa4a-46fd-81b4-c6b1f2a52f11 None admin] REQUEST_METHOD: `GET` {{(pid=80548) log_request_info /opt/stack/keystone/keystone/server/flask/request_processing/req_logging.py:27}}
Jun 30 16:07:39.248933 dv-cinder-836027-2-smb devstack@keystone.service[80548]: DEBUG keystone.server.flask.request_processing.req_logging [None req-2563e558-aa4a-46fd-81b4-c6b1f2a52f11 None admin] SCRIPT_NAME: `/identity` {{(pid=80548) log_request_info /opt/stack/keystone/keystone/server/flask/request_processing/req_logging.py:28}}
Jun 30 16:07:39.249369 dv-cinder-836027-2-smb devstack@keystone.service[80548]: DEBUG keystone.server.flask.request_processing.req_logging [None req-2563e558-aa4a-46fd-81b4-c6b1f2a52f11 None admin] PATH_INFO: `/v3/roles` {{(pid=80548) log_request_info /opt/stack/keystone/keystone/server/flask/request_processing/req_logging.py:29}}
Jun 30 16:07:39.250267 dv-cinder-836027-2-smb devstack@keystone.service[80548]: DEBUG keystone.common.rbac_enforcer.enforcer [None req-2563e558-aa4a-46fd-81b4-c6b1f2a52f11 None admin] RBAC: Adding query filter params (name=anotherrole) {{(pid=80548) _extract_filter_values /opt/stack/keystone/keystone/common/rbac_enforcer/enforcer.py:167}}
Jun 30 16:07:39.250848 dv-cinder-836027-2-smb devstack@keystone.service[80548]: DEBUG keystone.common.rbac_enforcer.enforcer [None req-2563e558-aa4a-46fd-81b4-c6b1f2a52f11 None admin] RBAC: Authorizing `identity:list_roles()` {{(pid=80548) enforce_call /opt/stack/keystone/keystone/common/rbac_enforcer/enforcer.py:449}}
Jun 30 16:07:39.251389 dv-cinder-836027-2-smb devstack@keystone.service[80549]: DEBUG keystone.server.flask.request_processing.middleware.auth_context [None req-d7952af2-558a-47d6-9c2d-a15423b4f373 None None] Authenticating user token {{(pid=80549) process_request /usr/local/lib/python3.8/dist-packages/keystonemiddleware/auth_token/__init__.py:407}}
Jun 30 16:07:39.252550 dv-cinder-836027-2-smb devstack@keystone.service[80548]: DEBUG keystone.common.rbac_enforcer.enforcer [None req-2563e558-aa4a-46fd-81b4-c6b1f2a52f11 None admin] RBAC: Authorization granted {{(pid=80548) enforce_call /opt/stack/keystone/keystone/common/rbac_enforcer/enforcer.py:457}}
Jun 30 16:07:39.254381 dv-cinder-836027-2-smb devstack@keystone.service[80548]: DEBUG dbcounter [-] [80548] Writing DB stats keystone:SELECT=100 {{(pid=80548) stat_writer /usr/local/lib/python3.8/dist-packages/dbcounter.py:114}}
Jun 30 16:07:39.273659 dv-cinder-836027-2-smb devstack@keystone.service[80548]: [pid: 80548|app: 0|req: 86/176] 10.222.0.48 () {56 vars in 1111 bytes} [Thu Jun 30 16:07:39 2022] GET /identity/v3/roles?name=anotherrole => generated 334 bytes in 175 msecs (HTTP/1.1 200) 5 headers in 177 bytes (1 switches on core 0)
Jun 30 16:07:39.276771 dv-cinder-836027-2-smb devstack@keystone.service[80548]: DEBUG keystone.server.flask.request_processing.middleware.auth_context [None req-2563e558-aa4a-46fd-81b4-c6b1f2a52f11 None admin] Authenticating user token {{(pid=80548) process_request /usr/local/lib/python3.8/dist-packages/keystonemiddleware/auth_token/__init__.py:407}}
Jun 30 16:07:39.369205 dv-cinder-836027-2-smb devstack@keystone.service[80549]: DEBUG keystone.server.flask.request_processing.middleware.auth_context [None req-d7952af2-558a-47d6-9c2d-a15423b4f373 None None] Validating token access rules against request {{(pid=80549) validate_allowed_request /usr/local/lib/python3.8/dist-packages/keystonemiddleware/auth_token/__init__.py:545}}
Jun 30 16:07:39.382898 dv-cinder-836027-2-smb devstack@keystone.service[80548]: DEBUG keystone.server.flask.request_processing.middleware.auth_context [None req-2563e558-aa4a-46fd-81b4-c6b1f2a52f11 None admin] Validating token access rules against request {{(pid=80548) validate_allowed_request /usr/local/lib/python3.8/dist-packages/keystonemiddleware/auth_token/__init__.py:545}}
Jun 30 16:07:39.402668 dv-cinder-836027-2-smb devstack@keystone.service[80549]: DEBUG keystone.server.flask.request_processing.middleware.auth_context [None req-6bb4d2f5-6235-4431-acea-b3e986ed5165 None admin] RBAC: auth_context: {'token': , 'domain_id': None, 'trust_id': None, 'trustor_id': None, 'trustee_id': None, 'domain_name': None, 'group_ids': [], 'user_id': '0dbc6be58a77472493b6d5cd93d8e20c', 'user_domain_id': 'default', 'system_scope': 'all', 'project_id': None, 'project_domain_id': None, 'roles': ['admin', 'member', 'reader'], 'is_admin_project': True, 'service_user_id': None, 'service_user_domain_id': None, 'service_project_id': None, 'service_project_domain_id': None, 'service_roles': []} {{(pid=80549) fill_context /opt/stack/keystone/keystone/server/flask/request_processing/middleware/auth_context.py:478}}
Jun 30 16:07:39.403635 dv-cinder-836027-2-smb devstack@keystone.service[80549]: DEBUG keystone.server.flask.request_processing.req_logging [None req-6bb4d2f5-6235-4431-acea-b3e986ed5165 None admin] REQUEST_METHOD: `PUT` {{(pid=80549) log_request_info /opt/stack/keystone/keystone/server/flask/request_processing/req_logging.py:27}}
Jun 30 16:07:39.404184 dv-cinder-836027-2-smb devstack@keystone.service[80549]: DEBUG keystone.server.flask.request_processing.req_logging [None req-6bb4d2f5-6235-4431-acea-b3e986ed5165 None admin] SCRIPT_NAME: `/identity` {{(pid=80549) log_request_info /opt/stack/keystone/keystone/server/flask/request_processing/req_logging.py:28}}
Jun 30 16:07:39.404184 dv-cinder-836027-2-smb devstack@keystone.service[80549]: DEBUG keystone.server.flask.request_processing.req_logging [None req-6bb4d2f5-6235-4431-acea-b3e986ed5165 None admin] PATH_INFO: `/v3/projects/268ffd70675643c794e403ff4fe6fbfd/users/36eecd0050664e9ab4ebf049e6ffc985/roles/7ed730b56eec41a6b15824de2aee0a32` {{(pid=80549) log_request_info /opt/stack/keystone/keystone/server/flask/request_processing/req_logging.py:29}}
Jun 30 16:07:39.406176 dv-cinder-836027-2-smb devstack@keystone.service[80549]: DEBUG keystone.common.rbac_enforcer.enforcer [None req-6bb4d2f5-6235-4431-acea-b3e986ed5165 None admin] RBAC: Authorizing `identity:create_grant(project_id=268ffd70675643c794e403ff4fe6fbfd, user_id=36eecd0050664e9ab4ebf049e6ffc985, role_id=7ed730b56eec41a6b15824de2aee0a32)` {{(pid=80549) enforce_call /opt/stack/keystone/keystone/common/rbac_enforcer/enforcer.py:449}}
Jun 30 16:07:39.407690 dv-cinder-836027-2-smb devstack@keystone.service[80549]: DEBUG keystone.common.rbac_enforcer.enforcer [None req-6bb4d2f5-6235-4431-acea-b3e986ed5165 None admin] RBAC: Authorization granted {{(pid=80549) enforce_call /opt/stack/keystone/keystone/common/rbac_enforcer/enforcer.py:457}}
Jun 30 16:07:39.417308 dv-cinder-836027-2-smb devstack@keystone.service[80548]: DEBUG keystone.server.flask.request_processing.middleware.auth_context [None req-22511e3a-12c6-4370-9cde-2801ff647d6d None admin] RBAC: auth_context: {'token': , 'domain_id': None, 'trust_id': None, 'trustor_id': None, 'trustee_id': None, 'domain_name': None, 'group_ids': [], 'user_id': '0dbc6be58a77472493b6d5cd93d8e20c', 'user_domain_id': 'default', 'system_scope': 'all', 'project_id': None, 'project_domain_id': None, 'roles': ['admin', 'member', 'reader'], 'is_admin_project': True, 'service_user_id': None, 'service_user_domain_id': None, 'service_project_id': None, 'service_project_domain_id': None, 'service_roles': []} {{(pid=80548) fill_context /opt/stack/keystone/keystone/server/flask/request_processing/middleware/auth_context.py:478}}
Jun 30 16:07:39.418172 dv-cinder-836027-2-smb devstack@keystone.service[80548]: DEBUG keystone.server.flask.request_processing.req_logging [None req-22511e3a-12c6-4370-9cde-2801ff647d6d None admin] REQUEST_METHOD: `GET` {{(pid=80548) log_request_info /opt/stack/keystone/keystone/server/flask/request_processing/req_logging.py:27}}
Jun 30 16:07:39.418464 dv-cinder-836027-2-smb devstack@keystone.service[80548]: DEBUG keystone.server.flask.request_processing.req_logging [None req-22511e3a-12c6-4370-9cde-2801ff647d6d None admin] SCRIPT_NAME: `/identity` {{(pid=80548) log_request_info /opt/stack/keystone/keystone/server/flask/request_processing/req_logging.py:28}}
Jun 30 16:07:39.418776 dv-cinder-836027-2-smb devstack@keystone.service[80548]: DEBUG keystone.server.flask.request_processing.req_logging [None req-22511e3a-12c6-4370-9cde-2801ff647d6d None admin] PATH_INFO: `/v3/projects/822ed00a922d4eb89bbb0b691b5bedba` {{(pid=80548) log_request_info /opt/stack/keystone/keystone/server/flask/request_processing/req_logging.py:29}}
Jun 30 16:07:39.419965 dv-cinder-836027-2-smb devstack@keystone.service[80548]: DEBUG keystone.common.rbac_enforcer.enforcer [None req-22511e3a-12c6-4370-9cde-2801ff647d6d None admin] RBAC: Authorizing `identity:get_project(project_id=822ed00a922d4eb89bbb0b691b5bedba)` {{(pid=80548) enforce_call /opt/stack/keystone/keystone/common/rbac_enforcer/enforcer.py:449}}
Jun 30 16:07:39.421399 dv-cinder-836027-2-smb devstack@keystone.service[80548]: DEBUG keystone.common.rbac_enforcer.enforcer [None req-22511e3a-12c6-4370-9cde-2801ff647d6d None admin] RBAC: Authorization granted {{(pid=80548) enforce_call /opt/stack/keystone/keystone/common/rbac_enforcer/enforcer.py:457}}
Jun 30 16:07:39.423141 dv-cinder-836027-2-smb devstack@keystone.service[80548]: [pid: 80548|app: 0|req: 87/177] 10.222.0.48 () {56 vars in 1186 bytes} [Thu Jun 30 16:07:39 2022] GET /identity/v3/projects/822ed00a922d4eb89bbb0b691b5bedba => generated 312 bytes in 149 msecs (HTTP/1.1 200) 5 headers in 177 bytes (1 switches on core 0)
Jun 30 16:07:39.425121 dv-cinder-836027-2-smb devstack@keystone.service[80548]: DEBUG keystone.server.flask.request_processing.req_logging [None req-e0c9c536-ff4c-412b-87fe-398f42a1df1e None None] REQUEST_METHOD: `POST` {{(pid=80548) log_request_info /opt/stack/keystone/keystone/server/flask/request_processing/req_logging.py:27}}
Jun 30 16:07:39.425121 dv-cinder-836027-2-smb devstack@keystone.service[80548]: DEBUG keystone.server.flask.request_processing.req_logging [None req-e0c9c536-ff4c-412b-87fe-398f42a1df1e None None] SCRIPT_NAME: `/identity` {{(pid=80548) log_request_info /opt/stack/keystone/keystone/server/flask/request_processing/req_logging.py:28}}
