Sep 07 07:57:48.839029 dv-cinder-836027-10-smb neutron-server[106237]: DEBUG neutron.db.provisioning_blocks [None req-ff4cd394-65b6-4b5a-8d4d-c6599ad4ff89 None None] Provisioning complete for port 3711a5b7-ecad-4cce-ac62-5f7c030f4f0f triggered by entity L2. {{(pid=106237) provisioning_complete /opt/stack/neutron/neutron/db/provisioning_blocks.py:144}}
Sep 07 07:57:48.839405 dv-cinder-836027-10-smb neutron-server[106237]: DEBUG neutron_lib.callbacks.manager [None req-ff4cd394-65b6-4b5a-8d4d-c6599ad4ff89 None None] Publish callbacks ['neutron.plugins.ml2.plugin.Ml2Plugin._port_provisioned-16056091'] for port (3711a5b7-ecad-4cce-ac62-5f7c030f4f0f), provisioning_complete {{(pid=106237) _notify_loop /usr/local/lib/python3.8/dist-packages/neutron_lib/callbacks/manager.py:176}}
Sep 07 07:57:48.953686 dv-cinder-836027-10-smb neutron-server[106236]: DEBUG neutron.pecan_wsgi.hooks.policy_enforcement [req-34c4d652-b726-4b40-8a66-2ced008050b8 req-f2cfc40f-9bdc-422b-9621-7cc157207931 tempest-ServerRescueNegativeTestJSON-475805007 tempest-ServerRescueNegativeTestJSON-475805007-project] Attributes excluded by policy engine: ['standard_attr_id', 'binding:profile', 'binding:host_id', 'binding:vif_type', 'binding:vif_details'] {{(pid=106236) _exclude_attributes_by_policy /opt/stack/neutron/neutron/pecan_wsgi/hooks/policy_enforcement.py:259}}
Sep 07 07:57:48.953686 dv-cinder-836027-10-smb neutron-server[106236]: INFO neutron.wsgi [req-34c4d652-b726-4b40-8a66-2ced008050b8 req-f2cfc40f-9bdc-422b-9621-7cc157207931 tempest-ServerRescueNegativeTestJSON-475805007 tempest-ServerRescueNegativeTestJSON-475805007-project] 10.222.0.17 "GET /networking/v2.0/ports?device_id=e90048cf-df09-4e66-963d-d2cd1e682c99 HTTP/1.1" status: 200 len: 946 time: 0.0626938
Sep 07 07:57:49.016983 dv-cinder-836027-10-smb neutron-server[106236]: INFO neutron.wsgi [req-34c4d652-b726-4b40-8a66-2ced008050b8 req-85521613-b60f-4c72-bae9-edbe2e23d4f2 tempest-ServerRescueNegativeTestJSON-475805007 tempest-ServerRescueNegativeTestJSON-475805007-project] 10.222.0.17 "GET /networking/v2.0/security-groups?id=8f816f49-c5b9-42d0-b14f-84d708010c79&fields=id&fields=name HTTP/1.1" status: 200 len: 286 time: 0.0630479
Sep 07 07:57:49.029770 dv-cinder-836027-10-smb neutron-server[106237]: DEBUG neutron.plugins.ml2.plugin [None req-ff4cd394-65b6-4b5a-8d4d-c6599ad4ff89 None None] Current status of the port 3711a5b7-ecad-4cce-ac62-5f7c030f4f0f is: BUILD; New status is: ACTIVE {{(pid=106237) _update_individual_port_db_status /opt/stack/neutron/neutron/plugins/ml2/plugin.py:2302}}
Sep 07 07:57:49.030154 dv-cinder-836027-10-smb neutron-server[106237]: DEBUG neutron_lib.callbacks.manager [None req-ff4cd394-65b6-4b5a-8d4d-c6599ad4ff89 None None] Publish callbacks ['neutron.plugins.ml2.plugin.SecurityGroupDbMixin._ensure_default_security_group_handler-16406699'] for port (3711a5b7-ecad-4cce-ac62-5f7c030f4f0f), before_update {{(pid=106237) _notify_loop /usr/local/lib/python3.8/dist-packages/neutron_lib/callbacks/manager.py:176}}
Sep 07 07:57:49.086354 dv-cinder-836027-10-smb neutron-server[106237]: DEBUG neutron.notifiers.nova [-] Sending events: [{'server_uuid': 'b8466df5-1e93-4034-8c17-7515ec44b008', 'name': 'network-vif-plugged', 'status': 'completed', 'tag': '3711a5b7-ecad-4cce-ac62-5f7c030f4f0f'}] {{(pid=106237) send_events /opt/stack/neutron/neutron/notifiers/nova.py:279}}
Sep 07 07:57:49.088749 dv-cinder-836027-10-smb neutron-server[106237]: DEBUG novaclient.v2.client [-] REQ: curl -g -i --cacert "/opt/stack/data/ca-bundle.pem" -X POST http://10.222.0.17/compute/v2.1/os-server-external-events -H "Accept: application/json" -H "Content-Type: application/json" -H "User-Agent: python-novaclient" -H "X-Auth-Token: {SHA256}cd1f176a06e048c0470a6c110079c0b7122bc47fdf688aadf1893370553ebfd3" -H "X-OpenStack-Nova-API-Version: 2.1" -H "X-OpenStack-Request-ID: req-c388b3a8-0994-475a-a610-6ea910fdab49" -d '{"events": [{"server_uuid": "b8466df5-1e93-4034-8c17-7515ec44b008", "name": "network-vif-plugged", "status": "completed", "tag": "3711a5b7-ecad-4cce-ac62-5f7c030f4f0f"}]}' {{(pid=106237) _http_log_request /usr/local/lib/python3.8/dist-packages/keystoneauth1/session.py:519}}
Sep 07 07:57:49.093845 dv-cinder-836027-10-smb neutron-server[106235]: DEBUG neutron_lib.callbacks.manager [req-f75d0a7c-59f7-4718-b10d-7dd845421985 req-5d091c64-7ed7-4dfa-9b3f-8572b87dbea8 tempest-VolumesActionsTest-756955501 tempest-VolumesActionsTest-756955501-project] Publish callbacks [] for port (cce1a7dd-c3f8-4065-aabb-32477e5121c4), precommit_create {{(pid=106235) _notify_loop /usr/local/lib/python3.8/dist-packages/neutron_lib/callbacks/manager.py:176}}
Sep 07 07:57:49.105365 dv-cinder-836027-10-smb neutron-server[106235]: DEBUG dbcounter [-] [106235] Writing DB stats neutron:INSERT=4,neutron:SELECT=94,neutron:UPDATE=2 {{(pid=106235) stat_writer /usr/local/lib/python3.8/dist-packages/dbcounter.py:114}}
Sep 07 07:57:49.121180 dv-cinder-836027-10-smb neutron-server[106237]: DEBUG neutron.plugins.ml2.db [None req-ff4cd394-65b6-4b5a-8d4d-c6599ad4ff89 None None] For port 3711a5b7-ecad-4cce-ac62-5f7c030f4f0f, host hv-cinder-83602, got binding levels [PortBindingLevel(driver='hyperv',host='hv-cinder-83602',level=0,port_id=3711a5b7-ecad-4cce-ac62-5f7c030f4f0f,segment=NetworkSegment(377af530-8414-4ca1-b282-bd19aebc1596),segment_id=377af530-8414-4ca1-b282-bd19aebc1596)] {{(pid=106237) get_binding_level_objs /opt/stack/neutron/neutron/plugins/ml2/db.py:74}}
Sep 07 07:57:49.138472 dv-cinder-836027-10-smb neutron-server[106237]: DEBUG neutron_lib.callbacks.manager [None req-ff4cd394-65b6-4b5a-8d4d-c6599ad4ff89 None None] Publish callbacks ['neutron.plugins.ml2.plugin.SecurityGroupServerNotifierRpcMixin._notify_sg_on_port_change-16406762', 'neutron.plugins.ml2.ovo_rpc._ObjectChangeHandler.handle_event-162108', 'neutron.api.rpc.agentnotifiers.dhcp_rpc_agent_api.DhcpAgentNotifyAPI._native_event_send_dhcp_notification-652582', 'neutron.db.l3_db.L3RpcNotifierMixin._notify_gateway_port_ip_changed-8778769985410', 'neutron.db.l3_dvrscheduler_db._notify_l3_agent_port_update-8778769544870', 'neutron.db.l3_hascheduler_db._notify_l3_agent_ha_port_update-8778769544888'] for port (3711a5b7-ecad-4cce-ac62-5f7c030f4f0f), after_update {{(pid=106237) _notify_loop /usr/local/lib/python3.8/dist-packages/neutron_lib/callbacks/manager.py:176}}
Sep 07 07:57:49.162315 dv-cinder-836027-10-smb neutron-server[106235]: DEBUG dbcounter [-] [106235] Writing DB stats neutron:SELECT=92,neutron:INSERT=6,neutron:UPDATE=2 {{(pid=106235) stat_writer /usr/local/lib/python3.8/dist-packages/dbcounter.py:114}}
Sep 07 07:57:49.171776 dv-cinder-836027-10-smb neutron-server[106237]: DEBUG novaclient.v2.client [-] RESP: [200] Connection: close Content-Length: 183 Content-Type: application/json Date: Wed, 07 Sep 2022 07:57:49 GMT OpenStack-API-Version: compute 2.1 Server: Apache/2.4.41 (Ubuntu) Vary: OpenStack-API-Version,X-OpenStack-Nova-API-Version X-OpenStack-Nova-API-Version: 2.1 x-compute-request-id: req-eccdb5ef-b53d-45a5-882e-00cfc4e5b4a0 x-openstack-request-id: req-eccdb5ef-b53d-45a5-882e-00cfc4e5b4a0 {{(pid=106237) _http_log_response /usr/local/lib/python3.8/dist-packages/keystoneauth1/session.py:550}}
Sep 07 07:57:49.172091 dv-cinder-836027-10-smb neutron-server[106237]: DEBUG novaclient.v2.client [-] RESP BODY: {"events": [{"server_uuid": "b8466df5-1e93-4034-8c17-7515ec44b008", "name": "network-vif-plugged", "status": "completed", "tag": "3711a5b7-ecad-4cce-ac62-5f7c030f4f0f", "code": 200}]} {{(pid=106237) _http_log_response /usr/local/lib/python3.8/dist-packages/keystoneauth1/session.py:582}}
Sep 07 07:57:49.172581 dv-cinder-836027-10-smb neutron-server[106237]: DEBUG novaclient.v2.client [-] POST call to compute for http://10.222.0.17/compute/v2.1/os-server-external-events used request id req-eccdb5ef-b53d-45a5-882e-00cfc4e5b4a0 {{(pid=106237) request /usr/local/lib/python3.8/dist-packages/keystoneauth1/session.py:954}}
Sep 07 07:57:49.173006 dv-cinder-836027-10-smb neutron-server[106237]: INFO neutron.notifiers.nova [-] Nova event matching ['req-eccdb5ef-b53d-45a5-882e-00cfc4e5b4a0'] response: {'server_uuid': 'b8466df5-1e93-4034-8c17-7515ec44b008', 'name': 'network-vif-plugged', 'status': 'completed', 'tag': '3711a5b7-ecad-4cce-ac62-5f7c030f4f0f', 'code': 200}
Sep 07 07:57:49.201937 dv-cinder-836027-10-smb neutron-server[106237]: DEBUG neutron.api.rpc.handlers.resources_rpc [None req-ff4cd394-65b6-4b5a-8d4d-c6599ad4ff89 None None] Pushing event updated for resources: {'Port': ['ID=3711a5b7-ecad-4cce-ac62-5f7c030f4f0f,revision_number=5']} {{(pid=106237) push /opt/stack/neutron/neutron/api/rpc/handlers/resources_rpc.py:237}}
Sep 07 07:57:49.223598 dv-cinder-836027-10-smb neutron-server[106235]: DEBUG neutron_lib.callbacks.manager [req-f75d0a7c-59f7-4718-b10d-7dd845421985 req-5d091c64-7ed7-4dfa-9b3f-8572b87dbea8 tempest-VolumesActionsTest-756955501 tempest-VolumesActionsTest-756955501-project] Publish callbacks ['neutron.plugins.ml2.plugin.SecurityGroupServerNotifierRpcMixin._notify_sg_on_port_change-16406762', 'neutron.plugins.ml2.ovo_rpc._ObjectChangeHandler.handle_event-162108', 'neutron.api.rpc.agentnotifiers.dhcp_rpc_agent_api.DhcpAgentNotifyAPI._native_event_send_dhcp_notification-652582', 'neutron.db.l3_dvrscheduler_db._notify_l3_agent_new_port-8778769544852', 'neutron.services.segments.plugin.NovaSegmentNotifier._notify_port_created_or_deleted-3885718'] for port (cce1a7dd-c3f8-4065-aabb-32477e5121c4), after_create {{(pid=106235) _notify_loop /usr/local/lib/python3.8/dist-packages/neutron_lib/callbacks/manager.py:176}}
Sep 07 07:57:49.232349 dv-cinder-836027-10-smb neutron-server[106236]: DEBUG neutron.wsgi [-] (106236) accepted ('10.222.0.17', 42146) {{(pid=106236) server /usr/local/lib/python3.8/dist-packages/eventlet/wsgi.py:1004}}
Sep 07 07:57:49.247799 dv-cinder-836027-10-smb neutron-server[106236]: DEBUG neutron_lib.callbacks.manager [None req-7fef26b1-00e2-49a6-9be7-1258a85d4ce1 admin admin] Publish callbacks [] for security_group (None), before_create {{(pid=106236) _notify_loop /usr/local/lib/python3.8/dist-packages/neutron_lib/callbacks/manager.py:176}}
Sep 07 07:57:49.273139 dv-cinder-836027-10-smb neutron-server[106235]: INFO neutron.wsgi [req-0d78c0e0-3dd8-4c4e-80a6-a831506afddf req-49111996-0fcc-4d2b-bfaa-037738300c60 service neutron] 10.222.0.30 "GET /networking/v2.0/security-groups?id=8f816f49-c5b9-42d0-b14f-84d708010c79&fields=id&fields=name HTTP/1.1" status: 200 len: 286 time: 0.1695414
Sep 07 07:57:49.290613 dv-cinder-836027-10-smb neutron-server[106235]: DEBUG neutron.scheduler.dhcp_agent_scheduler [req-f75d0a7c-59f7-4718-b10d-7dd845421985 req-5d091c64-7ed7-4dfa-9b3f-8572b87dbea8 tempest-VolumesActionsTest-756955501 tempest-VolumesActionsTest-756955501-project] Network 72798773-324d-460b-9cf4-4bb7bc71f172 is already hosted by enough agents. {{(pid=106235) _get_dhcp_agents_hosting_network /opt/stack/neutron/neutron/scheduler/dhcp_agent_scheduler.py:275}}
Sep 07 07:57:49.294583 dv-cinder-836027-10-smb neutron-server[106235]: DEBUG neutron.scheduler.base_scheduler [req-f75d0a7c-59f7-4718-b10d-7dd845421985 req-5d091c64-7ed7-4dfa-9b3f-8572b87dbea8 tempest-VolumesActionsTest-756955501 tempest-VolumesActionsTest-756955501-project] Resources bound (agent type, host, resource id): {{(pid=106235) schedule /opt/stack/neutron/neutron/scheduler/base_scheduler.py:57}}
Sep 07 07:57:49.297483 dv-cinder-836027-10-smb neutron-server[106235]: DEBUG neutron.db.l3_dvrscheduler_db [req-f75d0a7c-59f7-4718-b10d-7dd845421985 req-5d091c64-7ed7-4dfa-9b3f-8572b87dbea8 tempest-VolumesActionsTest-756955501 tempest-VolumesActionsTest-756955501-project] Received port after_create {{(pid=106235) _notify_l3_agent_new_port /opt/stack/neutron/neutron/db/l3_dvrscheduler_db.py:538}}
Sep 07 07:57:49.337213 dv-cinder-836027-10-smb neutron-server[106235]: DEBUG neutron.api.rpc.handlers.resources_rpc [None req-5d091c64-7ed7-4dfa-9b3f-8572b87dbea8 tempest-VolumesActionsTest-756955501 tempest-VolumesActionsTest-756955501-project] Pushing event updated for resources: {'Port': ['ID=cce1a7dd-c3f8-4065-aabb-32477e5121c4,revision_number=1']} {{(pid=106235) push /opt/stack/neutron/neutron/api/rpc/handlers/resources_rpc.py:237}}
Sep 07 07:57:49.366815 dv-cinder-836027-10-smb neutron-server[106235]: DEBUG neutron.pecan_wsgi.hooks.policy_enforcement [req-f75d0a7c-59f7-4718-b10d-7dd845421985 req-5d091c64-7ed7-4dfa-9b3f-8572b87dbea8 tempest-VolumesActionsTest-756955501 tempest-VolumesActionsTest-756955501-project] Attributes excluded by policy engine: ['standard_attr_id', 'binding:profile', 'binding:host_id', 'binding:vif_type', 'binding:vif_details', 'network'] {{(pid=106235) _exclude_attributes_by_policy /opt/stack/neutron/neutron/pecan_wsgi/hooks/policy_enforcement.py:259}}
Sep 07 07:57:49.367459 dv-cinder-836027-10-smb neutron-server[106235]: DEBUG neutron_lib.callbacks.manager [req-f75d0a7c-59f7-4718-b10d-7dd845421985 req-5d091c64-7ed7-4dfa-9b3f-8572b87dbea8 tempest-VolumesActionsTest-756955501 tempest-VolumesActionsTest-756955501-project] Publish callbacks ['neutron.notifiers.nova.Notifier._send_nova_notification-888507', 'neutron.api.rpc.agentnotifiers.dhcp_rpc_agent_api.DhcpAgentNotifyAPI._send_dhcp_notification-652596'] for port (None), before_response {{(pid=106235) _notify_loop /usr/local/lib/python3.8/dist-packages/neutron_lib/callbacks/manager.py:176}}
Sep 07 07:57:49.388998 dv-cinder-836027-10-smb neutron-server[106236]: DEBUG dbcounter [-] [106236] Writing DB stats neutron:SELECT=86,neutron:INSERT=11,neutron:UPDATE=1,neutron:DELETE=2 {{(pid=106236) stat_writer /usr/local/lib/python3.8/dist-packages/dbcounter.py:114}}
Sep 07 07:57:49.390623 dv-cinder-836027-10-smb neutron-server[106235]: INFO neutron.wsgi [req-f75d0a7c-59f7-4718-b10d-7dd845421985 req-5d091c64-7ed7-4dfa-9b3f-8572b87dbea8 tempest-VolumesActionsTest-756955501 tempest-VolumesActionsTest-756955501-project] 10.222.0.30 "POST /networking/v2.0/ports HTTP/1.1" status: 201 len: 933 time: 1.2569966
Sep 07 07:57:49.406191 dv-cinder-836027-10-smb neutron-server[106236]: DEBUG neutron.pecan_wsgi.hooks.policy_enforcement [req-96975cc3-bcc0-4789-bba2-a49948f7c0ec req-2d2d1529-6b57-4921-b029-dae712b32d9e tempest-AttachVolumeShelveTestJSON-2064008121 tempest-AttachVolumeShelveTestJSON-2064008121-project] Attributes excluded by policy engine: ['standard_attr_id', 'binding:profile', 'binding:host_id', 'binding:vif_type', 'binding:vif_details'] {{(pid=106236) _exclude_attributes_by_policy /opt/stack/neutron/neutron/pecan_wsgi/hooks/policy_enforcement.py:259}}
Sep 07 07:57:49.407678 dv-cinder-836027-10-smb neutron-server[106236]: INFO neutron.wsgi [req-96975cc3-bcc0-4789-bba2-a49948f7c0ec req-2d2d1529-6b57-4921-b029-dae712b32d9e tempest-AttachVolumeShelveTestJSON-2064008121 tempest-AttachVolumeShelveTestJSON-2064008121-project] 10.222.0.17 "GET /networking/v2.0/ports?device_id=b8466df5-1e93-4034-8c17-7515ec44b008 HTTP/1.1" status: 200 len: 945 time: 0.1020658
Sep 07 07:57:49.426831 dv-cinder-836027-10-smb neutron-server[106236]: DEBUG neutron.pecan_wsgi.hooks.policy_enforcement [req-0eb1133f-722e-4128-91a3-dceb183c0eb8 req-77ee0d94-d37e-4ef1-84ba-56d64b094ba8 tempest-DeleteServersTestJSON-1919947607 tempest-DeleteServersTestJSON-1919947607-project] Attributes excluded by policy engine: ['standard_attr_id', 'binding:profile', 'binding:host_id', 'binding:vif_type', 'binding:vif_details'] {{(pid=106236) _exclude_attributes_by_policy /opt/stack/neutron/neutron/pecan_wsgi/hooks/policy_enforcement.py:259}}
Sep 07 07:57:49.428887 dv-cinder-836027-10-smb neutron-server[106236]: INFO neutron.wsgi [req-0eb1133f-722e-4128-91a3-dceb183c0eb8 req-77ee0d94-d37e-4ef1-84ba-56d64b094ba8 tempest-DeleteServersTestJSON-1919947607 tempest-DeleteServersTestJSON-1919947607-project] 10.222.0.17 "GET /networking/v2.0/ports?device_id=4bc4c492-58f4-438c-a505-ad4c58b16cb5 HTTP/1.1" status: 200 len: 946 time: 0.0879636
Sep 07 07:57:49.484277 dv-cinder-836027-10-smb neutron-server[106236]: DEBUG neutron_lib.callbacks.manager [None req-7fef26b1-00e2-49a6-9be7-1258a85d4ce1 admin admin] Publish callbacks [] for security_group (3604f234-78ae-48e5-b557-37e99aa83d58), precommit_create {{(pid=106236) _notify_loop /usr/local/lib/python3.8/dist-packages/neutron_lib/callbacks/manager.py:176}}
Sep 07 07:57:49.494108 dv-cinder-836027-10-smb neutron-server[106236]: DEBUG neutron_lib.callbacks.manager [None req-7fef26b1-00e2-49a6-9be7-1258a85d4ce1 admin admin] Publish callbacks ['neutron.plugins.ml2.ovo_rpc._ObjectChangeHandler.handle_event-473035'] for security_group (3604f234-78ae-48e5-b557-37e99aa83d58), after_create {{(pid=106236) _notify_loop /usr/local/lib/python3.8/dist-packages/neutron_lib/callbacks/manager.py:176}}
Sep 07 07:57:49.559784 dv-cinder-836027-10-smb neutron-server[106236]: INFO neutron.wsgi [req-96975cc3-bcc0-4789-bba2-a49948f7c0ec req-d85cc4af-bfe0-4e08-8021-e76e3e80bd66 tempest-AttachVolumeShelveTestJSON-2064008121 tempest-AttachVolumeShelveTestJSON-2064008121-project] 10.222.0.17 "GET /networking/v2.0/security-groups?id=17ca9557-1c63-4b1f-8b13-3167ae40626e&fields=id&fields=name HTTP/1.1" status: 200 len: 312 time: 0.1423268
Sep 07 07:57:49.567982 dv-cinder-836027-10-smb neutron-server[106236]: INFO neutron.wsgi [req-0eb1133f-722e-4128-91a3-dceb183c0eb8 req-a5a6b650-d6a9-4627-b356-2b301de41239 tempest-DeleteServersTestJSON-1919947607 tempest-DeleteServersTestJSON-1919947607-project] 10.222.0.17 "GET /networking/v2.0/security-groups?id=a1bb079b-b3c4-49e2-9719-7672296547f2&fields=id&fields=name HTTP/1.1" status: 200 len: 286 time: 0.1311381
Sep 07 07:57:49.574890 dv-cinder-836027-10-smb neutron-server[106236]: INFO neutron.wsgi [None req-7fef26b1-00e2-49a6-9be7-1258a85d4ce1 admin admin] 10.222.0.17 "GET /networking/v2.0/security-groups?tenant_id=ed8ba81dd6644889b9f5d09a1c7f708a&name=default HTTP/1.1" status: 200 len: 2996 time: 0.3415148
Sep 07 07:57:49.576115 dv-cinder-836027-10-smb neutron-server[106236]: DEBUG neutron.api.rpc.handlers.resources_rpc [None req-7fef26b1-00e2-49a6-9be7-1258a85d4ce1 admin admin] Pushing event updated for resources: {'SecurityGroup': ['ID=3604f234-78ae-48e5-b557-37e99aa83d58,revision_number=1']} {{(pid=106236) push /opt/stack/neutron/neutron/api/rpc/handlers/resources_rpc.py:237}}
Sep 07 07:57:49.578518 dv-cinder-836027-10-smb neutron-server[106235]: DEBUG neutron.wsgi [-] (106235) accepted ('10.222.0.17', 42152) {{(pid=106235) server /usr/local/lib/python3.8/dist-packages/eventlet/wsgi.py:1004}}
Sep 07 07:57:49.646847 dv-cinder-836027-10-smb neutron-server[106235]: DEBUG neutron_lib.callbacks.manager [None req-d2e9f689-37a6-446e-b681-ca9fbd25a095 admin admin] Publish callbacks [] for security_group (3604f234-78ae-48e5-b557-37e99aa83d58), before_delete {{(pid=106235) _notify_loop /usr/local/lib/python3.8/dist-packages/neutron_lib/callbacks/manager.py:176}}
Sep 07 07:57:49.677901 dv-cinder-836027-10-smb neutron-server[106235]: DEBUG neutron_lib.callbacks.manager [None req-d2e9f689-37a6-446e-b681-ca9fbd25a095 admin admin] Publish callbacks [] for security_group (3604f234-78ae-48e5-b557-37e99aa83d58), precommit_delete {{(pid=106235) _notify_loop /usr/local/lib/python3.8/dist-packages/neutron_lib/callbacks/manager.py:176}}
Sep 07 07:57:49.695196 dv-cinder-836027-10-smb neutron-server[106236]: DEBUG neutron.pecan_wsgi.hooks.policy_enforcement [req-953b5e72-2624-42ba-95fa-e68cd18b3852 req-57b23a00-9b7e-49f7-ae6f-109475349f85 tempest-VolumesActionsTest-756955501 tempest-VolumesActionsTest-756955501-project] Attributes excluded by policy engine: ['standard_attr_id', 'binding:profile', 'binding:host_id', 'binding:vif_type', 'binding:vif_details'] {{(pid=106236) _exclude_attributes_by_policy /opt/stack/neutron/neutron/pecan_wsgi/hooks/policy_enforcement.py:259}}
Sep 07 07:57:49.697198 dv-cinder-836027-10-smb neutron-server[106236]: INFO neutron.wsgi [req-953b5e72-2624-42ba-95fa-e68cd18b3852 req-57b23a00-9b7e-49f7-ae6f-109475349f85 tempest-VolumesActionsTest-756955501 tempest-VolumesActionsTest-756955501-project] 10.222.0.17 "GET /networking/v2.0/ports?device_id=bc1fb9a6-2edf-4359-b458-c202c16d2ea9 HTTP/1.1" status: 200 len: 931 time: 0.0577433
Sep 07 07:57:49.739509 dv-cinder-836027-10-smb neutron-server[106235]: DEBUG neutron_lib.callbacks.manager [None req-d2e9f689-37a6-446e-b681-ca9fbd25a095 admin admin] Publish callbacks ['neutron.plugins.ml2.ovo_rpc._ObjectChangeHandler.handle_event-473035'] for security_group (3604f234-78ae-48e5-b557-37e99aa83d58), after_delete {{(pid=106235) _notify_loop /usr/local/lib/python3.8/dist-packages/neutron_lib/callbacks/manager.py:176}}
Sep 07 07:57:49.743138 dv-cinder-836027-10-smb neutron-server[106235]: DEBUG neutron_lib.callbacks.manager [None req-d2e9f689-37a6-446e-b681-ca9fbd25a095 admin admin] Publish callbacks [] for security_group (None), before_response {{(pid=106235) _notify_loop /usr/local/lib/python3.8/dist-packages/neutron_lib/callbacks/manager.py:176}}
Sep 07 07:57:49.747813 dv-cinder-836027-10-smb neutron-server[106235]: INFO neutron.wsgi [None req-d2e9f689-37a6-446e-b681-ca9fbd25a095 admin admin] 10.222.0.17 "DELETE /networking/v2.0/security-groups/3604f234-78ae-48e5-b557-37e99aa83d58 HTTP/1.1" status: 204 len: 168 time: 0.1682005
Sep 07 07:57:49.760439 dv-cinder-836027-10-smb neutron-server[106235]: DEBUG neutron.api.rpc.handlers.resources_rpc [None req-d2e9f689-37a6-446e-b681-ca9fbd25a095 admin admin] Pushing event deleted for resources: {'SecurityGroup': ['ID=3604f234-78ae-48e5-b557-37e99aa83d58,revision_number=None']} {{(pid=106235) push /opt/stack/neutron/neutron/api/rpc/handlers/resources_rpc.py:237}}
Sep 07 07:57:49.781871 dv-cinder-836027-10-smb neutron-server[106236]: INFO neutron.wsgi [req-953b5e72-2624-42ba-95fa-e68cd18b3852 req-5b69a4e4-b91e-4208-b3e6-3f7fb0291890 tempest-VolumesActionsTest-756955501 tempest-VolumesActionsTest-756955501-project] 10.222.0.17 "GET /networking/v2.0/security-groups?id=3c4da5ae-290a-4f62-9fda-f79d0a239c85&fields=id&fields=name HTTP/1.1" status: 200 len: 286 time: 0.0753868
Sep 07 07:57:49.999506 dv-cinder-836027-10-smb neutron-server[106235]: DEBUG neutron.api.v2.base [req-f75d0a7c-59f7-4718-b10d-7dd845421985 req-add7e8ea-db92-4ce7-93fd-e02c88eceb3c service neutron] Request body: {'port': {'device_id': 'bc1fb9a6-2edf-4359-b458-c202c16d2ea9', 'device_owner': 'compute:nova', 'binding:host_id': 'hv-cinder-83602'}} {{(pid=106235) prepare_request_body /opt/stack/neutron/neutron/api/v2/base.py:730}}
Sep 07 07:57:50.099866 dv-cinder-836027-10-smb neutron-server[106235]: DEBUG neutron_lib.callbacks.manager [req-f75d0a7c-59f7-4718-b10d-7dd845421985 req-add7e8ea-db92-4ce7-93fd-e02c88eceb3c service neutron] Publish callbacks ['neutron.plugins.ml2.plugin.SecurityGroupDbMixin._ensure_default_security_group_handler-16406699'] for port (cce1a7dd-c3f8-4065-aabb-32477e5121c4), before_update {{(pid=106235) _notify_loop /usr/local/lib/python3.8/dist-packages/neutron_lib/callbacks/manager.py:176}}
Sep 07 07:57:50.119212 dv-cinder-836027-10-smb neutron-server[106236]: DEBUG dbcounter [-] [106236] Writing DB stats neutron:SELECT=88,neutron:DELETE=2,neutron:INSERT=9,neutron:UPDATE=1 {{(pid=106236) stat_writer /usr/local/lib/python3.8/dist-packages/dbcounter.py:114}}
Sep 07 07:57:50.178771 dv-cinder-836027-10-smb neutron-server[106236]: DEBUG neutron.pecan_wsgi.hooks.policy_enforcement [req-5b044c7e-7d93-4b60-93fb-d7b27c5f4a76 req-610b5eba-caba-4537-b8a3-194f87623622 tempest-ServerRescueNegativeTestJSON-475805007 tempest-ServerRescueNegativeTestJSON-475805007-project] Attributes excluded by policy engine: ['standard_attr_id', 'binding:profile', 'binding:host_id', 'binding:vif_type', 'binding:vif_details'] {{(pid=106236) _exclude_attributes_by_policy /opt/stack/neutron/neutron/pecan_wsgi/hooks/policy_enforcement.py:259}}
Sep 07 07:57:50.180589 dv-cinder-836027-10-smb neutron-server[106236]: INFO neutron.wsgi [req-5b044c7e-7d93-4b60-93fb-d7b27c5f4a76 req-610b5eba-caba-4537-b8a3-194f87623622 tempest-ServerRescueNegativeTestJSON-475805007 tempest-ServerRescueNegativeTestJSON-475805007-project] 10.222.0.17 "GET /networking/v2.0/ports?device_id=e90048cf-df09-4e66-963d-d2cd1e682c99 HTTP/1.1" status: 200 len: 946 time: 0.0713983
Sep 07 07:57:50.259340 dv-cinder-836027-10-smb neutron-server[106236]: INFO neutron.wsgi [req-5b044c7e-7d93-4b60-93fb-d7b27c5f4a76 req-5a8e8208-0678-47ed-bd77-5c60b19bec4c tempest-ServerRescueNegativeTestJSON-475805007 tempest-ServerRescueNegativeTestJSON-475805007-project] 10.222.0.17 "GET /networking/v2.0/security-groups?id=8f816f49-c5b9-42d0-b14f-84d708010c79&fields=id&fields=name HTTP/1.1" status: 200 len: 286 time: 0.0692928
Sep 07 07:57:50.283440 dv-cinder-836027-10-smb neutron-server[106236]: DEBUG neutron.wsgi [-] (106236) accepted ('10.222.0.17', 42178) {{(pid=106236) server /usr/local/lib/python3.8/dist-packages/eventlet/wsgi.py:1004}}
Sep 07 07:57:50.312898 dv-cinder-836027-10-smb neutron-server[106236]: DEBUG neutron_lib.callbacks.manager [None req-a5f37ce6-c896-4168-9429-ec74baea5688 admin admin] Publish callbacks [] for security_group (None), before_create {{(pid=106236) _notify_loop /usr/local/lib/python3.8/dist-packages/neutron_lib/callbacks/manager.py:176}}
Sep 07 07:57:50.404838 dv-cinder-836027-10-smb neutron-server[106236]: DEBUG neutron_lib.callbacks.manager [None req-a5f37ce6-c896-4168-9429-ec74baea5688 admin admin] Publish callbacks [] for security_group (a53c3c4c-5d57-4bed-9071-c7615cc8d093), precommit_create {{(pid=106236) _notify_loop /usr/local/lib/python3.8/dist-packages/neutron_lib/callbacks/manager.py:176}}
Sep 07 07:57:50.413874 dv-cinder-836027-10-smb neutron-server[106236]: DEBUG neutron_lib.callbacks.manager [None req-a5f37ce6-c896-4168-9429-ec74baea5688 admin admin] Publish callbacks ['neutron.plugins.ml2.ovo_rpc._ObjectChangeHandler.handle_event-473035'] for security_group (a53c3c4c-5d57-4bed-9071-c7615cc8d093), after_create {{(pid=106236) _notify_loop /usr/local/lib/python3.8/dist-packages/neutron_lib/callbacks/manager.py:176}}
Sep 07 07:57:50.445242 dv-cinder-836027-10-smb neutron-server[106235]: DEBUG neutron.notifiers.nova [req-f75d0a7c-59f7-4718-b10d-7dd845421985 req-add7e8ea-db92-4ce7-93fd-e02c88eceb3c service neutron] Ignoring state change previous_port_status: DOWN current_port_status: DOWN port_id cce1a7dd-c3f8-4065-aabb-32477e5121c4 {{(pid=106235) record_port_status_changed /opt/stack/neutron/neutron/notifiers/nova.py:235}}
Sep 07 07:57:50.454387 dv-cinder-836027-10-smb neutron-server[106235]: DEBUG neutron_lib.callbacks.manager [req-f75d0a7c-59f7-4718-b10d-7dd845421985 req-add7e8ea-db92-4ce7-93fd-e02c88eceb3c service neutron] Publish callbacks [] for port (cce1a7dd-c3f8-4065-aabb-32477e5121c4), precommit_update {{(pid=106235) _notify_loop /usr/local/lib/python3.8/dist-packages/neutron_lib/callbacks/manager.py:176}}
Sep 07 07:57:50.458255 dv-cinder-836027-10-smb neutron-server[106236]: DEBUG neutron.api.rpc.handlers.resources_rpc [None req-a5f37ce6-c896-4168-9429-ec74baea5688 admin admin] Pushing event updated for resources: {'SecurityGroup': ['ID=a53c3c4c-5d57-4bed-9071-c7615cc8d093,revision_number=1']} {{(pid=106236) push /opt/stack/neutron/neutron/api/rpc/handlers/resources_rpc.py:237}}
Sep 07 07:57:50.463458 dv-cinder-836027-10-smb neutron-server[106236]: INFO neutron.wsgi [None req-a5f37ce6-c896-4168-9429-ec74baea5688 admin admin] 10.222.0.17 "GET /networking/v2.0/security-groups?tenant_id=55655e99c7e942eaa64fb56aeced584c&name=default HTTP/1.1" status: 200 len: 2996 time: 0.1788685
Sep 07 07:57:50.466112 dv-cinder-836027-10-smb neutron-server[106236]: DEBUG neutron.wsgi [-] (106236) accepted ('10.222.0.17', 42186) {{(pid=106236) server /usr/local/lib/python3.8/dist-packages/eventlet/wsgi.py:1004}}
Sep 07 07:57:50.477173 dv-cinder-836027-10-smb neutron-server[106235]: DEBUG neutron.db.provisioning_blocks [req-f75d0a7c-59f7-4718-b10d-7dd845421985 req-add7e8ea-db92-4ce7-93fd-e02c88eceb3c service neutron] Transition to ACTIVE for port object cce1a7dd-c3f8-4065-aabb-32477e5121c4 will not be triggered until provisioned by entity L2. {{(pid=106235) add_provisioning_component /opt/stack/neutron/neutron/db/provisioning_blocks.py:74}}
Sep 07 07:57:50.482484 dv-cinder-836027-10-smb neutron-server[106235]: DEBUG neutron_lib.callbacks.manager [req-f75d0a7c-59f7-4718-b10d-7dd845421985 req-add7e8ea-db92-4ce7-93fd-e02c88eceb3c service neutron] Publish callbacks ['neutron.plugins.ml2.plugin.SecurityGroupServerNotifierRpcMixin._notify_sg_on_port_change-16406762', 'neutron.plugins.ml2.ovo_rpc._ObjectChangeHandler.handle_event-162108', 'neutron.api.rpc.agentnotifiers.dhcp_rpc_agent_api.DhcpAgentNotifyAPI._native_event_send_dhcp_notification-652582', 'neutron.db.l3_db.L3RpcNotifierMixin._notify_gateway_port_ip_changed-8778769985410', 'neutron.db.l3_dvrscheduler_db._notify_l3_agent_port_update-8778769544870', 'neutron.db.l3_hascheduler_db._notify_l3_agent_ha_port_update-8778769544888', 'neutron.services.segments.plugin.NovaSegmentNotifier._notify_port_updated-3885807'] for port (cce1a7dd-c3f8-4065-aabb-32477e5121c4), after_update {{(pid=106235) _notify_loop /usr/local/lib/python3.8/dist-packages/neutron_lib/callbacks/manager.py:176}}
Sep 07 07:57:50.525387 dv-cinder-836027-10-smb neutron-server[106236]: DEBUG neutron_lib.callbacks.manager [None req-302acdba-1109-4a15-9d94-50b8d9dfcbe4 admin admin] Publish callbacks [] for security_group (a53c3c4c-5d57-4bed-9071-c7615cc8d093), before_delete {{(pid=106236) _notify_loop /usr/local/lib/python3.8/dist-packages/neutron_lib/callbacks/manager.py:176}}
Sep 07 07:57:50.570356 dv-cinder-836027-10-smb neutron-server[106236]: DEBUG neutron_lib.callbacks.manager [None req-302acdba-1109-4a15-9d94-50b8d9dfcbe4 admin admin] Publish callbacks [] for security_group (a53c3c4c-5d57-4bed-9071-c7615cc8d093), precommit_delete {{(pid=106236) _notify_loop /usr/local/lib/python3.8/dist-packages/neutron_lib/callbacks/manager.py:176}}
Sep 07 07:57:50.581430 dv-cinder-836027-10-smb neutron-server[106235]: DEBUG neutron.api.rpc.handlers.resources_rpc [None req-add7e8ea-db92-4ce7-93fd-e02c88eceb3c service neutron] Pushing event updated for resources: {'Port': ['ID=cce1a7dd-c3f8-4065-aabb-32477e5121c4,revision_number=2']} {{(pid=106235) push /opt/stack/neutron/neutron/api/rpc/handlers/resources_rpc.py:237}}
Sep 07 07:57:50.597670 dv-cinder-836027-10-smb neutron-server[106235]: DEBUG dbcounter [-] [106235] Writing DB stats neutron:SELECT=95,neutron:DELETE=2,neutron:UPDATE=2,neutron:INSERT=1 {{(pid=106235) stat_writer /usr/local/lib/python3.8/dist-packages/dbcounter.py:114}}
Sep 07 07:57:50.623672 dv-cinder-836027-10-smb neutron-server[106235]: DEBUG neutron.plugins.ml2.managers [req-f75d0a7c-59f7-4718-b10d-7dd845421985 req-add7e8ea-db92-4ce7-93fd-e02c88eceb3c service neutron] Attempting to bind port cce1a7dd-c3f8-4065-aabb-32477e5121c4 on host hv-cinder-83602 for vnic_type normal with profile {{(pid=106235) bind_port /opt/stack/neutron/neutron/plugins/ml2/managers.py:810}}
Sep 07 07:57:50.624020 dv-cinder-836027-10-smb neutron-server[106235]: DEBUG neutron.plugins.ml2.managers [req-f75d0a7c-59f7-4718-b10d-7dd845421985 req-add7e8ea-db92-4ce7-93fd-e02c88eceb3c service neutron] Attempting to bind port cce1a7dd-c3f8-4065-aabb-32477e5121c4 by drivers openvswitch,hyperv on host hv-cinder-83602 at level 0 using segments [{'id': '16332752-3da9-4aed-9d68-99778d8e52e2', 'network_type': 'vlan', 'physical_network': 'physnet1', 'segmentation_id': 106, 'network_id': '72798773-324d-460b-9cf4-4bb7bc71f172'}] {{(pid=106235) _bind_port_level /opt/stack/neutron/neutron/plugins/ml2/managers.py:835}}
Sep 07 07:57:50.624354 dv-cinder-836027-10-smb neutron-server[106235]: DEBUG neutron.plugins.ml2.drivers.mech_agent [req-f75d0a7c-59f7-4718-b10d-7dd845421985 req-add7e8ea-db92-4ce7-93fd-e02c88eceb3c service neutron] Attempting to bind port cce1a7dd-c3f8-4065-aabb-32477e5121c4 on network 72798773-324d-460b-9cf4-4bb7bc71f172 {{(pid=106235) bind_port /opt/stack/neutron/neutron/plugins/ml2/drivers/mech_agent.py:91}}
Sep 07 07:57:50.631739 dv-cinder-836027-10-smb neutron-server[106236]: DEBUG neutron_lib.callbacks.manager [None req-302acdba-1109-4a15-9d94-50b8d9dfcbe4 admin admin] Publish callbacks ['neutron.plugins.ml2.ovo_rpc._ObjectChangeHandler.handle_event-473035'] for security_group (a53c3c4c-5d57-4bed-9071-c7615cc8d093), after_delete {{(pid=106236) _notify_loop /usr/local/lib/python3.8/dist-packages/neutron_lib/callbacks/manager.py:176}}
Sep 07 07:57:50.634556 dv-cinder-836027-10-smb neutron-server[106236]: DEBUG neutron_lib.callbacks.manager [None req-302acdba-1109-4a15-9d94-50b8d9dfcbe4 admin admin] Publish callbacks [] for security_group (None), before_response {{(pid=106236) _notify_loop /usr/local/lib/python3.8/dist-packages/neutron_lib/callbacks/manager.py:176}}
Sep 07 07:57:50.638275 dv-cinder-836027-10-smb neutron-server[106236]: INFO neutron.wsgi [None req-302acdba-1109-4a15-9d94-50b8d9dfcbe4 admin admin] 10.222.0.17 "DELETE /networking/v2.0/security-groups/a53c3c4c-5d57-4bed-9071-c7615cc8d093 HTTP/1.1" status: 204 len: 168 time: 0.1686454
Sep 07 07:57:50.645327 dv-cinder-836027-10-smb neutron-server[106236]: DEBUG neutron.api.rpc.handlers.resources_rpc [None req-302acdba-1109-4a15-9d94-50b8d9dfcbe4 admin admin] Pushing event deleted for resources: {'SecurityGroup': ['ID=a53c3c4c-5d57-4bed-9071-c7615cc8d093,revision_number=None']} {{(pid=106236) push /opt/stack/neutron/neutron/api/rpc/handlers/resources_rpc.py:237}}
Sep 07 07:57:50.668572 dv-cinder-836027-10-smb neutron-server[106235]: DEBUG dbcounter [-] [106235] Writing DB stats neutron:SELECT=93,neutron:DELETE=4,neutron:UPDATE=3 {{(pid=106235) stat_writer /usr/local/lib/python3.8/dist-packages/dbcounter.py:114}}
Sep 07 07:57:50.682491 dv-cinder-836027-10-smb neutron-server[106235]: DEBUG neutron.plugins.ml2.drivers.mech_agent [req-f75d0a7c-59f7-4718-b10d-7dd845421985 req-add7e8ea-db92-4ce7-93fd-e02c88eceb3c service neutron] Port cce1a7dd-c3f8-4065-aabb-32477e5121c4 on network 72798773-324d-460b-9cf4-4bb7bc71f172 not bound, no agent of type Open vSwitch agent registered on host hv-cinder-83602 {{(pid=106235) bind_port /opt/stack/neutron/neutron/plugins/ml2/drivers/mech_agent.py:120}}
Sep 07 07:57:50.682828 dv-cinder-836027-10-smb neutron-server[106235]: DEBUG neutron.plugins.ml2.drivers.mech_agent [req-f75d0a7c-59f7-4718-b10d-7dd845421985 req-add7e8ea-db92-4ce7-93fd-e02c88eceb3c service neutron] Attempting to bind port cce1a7dd-c3f8-4065-aabb-32477e5121c4 on network 72798773-324d-460b-9cf4-4bb7bc71f172 {{(pid=106235) bind_port /opt/stack/neutron/neutron/plugins/ml2/drivers/mech_agent.py:91}}
Sep 07 07:57:50.718781 dv-cinder-836027-10-smb neutron-server[106236]: DEBUG neutron.pecan_wsgi.hooks.policy_enforcement [req-fe7f5609-54c7-4a7a-ba61-6fb45e0d4a78 req-6a36a361-03e7-4668-a063-4baba1701b34 tempest-AttachVolumeShelveTestJSON-2064008121 tempest-AttachVolumeShelveTestJSON-2064008121-project] Attributes excluded by policy engine: ['standard_attr_id', 'binding:profile', 'binding:host_id', 'binding:vif_type', 'binding:vif_details'] {{(pid=106236) _exclude_attributes_by_policy /opt/stack/neutron/neutron/pecan_wsgi/hooks/policy_enforcement.py:259}}
Sep 07 07:57:50.720700 dv-cinder-836027-10-smb neutron-server[106236]: INFO neutron.wsgi [req-fe7f5609-54c7-4a7a-ba61-6fb45e0d4a78 req-6a36a361-03e7-4668-a063-4baba1701b34 tempest-AttachVolumeShelveTestJSON-2064008121 tempest-AttachVolumeShelveTestJSON-2064008121-project] 10.222.0.17 "GET /networking/v2.0/ports?device_id=b8466df5-1e93-4034-8c17-7515ec44b008 HTTP/1.1" status: 200 len: 945 time: 0.0525355
Sep 07 07:57:50.734396 dv-cinder-836027-10-smb neutron-server[106235]: DEBUG neutron.plugins.ml2.drivers.mech_agent [req-f75d0a7c-59f7-4718-b10d-7dd845421985 req-add7e8ea-db92-4ce7-93fd-e02c88eceb3c service neutron] Checking agent: {'id': '1b9c0ec2-73e3-4057-a36a-625f241cc72d', 'agent_type': 'HyperV agent', 'binary': 'neutron-hyperv-agent', 'topic': 'N/A', 'host': 'hv-cinder-83602', 'admin_state_up': True, 'created_at': datetime.datetime(2022, 9, 7, 7, 54, 55), 'started_at': datetime.datetime(2022, 9, 7, 7, 54, 55), 'heartbeat_timestamp': datetime.datetime(2022, 9, 7, 7, 57, 25), 'description': None, 'resources_synced': None, 'availability_zone': None, 'alive': True, 'configurations': {'vswitch_mappings': {'physnet1$': 'br-data'}}, 'resource_versions': {}} {{(pid=106235) bind_port /opt/stack/neutron/neutron/plugins/ml2/drivers/mech_agent.py:127}}
Sep 07 07:57:50.735005 dv-cinder-836027-10-smb neutron-server[106235]: DEBUG neutron.plugins.ml2.drivers.mech_agent [req-f75d0a7c-59f7-4718-b10d-7dd845421985 req-add7e8ea-db92-4ce7-93fd-e02c88eceb3c service neutron] Checking segment: {'id': '16332752-3da9-4aed-9d68-99778d8e52e2', 'network_type': 'vlan', 'physical_network': 'physnet1', 'segmentation_id': 106, 'network_id': '72798773-324d-460b-9cf4-4bb7bc71f172'} for mappings: {'physnet1$': 'br-data'} with network types: ['local', 'flat', 'vlan'] {{(pid=106235) check_segment_for_agent /opt/stack/neutron/neutron/plugins/ml2/drivers/mech_agent.py:399}}
Sep 07 07:57:50.735468 dv-cinder-836027-10-smb neutron-server[106235]: DEBUG neutron.plugins.ml2.drivers.mech_agent [req-f75d0a7c-59f7-4718-b10d-7dd845421985 req-add7e8ea-db92-4ce7-93fd-e02c88eceb3c service neutron] Bound using segment: {'id': '16332752-3da9-4aed-9d68-99778d8e52e2', 'network_type': 'vlan', 'physical_network': 'physnet1', 'segmentation_id': 106, 'network_id': '72798773-324d-460b-9cf4-4bb7bc71f172'} {{(pid=106235) bind_port /opt/stack/neutron/neutron/plugins/ml2/drivers/mech_agent.py:137}}
Sep 07 07:57:50.736100 dv-cinder-836027-10-smb neutron-server[106235]: DEBUG neutron.plugins.ml2.managers [req-f75d0a7c-59f7-4718-b10d-7dd845421985 req-add7e8ea-db92-4ce7-93fd-e02c88eceb3c service neutron] Bound port: cce1a7dd-c3f8-4065-aabb-32477e5121c4, host: hv-cinder-83602, vif_type: hyperv, vif_details: {"connectivity": "legacy", "port_filter": false}, binding_levels: [{'bound_driver': 'hyperv', 'bound_segment': {'id': '16332752-3da9-4aed-9d68-99778d8e52e2', 'network_type': 'vlan', 'physical_network': 'physnet1', 'segmentation_id': 106, 'network_id': '72798773-324d-460b-9cf4-4bb7bc71f172'}}] {{(pid=106235) _bind_port_level /opt/stack/neutron/neutron/plugins/ml2/managers.py:947}}
Sep 07 07:57:50.736567 dv-cinder-836027-10-smb neutron-server[106235]: DEBUG neutron_lib.callbacks.manager [req-f75d0a7c-59f7-4718-b10d-7dd845421985 req-add7e8ea-db92-4ce7-93fd-e02c88eceb3c service neutron] Publish callbacks ['neutron.plugins.ml2.plugin.SecurityGroupDbMixin._ensure_default_security_group_handler-16406699'] for port (cce1a7dd-c3f8-4065-aabb-32477e5121c4), before_update {{(pid=106235) _notify_loop /usr/local/lib/python3.8/dist-packages/neutron_lib/callbacks/manager.py:176}}
Sep 07 07:57:50.780562 dv-cinder-836027-10-smb neutron-server[106236]: INFO neutron.wsgi [req-fe7f5609-54c7-4a7a-ba61-6fb45e0d4a78 req-dca74519-6bd0-4b6e-8c14-1d7822c46098 tempest-AttachVolumeShelveTestJSON-2064008121 tempest-AttachVolumeShelveTestJSON-2064008121-project] 10.222.0.17 "GET /networking/v2.0/security-groups?id=17ca9557-1c63-4b1f-8b13-3167ae40626e&fields=id&fields=name HTTP/1.1" status: 200 len: 312 time: 0.0525429
Sep 07 07:57:50.823559 dv-cinder-836027-10-smb neutron-server[106235]: DEBUG neutron.plugins.ml2.db [req-f75d0a7c-59f7-4718-b10d-7dd845421985 req-add7e8ea-db92-4ce7-93fd-e02c88eceb3c service neutron] For port cce1a7dd-c3f8-4065-aabb-32477e5121c4, host hv-cinder-83602, cleared binding levels {{(pid=106235) clear_binding_levels /opt/stack/neutron/neutron/plugins/ml2/db.py:87}}
Sep 07 07:57:50.827097 dv-cinder-836027-10-smb neutron-server[106235]: DEBUG neutron.plugins.ml2.db [req-f75d0a7c-59f7-4718-b10d-7dd845421985 req-add7e8ea-db92-4ce7-93fd-e02c88eceb3c service neutron] For port cce1a7dd-c3f8-4065-aabb-32477e5121c4, host hv-cinder-83602, set binding levels [PortBindingLevel(driver='hyperv',host='hv-cinder-83602',level=0,port_id=cce1a7dd-c3f8-4065-aabb-32477e5121c4,segment=NetworkSegment(16332752-3da9-4aed-9d68-99778d8e52e2),segment_id=16332752-3da9-4aed-9d68-99778d8e52e2)] {{(pid=106235) set_binding_levels /opt/stack/neutron/neutron/plugins/ml2/db.py:59}}
Sep 07 07:57:50.834127 dv-cinder-836027-10-smb neutron-server[106235]: DEBUG neutron_lib.callbacks.manager [req-f75d0a7c-59f7-4718-b10d-7dd845421985 req-add7e8ea-db92-4ce7-93fd-e02c88eceb3c service neutron] Publish callbacks ['neutron.plugins.ml2.plugin.SecurityGroupServerNotifierRpcMixin._notify_sg_on_port_change-16406762', 'neutron.plugins.ml2.ovo_rpc._ObjectChangeHandler.handle_event-162108', 'neutron.api.rpc.agentnotifiers.dhcp_rpc_agent_api.DhcpAgentNotifyAPI._native_event_send_dhcp_notification-652582', 'neutron.db.l3_db.L3RpcNotifierMixin._notify_gateway_port_ip_changed-8778769985410', 'neutron.db.l3_dvrscheduler_db._notify_l3_agent_port_update-8778769544870', 'neutron.db.l3_hascheduler_db._notify_l3_agent_ha_port_update-8778769544888', 'neutron.services.segments.plugin.NovaSegmentNotifier._notify_port_updated-3885807'] for port (cce1a7dd-c3f8-4065-aabb-32477e5121c4), after_update {{(pid=106235) _notify_loop /usr/local/lib/python3.8/dist-packages/neutron_lib/callbacks/manager.py:176}}
Sep 07 07:57:50.838187 dv-cinder-836027-10-smb neutron-server[106235]: DEBUG neutron.pecan_wsgi.hooks.policy_enforcement [req-f75d0a7c-59f7-4718-b10d-7dd845421985 req-add7e8ea-db92-4ce7-93fd-e02c88eceb3c service neutron] Attributes excluded by policy engine: ['standard_attr_id'] {{(pid=106235) _exclude_attributes_by_policy /opt/stack/neutron/neutron/pecan_wsgi/hooks/policy_enforcement.py:259}}
Sep 07 07:57:50.838893 dv-cinder-836027-10-smb neutron-server[106235]: DEBUG neutron_lib.callbacks.manager [req-f75d0a7c-59f7-4718-b10d-7dd845421985 req-add7e8ea-db92-4ce7-93fd-e02c88eceb3c service neutron] Publish callbacks ['neutron.notifiers.nova.Notifier._send_nova_notification-888507', 'neutron.api.rpc.agentnotifiers.dhcp_rpc_agent_api.DhcpAgentNotifyAPI._send_dhcp_notification-652596'] for port (None), before_response {{(pid=106235) _notify_loop /usr/local/lib/python3.8/dist-packages/neutron_lib/callbacks/manager.py:176}}
Sep 07 07:57:50.840305 dv-cinder-836027-10-smb neutron-server[106235]: INFO neutron.wsgi [req-f75d0a7c-59f7-4718-b10d-7dd845421985 req-add7e8ea-db92-4ce7-93fd-e02c88eceb3c service neutron] 10.222.0.30 "PUT /networking/v2.0/ports/cce1a7dd-c3f8-4065-aabb-32477e5121c4 HTTP/1.1" status: 200 len: 1093 time: 0.8463016
Sep 07 07:57:50.842621 dv-cinder-836027-10-smb neutron-server[106235]: DEBUG neutron.notifiers.nova [-] Sending events: [{'name': 'network-changed', 'server_uuid': 'bc1fb9a6-2edf-4359-b458-c202c16d2ea9', 'tag': 'cce1a7dd-c3f8-4065-aabb-32477e5121c4'}] {{(pid=106235) send_events /opt/stack/neutron/neutron/notifiers/nova.py:279}}
Sep 07 07:57:50.844963 dv-cinder-836027-10-smb neutron-server[106235]: DEBUG novaclient.v2.client [-] REQ: curl -g -i --cacert "/opt/stack/data/ca-bundle.pem" -X POST http://10.222.0.17/compute/v2.1/os-server-external-events -H "Accept: application/json" -H "Content-Type: application/json" -H "User-Agent: python-novaclient" -H "X-Auth-Token: {SHA256}d02ab335daf7f478f3219c22f2d7120a2bc05f7495abb3f77cad86f455d135bc" -H "X-OpenStack-Nova-API-Version: 2.1" -H "X-OpenStack-Request-ID: req-f9634841-cad2-4327-bf26-75aaf13621f0" -d '{"events": [{"name": "network-changed", "server_uuid": "bc1fb9a6-2edf-4359-b458-c202c16d2ea9", "tag": "cce1a7dd-c3f8-4065-aabb-32477e5121c4"}]}' {{(pid=106235) _http_log_request /usr/local/lib/python3.8/dist-packages/keystoneauth1/session.py:519}}
Sep 07 07:57:50.898494 dv-cinder-836027-10-smb neutron-server[106235]: DEBUG novaclient.v2.client [-] RESP: [200] Connection: close Content-Length: 179 Content-Type: application/json Date: Wed, 07 Sep 2022 07:57:50 GMT OpenStack-API-Version: compute 2.1 Server: Apache/2.4.41 (Ubuntu) Vary: OpenStack-API-Version,X-OpenStack-Nova-API-Version X-OpenStack-Nova-API-Version: 2.1 x-compute-request-id: req-c7d56e28-f446-4e67-824d-83782adf2a93 x-openstack-request-id: req-c7d56e28-f446-4e67-824d-83782adf2a93 {{(pid=106235) _http_log_response /usr/local/lib/python3.8/dist-packages/keystoneauth1/session.py:550}}
Sep 07 07:57:50.898960 dv-cinder-836027-10-smb neutron-server[106235]: DEBUG novaclient.v2.client [-] RESP BODY: {"events": [{"name": "network-changed", "server_uuid": "bc1fb9a6-2edf-4359-b458-c202c16d2ea9", "tag": "cce1a7dd-c3f8-4065-aabb-32477e5121c4", "status": "completed", "code": 200}]} {{(pid=106235) _http_log_response /usr/local/lib/python3.8/dist-packages/keystoneauth1/session.py:582}}
Sep 07 07:57:50.899224 dv-cinder-836027-10-smb neutron-server[106235]: DEBUG novaclient.v2.client [-] POST call to compute for http://10.222.0.17/compute/v2.1/os-server-external-events used request id req-c7d56e28-f446-4e67-824d-83782adf2a93 {{(pid=106235) request /usr/local/lib/python3.8/dist-packages/keystoneauth1/session.py:954}}
Sep 07 07:57:50.900111 dv-cinder-836027-10-smb neutron-server[106235]: INFO neutron.notifiers.nova [-] Nova event matching ['req-c7d56e28-f446-4e67-824d-83782adf2a93'] response: {'name': 'network-changed', 'server_uuid': 'bc1fb9a6-2edf-4359-b458-c202c16d2ea9', 'tag': 'cce1a7dd-c3f8-4065-aabb-32477e5121c4', 'status': 'completed', 'code': 200}
Sep 07 07:57:50.915892 dv-cinder-836027-10-smb neutron-server[106235]: DEBUG neutron.api.rpc.handlers.resources_rpc [None req-add7e8ea-db92-4ce7-93fd-e02c88eceb3c service neutron] Pushing event updated for resources: {'Port': ['ID=cce1a7dd-c3f8-4065-aabb-32477e5121c4,revision_number=3']} {{(pid=106235) push /opt/stack/neutron/neutron/api/rpc/handlers/resources_rpc.py:237}}
Sep 07 07:57:50.916111 dv-cinder-836027-10-smb neutron-server[106236]: DEBUG dbcounter [-] [106236] Writing DB stats neutron:SELECT=92,neutron:INSERT=6,neutron:DELETE=2 {{(pid=106236) stat_writer /usr/local/lib/python3.8/dist-packages/dbcounter.py:114}}
Sep 07 07:57:50.936603 dv-cinder-836027-10-smb neutron-server[106236]: DEBUG neutron.pecan_wsgi.hooks.policy_enforcement [req-f550ba9a-b000-4c27-b1b5-93bd6b813639 req-3535ba07-fde2-4d61-8f8f-4d5c714dbe9b tempest-VolumesActionsTest-756955501 tempest-VolumesActionsTest-756955501-project] Attributes excluded by policy engine: ['standard_attr_id', 'binding:profile', 'binding:host_id', 'binding:vif_type', 'binding:vif_details'] {{(pid=106236) _exclude_attributes_by_policy /opt/stack/neutron/neutron/pecan_wsgi/hooks/policy_enforcement.py:259}}
Sep 07 07:57:50.938122 dv-cinder-836027-10-smb neutron-server[106236]: INFO neutron.wsgi [req-f550ba9a-b000-4c27-b1b5-93bd6b813639 req-3535ba07-fde2-4d61-8f8f-4d5c714dbe9b tempest-VolumesActionsTest-756955501 tempest-VolumesActionsTest-756955501-project] 10.222.0.17 "GET /networking/v2.0/ports?device_id=bc1fb9a6-2edf-4359-b458-c202c16d2ea9 HTTP/1.1" status: 200 len: 943 time: 0.0633836
Sep 07 07:57:50.989141 dv-cinder-836027-10-smb neutron-server[106236]: INFO neutron.wsgi [req-f550ba9a-b000-4c27-b1b5-93bd6b813639 req-d9b0a77e-41e0-40af-800a-77f44476aac3 tempest-VolumesActionsTest-756955501 tempest-VolumesActionsTest-756955501-project] 10.222.0.17 "GET /networking/v2.0/security-groups?id=3c4da5ae-290a-4f62-9fda-f79d0a239c85&fields=id&fields=name HTTP/1.1" status: 200 len: 286 time: 0.0451441
Sep 07 07:57:51.409436 dv-cinder-836027-10-smb neutron-server[106236]: DEBUG neutron.pecan_wsgi.hooks.policy_enforcement [req-b7e41a31-afbb-4332-a375-a95b059bb7ba req-bb3a8f8f-6cd3-4257-8096-de3758bf77ef tempest-ServerRescueNegativeTestJSON-475805007 tempest-ServerRescueNegativeTestJSON-475805007-project] Attributes excluded by policy engine: ['standard_attr_id', 'binding:profile', 'binding:host_id', 'binding:vif_type', 'binding:vif_details'] {{(pid=106236) _exclude_attributes_by_policy /opt/stack/neutron/neutron/pecan_wsgi/hooks/policy_enforcement.py:259}}
Sep 07 07:57:51.413397 dv-cinder-836027-10-smb neutron-server[106236]: INFO neutron.wsgi [req-b7e41a31-afbb-4332-a375-a95b059bb7ba req-bb3a8f8f-6cd3-4257-8096-de3758bf77ef tempest-ServerRescueNegativeTestJSON-475805007 tempest-ServerRescueNegativeTestJSON-475805007-project] 10.222.0.17 "GET /networking/v2.0/ports?device_id=e90048cf-df09-4e66-963d-d2cd1e682c99 HTTP/1.1" status: 200 len: 946 time: 0.0582910
Sep 07 07:57:51.430172 dv-cinder-836027-10-smb neutron-server[106235]: DEBUG neutron.pecan_wsgi.hooks.policy_enforcement [req-f9634841-cad2-4327-bf26-75aaf13621f0 req-13805cdd-7f5d-469f-9286-3b5d463aa73a service neutron] Attributes excluded by policy engine: ['standard_attr_id'] {{(pid=106235) _exclude_attributes_by_policy /opt/stack/neutron/neutron/pecan_wsgi/hooks/policy_enforcement.py:259}}
Sep 07 07:57:51.431764 dv-cinder-836027-10-smb neutron-server[106235]: INFO neutron.wsgi [req-f9634841-cad2-4327-bf26-75aaf13621f0 req-13805cdd-7f5d-469f-9286-3b5d463aa73a service neutron] 10.222.0.30 "GET /networking/v2.0/ports?tenant_id=6da3c77dbc084f8daafd7f199a1e96ad&device_id=bc1fb9a6-2edf-4359-b458-c202c16d2ea9 HTTP/1.1" status: 200 len: 1127 time: 0.0875349
Sep 07 07:57:51.501500 dv-cinder-836027-10-smb neutron-server[106236]: INFO neutron.wsgi [req-b7e41a31-afbb-4332-a375-a95b059bb7ba req-a0f04f43-7c32-40b6-9082-e884e8597b1c tempest-ServerRescueNegativeTestJSON-475805007 tempest-ServerRescueNegativeTestJSON-475805007-project] 10.222.0.17 "GET /networking/v2.0/security-groups?id=8f816f49-c5b9-42d0-b14f-84d708010c79&fields=id&fields=name HTTP/1.1" status: 200 len: 286 time: 0.0790148
Sep 07 07:57:51.621584 dv-cinder-836027-10-smb neutron-server[106235]: DEBUG neutron.pecan_wsgi.hooks.policy_enforcement [req-f9634841-cad2-4327-bf26-75aaf13621f0 req-7fea4927-6980-4ca4-8ab4-6ab74024cc63 service neutron] Attributes excluded by policy engine: ['standard_attr_id', 'vlan_transparent'] {{(pid=106235) _exclude_attributes_by_policy /opt/stack/neutron/neutron/pecan_wsgi/hooks/policy_enforcement.py:259}}
Sep 07 07:57:51.623088 dv-cinder-836027-10-smb neutron-server[106235]: INFO neutron.wsgi [req-f9634841-cad2-4327-bf26-75aaf13621f0 req-7fea4927-6980-4ca4-8ab4-6ab74024cc63 service neutron] 10.222.0.30 "GET /networking/v2.0/networks?tenant_id=6da3c77dbc084f8daafd7f199a1e96ad&shared=False HTTP/1.1" status: 200 len: 908 time: 0.1370595
