Sep 07 07:55:55.799004 dv-cinder-836027-10-iscsi devstack@c-api.service[113322]: /usr/local/lib/python3.8/dist-packages/oslo_context/context.py:100: DeprecationWarning: Policy enforcement is depending on the value of is_admin. This key is deprecated. Please update your policy file to use the standard policy values.
Sep 07 07:55:55.799004 dv-cinder-836027-10-iscsi devstack@c-api.service[113322]: warnings.warn('Policy enforcement is depending on the value of '
Sep 07 07:55:55.861405 dv-cinder-836027-10-iscsi devstack@c-api.service[113322]: DEBUG dbcounter [-] [113322] Writing DB stats cinder:SELECT=73,cinder:UPDATE=23,cinder:INSERT=4 {{(pid=113322) stat_writer /usr/local/lib/python3.8/dist-packages/dbcounter.py:114}}
Sep 07 07:55:55.936288 dv-cinder-836027-10-iscsi devstack@c-api.service[113322]: INFO cinder.api.openstack.wsgi [None req-83828e83-5fe6-4015-8c62-948ef605bafc tempest-GroupSnapshotsTest-1446417106 tempest-GroupSnapshotsTest-1446417106-project] http://10.222.0.26/volume/v3/045df47d901b4fb3a0f7ad9cc8e0f9c2/groups/7610a1c9-0573-4eea-8104-71679038dea4/action returned with HTTP 202
Sep 07 07:55:55.940765 dv-cinder-836027-10-iscsi devstack@c-api.service[113322]: [pid: 113322|app: 0|req: 146/285] 10.222.0.26 () {62 vars in 1405 bytes} [Wed Sep 7 07:55:55 2022] POST /volume/v3/045df47d901b4fb3a0f7ad9cc8e0f9c2/groups/7610a1c9-0573-4eea-8104-71679038dea4/action => generated 0 bytes in 166 msecs (HTTP/1.1 202) 6 headers in 234 bytes (1 switches on core 0)
Sep 07 07:55:55.944857 dv-cinder-836027-10-iscsi devstack@c-api.service[113323]: DEBUG cinder.api.middleware.request_id [None req-db545460-218b-4172-a5ce-028c8b371609 None None] RequestId filter calling following filter/app {{(pid=113323) _context_setter /opt/stack/cinder/cinder/api/middleware/request_id.py:62}}
Sep 07 07:55:55.949920 dv-cinder-836027-10-iscsi devstack@c-api.service[113323]: INFO cinder.api.openstack.wsgi [None req-db545460-218b-4172-a5ce-028c8b371609 tempest-GroupSnapshotsTest-1446417106 tempest-GroupSnapshotsTest-1446417106-project] GET http://10.222.0.26/volume/v3/045df47d901b4fb3a0f7ad9cc8e0f9c2/volumes/790539d8-17cf-4a40-bbf2-4a4c8aac40d3
Sep 07 07:55:55.950337 dv-cinder-836027-10-iscsi devstack@c-api.service[113323]: DEBUG cinder.api.openstack.wsgi [None req-db545460-218b-4172-a5ce-028c8b371609 tempest-GroupSnapshotsTest-1446417106 tempest-GroupSnapshotsTest-1446417106-project] Empty body provided in request {{(pid=113323) get_body /opt/stack/cinder/cinder/api/openstack/wsgi.py:715}}
Sep 07 07:55:55.950792 dv-cinder-836027-10-iscsi devstack@c-api.service[113323]: DEBUG cinder.api.openstack.wsgi [None req-db545460-218b-4172-a5ce-028c8b371609 tempest-GroupSnapshotsTest-1446417106 tempest-GroupSnapshotsTest-1446417106-project] Calling method 'show' {{(pid=113323) _process_stack /opt/stack/cinder/cinder/api/openstack/wsgi.py:868}}
Sep 07 07:55:55.980872 dv-cinder-836027-10-iscsi devstack@c-api.service[113323]: /usr/local/lib/python3.8/dist-packages/oslo_context/context.py:100: DeprecationWarning: Policy enforcement is depending on the value of is_admin. This key is deprecated. Please update your policy file to use the standard policy values.
Sep 07 07:55:55.980872 dv-cinder-836027-10-iscsi devstack@c-api.service[113323]: warnings.warn('Policy enforcement is depending on the value of '
Sep 07 07:55:55.990104 dv-cinder-836027-10-iscsi devstack@c-api.service[113323]: INFO cinder.volume.api [None req-db545460-218b-4172-a5ce-028c8b371609 tempest-GroupSnapshotsTest-1446417106 tempest-GroupSnapshotsTest-1446417106-project] Volume info retrieved successfully.
Sep 07 07:55:55.991739 dv-cinder-836027-10-iscsi devstack@c-api.service[113323]: WARNING stevedore.named [None req-db545460-218b-4172-a5ce-028c8b371609 tempest-GroupSnapshotsTest-1446417106 tempest-GroupSnapshotsTest-1446417106-project] Could not load cinder.keymgr.conf_key_mgr.ConfKeyManager
Sep 07 07:55:55.993743 dv-cinder-836027-10-iscsi devstack@c-api.service[113323]: WARNING castellan.key_manager [None req-db545460-218b-4172-a5ce-028c8b371609 tempest-GroupSnapshotsTest-1446417106 tempest-GroupSnapshotsTest-1446417106-project] Deprecation Warning : cinder.keymgr.conf_key_mgr.ConfKeyManager is not a stevedore based driver, trying to load it as a class: stevedore.exception.NoMatches: No 'castellan.drivers' driver found, looking for 'cinder.keymgr.conf_key_mgr.ConfKeyManager'
Sep 07 07:55:56.005174 dv-cinder-836027-10-iscsi devstack@c-api.service[113323]: DEBUG oslo_db.sqlalchemy.engines [None req-db545460-218b-4172-a5ce-028c8b371609 tempest-GroupSnapshotsTest-1446417106 tempest-GroupSnapshotsTest-1446417106-project] MySQL server mode set to STRICT_TRANS_TABLES,STRICT_ALL_TABLES,NO_ZERO_IN_DATE,NO_ZERO_DATE,ERROR_FOR_DIVISION_BY_ZERO,TRADITIONAL,NO_ENGINE_SUBSTITUTION {{(pid=113323) _check_effective_sql_mode /usr/local/lib/python3.8/dist-packages/oslo_db/sqlalchemy/engines.py:314}}
Sep 07 07:55:56.017339 dv-cinder-836027-10-iscsi devstack@c-api.service[113323]: /usr/local/lib/python3.8/dist-packages/oslo_context/context.py:100: DeprecationWarning: Policy enforcement is depending on the value of is_admin. This key is deprecated. Please update your policy file to use the standard policy values.
Sep 07 07:55:56.017339 dv-cinder-836027-10-iscsi devstack@c-api.service[113323]: warnings.warn('Policy enforcement is depending on the value of '
Sep 07 07:55:56.056857 dv-cinder-836027-10-iscsi devstack@c-api.service[113323]: INFO cinder.api.openstack.wsgi [None req-db545460-218b-4172-a5ce-028c8b371609 tempest-GroupSnapshotsTest-1446417106 tempest-GroupSnapshotsTest-1446417106-project] http://10.222.0.26/volume/v3/045df47d901b4fb3a0f7ad9cc8e0f9c2/volumes/790539d8-17cf-4a40-bbf2-4a4c8aac40d3 returned with HTTP 200
Sep 07 07:55:56.056857 dv-cinder-836027-10-iscsi devstack@c-api.service[113323]: [pid: 113323|app: 0|req: 140/286] 10.222.0.26 () {60 vars in 1366 bytes} [Wed Sep 7 07:55:55 2022] GET /volume/v3/045df47d901b4fb3a0f7ad9cc8e0f9c2/volumes/790539d8-17cf-4a40-bbf2-4a4c8aac40d3 => generated 999 bytes in 105 msecs (HTTP/1.1 200) 7 headers in 286 bytes (1 switches on core 0)
Sep 07 07:55:56.993497 dv-cinder-836027-10-iscsi devstack@c-api.service[113322]: DEBUG cinder.api.middleware.request_id [None req-7f8a3517-44eb-4ded-9228-0615f3514a68 None None] RequestId filter calling following filter/app {{(pid=113322) _context_setter /opt/stack/cinder/cinder/api/middleware/request_id.py:62}}
Sep 07 07:55:57.068072 dv-cinder-836027-10-iscsi devstack@c-api.service[113323]: DEBUG cinder.api.middleware.request_id [None req-1fed02eb-e4e7-4020-a531-f4a674fe2b02 None None] RequestId filter calling following filter/app {{(pid=113323) _context_setter /opt/stack/cinder/cinder/api/middleware/request_id.py:62}}
Sep 07 07:55:57.073270 dv-cinder-836027-10-iscsi devstack@c-api.service[113323]: INFO cinder.api.openstack.wsgi [None req-1fed02eb-e4e7-4020-a531-f4a674fe2b02 tempest-GroupSnapshotsTest-1446417106 tempest-GroupSnapshotsTest-1446417106-project] GET http://10.222.0.26/volume/v3/045df47d901b4fb3a0f7ad9cc8e0f9c2/volumes/790539d8-17cf-4a40-bbf2-4a4c8aac40d3
Sep 07 07:55:57.073764 dv-cinder-836027-10-iscsi devstack@c-api.service[113323]: DEBUG cinder.api.openstack.wsgi [None req-1fed02eb-e4e7-4020-a531-f4a674fe2b02 tempest-GroupSnapshotsTest-1446417106 tempest-GroupSnapshotsTest-1446417106-project] Empty body provided in request {{(pid=113323) get_body /opt/stack/cinder/cinder/api/openstack/wsgi.py:715}}
Sep 07 07:55:57.074393 dv-cinder-836027-10-iscsi devstack@c-api.service[113323]: DEBUG cinder.api.openstack.wsgi [None req-1fed02eb-e4e7-4020-a531-f4a674fe2b02 tempest-GroupSnapshotsTest-1446417106 tempest-GroupSnapshotsTest-1446417106-project] Calling method 'show' {{(pid=113323) _process_stack /opt/stack/cinder/cinder/api/openstack/wsgi.py:868}}
Sep 07 07:55:57.091162 dv-cinder-836027-10-iscsi devstack@c-api.service[113323]: INFO cinder.api.openstack.wsgi [None req-1fed02eb-e4e7-4020-a531-f4a674fe2b02 tempest-GroupSnapshotsTest-1446417106 tempest-GroupSnapshotsTest-1446417106-project] http://10.222.0.26/volume/v3/045df47d901b4fb3a0f7ad9cc8e0f9c2/volumes/790539d8-17cf-4a40-bbf2-4a4c8aac40d3 returned with HTTP 404
Sep 07 07:55:57.096417 dv-cinder-836027-10-iscsi devstack@c-api.service[113323]: [pid: 113323|app: 0|req: 141/287] 10.222.0.26 () {60 vars in 1366 bytes} [Wed Sep 7 07:55:57 2022] GET /volume/v3/045df47d901b4fb3a0f7ad9cc8e0f9c2/volumes/790539d8-17cf-4a40-bbf2-4a4c8aac40d3 => generated 109 bytes in 30 msecs (HTTP/1.1 404) 7 headers in 293 bytes (2 switches on core 0)
Sep 07 07:55:57.100609 dv-cinder-836027-10-iscsi devstack@c-api.service[113323]: DEBUG cinder.api.middleware.request_id [None req-bbe9bde5-8a2c-4ea2-8f38-e1638b84dba3 None None] RequestId filter calling following filter/app {{(pid=113323) _context_setter /opt/stack/cinder/cinder/api/middleware/request_id.py:62}}
Sep 07 07:55:57.105778 dv-cinder-836027-10-iscsi devstack@c-api.service[113323]: INFO cinder.api.openstack.wsgi [None req-bbe9bde5-8a2c-4ea2-8f38-e1638b84dba3 tempest-GroupSnapshotsTest-1446417106 tempest-GroupSnapshotsTest-1446417106-project] GET http://10.222.0.26/volume/v3/045df47d901b4fb3a0f7ad9cc8e0f9c2/volumes/4bfcf1fd-aad6-46d4-b29d-83b3721adfd8
Sep 07 07:55:57.107153 dv-cinder-836027-10-iscsi devstack@c-api.service[113323]: DEBUG cinder.api.openstack.wsgi [None req-bbe9bde5-8a2c-4ea2-8f38-e1638b84dba3 tempest-GroupSnapshotsTest-1446417106 tempest-GroupSnapshotsTest-1446417106-project] Empty body provided in request {{(pid=113323) get_body /opt/stack/cinder/cinder/api/openstack/wsgi.py:715}}
Sep 07 07:55:57.107915 dv-cinder-836027-10-iscsi devstack@c-api.service[113323]: DEBUG cinder.api.openstack.wsgi [None req-bbe9bde5-8a2c-4ea2-8f38-e1638b84dba3 tempest-GroupSnapshotsTest-1446417106 tempest-GroupSnapshotsTest-1446417106-project] Calling method 'show' {{(pid=113323) _process_stack /opt/stack/cinder/cinder/api/openstack/wsgi.py:868}}
Sep 07 07:55:57.123103 dv-cinder-836027-10-iscsi devstack@c-api.service[113323]: INFO cinder.api.openstack.wsgi [None req-bbe9bde5-8a2c-4ea2-8f38-e1638b84dba3 tempest-GroupSnapshotsTest-1446417106 tempest-GroupSnapshotsTest-1446417106-project] http://10.222.0.26/volume/v3/045df47d901b4fb3a0f7ad9cc8e0f9c2/volumes/4bfcf1fd-aad6-46d4-b29d-83b3721adfd8 returned with HTTP 404
Sep 07 07:55:57.128755 dv-cinder-836027-10-iscsi devstack@c-api.service[113323]: [pid: 113323|app: 0|req: 142/288] 10.222.0.26 () {60 vars in 1366 bytes} [Wed Sep 7 07:55:57 2022] GET /volume/v3/045df47d901b4fb3a0f7ad9cc8e0f9c2/volumes/4bfcf1fd-aad6-46d4-b29d-83b3721adfd8 => generated 109 bytes in 31 msecs (HTTP/1.1 404) 7 headers in 293 bytes (1 switches on core 0)
Sep 07 07:55:57.130480 dv-cinder-836027-10-iscsi devstack@c-api.service[113323]: DEBUG cinder.api.middleware.request_id [None req-7d771e79-b654-43a9-91d0-665ee96f9190 None None] RequestId filter calling following filter/app {{(pid=113323) _context_setter /opt/stack/cinder/cinder/api/middleware/request_id.py:62}}
Sep 07 07:55:57.135998 dv-cinder-836027-10-iscsi devstack@c-api.service[113323]: INFO cinder.api.openstack.wsgi [None req-7d771e79-b654-43a9-91d0-665ee96f9190 tempest-GroupSnapshotsTest-1446417106 tempest-GroupSnapshotsTest-1446417106-project] GET http://10.222.0.26/volume/v3/045df47d901b4fb3a0f7ad9cc8e0f9c2/groups/7610a1c9-0573-4eea-8104-71679038dea4
Sep 07 07:55:57.136839 dv-cinder-836027-10-iscsi devstack@c-api.service[113323]: DEBUG cinder.api.openstack.wsgi [None req-7d771e79-b654-43a9-91d0-665ee96f9190 tempest-GroupSnapshotsTest-1446417106 tempest-GroupSnapshotsTest-1446417106-project] Empty body provided in request {{(pid=113323) get_body /opt/stack/cinder/cinder/api/openstack/wsgi.py:715}}
Sep 07 07:55:57.137486 dv-cinder-836027-10-iscsi devstack@c-api.service[113323]: DEBUG cinder.api.openstack.wsgi [None req-7d771e79-b654-43a9-91d0-665ee96f9190 tempest-GroupSnapshotsTest-1446417106 tempest-GroupSnapshotsTest-1446417106-project] Calling method 'version_select' {{(pid=113323) _process_stack /opt/stack/cinder/cinder/api/openstack/wsgi.py:868}}
Sep 07 07:55:57.138004 dv-cinder-836027-10-iscsi devstack@c-api.service[113323]: DEBUG cinder.api.v3.groups [None req-7d771e79-b654-43a9-91d0-665ee96f9190 tempest-GroupSnapshotsTest-1446417106 tempest-GroupSnapshotsTest-1446417106-project] show called for member 7610a1c9-0573-4eea-8104-71679038dea4 {{(pid=113323) show /opt/stack/cinder/cinder/api/v3/groups.py:58}}
Sep 07 07:55:57.145848 dv-cinder-836027-10-iscsi devstack@c-api.service[113323]: INFO cinder.api.openstack.wsgi [None req-7d771e79-b654-43a9-91d0-665ee96f9190 tempest-GroupSnapshotsTest-1446417106 tempest-GroupSnapshotsTest-1446417106-project] http://10.222.0.26/volume/v3/045df47d901b4fb3a0f7ad9cc8e0f9c2/groups/7610a1c9-0573-4eea-8104-71679038dea4 returned with HTTP 404
Sep 07 07:55:57.147760 dv-cinder-836027-10-iscsi devstack@c-api.service[113323]: [pid: 113323|app: 0|req: 143/289] 10.222.0.26 () {60 vars in 1363 bytes} [Wed Sep 7 07:55:57 2022] GET /volume/v3/045df47d901b4fb3a0f7ad9cc8e0f9c2/groups/7610a1c9-0573-4eea-8104-71679038dea4 => generated 108 bytes in 18 msecs (HTTP/1.1 404) 7 headers in 293 bytes (1 switches on core 0)
Sep 07 07:55:57.153926 dv-cinder-836027-10-iscsi devstack@c-api.service[113323]: DEBUG cinder.api.middleware.request_id [None req-b4f56d29-1f00-4c6d-b5b1-39008f0c6b84 None None] RequestId filter calling following filter/app {{(pid=113323) _context_setter /opt/stack/cinder/cinder/api/middleware/request_id.py:62}}
Sep 07 07:55:57.155365 dv-cinder-836027-10-iscsi devstack@c-api.service[113322]: INFO cinder.api.openstack.wsgi [None req-7f8a3517-44eb-4ded-9228-0615f3514a68 tempest-VolumeTypesNegativeTest-38959678 tempest-VolumeTypesNegativeTest-38959678-project-admin] POST http://10.222.0.26/volume/v3/3d9edb804c804c07a89f17c302a6b8b3/types/a32e9f33-a933-4675-b9c9-e2788caf522b/encryption
Sep 07 07:55:57.156103 dv-cinder-836027-10-iscsi devstack@c-api.service[113322]: DEBUG cinder.api.openstack.wsgi [None req-7f8a3517-44eb-4ded-9228-0615f3514a68 tempest-VolumeTypesNegativeTest-38959678 tempest-VolumeTypesNegativeTest-38959678-project-admin] Action: 'create', calling method: create, body: {"encryption": {"provider": "LuksEncryptor", "key_size": 256, "cipher": "aes-xts-plain64", "control_location": "front-end"}} {{(pid=113322) _process_stack /opt/stack/cinder/cinder/api/openstack/wsgi.py:866}}
Sep 07 07:55:57.158114 dv-cinder-836027-10-iscsi devstack@c-api.service[113323]: INFO cinder.api.openstack.wsgi [None req-b4f56d29-1f00-4c6d-b5b1-39008f0c6b84 tempest-GroupSnapshotsTest-32304531 tempest-GroupSnapshotsTest-32304531-project-admin] DELETE http://10.222.0.26/volume/v3/eb00ba984ba64798893686720da1e14e/group_types/a2cce233-c273-47ac-96b5-cef91471600a
Sep 07 07:55:57.158734 dv-cinder-836027-10-iscsi devstack@c-api.service[113323]: DEBUG cinder.api.openstack.wsgi [None req-b4f56d29-1f00-4c6d-b5b1-39008f0c6b84 tempest-GroupSnapshotsTest-32304531 tempest-GroupSnapshotsTest-32304531-project-admin] Empty body provided in request {{(pid=113323) get_body /opt/stack/cinder/cinder/api/openstack/wsgi.py:715}}
Sep 07 07:55:57.159362 dv-cinder-836027-10-iscsi devstack@c-api.service[113323]: DEBUG cinder.api.openstack.wsgi [None req-b4f56d29-1f00-4c6d-b5b1-39008f0c6b84 tempest-GroupSnapshotsTest-32304531 tempest-GroupSnapshotsTest-32304531-project-admin] Calling method 'version_select' {{(pid=113323) _process_stack /opt/stack/cinder/cinder/api/openstack/wsgi.py:868}}
Sep 07 07:55:57.243448 dv-cinder-836027-10-iscsi devstack@c-api.service[113323]: INFO cinder.api.openstack.wsgi [None req-b4f56d29-1f00-4c6d-b5b1-39008f0c6b84 tempest-GroupSnapshotsTest-32304531 tempest-GroupSnapshotsTest-32304531-project-admin] http://10.222.0.26/volume/v3/eb00ba984ba64798893686720da1e14e/group_types/a2cce233-c273-47ac-96b5-cef91471600a returned with HTTP 202
Sep 07 07:55:57.245031 dv-cinder-836027-10-iscsi devstack@c-api.service[113323]: [pid: 113323|app: 0|req: 144/290] 10.222.0.26 () {60 vars in 1381 bytes} [Wed Sep 7 07:55:57 2022] DELETE /volume/v3/eb00ba984ba64798893686720da1e14e/group_types/a2cce233-c273-47ac-96b5-cef91471600a => generated 0 bytes in 92 msecs (HTTP/1.1 202) 6 headers in 234 bytes (1 switches on core 0)
Sep 07 07:55:57.254712 dv-cinder-836027-10-iscsi devstack@c-api.service[113322]: INFO cinder.api.openstack.wsgi [None req-7f8a3517-44eb-4ded-9228-0615f3514a68 tempest-VolumeTypesNegativeTest-38959678 tempest-VolumeTypesNegativeTest-38959678-project-admin] http://10.222.0.26/volume/v3/3d9edb804c804c07a89f17c302a6b8b3/types/a32e9f33-a933-4675-b9c9-e2788caf522b/encryption returned with HTTP 404
Sep 07 07:55:57.255952 dv-cinder-836027-10-iscsi devstack@c-api.service[113322]: [pid: 113322|app: 0|req: 147/291] 10.222.0.26 () {60 vars in 1374 bytes} [Wed Sep 7 07:55:56 2022] POST /volume/v3/3d9edb804c804c07a89f17c302a6b8b3/types/a32e9f33-a933-4675-b9c9-e2788caf522b/encryption => generated 114 bytes in 264 msecs (HTTP/1.1 404) 7 headers in 292 bytes (1 switches on core 0)
Sep 07 07:55:57.256625 dv-cinder-836027-10-iscsi devstack@c-api.service[113323]: DEBUG cinder.api.middleware.request_id [None req-ef893cec-75ca-4d2a-b5d0-edd057c0cf57 None None] RequestId filter calling following filter/app {{(pid=113323) _context_setter /opt/stack/cinder/cinder/api/middleware/request_id.py:62}}
Sep 07 07:55:57.262839 dv-cinder-836027-10-iscsi devstack@c-api.service[113322]: DEBUG cinder.api.middleware.request_id [None req-65a32687-5a45-4b56-a6d4-17b1d4479164 None None] RequestId filter calling following filter/app {{(pid=113322) _context_setter /opt/stack/cinder/cinder/api/middleware/request_id.py:62}}
Sep 07 07:55:57.266364 dv-cinder-836027-10-iscsi devstack@c-api.service[113323]: INFO cinder.api.openstack.wsgi [None req-ef893cec-75ca-4d2a-b5d0-edd057c0cf57 tempest-GroupSnapshotsTest-32304531 tempest-GroupSnapshotsTest-32304531-project-admin] POST http://10.222.0.26/volume/v3/eb00ba984ba64798893686720da1e14e/types
Sep 07 07:55:57.266523 dv-cinder-836027-10-iscsi devstack@c-api.service[113322]: INFO cinder.api.openstack.wsgi [None req-65a32687-5a45-4b56-a6d4-17b1d4479164 tempest-VolumeTypesNegativeTest-38959678 tempest-VolumeTypesNegativeTest-38959678-project-admin] POST http://10.222.0.26/volume/v3/3d9edb804c804c07a89f17c302a6b8b3/types
Sep 07 07:55:57.267169 dv-cinder-836027-10-iscsi devstack@c-api.service[113322]: DEBUG cinder.api.openstack.wsgi [None req-65a32687-5a45-4b56-a6d4-17b1d4479164 tempest-VolumeTypesNegativeTest-38959678 tempest-VolumeTypesNegativeTest-38959678-project-admin] Action: 'create', calling method: _create, body: {"volume_type": {"name": "tempest-VolumeTypesNegativeTest-volume-type-546564031", "os-volume-type-access:is_public": false}} {{(pid=113322) _process_stack /opt/stack/cinder/cinder/api/openstack/wsgi.py:866}}
Sep 07 07:55:57.267881 dv-cinder-836027-10-iscsi devstack@c-api.service[113323]: DEBUG cinder.api.openstack.wsgi [None req-ef893cec-75ca-4d2a-b5d0-edd057c0cf57 tempest-GroupSnapshotsTest-32304531 tempest-GroupSnapshotsTest-32304531-project-admin] Action: 'create', calling method: _create, body: {"volume_type": {"name": "tempest-GroupSnapshotsTest-volume-type-1348146551"}} {{(pid=113323) _process_stack /opt/stack/cinder/cinder/api/openstack/wsgi.py:866}}
Sep 07 07:55:57.279757 dv-cinder-836027-10-iscsi devstack@c-api.service[113323]: DEBUG dbcounter [-] [113323] Writing DB stats cinder:INSERT=4,cinder:SELECT=76,cinder:UPDATE=20 {{(pid=113323) stat_writer /usr/local/lib/python3.8/dist-packages/dbcounter.py:114}}
Sep 07 07:55:57.307899 dv-cinder-836027-10-iscsi devstack@c-api.service[113322]: INFO cinder.api.openstack.wsgi [None req-65a32687-5a45-4b56-a6d4-17b1d4479164 tempest-VolumeTypesNegativeTest-38959678 tempest-VolumeTypesNegativeTest-38959678-project-admin] http://10.222.0.26/volume/v3/3d9edb804c804c07a89f17c302a6b8b3/types returned with HTTP 200
Sep 07 07:55:57.308793 dv-cinder-836027-10-iscsi devstack@c-api.service[113322]: [pid: 113322|app: 0|req: 148/292] 10.222.0.26 () {60 vars in 1230 bytes} [Wed Sep 7 07:55:57 2022] POST /volume/v3/3d9edb804c804c07a89f17c302a6b8b3/types => generated 230 bytes in 47 msecs (HTTP/1.1 200) 7 headers in 285 bytes (2 switches on core 0)
Sep 07 07:55:57.312282 dv-cinder-836027-10-iscsi devstack@c-api.service[113323]: INFO cinder.api.openstack.wsgi [None req-ef893cec-75ca-4d2a-b5d0-edd057c0cf57 tempest-GroupSnapshotsTest-32304531 tempest-GroupSnapshotsTest-32304531-project-admin] http://10.222.0.26/volume/v3/eb00ba984ba64798893686720da1e14e/types returned with HTTP 200
Sep 07 07:55:57.316920 dv-cinder-836027-10-iscsi devstack@c-api.service[113322]: DEBUG cinder.api.middleware.request_id [None req-cd2d0402-e3ab-4f7c-b1bd-d8200f0d14bf None None] RequestId filter calling following filter/app {{(pid=113322) _context_setter /opt/stack/cinder/cinder/api/middleware/request_id.py:62}}
Sep 07 07:55:57.321189 dv-cinder-836027-10-iscsi devstack@c-api.service[113323]: [pid: 113323|app: 0|req: 145/293] 10.222.0.26 () {60 vars in 1229 bytes} [Wed Sep 7 07:55:57 2022] POST /volume/v3/eb00ba984ba64798893686720da1e14e/types => generated 224 bytes in 66 msecs (HTTP/1.1 200) 7 headers in 285 bytes (1 switches on core 0)
Sep 07 07:55:57.323024 dv-cinder-836027-10-iscsi devstack@c-api.service[113323]: DEBUG cinder.api.middleware.request_id [None req-8ce3f231-856b-44b2-832e-4cd3cde32cb8 None None] RequestId filter calling following filter/app {{(pid=113323) _context_setter /opt/stack/cinder/cinder/api/middleware/request_id.py:62}}
Sep 07 07:55:57.328817 dv-cinder-836027-10-iscsi devstack@c-api.service[113323]: INFO cinder.api.openstack.wsgi [None req-8ce3f231-856b-44b2-832e-4cd3cde32cb8 tempest-GroupSnapshotsTest-32304531 tempest-GroupSnapshotsTest-32304531-project-admin] POST http://10.222.0.26/volume/v3/eb00ba984ba64798893686720da1e14e/group_types
Sep 07 07:55:57.330238 dv-cinder-836027-10-iscsi devstack@c-api.service[113323]: DEBUG cinder.api.openstack.wsgi [None req-8ce3f231-856b-44b2-832e-4cd3cde32cb8 tempest-GroupSnapshotsTest-32304531 tempest-GroupSnapshotsTest-32304531-project-admin] Action: 'create', calling method: version_select, body: {"group_type": {"name": "tempest-GroupSnapshotsTest-group-type-474125517"}} {{(pid=113323) _process_stack /opt/stack/cinder/cinder/api/openstack/wsgi.py:866}}
Sep 07 07:55:57.383294 dv-cinder-836027-10-iscsi devstack@c-api.service[113323]: INFO cinder.api.openstack.wsgi [None req-8ce3f231-856b-44b2-832e-4cd3cde32cb8 tempest-GroupSnapshotsTest-32304531 tempest-GroupSnapshotsTest-32304531-project-admin] http://10.222.0.26/volume/v3/eb00ba984ba64798893686720da1e14e/group_types returned with HTTP 202
Sep 07 07:55:57.392698 dv-cinder-836027-10-iscsi devstack@c-api.service[113323]: [pid: 113323|app: 0|req: 146/294] 10.222.0.26 () {62 vars in 1288 bytes} [Wed Sep 7 07:55:57 2022] POST /volume/v3/eb00ba984ba64798893686720da1e14e/group_types => generated 180 bytes in 71 msecs (HTTP/1.1 202) 7 headers in 292 bytes (1 switches on core 0)
Sep 07 07:55:57.397500 dv-cinder-836027-10-iscsi devstack@c-api.service[113323]: DEBUG cinder.api.middleware.request_id [None req-a1b484c5-b258-4e7a-826d-63bd1439c2a8 None None] RequestId filter calling following filter/app {{(pid=113323) _context_setter /opt/stack/cinder/cinder/api/middleware/request_id.py:62}}
Sep 07 07:55:57.410441 dv-cinder-836027-10-iscsi devstack@c-api.service[113323]: INFO cinder.api.openstack.wsgi [None req-a1b484c5-b258-4e7a-826d-63bd1439c2a8 tempest-GroupSnapshotsTest-1446417106 tempest-GroupSnapshotsTest-1446417106-project] POST http://10.222.0.26/volume/v3/045df47d901b4fb3a0f7ad9cc8e0f9c2/groups
Sep 07 07:55:57.411321 dv-cinder-836027-10-iscsi devstack@c-api.service[113323]: DEBUG cinder.api.openstack.wsgi [None req-a1b484c5-b258-4e7a-826d-63bd1439c2a8 tempest-GroupSnapshotsTest-1446417106 tempest-GroupSnapshotsTest-1446417106-project] Action: 'create', calling method: version_select, body: {"group": {"group_type": "7a657374-aaae-407a-a4c8-a6605d15bee9", "volume_types": ["0ed5d142-50e5-4ede-a8c9-2bca0f8ca608"], "name": "tempest-GroupSnapshotsTest-Group-1449605039"}} {{(pid=113323) _process_stack /opt/stack/cinder/cinder/api/openstack/wsgi.py:866}}
Sep 07 07:55:57.418300 dv-cinder-836027-10-iscsi devstack@c-api.service[113323]: DEBUG cinder.api.v3.groups [None req-a1b484c5-b258-4e7a-826d-63bd1439c2a8 tempest-GroupSnapshotsTest-1446417106 tempest-GroupSnapshotsTest-1446417106-project] Creating new group {'group': {'group_type': '7a657374-aaae-407a-a4c8-a6605d15bee9', 'volume_types': ['0ed5d142-50e5-4ede-a8c9-2bca0f8ca608'], 'name': 'tempest-GroupSnapshotsTest-Group-1449605039'}} {{(pid=113323) create /opt/stack/cinder/cinder/api/v3/groups.py:190}}
Sep 07 07:55:57.428553 dv-cinder-836027-10-iscsi devstack@c-api.service[113323]: INFO cinder.api.v3.groups [None req-a1b484c5-b258-4e7a-826d-63bd1439c2a8 tempest-GroupSnapshotsTest-1446417106 tempest-GroupSnapshotsTest-1446417106-project] Creating group tempest-GroupSnapshotsTest-Group-1449605039.
Sep 07 07:55:57.455678 dv-cinder-836027-10-iscsi devstack@c-api.service[113323]: INFO cinder.volume.api [None req-a1b484c5-b258-4e7a-826d-63bd1439c2a8 tempest-GroupSnapshotsTest-1446417106 tempest-GroupSnapshotsTest-1446417106-project] Availability Zones retrieved successfully.
Sep 07 07:55:57.485906 dv-cinder-836027-10-iscsi devstack@c-api.service[113323]: DEBUG cinder.quota [None req-a1b484c5-b258-4e7a-826d-63bd1439c2a8 tempest-GroupSnapshotsTest-1446417106 tempest-GroupSnapshotsTest-1446417106-project] Created reservations ['cb9050df-b2aa-47ef-99ed-7ceb8b3d0911'] {{(pid=113323) reserve /opt/stack/cinder/cinder/quota.py:755}}
Sep 07 07:55:57.544548 dv-cinder-836027-10-iscsi devstack@c-api.service[113323]: INFO cinder.api.openstack.wsgi [None req-a1b484c5-b258-4e7a-826d-63bd1439c2a8 tempest-GroupSnapshotsTest-1446417106 tempest-GroupSnapshotsTest-1446417106-project] http://10.222.0.26/volume/v3/045df47d901b4fb3a0f7ad9cc8e0f9c2/groups returned with HTTP 202
Sep 07 07:55:57.550863 dv-cinder-836027-10-iscsi devstack@c-api.service[113323]: [pid: 113323|app: 0|req: 147/295] 10.222.0.26 () {62 vars in 1274 bytes} [Wed Sep 7 07:55:57 2022] POST /volume/v3/045df47d901b4fb3a0f7ad9cc8e0f9c2/groups => generated 112 bytes in 158 msecs (HTTP/1.1 202) 7 headers in 292 bytes (1 switches on core 0)
Sep 07 07:55:57.553770 dv-cinder-836027-10-iscsi devstack@c-api.service[113323]: DEBUG cinder.api.middleware.request_id [None req-0f9884f0-7cca-4c35-9c23-16048acf215c None None] RequestId filter calling following filter/app {{(pid=113323) _context_setter /opt/stack/cinder/cinder/api/middleware/request_id.py:62}}
Sep 07 07:55:57.571373 dv-cinder-836027-10-iscsi devstack@c-api.service[113323]: INFO cinder.api.openstack.wsgi [None req-0f9884f0-7cca-4c35-9c23-16048acf215c tempest-GroupSnapshotsTest-1446417106 tempest-GroupSnapshotsTest-1446417106-project] GET http://10.222.0.26/volume/v3/045df47d901b4fb3a0f7ad9cc8e0f9c2/groups/9f290bbd-ddc4-4a75-b897-17f23e0d4920
Sep 07 07:55:57.572311 dv-cinder-836027-10-iscsi devstack@c-api.service[113323]: DEBUG cinder.api.openstack.wsgi [None req-0f9884f0-7cca-4c35-9c23-16048acf215c tempest-GroupSnapshotsTest-1446417106 tempest-GroupSnapshotsTest-1446417106-project] Empty body provided in request {{(pid=113323) get_body /opt/stack/cinder/cinder/api/openstack/wsgi.py:715}}
Sep 07 07:55:57.572926 dv-cinder-836027-10-iscsi devstack@c-api.service[113323]: DEBUG cinder.api.openstack.wsgi [None req-0f9884f0-7cca-4c35-9c23-16048acf215c tempest-GroupSnapshotsTest-1446417106 tempest-GroupSnapshotsTest-1446417106-project] Calling method 'version_select' {{(pid=113323) _process_stack /opt/stack/cinder/cinder/api/openstack/wsgi.py:868}}
Sep 07 07:55:57.573542 dv-cinder-836027-10-iscsi devstack@c-api.service[113323]: DEBUG cinder.api.v3.groups [None req-0f9884f0-7cca-4c35-9c23-16048acf215c tempest-GroupSnapshotsTest-1446417106 tempest-GroupSnapshotsTest-1446417106-project] show called for member 9f290bbd-ddc4-4a75-b897-17f23e0d4920 {{(pid=113323) show /opt/stack/cinder/cinder/api/v3/groups.py:58}}
Sep 07 07:55:57.583870 dv-cinder-836027-10-iscsi devstack@c-api.service[113323]: /usr/local/lib/python3.8/dist-packages/oslo_context/context.py:100: DeprecationWarning: Policy enforcement is depending on the value of is_admin. This key is deprecated. Please update your policy file to use the standard policy values.
Sep 07 07:55:57.583870 dv-cinder-836027-10-iscsi devstack@c-api.service[113323]: warnings.warn('Policy enforcement is depending on the value of '
Sep 07 07:55:57.620445 dv-cinder-836027-10-iscsi devstack@c-api.service[113323]: INFO cinder.api.openstack.wsgi [None req-0f9884f0-7cca-4c35-9c23-16048acf215c tempest-GroupSnapshotsTest-1446417106 tempest-GroupSnapshotsTest-1446417106-project] http://10.222.0.26/volume/v3/045df47d901b4fb3a0f7ad9cc8e0f9c2/groups/9f290bbd-ddc4-4a75-b897-17f23e0d4920 returned with HTTP 200
Sep 07 07:55:57.621349 dv-cinder-836027-10-iscsi devstack@c-api.service[113323]: [pid: 113323|app: 0|req: 148/296] 10.222.0.26 () {60 vars in 1363 bytes} [Wed Sep 7 07:55:57 2022] GET /volume/v3/045df47d901b4fb3a0f7ad9cc8e0f9c2/groups/9f290bbd-ddc4-4a75-b897-17f23e0d4920 => generated 392 bytes in 70 msecs (HTTP/1.1 200) 7 headers in 286 bytes (1 switches on core 0)
Sep 07 07:55:57.650376 dv-cinder-836027-10-iscsi devstack@c-api.service[113322]: INFO cinder.api.openstack.wsgi [None req-cd2d0402-e3ab-4f7c-b1bd-d8200f0d14bf tempest-VolumeTypesNegativeTest-1782068737 tempest-VolumeTypesNegativeTest-1782068737-project] POST http://10.222.0.26/volume/v3/e8fd78eed2114eb7a2140f609993ff82/volumes
Sep 07 07:55:57.651534 dv-cinder-836027-10-iscsi devstack@c-api.service[113322]: DEBUG cinder.api.openstack.wsgi [None req-cd2d0402-e3ab-4f7c-b1bd-d8200f0d14bf tempest-VolumeTypesNegativeTest-1782068737 tempest-VolumeTypesNegativeTest-1782068737-project] Action: 'create', calling method: create, body: {"volume": {"volume_type": "22040060-53b5-43ab-962e-0e6aedcc3555", "size": 1, "name": "tempest-VolumeTypesNegativeTest-Volume-475303509"}} {{(pid=113322) _process_stack /opt/stack/cinder/cinder/api/openstack/wsgi.py:866}}
Sep 07 07:55:57.654033 dv-cinder-836027-10-iscsi devstack@c-api.service[113322]: DEBUG cinder.api.v3.volumes [None req-cd2d0402-e3ab-4f7c-b1bd-d8200f0d14bf tempest-VolumeTypesNegativeTest-1782068737 tempest-VolumeTypesNegativeTest-1782068737-project] Create volume request body: {'volume': {'volume_type': '22040060-53b5-43ab-962e-0e6aedcc3555', 'size': 1, 'name': 'tempest-VolumeTypesNegativeTest-Volume-475303509'}} {{(pid=113322) create /opt/stack/cinder/cinder/api/v3/volumes.py:298}}
Sep 07 07:55:57.678255 dv-cinder-836027-10-iscsi devstack@c-api.service[113322]: INFO cinder.api.openstack.wsgi [None req-cd2d0402-e3ab-4f7c-b1bd-d8200f0d14bf tempest-VolumeTypesNegativeTest-1782068737 tempest-VolumeTypesNegativeTest-1782068737-project] http://10.222.0.26/volume/v3/e8fd78eed2114eb7a2140f609993ff82/volumes returned with HTTP 404
Sep 07 07:55:57.680556 dv-cinder-836027-10-iscsi devstack@c-api.service[113322]: [pid: 113322|app: 0|req: 149/297] 10.222.0.26 () {60 vars in 1236 bytes} [Wed Sep 7 07:55:57 2022] POST /volume/v3/e8fd78eed2114eb7a2140f609993ff82/volumes => generated 114 bytes in 365 msecs (HTTP/1.1 404) 7 headers in 292 bytes (2 switches on core 0)
Sep 07 07:55:57.687932 dv-cinder-836027-10-iscsi devstack@c-api.service[113323]: DEBUG cinder.api.middleware.request_id [None req-90070224-d1c8-4f34-bd0e-1a4ad7efa692 None None] RequestId filter calling following filter/app {{(pid=113323) _context_setter /opt/stack/cinder/cinder/api/middleware/request_id.py:62}}
Sep 07 07:55:57.693153 dv-cinder-836027-10-iscsi devstack@c-api.service[113323]: INFO cinder.api.openstack.wsgi [None req-90070224-d1c8-4f34-bd0e-1a4ad7efa692 tempest-VolumeTypesNegativeTest-38959678 tempest-VolumeTypesNegativeTest-38959678-project-admin] POST http://10.222.0.26/volume/v3/3d9edb804c804c07a89f17c302a6b8b3/types
Sep 07 07:55:57.704268 dv-cinder-836027-10-iscsi devstack@c-api.service[113323]: DEBUG cinder.api.openstack.wsgi [None req-90070224-d1c8-4f34-bd0e-1a4ad7efa692 tempest-VolumeTypesNegativeTest-38959678 tempest-VolumeTypesNegativeTest-38959678-project-admin] Action: 'create', calling method: _create, body: {"volume_type": {"name": ""}} {{(pid=113323) _process_stack /opt/stack/cinder/cinder/api/openstack/wsgi.py:866}}
Sep 07 07:55:57.709515 dv-cinder-836027-10-iscsi devstack@c-api.service[113323]: INFO cinder.api.openstack.wsgi [None req-90070224-d1c8-4f34-bd0e-1a4ad7efa692 tempest-VolumeTypesNegativeTest-38959678 tempest-VolumeTypesNegativeTest-38959678-project-admin] http://10.222.0.26/volume/v3/3d9edb804c804c07a89f17c302a6b8b3/types returned with HTTP 400
Sep 07 07:55:57.712679 dv-cinder-836027-10-iscsi devstack@c-api.service[113323]: [pid: 113323|app: 0|req: 149/298] 10.222.0.26 () {60 vars in 1229 bytes} [Wed Sep 7 07:55:57 2022] POST /volume/v3/3d9edb804c804c07a89f17c302a6b8b3/types => generated 108 bytes in 27 msecs (HTTP/1.1 400) 7 headers in 294 bytes (1 switches on core 0)
Sep 07 07:55:57.718397 dv-cinder-836027-10-iscsi devstack@c-api.service[113322]: DEBUG cinder.api.middleware.request_id [None req-1c9f2f4f-40a1-407e-92e9-428087ee862f None None] RequestId filter calling following filter/app {{(pid=113322) _context_setter /opt/stack/cinder/cinder/api/middleware/request_id.py:62}}
Sep 07 07:55:57.722354 dv-cinder-836027-10-iscsi devstack@c-api.service[113322]: INFO cinder.api.openstack.wsgi [None req-1c9f2f4f-40a1-407e-92e9-428087ee862f tempest-VolumeTypesNegativeTest-38959678 tempest-VolumeTypesNegativeTest-38959678-project-admin] POST http://10.222.0.26/volume/v3/3d9edb804c804c07a89f17c302a6b8b3/types
Sep 07 07:55:57.724361 dv-cinder-836027-10-iscsi devstack@c-api.service[113322]: DEBUG cinder.api.openstack.wsgi [None req-1c9f2f4f-40a1-407e-92e9-428087ee862f tempest-VolumeTypesNegativeTest-38959678 tempest-VolumeTypesNegativeTest-38959678-project-admin] Action: 'create', calling method: _create, body: {"volume_type": {"name": "tempest-VolumeTypesNegativeTest-volume-type-972364266"}} {{(pid=113322) _process_stack /opt/stack/cinder/cinder/api/openstack/wsgi.py:866}}
Sep 07 07:55:57.767023 dv-cinder-836027-10-iscsi devstack@c-api.service[113322]: INFO cinder.api.openstack.wsgi [None req-1c9f2f4f-40a1-407e-92e9-428087ee862f tempest-VolumeTypesNegativeTest-38959678 tempest-VolumeTypesNegativeTest-38959678-project-admin] http://10.222.0.26/volume/v3/3d9edb804c804c07a89f17c302a6b8b3/types returned with HTTP 200
Sep 07 07:55:57.768552 dv-cinder-836027-10-iscsi devstack@c-api.service[113322]: [pid: 113322|app: 0|req: 150/299] 10.222.0.26 () {60 vars in 1229 bytes} [Wed Sep 7 07:55:57 2022] POST /volume/v3/3d9edb804c804c07a89f17c302a6b8b3/types => generated 228 bytes in 51 msecs (HTTP/1.1 200) 7 headers in 285 bytes (1 switches on core 0)
Sep 07 07:55:57.776507 dv-cinder-836027-10-iscsi devstack@c-api.service[113323]: DEBUG cinder.api.middleware.request_id [None req-9cbe0c8a-aaf0-4f03-96c7-15f9bcb1ad9b None None] RequestId filter calling following filter/app {{(pid=113323) _context_setter /opt/stack/cinder/cinder/api/middleware/request_id.py:62}}
Sep 07 07:55:57.781101 dv-cinder-836027-10-iscsi devstack@c-api.service[113323]: INFO cinder.api.openstack.wsgi [None req-9cbe0c8a-aaf0-4f03-96c7-15f9bcb1ad9b tempest-VolumeTypesNegativeTest-38959678 tempest-VolumeTypesNegativeTest-38959678-project-admin] POST http://10.222.0.26/volume/v3/3d9edb804c804c07a89f17c302a6b8b3/types
Sep 07 07:55:57.782061 dv-cinder-836027-10-iscsi devstack@c-api.service[113323]: DEBUG cinder.api.openstack.wsgi [None req-9cbe0c8a-aaf0-4f03-96c7-15f9bcb1ad9b tempest-VolumeTypesNegativeTest-38959678 tempest-VolumeTypesNegativeTest-38959678-project-admin] Action: 'create', calling method: _create, body: {"volume_type": {"name": "tempest-VolumeTypesNegativeTest-volume-type-972364266"}} {{(pid=113323) _process_stack /opt/stack/cinder/cinder/api/openstack/wsgi.py:866}}
Sep 07 07:55:57.786037 dv-cinder-836027-10-iscsi devstack@c-api.service[113323]: /usr/local/lib/python3.8/dist-packages/oslo_context/context.py:100: DeprecationWarning: Policy enforcement is depending on the value of is_admin. This key is deprecated. Please update your policy file to use the standard policy values.
Sep 07 07:55:57.786037 dv-cinder-836027-10-iscsi devstack@c-api.service[113323]: warnings.warn('Policy enforcement is depending on the value of '
Sep 07 07:55:57.799024 dv-cinder-836027-10-iscsi devstack@c-api.service[113323]: INFO cinder.api.openstack.wsgi [None req-9cbe0c8a-aaf0-4f03-96c7-15f9bcb1ad9b tempest-VolumeTypesNegativeTest-38959678 tempest-VolumeTypesNegativeTest-38959678-project-admin] HTTP exception thrown: Volume Type tempest-VolumeTypesNegativeTest-volume-type-972364266 already exists.
Sep 07 07:55:57.799686 dv-cinder-836027-10-iscsi devstack@c-api.service[113323]: INFO cinder.api.openstack.wsgi [None req-9cbe0c8a-aaf0-4f03-96c7-15f9bcb1ad9b tempest-VolumeTypesNegativeTest-38959678 tempest-VolumeTypesNegativeTest-38959678-project-admin] http://10.222.0.26/volume/v3/3d9edb804c804c07a89f17c302a6b8b3/types returned with HTTP 409
Sep 07 07:55:57.801194 dv-cinder-836027-10-iscsi devstack@c-api.service[113323]: [pid: 113323|app: 0|req: 150/300] 10.222.0.26 () {60 vars in 1229 bytes} [Wed Sep 7 07:55:57 2022] POST /volume/v3/3d9edb804c804c07a89f17c302a6b8b3/types => generated 133 bytes in 26 msecs (HTTP/1.1 409) 7 headers in 291 bytes (1 switches on core 0)
Sep 07 07:55:57.809068 dv-cinder-836027-10-iscsi devstack@c-api.service[113322]: DEBUG cinder.api.middleware.request_id [None req-313943aa-b3ff-401f-ae2e-7b905e40f97d None None] RequestId filter calling following filter/app {{(pid=113322) _context_setter /opt/stack/cinder/cinder/api/middleware/request_id.py:62}}
Sep 07 07:55:57.813830 dv-cinder-836027-10-iscsi devstack@c-api.service[113322]: INFO cinder.api.openstack.wsgi [None req-313943aa-b3ff-401f-ae2e-7b905e40f97d tempest-VolumeTypesNegativeTest-38959678 tempest-VolumeTypesNegativeTest-38959678-project-admin] DELETE http://10.222.0.26/volume/v3/3d9edb804c804c07a89f17c302a6b8b3/types/a27db92d-9bca-4886-8a3b-39c3b4f0096d
Sep 07 07:55:57.817198 dv-cinder-836027-10-iscsi devstack@c-api.service[113322]: DEBUG cinder.api.openstack.wsgi [None req-313943aa-b3ff-401f-ae2e-7b905e40f97d tempest-VolumeTypesNegativeTest-38959678 tempest-VolumeTypesNegativeTest-38959678-project-admin] Empty body provided in request {{(pid=113322) get_body /opt/stack/cinder/cinder/api/openstack/wsgi.py:715}}
Sep 07 07:55:57.820867 dv-cinder-836027-10-iscsi devstack@c-api.service[113322]: DEBUG cinder.api.openstack.wsgi [None req-313943aa-b3ff-401f-ae2e-7b905e40f97d tempest-VolumeTypesNegativeTest-38959678 tempest-VolumeTypesNegativeTest-38959678-project-admin] Calling method '_delete' {{(pid=113322) _process_stack /opt/stack/cinder/cinder/api/openstack/wsgi.py:868}}
Sep 07 07:55:57.841669 dv-cinder-836027-10-iscsi devstack@c-api.service[113322]: INFO cinder.api.openstack.wsgi [None req-313943aa-b3ff-401f-ae2e-7b905e40f97d tempest-VolumeTypesNegativeTest-38959678 tempest-VolumeTypesNegativeTest-38959678-project-admin] http://10.222.0.26/volume/v3/3d9edb804c804c07a89f17c302a6b8b3/types/a27db92d-9bca-4886-8a3b-39c3b4f0096d returned with HTTP 404
Sep 07 07:55:57.846603 dv-cinder-836027-10-iscsi devstack@c-api.service[113322]: [pid: 113322|app: 0|req: 151/301] 10.222.0.26 () {58 vars in 1322 bytes} [Wed Sep 7 07:55:57 2022] DELETE /volume/v3/3d9edb804c804c07a89f17c302a6b8b3/types/a27db92d-9bca-4886-8a3b-39c3b4f0096d => generated 114 bytes in 40 msecs (HTTP/1.1 404) 7 headers in 292 bytes (2 switches on core 0)
Sep 07 07:55:57.857231 dv-cinder-836027-10-iscsi devstack@c-api.service[113323]: DEBUG cinder.api.middleware.request_id [None req-cdcb84e8-5faf-482e-ac0d-bdbcc503dc49 None None] RequestId filter calling following filter/app {{(pid=113323) _context_setter /opt/stack/cinder/cinder/api/middleware/request_id.py:62}}
Sep 07 07:55:57.863158 dv-cinder-836027-10-iscsi devstack@c-api.service[113323]: INFO cinder.api.openstack.wsgi [None req-cdcb84e8-5faf-482e-ac0d-bdbcc503dc49 tempest-VolumeTypesNegativeTest-38959678 tempest-VolumeTypesNegativeTest-38959678-project-admin] GET http://10.222.0.26/volume/v3/3d9edb804c804c07a89f17c302a6b8b3/types/27d0ddb2-0014-4acd-b739-3e7f0f5a20d0
Sep 07 07:55:57.863462 dv-cinder-836027-10-iscsi devstack@c-api.service[113323]: DEBUG cinder.api.openstack.wsgi [None req-cdcb84e8-5faf-482e-ac0d-bdbcc503dc49 tempest-VolumeTypesNegativeTest-38959678 tempest-VolumeTypesNegativeTest-38959678-project-admin] Empty body provided in request {{(pid=113323) get_body /opt/stack/cinder/cinder/api/openstack/wsgi.py:715}}
Sep 07 07:55:57.864354 dv-cinder-836027-10-iscsi devstack@c-api.service[113323]: DEBUG cinder.api.openstack.wsgi [None req-cdcb84e8-5faf-482e-ac0d-bdbcc503dc49 tempest-VolumeTypesNegativeTest-38959678 tempest-VolumeTypesNegativeTest-38959678-project-admin] Calling method 'show' {{(pid=113323) _process_stack /opt/stack/cinder/cinder/api/openstack/wsgi.py:868}}
Sep 07 07:55:57.876692 dv-cinder-836027-10-iscsi devstack@c-api.service[113323]: INFO cinder.api.openstack.wsgi [None req-cdcb84e8-5faf-482e-ac0d-bdbcc503dc49 tempest-VolumeTypesNegativeTest-38959678 tempest-VolumeTypesNegativeTest-38959678-project-admin] http://10.222.0.26/volume/v3/3d9edb804c804c07a89f17c302a6b8b3/types/27d0ddb2-0014-4acd-b739-3e7f0f5a20d0 returned with HTTP 404
Sep 07 07:55:57.877961 dv-cinder-836027-10-iscsi devstack@c-api.service[113323]: [pid: 113323|app: 0|req: 151/302] 10.222.0.26 () {58 vars in 1319 bytes} [Wed Sep 7 07:55:57 2022] GET /volume/v3/3d9edb804c804c07a89f17c302a6b8b3/types/27d0ddb2-0014-4acd-b739-3e7f0f5a20d0 => generated 114 bytes in 24 msecs (HTTP/1.1 404) 7 headers in 292 bytes (1 switches on core 0)
Sep 07 07:55:57.887412 dv-cinder-836027-10-iscsi devstack@c-api.service[113322]: DEBUG cinder.api.middleware.request_id [None req-b2815054-b837-4aef-9103-5a1300da88e3 None None] RequestId filter calling following filter/app {{(pid=113322) _context_setter /opt/stack/cinder/cinder/api/middleware/request_id.py:62}}
Sep 07 07:55:57.891636 dv-cinder-836027-10-iscsi devstack@c-api.service[113322]: INFO cinder.api.openstack.wsgi [None req-b2815054-b837-4aef-9103-5a1300da88e3 tempest-VolumeTypesNegativeTest-38959678 tempest-VolumeTypesNegativeTest-38959678-project-admin] DELETE http://10.222.0.26/volume/v3/3d9edb804c804c07a89f17c302a6b8b3/types/5808a1ca-3d04-459c-b0ba-3d1c3ee52c31
Sep 07 07:55:57.892110 dv-cinder-836027-10-iscsi devstack@c-api.service[113322]: DEBUG cinder.api.openstack.wsgi [None req-b2815054-b837-4aef-9103-5a1300da88e3 tempest-VolumeTypesNegativeTest-38959678 tempest-VolumeTypesNegativeTest-38959678-project-admin] Empty body provided in request {{(pid=113322) get_body /opt/stack/cinder/cinder/api/openstack/wsgi.py:715}}
Sep 07 07:55:57.892592 dv-cinder-836027-10-iscsi devstack@c-api.service[113322]: DEBUG cinder.api.openstack.wsgi [None req-b2815054-b837-4aef-9103-5a1300da88e3 tempest-VolumeTypesNegativeTest-38959678 tempest-VolumeTypesNegativeTest-38959678-project-admin] Calling method '_delete' {{(pid=113322) _process_stack /opt/stack/cinder/cinder/api/openstack/wsgi.py:868}}
Sep 07 07:55:57.980390 dv-cinder-836027-10-iscsi devstack@c-api.service[113322]: INFO cinder.api.openstack.wsgi [None req-b2815054-b837-4aef-9103-5a1300da88e3 tempest-VolumeTypesNegativeTest-38959678 tempest-VolumeTypesNegativeTest-38959678-project-admin] http://10.222.0.26/volume/v3/3d9edb804c804c07a89f17c302a6b8b3/types/5808a1ca-3d04-459c-b0ba-3d1c3ee52c31 returned with HTTP 202
Sep 07 07:55:57.984841 dv-cinder-836027-10-iscsi devstack@c-api.service[113322]: [pid: 113322|app: 0|req: 152/303] 10.222.0.26 () {58 vars in 1322 bytes} [Wed Sep 7 07:55:57 2022] DELETE /volume/v3/3d9edb804c804c07a89f17c302a6b8b3/types/5808a1ca-3d04-459c-b0ba-3d1c3ee52c31 => generated 0 bytes in 98 msecs (HTTP/1.1 202) 6 headers in 233 bytes (1 switches on core 0)
Sep 07 07:55:57.986021 dv-cinder-836027-10-iscsi devstack@c-api.service[113323]: DEBUG cinder.api.middleware.request_id [None req-d8df9a65-adf6-4916-a299-d5dafc7db4e7 None None] RequestId filter calling following filter/app {{(pid=113323) _context_setter /opt/stack/cinder/cinder/api/middleware/request_id.py:62}}
Sep 07 07:55:57.991554 dv-cinder-836027-10-iscsi devstack@c-api.service[113323]: INFO cinder.api.openstack.wsgi [None req-d8df9a65-adf6-4916-a299-d5dafc7db4e7 tempest-VolumeTypesNegativeTest-38959678 tempest-VolumeTypesNegativeTest-38959678-project-admin] GET http://10.222.0.26/volume/v3/3d9edb804c804c07a89f17c302a6b8b3/types/5808a1ca-3d04-459c-b0ba-3d1c3ee52c31
Sep 07 07:55:57.995741 dv-cinder-836027-10-iscsi devstack@c-api.service[113323]: DEBUG cinder.api.openstack.wsgi [None req-d8df9a65-adf6-4916-a299-d5dafc7db4e7 tempest-VolumeTypesNegativeTest-38959678 tempest-VolumeTypesNegativeTest-38959678-project-admin] Empty body provided in request {{(pid=113323) get_body /opt/stack/cinder/cinder/api/openstack/wsgi.py:715}}
Sep 07 07:55:57.996382 dv-cinder-836027-10-iscsi devstack@c-api.service[113323]: DEBUG cinder.api.openstack.wsgi [None req-d8df9a65-adf6-4916-a299-d5dafc7db4e7 tempest-VolumeTypesNegativeTest-38959678 tempest-VolumeTypesNegativeTest-38959678-project-admin] Calling method 'show' {{(pid=113323) _process_stack /opt/stack/cinder/cinder/api/openstack/wsgi.py:868}}
Sep 07 07:55:58.022686 dv-cinder-836027-10-iscsi devstack@c-api.service[113323]: INFO cinder.api.openstack.wsgi [None req-d8df9a65-adf6-4916-a299-d5dafc7db4e7 tempest-VolumeTypesNegativeTest-38959678 tempest-VolumeTypesNegativeTest-38959678-project-admin] http://10.222.0.26/volume/v3/3d9edb804c804c07a89f17c302a6b8b3/types/5808a1ca-3d04-459c-b0ba-3d1c3ee52c31 returned with HTTP 404
Sep 07 07:55:58.026090 dv-cinder-836027-10-iscsi devstack@c-api.service[113323]: [pid: 113323|app: 0|req: 152/304] 10.222.0.26 () {58 vars in 1319 bytes} [Wed Sep 7 07:55:57 2022] GET /volume/v3/3d9edb804c804c07a89f17c302a6b8b3/types/5808a1ca-3d04-459c-b0ba-3d1c3ee52c31 => generated 114 bytes in 41 msecs (HTTP/1.1 404) 7 headers in 292 bytes (2 switches on core 0)
Sep 07 07:55:58.030587 dv-cinder-836027-10-iscsi devstack@c-api.service[113322]: DEBUG cinder.api.middleware.request_id [None req-a936a0b9-ea5e-47cf-b119-0b104645771c None None] RequestId filter calling following filter/app {{(pid=113322) _context_setter /opt/stack/cinder/cinder/api/middleware/request_id.py:62}}
Sep 07 07:55:58.034513 dv-cinder-836027-10-iscsi devstack@c-api.service[113322]: INFO cinder.api.openstack.wsgi [None req-a936a0b9-ea5e-47cf-b119-0b104645771c tempest-VolumeTypesNegativeTest-38959678 tempest-VolumeTypesNegativeTest-38959678-project-admin] DELETE http://10.222.0.26/volume/v3/3d9edb804c804c07a89f17c302a6b8b3/types/22040060-53b5-43ab-962e-0e6aedcc3555
Sep 07 07:55:58.035055 dv-cinder-836027-10-iscsi devstack@c-api.service[113322]: DEBUG cinder.api.openstack.wsgi [None req-a936a0b9-ea5e-47cf-b119-0b104645771c tempest-VolumeTypesNegativeTest-38959678 tempest-VolumeTypesNegativeTest-38959678-project-admin] Empty body provided in request {{(pid=113322) get_body /opt/stack/cinder/cinder/api/openstack/wsgi.py:715}}
Sep 07 07:55:58.035601 dv-cinder-836027-10-iscsi devstack@c-api.service[113322]: DEBUG cinder.api.openstack.wsgi [None req-a936a0b9-ea5e-47cf-b119-0b104645771c tempest-VolumeTypesNegativeTest-38959678 tempest-VolumeTypesNegativeTest-38959678-project-admin] Calling method '_delete' {{(pid=113322) _process_stack /opt/stack/cinder/cinder/api/openstack/wsgi.py:868}}
Sep 07 07:55:58.111682 dv-cinder-836027-10-iscsi devstack@c-api.service[113322]: INFO cinder.api.openstack.wsgi [None req-a936a0b9-ea5e-47cf-b119-0b104645771c tempest-VolumeTypesNegativeTest-38959678 tempest-VolumeTypesNegativeTest-38959678-project-admin] http://10.222.0.26/volume/v3/3d9edb804c804c07a89f17c302a6b8b3/types/22040060-53b5-43ab-962e-0e6aedcc3555 returned with HTTP 202
Sep 07 07:55:58.113265 dv-cinder-836027-10-iscsi devstack@c-api.service[113322]: [pid: 113322|app: 0|req: 153/305] 10.222.0.26 () {58 vars in 1322 bytes} [Wed Sep 7 07:55:58 2022] DELETE /volume/v3/3d9edb804c804c07a89f17c302a6b8b3/types/22040060-53b5-43ab-962e-0e6aedcc3555 => generated 0 bytes in 84 msecs (HTTP/1.1 202) 6 headers in 233 bytes (1 switches on core 0)
Sep 07 07:55:58.118227 dv-cinder-836027-10-iscsi devstack@c-api.service[113323]: DEBUG cinder.api.middleware.request_id [None req-86a31d89-3d9c-4fed-8fdc-4d7a6562e286 None None] RequestId filter calling following filter/app {{(pid=113323) _context_setter /opt/stack/cinder/cinder/api/middleware/request_id.py:62}}
Sep 07 07:55:58.123276 dv-cinder-836027-10-iscsi devstack@c-api.service[113323]: INFO cinder.api.openstack.wsgi [None req-86a31d89-3d9c-4fed-8fdc-4d7a6562e286 tempest-VolumeTypesNegativeTest-38959678 tempest-VolumeTypesNegativeTest-38959678-project-admin] GET http://10.222.0.26/volume/v3/3d9edb804c804c07a89f17c302a6b8b3/types/22040060-53b5-43ab-962e-0e6aedcc3555
Sep 07 07:55:58.123967 dv-cinder-836027-10-iscsi devstack@c-api.service[113323]: DEBUG cinder.api.openstack.wsgi [None req-86a31d89-3d9c-4fed-8fdc-4d7a6562e286 tempest-VolumeTypesNegativeTest-38959678 tempest-VolumeTypesNegativeTest-38959678-project-admin] Empty body provided in request {{(pid=113323) get_body /opt/stack/cinder/cinder/api/openstack/wsgi.py:715}}
Sep 07 07:55:58.124910 dv-cinder-836027-10-iscsi devstack@c-api.service[113323]: DEBUG cinder.api.openstack.wsgi [None req-86a31d89-3d9c-4fed-8fdc-4d7a6562e286 tempest-VolumeTypesNegativeTest-38959678 tempest-VolumeTypesNegativeTest-38959678-project-admin] Calling method 'show' {{(pid=113323) _process_stack /opt/stack/cinder/cinder/api/openstack/wsgi.py:868}}
Sep 07 07:55:58.134054 dv-cinder-836027-10-iscsi devstack@c-api.service[113323]: INFO cinder.api.openstack.wsgi [None req-86a31d89-3d9c-4fed-8fdc-4d7a6562e286 tempest-VolumeTypesNegativeTest-38959678 tempest-VolumeTypesNegativeTest-38959678-project-admin] http://10.222.0.26/volume/v3/3d9edb804c804c07a89f17c302a6b8b3/types/22040060-53b5-43ab-962e-0e6aedcc3555 returned with HTTP 404
