Mar 31 15:40:50.128997 dv-cinder-836027-1-smb devstack@c-api.service[116790]: INFO cinder.api.openstack.wsgi [None req-9a101148-6aff-4fa9-906c-4fb5eed72399 tempest-GroupsTest-837126729 tempest-GroupsTest-837126729-project-admin] http://10.222.0.62/volume/v3/230c85c090164fe8a22333e004883eae/group_types/ded2a3a7-e0fb-413b-994d-4b1f89e8f7fd returned with HTTP 202
Mar 31 15:40:50.129964 dv-cinder-836027-1-smb devstack@c-api.service[116790]: [pid: 116790|app: 0|req: 101/198] 10.222.0.62 () {60 vars in 1380 bytes} [Thu Mar 31 15:40:50 2022] DELETE /volume/v3/230c85c090164fe8a22333e004883eae/group_types/ded2a3a7-e0fb-413b-994d-4b1f89e8f7fd => generated 0 bytes in 79 msecs (HTTP/1.1 202) 6 headers in 234 bytes (1 switches on core 0)
Mar 31 15:40:50.134971 dv-cinder-836027-1-smb devstack@c-api.service[116789]: DEBUG cinder.api.middleware.request_id [None req-8958a88a-a70f-4379-88fb-86fd9f09e362 None None] RequestId filter calling following filter/app {{(pid=116789) _context_setter /opt/stack/cinder/cinder/api/middleware/request_id.py:62}}
Mar 31 15:40:50.139448 dv-cinder-836027-1-smb devstack@c-api.service[116790]: DEBUG cinder.api.middleware.request_id [None req-0ae43842-6a8e-484c-9a37-ca27011001b1 None None] RequestId filter calling following filter/app {{(pid=116790) _context_setter /opt/stack/cinder/cinder/api/middleware/request_id.py:62}}
Mar 31 15:40:50.143889 dv-cinder-836027-1-smb devstack@c-api.service[116789]: INFO cinder.api.openstack.wsgi [None req-8958a88a-a70f-4379-88fb-86fd9f09e362 tempest-QosSpecsTestJSON-504256530 tempest-QosSpecsTestJSON-504256530-project-admin] GET http://10.222.0.62/volume/v3/28f7a8ab0c5e47f8838f114548c7d31d/qos-specs/10c104e1-da43-4701-a693-611e0e942073/associate?vol_type_id=9edde58e-79ca-4aeb-addb-9ab670cec0de
Mar 31 15:40:50.145034 dv-cinder-836027-1-smb devstack@c-api.service[116789]: DEBUG cinder.api.openstack.wsgi [None req-8958a88a-a70f-4379-88fb-86fd9f09e362 tempest-QosSpecsTestJSON-504256530 tempest-QosSpecsTestJSON-504256530-project-admin] Empty body provided in request {{(pid=116789) get_body /opt/stack/cinder/cinder/api/openstack/wsgi.py:715}}
Mar 31 15:40:50.146326 dv-cinder-836027-1-smb devstack@c-api.service[116789]: DEBUG cinder.api.openstack.wsgi [None req-8958a88a-a70f-4379-88fb-86fd9f09e362 tempest-QosSpecsTestJSON-504256530 tempest-QosSpecsTestJSON-504256530-project-admin] Calling method 'associate' {{(pid=116789) _process_stack /opt/stack/cinder/cinder/api/openstack/wsgi.py:868}}
Mar 31 15:40:50.147520 dv-cinder-836027-1-smb devstack@c-api.service[116789]: /usr/local/lib/python3.8/dist-packages/oslo_context/context.py:100: DeprecationWarning: Policy enforcement is depending on the value of is_admin. This key is deprecated. Please update your policy file to use the standard policy values.
Mar 31 15:40:50.147520 dv-cinder-836027-1-smb devstack@c-api.service[116789]: warnings.warn('Policy enforcement is depending on the value of '
Mar 31 15:40:50.150805 dv-cinder-836027-1-smb devstack@c-api.service[116789]: DEBUG cinder.api.contrib.qos_specs_manage [None req-8958a88a-a70f-4379-88fb-86fd9f09e362 tempest-QosSpecsTestJSON-504256530 tempest-QosSpecsTestJSON-504256530-project-admin] Associate qos_spec: 10c104e1-da43-4701-a693-611e0e942073 with type: 9edde58e-79ca-4aeb-addb-9ab670cec0de {{(pid=116789) associate /opt/stack/cinder/cinder/api/contrib/qos_specs_manage.py:275}}
Mar 31 15:40:50.162539 dv-cinder-836027-1-smb devstack@c-api.service[116790]: INFO cinder.api.openstack.wsgi [None req-0ae43842-6a8e-484c-9a37-ca27011001b1 tempest-GroupsTest-837126729 tempest-GroupsTest-837126729-project-admin] POST http://10.222.0.62/volume/v3/230c85c090164fe8a22333e004883eae/types
Mar 31 15:40:50.163330 dv-cinder-836027-1-smb devstack@c-api.service[116790]: DEBUG cinder.api.openstack.wsgi [None req-0ae43842-6a8e-484c-9a37-ca27011001b1 tempest-GroupsTest-837126729 tempest-GroupsTest-837126729-project-admin] Action: 'create', calling method: _create, body: {"volume_type": {"name": "tempest-GroupsTest-volume-type-604847017"}} {{(pid=116790) _process_stack /opt/stack/cinder/cinder/api/openstack/wsgi.py:866}}
Mar 31 15:40:50.219156 dv-cinder-836027-1-smb devstack@c-api.service[116790]: INFO cinder.api.openstack.wsgi [None req-0ae43842-6a8e-484c-9a37-ca27011001b1 tempest-GroupsTest-837126729 tempest-GroupsTest-837126729-project-admin] http://10.222.0.62/volume/v3/230c85c090164fe8a22333e004883eae/types returned with HTTP 200
Mar 31 15:40:50.220605 dv-cinder-836027-1-smb devstack@c-api.service[116789]: INFO cinder.api.openstack.wsgi [None req-8958a88a-a70f-4379-88fb-86fd9f09e362 tempest-QosSpecsTestJSON-504256530 tempest-QosSpecsTestJSON-504256530-project-admin] http://10.222.0.62/volume/v3/28f7a8ab0c5e47f8838f114548c7d31d/qos-specs/10c104e1-da43-4701-a693-611e0e942073/associate?vol_type_id=9edde58e-79ca-4aeb-addb-9ab670cec0de returned with HTTP 202
Mar 31 15:40:50.222687 dv-cinder-836027-1-smb devstack@c-api.service[116789]: [pid: 116789|app: 0|req: 98/199] 10.222.0.62 () {58 vars in 1457 bytes} [Thu Mar 31 15:40:50 2022] GET /volume/v3/28f7a8ab0c5e47f8838f114548c7d31d/qos-specs/10c104e1-da43-4701-a693-611e0e942073/associate?vol_type_id=9edde58e-79ca-4aeb-addb-9ab670cec0de => generated 0 bytes in 91 msecs (HTTP/1.1 202) 6 headers in 233 bytes (2 switches on core 0)
Mar 31 15:40:50.225205 dv-cinder-836027-1-smb devstack@c-api.service[116789]: DEBUG cinder.api.middleware.request_id [None req-5e0946c2-c110-44be-b22a-b214e3a1eb02 None None] RequestId filter calling following filter/app {{(pid=116789) _context_setter /opt/stack/cinder/cinder/api/middleware/request_id.py:62}}
Mar 31 15:40:50.225361 dv-cinder-836027-1-smb devstack@c-api.service[116790]: [pid: 116790|app: 0|req: 102/200] 10.222.0.62 () {60 vars in 1228 bytes} [Thu Mar 31 15:40:50 2022] POST /volume/v3/230c85c090164fe8a22333e004883eae/types => generated 215 bytes in 87 msecs (HTTP/1.1 200) 7 headers in 285 bytes (1 switches on core 0)
Mar 31 15:40:50.226550 dv-cinder-836027-1-smb devstack@c-api.service[116789]: INFO cinder.api.openstack.wsgi [None req-5e0946c2-c110-44be-b22a-b214e3a1eb02 None None] GET http://10.222.0.62/volume//
Mar 31 15:40:50.228678 dv-cinder-836027-1-smb devstack@c-api.service[116789]: DEBUG cinder.api.openstack.wsgi [None req-5e0946c2-c110-44be-b22a-b214e3a1eb02 None None] Empty body provided in request {{(pid=116789) get_body /opt/stack/cinder/cinder/api/openstack/wsgi.py:715}}
Mar 31 15:40:50.229309 dv-cinder-836027-1-smb devstack@c-api.service[116789]: DEBUG cinder.api.openstack.wsgi [None req-5e0946c2-c110-44be-b22a-b214e3a1eb02 None None] Calling method 'all' {{(pid=116789) _process_stack /opt/stack/cinder/cinder/api/openstack/wsgi.py:868}}
Mar 31 15:40:50.230533 dv-cinder-836027-1-smb devstack@c-api.service[116789]: INFO cinder.api.openstack.wsgi [None req-5e0946c2-c110-44be-b22a-b214e3a1eb02 None None] http://10.222.0.62/volume// returned with HTTP 300
Mar 31 15:40:50.231626 dv-cinder-836027-1-smb devstack@c-api.service[116789]: [pid: 116789|app: 0|req: 99/201] 10.222.0.62 () {58 vars in 1299 bytes} [Thu Mar 31 15:40:50 2022] GET /volume/ => generated 386 bytes in 8 msecs (HTTP/1.1 300) 7 headers in 299 bytes (1 switches on core 0)
Mar 31 15:40:50.248640 dv-cinder-836027-1-smb devstack@c-api.service[116790]: DEBUG cinder.api.middleware.request_id [None req-692fc82f-d61e-4629-b2c2-bca412e68112 None None] RequestId filter calling following filter/app {{(pid=116790) _context_setter /opt/stack/cinder/cinder/api/middleware/request_id.py:62}}
Mar 31 15:40:50.258619 dv-cinder-836027-1-smb devstack@c-api.service[116790]: INFO cinder.api.openstack.wsgi [None req-692fc82f-d61e-4629-b2c2-bca412e68112 tempest-QosSpecsTestJSON-504256530 tempest-QosSpecsTestJSON-504256530-project-admin] GET http://10.222.0.62/volume/v3/28f7a8ab0c5e47f8838f114548c7d31d/qos-specs/10c104e1-da43-4701-a693-611e0e942073/associations
Mar 31 15:40:50.259192 dv-cinder-836027-1-smb devstack@c-api.service[116790]: DEBUG cinder.api.openstack.wsgi [None req-692fc82f-d61e-4629-b2c2-bca412e68112 tempest-QosSpecsTestJSON-504256530 tempest-QosSpecsTestJSON-504256530-project-admin] Empty body provided in request {{(pid=116790) get_body /opt/stack/cinder/cinder/api/openstack/wsgi.py:715}}
Mar 31 15:40:50.259672 dv-cinder-836027-1-smb devstack@c-api.service[116790]: DEBUG cinder.api.openstack.wsgi [None req-692fc82f-d61e-4629-b2c2-bca412e68112 tempest-QosSpecsTestJSON-504256530 tempest-QosSpecsTestJSON-504256530-project-admin] Calling method 'associations' {{(pid=116790) _process_stack /opt/stack/cinder/cinder/api/openstack/wsgi.py:868}}
Mar 31 15:40:50.261070 dv-cinder-836027-1-smb devstack@c-api.service[116790]: DEBUG cinder.api.contrib.qos_specs_manage [None req-692fc82f-d61e-4629-b2c2-bca412e68112 tempest-QosSpecsTestJSON-504256530 tempest-QosSpecsTestJSON-504256530-project-admin] Get associations for qos_spec id: 10c104e1-da43-4701-a693-611e0e942073 {{(pid=116790) associations /opt/stack/cinder/cinder/api/contrib/qos_specs_manage.py:233}}
Mar 31 15:40:50.267748 dv-cinder-836027-1-smb devstack@c-api.service[116789]: DEBUG cinder.api.middleware.request_id [None req-7ba890d5-1b2c-4779-88d9-7967b62654c6 None None] RequestId filter calling following filter/app {{(pid=116789) _context_setter /opt/stack/cinder/cinder/api/middleware/request_id.py:62}}
Mar 31 15:40:50.277597 dv-cinder-836027-1-smb devstack@c-api.service[116789]: INFO cinder.api.openstack.wsgi [None req-7ba890d5-1b2c-4779-88d9-7967b62654c6 tempest-GroupsTest-837126729 tempest-GroupsTest-837126729-project-admin] POST http://10.222.0.62/volume/v3/230c85c090164fe8a22333e004883eae/group_types
Mar 31 15:40:50.277894 dv-cinder-836027-1-smb devstack@c-api.service[116789]: DEBUG cinder.api.openstack.wsgi [None req-7ba890d5-1b2c-4779-88d9-7967b62654c6 tempest-GroupsTest-837126729 tempest-GroupsTest-837126729-project-admin] Action: 'create', calling method: version_select, body: {"group_type": {"name": "tempest-GroupsTest-group-type-779992323"}} {{(pid=116789) _process_stack /opt/stack/cinder/cinder/api/openstack/wsgi.py:866}}
Mar 31 15:40:50.282679 dv-cinder-836027-1-smb devstack@c-api.service[116789]: /usr/local/lib/python3.8/dist-packages/oslo_context/context.py:100: DeprecationWarning: Policy enforcement is depending on the value of is_admin. This key is deprecated. Please update your policy file to use the standard policy values.
Mar 31 15:40:50.282679 dv-cinder-836027-1-smb devstack@c-api.service[116789]: warnings.warn('Policy enforcement is depending on the value of '
Mar 31 15:40:50.302904 dv-cinder-836027-1-smb devstack@c-api.service[116790]: INFO cinder.api.openstack.wsgi [None req-692fc82f-d61e-4629-b2c2-bca412e68112 tempest-QosSpecsTestJSON-504256530 tempest-QosSpecsTestJSON-504256530-project-admin] http://10.222.0.62/volume/v3/28f7a8ab0c5e47f8838f114548c7d31d/qos-specs/10c104e1-da43-4701-a693-611e0e942073/associations returned with HTTP 200
Mar 31 15:40:50.311770 dv-cinder-836027-1-smb devstack@c-api.service[116790]: [pid: 116790|app: 0|req: 103/202] 10.222.0.62 () {58 vars in 1369 bytes} [Thu Mar 31 15:40:50 2022] GET /volume/v3/28f7a8ab0c5e47f8838f114548c7d31d/qos-specs/10c104e1-da43-4701-a693-611e0e942073/associations => generated 447 bytes in 58 msecs (HTTP/1.1 200) 7 headers in 285 bytes (1 switches on core 0)
Mar 31 15:40:50.311770 dv-cinder-836027-1-smb devstack@c-api.service[116790]: DEBUG cinder.api.middleware.request_id [req-12e61eea-f798-4420-86ab-00e6fc832739 req-812012a1-2123-407e-907d-a7e8c8751284 None None] RequestId filter calling following filter/app {{(pid=116790) _context_setter /opt/stack/cinder/cinder/api/middleware/request_id.py:62}}
Mar 31 15:40:50.323338 dv-cinder-836027-1-smb devstack@c-api.service[116790]: INFO cinder.api.openstack.wsgi [req-12e61eea-f798-4420-86ab-00e6fc832739 req-812012a1-2123-407e-907d-a7e8c8751284 tempest-DeleteServersTestJSON-342712584 tempest-DeleteServersTestJSON-342712584-project] POST http://10.222.0.62/volume/v3/2e957968572f4a0686c30accfe50ff95/attachments
Mar 31 15:40:50.324968 dv-cinder-836027-1-smb devstack@c-api.service[116790]: DEBUG cinder.api.openstack.wsgi [req-12e61eea-f798-4420-86ab-00e6fc832739 req-812012a1-2123-407e-907d-a7e8c8751284 tempest-DeleteServersTestJSON-342712584 tempest-DeleteServersTestJSON-342712584-project] Action: 'create', calling method: version_select, body: {"attachment": {"volume_uuid": "8ac7ee02-9843-422c-a2a4-21f23bf98bc8", "connector": null, "instance_uuid": "c22a51dc-ce3f-425e-9633-237f96193b60"}} {{(pid=116790) _process_stack /opt/stack/cinder/cinder/api/openstack/wsgi.py:866}}
Mar 31 15:40:50.334380 dv-cinder-836027-1-smb devstack@c-api.service[116789]: INFO cinder.api.openstack.wsgi [None req-7ba890d5-1b2c-4779-88d9-7967b62654c6 tempest-GroupsTest-837126729 tempest-GroupsTest-837126729-project-admin] http://10.222.0.62/volume/v3/230c85c090164fe8a22333e004883eae/group_types returned with HTTP 202
Mar 31 15:40:50.336224 dv-cinder-836027-1-smb devstack@c-api.service[116789]: [pid: 116789|app: 0|req: 100/203] 10.222.0.62 () {62 vars in 1287 bytes} [Thu Mar 31 15:40:50 2022] POST /volume/v3/230c85c090164fe8a22333e004883eae/group_types => generated 172 bytes in 80 msecs (HTTP/1.1 202) 7 headers in 292 bytes (1 switches on core 0)
Mar 31 15:40:50.341540 dv-cinder-836027-1-smb devstack@c-api.service[116789]: DEBUG cinder.api.middleware.request_id [None req-d295f089-de9a-4489-b72c-a197f7836281 None None] RequestId filter calling following filter/app {{(pid=116789) _context_setter /opt/stack/cinder/cinder/api/middleware/request_id.py:62}}
Mar 31 15:40:50.354189 dv-cinder-836027-1-smb devstack@c-api.service[116789]: INFO cinder.api.openstack.wsgi [None req-d295f089-de9a-4489-b72c-a197f7836281 tempest-QosSpecsTestJSON-504256530 tempest-QosSpecsTestJSON-504256530-project-admin] GET http://10.222.0.62/volume/v3/28f7a8ab0c5e47f8838f114548c7d31d/qos-specs/10c104e1-da43-4701-a693-611e0e942073/disassociate?vol_type_id=c043e0e2-80d4-4aba-bd61-794b6f1e5a05
Mar 31 15:40:50.354636 dv-cinder-836027-1-smb devstack@c-api.service[116789]: DEBUG cinder.api.openstack.wsgi [None req-d295f089-de9a-4489-b72c-a197f7836281 tempest-QosSpecsTestJSON-504256530 tempest-QosSpecsTestJSON-504256530-project-admin] Empty body provided in request {{(pid=116789) get_body /opt/stack/cinder/cinder/api/openstack/wsgi.py:715}}
Mar 31 15:40:50.355315 dv-cinder-836027-1-smb devstack@c-api.service[116789]: DEBUG cinder.api.openstack.wsgi [None req-d295f089-de9a-4489-b72c-a197f7836281 tempest-QosSpecsTestJSON-504256530 tempest-QosSpecsTestJSON-504256530-project-admin] Calling method 'disassociate' {{(pid=116789) _process_stack /opt/stack/cinder/cinder/api/openstack/wsgi.py:868}}
Mar 31 15:40:50.356525 dv-cinder-836027-1-smb devstack@c-api.service[116789]: DEBUG cinder.api.contrib.qos_specs_manage [None req-d295f089-de9a-4489-b72c-a197f7836281 tempest-QosSpecsTestJSON-504256530 tempest-QosSpecsTestJSON-504256530-project-admin] Disassociate qos_spec: 10c104e1-da43-4701-a693-611e0e942073 from type: c043e0e2-80d4-4aba-bd61-794b6f1e5a05 {{(pid=116789) disassociate /opt/stack/cinder/cinder/api/contrib/qos_specs_manage.py:327}}
Mar 31 15:40:50.363764 dv-cinder-836027-1-smb devstack@c-api.service[116790]: /usr/local/lib/python3.8/dist-packages/oslo_context/context.py:100: DeprecationWarning: Policy enforcement is depending on the value of is_admin. This key is deprecated. Please update your policy file to use the standard policy values.
Mar 31 15:40:50.363764 dv-cinder-836027-1-smb devstack@c-api.service[116790]: warnings.warn('Policy enforcement is depending on the value of '
Mar 31 15:40:50.390518 dv-cinder-836027-1-smb devstack@c-api.service[116789]: INFO cinder.api.openstack.wsgi [None req-d295f089-de9a-4489-b72c-a197f7836281 tempest-QosSpecsTestJSON-504256530 tempest-QosSpecsTestJSON-504256530-project-admin] http://10.222.0.62/volume/v3/28f7a8ab0c5e47f8838f114548c7d31d/qos-specs/10c104e1-da43-4701-a693-611e0e942073/disassociate?vol_type_id=c043e0e2-80d4-4aba-bd61-794b6f1e5a05 returned with HTTP 202
Mar 31 15:40:50.397058 dv-cinder-836027-1-smb devstack@c-api.service[116789]: [pid: 116789|app: 0|req: 101/204] 10.222.0.62 () {58 vars in 1466 bytes} [Thu Mar 31 15:40:50 2022] GET /volume/v3/28f7a8ab0c5e47f8838f114548c7d31d/qos-specs/10c104e1-da43-4701-a693-611e0e942073/disassociate?vol_type_id=c043e0e2-80d4-4aba-bd61-794b6f1e5a05 => generated 0 bytes in 55 msecs (HTTP/1.1 202) 6 headers in 233 bytes (1 switches on core 0)
Mar 31 15:40:50.397058 dv-cinder-836027-1-smb devstack@c-api.service[116789]: DEBUG cinder.api.middleware.request_id [None req-e3b08d77-a053-4f4f-9c19-26da06dd3057 None None] RequestId filter calling following filter/app {{(pid=116789) _context_setter /opt/stack/cinder/cinder/api/middleware/request_id.py:62}}
Mar 31 15:40:50.402685 dv-cinder-836027-1-smb devstack@c-api.service[116789]: INFO cinder.api.openstack.wsgi [None req-e3b08d77-a053-4f4f-9c19-26da06dd3057 tempest-GroupsTest-579334569 tempest-GroupsTest-579334569-project] POST http://10.222.0.62/volume/v3/aa760c7c6d3547f6a1b87e7bfadf7e22/groups
Mar 31 15:40:50.407590 dv-cinder-836027-1-smb devstack@c-api.service[116789]: DEBUG cinder.api.openstack.wsgi [None req-e3b08d77-a053-4f4f-9c19-26da06dd3057 tempest-GroupsTest-579334569 tempest-GroupsTest-579334569-project] Action: 'create', calling method: version_select, body: {"group": {"group_type": "329f55b4-3386-4c22-9578-cab84e4a2ff4", "volume_types": ["070cc582-3176-48bc-a70b-e638cb27884d"], "name": "tempest-GroupsTest-Group-566124812"}} {{(pid=116789) _process_stack /opt/stack/cinder/cinder/api/openstack/wsgi.py:866}}
Mar 31 15:40:50.412313 dv-cinder-836027-1-smb devstack@c-api.service[116789]: DEBUG cinder.api.v3.groups [None req-e3b08d77-a053-4f4f-9c19-26da06dd3057 tempest-GroupsTest-579334569 tempest-GroupsTest-579334569-project] Creating new group {'group': {'group_type': '329f55b4-3386-4c22-9578-cab84e4a2ff4', 'volume_types': ['070cc582-3176-48bc-a70b-e638cb27884d'], 'name': 'tempest-GroupsTest-Group-566124812'}} {{(pid=116789) create /opt/stack/cinder/cinder/api/v3/groups.py:190}}
Mar 31 15:40:50.423532 dv-cinder-836027-1-smb devstack@c-api.service[116789]: INFO cinder.api.v3.groups [None req-e3b08d77-a053-4f4f-9c19-26da06dd3057 tempest-GroupsTest-579334569 tempest-GroupsTest-579334569-project] Creating group tempest-GroupsTest-Group-566124812.
Mar 31 15:40:50.424509 dv-cinder-836027-1-smb devstack@c-api.service[116789]: /usr/local/lib/python3.8/dist-packages/oslo_context/context.py:100: DeprecationWarning: Policy enforcement is depending on the value of is_admin. This key is deprecated. Please update your policy file to use the standard policy values.
Mar 31 15:40:50.424509 dv-cinder-836027-1-smb devstack@c-api.service[116789]: warnings.warn('Policy enforcement is depending on the value of '
Mar 31 15:40:50.453270 dv-cinder-836027-1-smb devstack@c-api.service[116789]: INFO cinder.volume.api [None req-e3b08d77-a053-4f4f-9c19-26da06dd3057 tempest-GroupsTest-579334569 tempest-GroupsTest-579334569-project] Availability Zones retrieved successfully.
Mar 31 15:40:50.495344 dv-cinder-836027-1-smb devstack@c-api.service[116790]: INFO cinder.api.openstack.wsgi [req-12e61eea-f798-4420-86ab-00e6fc832739 req-812012a1-2123-407e-907d-a7e8c8751284 tempest-DeleteServersTestJSON-342712584 tempest-DeleteServersTestJSON-342712584-project] http://10.222.0.62/volume/v3/2e957968572f4a0686c30accfe50ff95/attachments returned with HTTP 200
Mar 31 15:40:50.495755 dv-cinder-836027-1-smb devstack@c-api.service[116790]: [pid: 116790|app: 0|req: 104/205] 10.222.0.62 () {66 vars in 1574 bytes} [Thu Mar 31 15:40:50 2022] POST /volume/v3/2e957968572f4a0686c30accfe50ff95/attachments => generated 273 bytes in 191 msecs (HTTP/1.1 200) 7 headers in 286 bytes (1 switches on core 0)
Mar 31 15:40:50.496937 dv-cinder-836027-1-smb devstack@c-api.service[116790]: DEBUG cinder.api.middleware.request_id [None req-4e3e0002-5994-4641-8853-f90379d5821a None None] RequestId filter calling following filter/app {{(pid=116790) _context_setter /opt/stack/cinder/cinder/api/middleware/request_id.py:62}}
Mar 31 15:40:50.503184 dv-cinder-836027-1-smb devstack@c-api.service[116790]: INFO cinder.api.openstack.wsgi [None req-4e3e0002-5994-4641-8853-f90379d5821a tempest-QosSpecsTestJSON-504256530 tempest-QosSpecsTestJSON-504256530-project-admin] GET http://10.222.0.62/volume/v3/28f7a8ab0c5e47f8838f114548c7d31d/qos-specs/10c104e1-da43-4701-a693-611e0e942073/associations
Mar 31 15:40:50.503184 dv-cinder-836027-1-smb devstack@c-api.service[116790]: DEBUG cinder.api.openstack.wsgi [None req-4e3e0002-5994-4641-8853-f90379d5821a tempest-QosSpecsTestJSON-504256530 tempest-QosSpecsTestJSON-504256530-project-admin] Empty body provided in request {{(pid=116790) get_body /opt/stack/cinder/cinder/api/openstack/wsgi.py:715}}
Mar 31 15:40:50.503589 dv-cinder-836027-1-smb devstack@c-api.service[116790]: DEBUG cinder.api.openstack.wsgi [None req-4e3e0002-5994-4641-8853-f90379d5821a tempest-QosSpecsTestJSON-504256530 tempest-QosSpecsTestJSON-504256530-project-admin] Calling method 'associations' {{(pid=116790) _process_stack /opt/stack/cinder/cinder/api/openstack/wsgi.py:868}}
Mar 31 15:40:50.504132 dv-cinder-836027-1-smb devstack@c-api.service[116790]: /usr/local/lib/python3.8/dist-packages/oslo_context/context.py:100: DeprecationWarning: Policy enforcement is depending on the value of is_admin. This key is deprecated. Please update your policy file to use the standard policy values.
Mar 31 15:40:50.504132 dv-cinder-836027-1-smb devstack@c-api.service[116790]: warnings.warn('Policy enforcement is depending on the value of '
Mar 31 15:40:50.504722 dv-cinder-836027-1-smb devstack@c-api.service[116790]: DEBUG cinder.api.contrib.qos_specs_manage [None req-4e3e0002-5994-4641-8853-f90379d5821a tempest-QosSpecsTestJSON-504256530 tempest-QosSpecsTestJSON-504256530-project-admin] Get associations for qos_spec id: 10c104e1-da43-4701-a693-611e0e942073 {{(pid=116790) associations /opt/stack/cinder/cinder/api/contrib/qos_specs_manage.py:233}}
Mar 31 15:40:50.549548 dv-cinder-836027-1-smb devstack@c-api.service[116789]: DEBUG cinder.quota [None req-e3b08d77-a053-4f4f-9c19-26da06dd3057 tempest-GroupsTest-579334569 tempest-GroupsTest-579334569-project] Created reservations ['34c8194c-c26d-4cf3-87df-ef861b75ca4d'] {{(pid=116789) reserve /opt/stack/cinder/cinder/quota.py:755}}
Mar 31 15:40:50.550212 dv-cinder-836027-1-smb devstack@c-api.service[116790]: INFO cinder.api.openstack.wsgi [None req-4e3e0002-5994-4641-8853-f90379d5821a tempest-QosSpecsTestJSON-504256530 tempest-QosSpecsTestJSON-504256530-project-admin] http://10.222.0.62/volume/v3/28f7a8ab0c5e47f8838f114548c7d31d/qos-specs/10c104e1-da43-4701-a693-611e0e942073/associations returned with HTTP 200
Mar 31 15:40:50.551833 dv-cinder-836027-1-smb devstack@c-api.service[116790]: [pid: 116790|app: 0|req: 105/206] 10.222.0.62 () {58 vars in 1369 bytes} [Thu Mar 31 15:40:50 2022] GET /volume/v3/28f7a8ab0c5e47f8838f114548c7d31d/qos-specs/10c104e1-da43-4701-a693-611e0e942073/associations => generated 305 bytes in 56 msecs (HTTP/1.1 200) 7 headers in 285 bytes (1 switches on core 0)
Mar 31 15:40:50.561454 dv-cinder-836027-1-smb devstack@c-api.service[116790]: DEBUG cinder.api.middleware.request_id [None req-1f43ff2b-2777-4a83-8079-f66b02d9dbf3 None None] RequestId filter calling following filter/app {{(pid=116790) _context_setter /opt/stack/cinder/cinder/api/middleware/request_id.py:62}}
Mar 31 15:40:50.579368 dv-cinder-836027-1-smb devstack@c-api.service[116790]: INFO cinder.api.openstack.wsgi [None req-1f43ff2b-2777-4a83-8079-f66b02d9dbf3 tempest-QosSpecsTestJSON-504256530 tempest-QosSpecsTestJSON-504256530-project-admin] GET http://10.222.0.62/volume/v3/28f7a8ab0c5e47f8838f114548c7d31d/qos-specs/10c104e1-da43-4701-a693-611e0e942073/disassociate_all
Mar 31 15:40:50.580041 dv-cinder-836027-1-smb devstack@c-api.service[116790]: DEBUG cinder.api.openstack.wsgi [None req-1f43ff2b-2777-4a83-8079-f66b02d9dbf3 tempest-QosSpecsTestJSON-504256530 tempest-QosSpecsTestJSON-504256530-project-admin] Empty body provided in request {{(pid=116790) get_body /opt/stack/cinder/cinder/api/openstack/wsgi.py:715}}
Mar 31 15:40:50.580752 dv-cinder-836027-1-smb devstack@c-api.service[116790]: DEBUG cinder.api.openstack.wsgi [None req-1f43ff2b-2777-4a83-8079-f66b02d9dbf3 tempest-QosSpecsTestJSON-504256530 tempest-QosSpecsTestJSON-504256530-project-admin] Calling method 'disassociate_all' {{(pid=116790) _process_stack /opt/stack/cinder/cinder/api/openstack/wsgi.py:868}}
Mar 31 15:40:50.581964 dv-cinder-836027-1-smb devstack@c-api.service[116790]: /usr/local/lib/python3.8/dist-packages/oslo_context/context.py:100: DeprecationWarning: Policy enforcement is depending on the value of is_admin. This key is deprecated. Please update your policy file to use the standard policy values.
Mar 31 15:40:50.581964 dv-cinder-836027-1-smb devstack@c-api.service[116790]: warnings.warn('Policy enforcement is depending on the value of '
Mar 31 15:40:50.583155 dv-cinder-836027-1-smb devstack@c-api.service[116790]: DEBUG cinder.api.contrib.qos_specs_manage [None req-1f43ff2b-2777-4a83-8079-f66b02d9dbf3 tempest-QosSpecsTestJSON-504256530 tempest-QosSpecsTestJSON-504256530-project-admin] Disassociate qos_spec: 10c104e1-da43-4701-a693-611e0e942073 from all. {{(pid=116790) disassociate_all /opt/stack/cinder/cinder/api/contrib/qos_specs_manage.py:361}}
Mar 31 15:40:50.633996 dv-cinder-836027-1-smb devstack@c-api.service[116789]: INFO cinder.api.openstack.wsgi [None req-e3b08d77-a053-4f4f-9c19-26da06dd3057 tempest-GroupsTest-579334569 tempest-GroupsTest-579334569-project] http://10.222.0.62/volume/v3/aa760c7c6d3547f6a1b87e7bfadf7e22/groups returned with HTTP 202
Mar 31 15:40:50.640289 dv-cinder-836027-1-smb devstack@c-api.service[116789]: [pid: 116789|app: 0|req: 102/207] 10.222.0.62 () {62 vars in 1273 bytes} [Thu Mar 31 15:40:50 2022] POST /volume/v3/aa760c7c6d3547f6a1b87e7bfadf7e22/groups => generated 103 bytes in 248 msecs (HTTP/1.1 202) 7 headers in 292 bytes (1 switches on core 0)
Mar 31 15:40:50.645570 dv-cinder-836027-1-smb devstack@c-api.service[116789]: DEBUG cinder.api.middleware.request_id [None req-9965ce52-7862-4cc6-baea-50f1b77c3077 None None] RequestId filter calling following filter/app {{(pid=116789) _context_setter /opt/stack/cinder/cinder/api/middleware/request_id.py:62}}
Mar 31 15:40:50.656670 dv-cinder-836027-1-smb devstack@c-api.service[116789]: INFO cinder.api.openstack.wsgi [None req-9965ce52-7862-4cc6-baea-50f1b77c3077 tempest-DeleteServersTestJSON-342712584 tempest-DeleteServersTestJSON-342712584-project] GET http://10.222.0.62/volume/v3/2e957968572f4a0686c30accfe50ff95/volumes/8ac7ee02-9843-422c-a2a4-21f23bf98bc8
Mar 31 15:40:50.658003 dv-cinder-836027-1-smb devstack@c-api.service[116789]: DEBUG cinder.api.openstack.wsgi [None req-9965ce52-7862-4cc6-baea-50f1b77c3077 tempest-DeleteServersTestJSON-342712584 tempest-DeleteServersTestJSON-342712584-project] Empty body provided in request {{(pid=116789) get_body /opt/stack/cinder/cinder/api/openstack/wsgi.py:715}}
Mar 31 15:40:50.658700 dv-cinder-836027-1-smb devstack@c-api.service[116789]: DEBUG cinder.api.openstack.wsgi [None req-9965ce52-7862-4cc6-baea-50f1b77c3077 tempest-DeleteServersTestJSON-342712584 tempest-DeleteServersTestJSON-342712584-project] Calling method 'show' {{(pid=116789) _process_stack /opt/stack/cinder/cinder/api/openstack/wsgi.py:868}}
Mar 31 15:40:50.673971 dv-cinder-836027-1-smb devstack@c-api.service[116790]: INFO cinder.api.openstack.wsgi [None req-1f43ff2b-2777-4a83-8079-f66b02d9dbf3 tempest-QosSpecsTestJSON-504256530 tempest-QosSpecsTestJSON-504256530-project-admin] http://10.222.0.62/volume/v3/28f7a8ab0c5e47f8838f114548c7d31d/qos-specs/10c104e1-da43-4701-a693-611e0e942073/disassociate_all returned with HTTP 202
Mar 31 15:40:50.680241 dv-cinder-836027-1-smb devstack@c-api.service[116790]: [pid: 116790|app: 0|req: 106/208] 10.222.0.62 () {58 vars in 1381 bytes} [Thu Mar 31 15:40:50 2022] GET /volume/v3/28f7a8ab0c5e47f8838f114548c7d31d/qos-specs/10c104e1-da43-4701-a693-611e0e942073/disassociate_all => generated 0 bytes in 116 msecs (HTTP/1.1 202) 6 headers in 233 bytes (1 switches on core 0)
Mar 31 15:40:50.680241 dv-cinder-836027-1-smb devstack@c-api.service[116790]: DEBUG cinder.api.middleware.request_id [None req-7d219edc-fb67-4672-aeb8-1e59ec290ca4 None None] RequestId filter calling following filter/app {{(pid=116790) _context_setter /opt/stack/cinder/cinder/api/middleware/request_id.py:62}}
Mar 31 15:40:50.681032 dv-cinder-836027-1-smb devstack@c-api.service[116790]: INFO cinder.api.openstack.wsgi [None req-7d219edc-fb67-4672-aeb8-1e59ec290ca4 None None] GET http://10.222.0.62/volume//
Mar 31 15:40:50.681831 dv-cinder-836027-1-smb devstack@c-api.service[116790]: DEBUG cinder.api.openstack.wsgi [None req-7d219edc-fb67-4672-aeb8-1e59ec290ca4 None None] Empty body provided in request {{(pid=116790) get_body /opt/stack/cinder/cinder/api/openstack/wsgi.py:715}}
Mar 31 15:40:50.682829 dv-cinder-836027-1-smb devstack@c-api.service[116790]: DEBUG cinder.api.openstack.wsgi [None req-7d219edc-fb67-4672-aeb8-1e59ec290ca4 None None] Calling method 'all' {{(pid=116790) _process_stack /opt/stack/cinder/cinder/api/openstack/wsgi.py:868}}
Mar 31 15:40:50.694045 dv-cinder-836027-1-smb devstack@c-api.service[116790]: INFO cinder.api.openstack.wsgi [None req-7d219edc-fb67-4672-aeb8-1e59ec290ca4 None None] http://10.222.0.62/volume// returned with HTTP 300
Mar 31 15:40:50.697692 dv-cinder-836027-1-smb devstack@c-api.service[116790]: [pid: 116790|app: 0|req: 107/209] 10.222.0.70 () {56 vars in 1098 bytes} [Thu Mar 31 15:40:50 2022] GET /volume/ => generated 386 bytes in 21 msecs (HTTP/1.1 300) 7 headers in 299 bytes (1 switches on core 0)
Mar 31 15:40:50.701572 dv-cinder-836027-1-smb devstack@c-api.service[116790]: DEBUG cinder.api.middleware.request_id [None req-f704a329-d6d0-4c05-bbd2-08bd56af0e5a None None] RequestId filter calling following filter/app {{(pid=116790) _context_setter /opt/stack/cinder/cinder/api/middleware/request_id.py:62}}
Mar 31 15:40:50.716859 dv-cinder-836027-1-smb devstack@c-api.service[116790]: INFO cinder.api.openstack.wsgi [None req-f704a329-d6d0-4c05-bbd2-08bd56af0e5a tempest-GroupsTest-579334569 tempest-GroupsTest-579334569-project] GET http://10.222.0.62/volume/v3/aa760c7c6d3547f6a1b87e7bfadf7e22/groups/45f654b5-4fbb-4199-900f-61dcb451a72f
Mar 31 15:40:50.717420 dv-cinder-836027-1-smb devstack@c-api.service[116789]: /usr/local/lib/python3.8/dist-packages/oslo_context/context.py:100: DeprecationWarning: Policy enforcement is depending on the value of is_admin. This key is deprecated. Please update your policy file to use the standard policy values.
Mar 31 15:40:50.717420 dv-cinder-836027-1-smb devstack@c-api.service[116789]: warnings.warn('Policy enforcement is depending on the value of '
Mar 31 15:40:50.733984 dv-cinder-836027-1-smb devstack@c-api.service[116790]: DEBUG cinder.api.openstack.wsgi [None req-f704a329-d6d0-4c05-bbd2-08bd56af0e5a tempest-GroupsTest-579334569 tempest-GroupsTest-579334569-project] Empty body provided in request {{(pid=116790) get_body /opt/stack/cinder/cinder/api/openstack/wsgi.py:715}}
Mar 31 15:40:50.736610 dv-cinder-836027-1-smb devstack@c-api.service[116790]: DEBUG cinder.api.openstack.wsgi [None req-f704a329-d6d0-4c05-bbd2-08bd56af0e5a tempest-GroupsTest-579334569 tempest-GroupsTest-579334569-project] Calling method 'version_select' {{(pid=116790) _process_stack /opt/stack/cinder/cinder/api/openstack/wsgi.py:868}}
Mar 31 15:40:50.737590 dv-cinder-836027-1-smb devstack@c-api.service[116789]: INFO cinder.volume.api [None req-9965ce52-7862-4cc6-baea-50f1b77c3077 tempest-DeleteServersTestJSON-342712584 tempest-DeleteServersTestJSON-342712584-project] Volume info retrieved successfully.
Mar 31 15:40:50.738059 dv-cinder-836027-1-smb devstack@c-api.service[116790]: DEBUG cinder.api.v3.groups [None req-f704a329-d6d0-4c05-bbd2-08bd56af0e5a tempest-GroupsTest-579334569 tempest-GroupsTest-579334569-project] show called for member 45f654b5-4fbb-4199-900f-61dcb451a72f {{(pid=116790) show /opt/stack/cinder/cinder/api/v3/groups.py:58}}
Mar 31 15:40:50.758010 dv-cinder-836027-1-smb devstack@c-api.service[116789]: INFO cinder.api.openstack.wsgi [None req-9965ce52-7862-4cc6-baea-50f1b77c3077 tempest-DeleteServersTestJSON-342712584 tempest-DeleteServersTestJSON-342712584-project] http://10.222.0.62/volume/v3/2e957968572f4a0686c30accfe50ff95/volumes/8ac7ee02-9843-422c-a2a4-21f23bf98bc8 returned with HTTP 200
Mar 31 15:40:50.759996 dv-cinder-836027-1-smb devstack@c-api.service[116789]: [pid: 116789|app: 0|req: 103/210] 10.222.0.62 () {58 vars in 1324 bytes} [Thu Mar 31 15:40:50 2022] GET /volume/v3/2e957968572f4a0686c30accfe50ff95/volumes/8ac7ee02-9843-422c-a2a4-21f23bf98bc8 => generated 912 bytes in 119 msecs (HTTP/1.1 200) 7 headers in 285 bytes (1 switches on core 0)
Mar 31 15:40:50.761783 dv-cinder-836027-1-smb devstack@c-api.service[116789]: DEBUG cinder.api.middleware.request_id [None req-f8b0ee3c-f95c-4dcf-abd5-5075917ed2ff None None] RequestId filter calling following filter/app {{(pid=116789) _context_setter /opt/stack/cinder/cinder/api/middleware/request_id.py:62}}
Mar 31 15:40:50.778830 dv-cinder-836027-1-smb devstack@c-api.service[116790]: /usr/local/lib/python3.8/dist-packages/oslo_context/context.py:100: DeprecationWarning: Policy enforcement is depending on the value of is_admin. This key is deprecated. Please update your policy file to use the standard policy values.
Mar 31 15:40:50.778830 dv-cinder-836027-1-smb devstack@c-api.service[116790]: warnings.warn('Policy enforcement is depending on the value of '
Mar 31 15:40:50.791749 dv-cinder-836027-1-smb devstack@c-api.service[116789]: INFO cinder.api.openstack.wsgi [None req-f8b0ee3c-f95c-4dcf-abd5-5075917ed2ff tempest-QosSpecsTestJSON-504256530 tempest-QosSpecsTestJSON-504256530-project-admin] GET http://10.222.0.62/volume/v3/28f7a8ab0c5e47f8838f114548c7d31d/qos-specs/10c104e1-da43-4701-a693-611e0e942073/associations
Mar 31 15:40:50.792387 dv-cinder-836027-1-smb devstack@c-api.service[116789]: DEBUG cinder.api.openstack.wsgi [None req-f8b0ee3c-f95c-4dcf-abd5-5075917ed2ff tempest-QosSpecsTestJSON-504256530 tempest-QosSpecsTestJSON-504256530-project-admin] Empty body provided in request {{(pid=116789) get_body /opt/stack/cinder/cinder/api/openstack/wsgi.py:715}}
Mar 31 15:40:50.797291 dv-cinder-836027-1-smb devstack@c-api.service[116789]: DEBUG cinder.api.openstack.wsgi [None req-f8b0ee3c-f95c-4dcf-abd5-5075917ed2ff tempest-QosSpecsTestJSON-504256530 tempest-QosSpecsTestJSON-504256530-project-admin] Calling method 'associations' {{(pid=116789) _process_stack /opt/stack/cinder/cinder/api/openstack/wsgi.py:868}}
Mar 31 15:40:50.804301 dv-cinder-836027-1-smb devstack@c-api.service[116789]: DEBUG cinder.api.contrib.qos_specs_manage [None req-f8b0ee3c-f95c-4dcf-abd5-5075917ed2ff tempest-QosSpecsTestJSON-504256530 tempest-QosSpecsTestJSON-504256530-project-admin] Get associations for qos_spec id: 10c104e1-da43-4701-a693-611e0e942073 {{(pid=116789) associations /opt/stack/cinder/cinder/api/contrib/qos_specs_manage.py:233}}
Mar 31 15:40:50.850925 dv-cinder-836027-1-smb devstack@c-api.service[116790]: INFO cinder.api.openstack.wsgi [None req-f704a329-d6d0-4c05-bbd2-08bd56af0e5a tempest-GroupsTest-579334569 tempest-GroupsTest-579334569-project] http://10.222.0.62/volume/v3/aa760c7c6d3547f6a1b87e7bfadf7e22/groups/45f654b5-4fbb-4199-900f-61dcb451a72f returned with HTTP 200
Mar 31 15:40:50.856967 dv-cinder-836027-1-smb devstack@c-api.service[116790]: [pid: 116790|app: 0|req: 108/211] 10.222.0.62 () {60 vars in 1362 bytes} [Thu Mar 31 15:40:50 2022] GET /volume/v3/aa760c7c6d3547f6a1b87e7bfadf7e22/groups/45f654b5-4fbb-4199-900f-61dcb451a72f => generated 331 bytes in 153 msecs (HTTP/1.1 200) 7 headers in 286 bytes (1 switches on core 0)
Mar 31 15:40:50.860615 dv-cinder-836027-1-smb devstack@c-api.service[116790]: DEBUG cinder.api.middleware.request_id [req-12e61eea-f798-4420-86ab-00e6fc832739 req-b57ae2cf-7942-4310-a0d2-cfc8d416fcb1 None None] RequestId filter calling following filter/app {{(pid=116790) _context_setter /opt/stack/cinder/cinder/api/middleware/request_id.py:62}}
Mar 31 15:40:50.882240 dv-cinder-836027-1-smb devstack@c-api.service[116790]: INFO cinder.api.openstack.wsgi [req-12e61eea-f798-4420-86ab-00e6fc832739 req-b57ae2cf-7942-4310-a0d2-cfc8d416fcb1 tempest-DeleteServersTestJSON-342712584 tempest-DeleteServersTestJSON-342712584-project] GET http://10.222.0.62/volume/v3/2e957968572f4a0686c30accfe50ff95/volumes/8ac7ee02-9843-422c-a2a4-21f23bf98bc8
Mar 31 15:40:50.883413 dv-cinder-836027-1-smb devstack@c-api.service[116790]: DEBUG cinder.api.openstack.wsgi [req-12e61eea-f798-4420-86ab-00e6fc832739 req-b57ae2cf-7942-4310-a0d2-cfc8d416fcb1 tempest-DeleteServersTestJSON-342712584 tempest-DeleteServersTestJSON-342712584-project] Empty body provided in request {{(pid=116790) get_body /opt/stack/cinder/cinder/api/openstack/wsgi.py:715}}
Mar 31 15:40:50.884776 dv-cinder-836027-1-smb devstack@c-api.service[116790]: DEBUG cinder.api.openstack.wsgi [req-12e61eea-f798-4420-86ab-00e6fc832739 req-b57ae2cf-7942-4310-a0d2-cfc8d416fcb1 tempest-DeleteServersTestJSON-342712584 tempest-DeleteServersTestJSON-342712584-project] Calling method 'show' {{(pid=116790) _process_stack /opt/stack/cinder/cinder/api/openstack/wsgi.py:868}}
Mar 31 15:40:50.903348 dv-cinder-836027-1-smb devstack@c-api.service[116789]: INFO cinder.api.openstack.wsgi [None req-f8b0ee3c-f95c-4dcf-abd5-5075917ed2ff tempest-QosSpecsTestJSON-504256530 tempest-QosSpecsTestJSON-504256530-project-admin] http://10.222.0.62/volume/v3/28f7a8ab0c5e47f8838f114548c7d31d/qos-specs/10c104e1-da43-4701-a693-611e0e942073/associations returned with HTTP 200
Mar 31 15:40:50.914771 dv-cinder-836027-1-smb devstack@c-api.service[116789]: [pid: 116789|app: 0|req: 104/212] 10.222.0.62 () {58 vars in 1369 bytes} [Thu Mar 31 15:40:50 2022] GET /volume/v3/28f7a8ab0c5e47f8838f114548c7d31d/qos-specs/10c104e1-da43-4701-a693-611e0e942073/associations => generated 24 bytes in 154 msecs (HTTP/1.1 200) 7 headers in 284 bytes (1 switches on core 0)
Mar 31 15:40:50.920983 dv-cinder-836027-1-smb devstack@c-api.service[116789]: DEBUG cinder.api.middleware.request_id [None req-ee66081a-799e-40ef-8cf7-5be6619d3305 None None] RequestId filter calling following filter/app {{(pid=116789) _context_setter /opt/stack/cinder/cinder/api/middleware/request_id.py:62}}
Mar 31 15:40:50.934233 dv-cinder-836027-1-smb devstack@c-api.service[116789]: INFO cinder.api.openstack.wsgi [None req-ee66081a-799e-40ef-8cf7-5be6619d3305 tempest-QosSpecsTestJSON-504256530 tempest-QosSpecsTestJSON-504256530-project-admin] POST http://10.222.0.62/volume/v3/28f7a8ab0c5e47f8838f114548c7d31d/qos-specs
Mar 31 15:40:50.935032 dv-cinder-836027-1-smb devstack@c-api.service[116789]: DEBUG cinder.api.openstack.wsgi [None req-ee66081a-799e-40ef-8cf7-5be6619d3305 tempest-QosSpecsTestJSON-504256530 tempest-QosSpecsTestJSON-504256530-project-admin] Action: 'create', calling method: create, body: {"qos_specs": {"name": "tempest-QosSpecsTestJSON-qos-178925891", "consumer": "back-end"}} {{(pid=116789) _process_stack /opt/stack/cinder/cinder/api/openstack/wsgi.py:866}}
Mar 31 15:40:50.939628 dv-cinder-836027-1-smb devstack@c-api.service[116789]: /usr/local/lib/python3.8/dist-packages/oslo_context/context.py:100: DeprecationWarning: Policy enforcement is depending on the value of is_admin. This key is deprecated. Please update your policy file to use the standard policy values.
Mar 31 15:40:50.939628 dv-cinder-836027-1-smb devstack@c-api.service[116789]: warnings.warn('Policy enforcement is depending on the value of '
Mar 31 15:40:50.939835 dv-cinder-836027-1-smb devstack@c-api.service[116790]: /usr/local/lib/python3.8/dist-packages/oslo_context/context.py:100: DeprecationWarning: Policy enforcement is depending on the value of is_admin. This key is deprecated. Please update your policy file to use the standard policy values.
Mar 31 15:40:50.939835 dv-cinder-836027-1-smb devstack@c-api.service[116790]: warnings.warn('Policy enforcement is depending on the value of '
Mar 31 15:40:50.940517 dv-cinder-836027-1-smb devstack@c-api.service[116789]: DEBUG cinder.volume.qos_specs [None req-ee66081a-799e-40ef-8cf7-5be6619d3305 tempest-QosSpecsTestJSON-504256530 tempest-QosSpecsTestJSON-504256530-project-admin] Dict for qos_specs: {'name': 'tempest-QosSpecsTestJSON-qos-178925891', 'consumer': 'back-end', 'specs': {}} {{(pid=116789) create /opt/stack/cinder/cinder/volume/qos_specs.py:64}}
Mar 31 15:40:50.950963 dv-cinder-836027-1-smb devstack@c-api.service[116789]: DEBUG cinder.db.sqlalchemy.api [None req-ee66081a-799e-40ef-8cf7-5be6619d3305 tempest-QosSpecsTestJSON-504256530 tempest-QosSpecsTestJSON-504256530-project-admin] DB qos_specs_create(): root {'id': '29061bbc-3f0f-4771-bc80-a0435f55f2ec', 'key': 'QoS_Specs_Name', 'value': 'tempest-QosSpecsTestJSON-qos-178925891'} {{(pid=116789) qos_specs_create /opt/stack/cinder/cinder/db/sqlalchemy/api.py:4852}}
Mar 31 15:40:50.964054 dv-cinder-836027-1-smb devstack@c-api.service[116790]: INFO cinder.volume.api [req-12e61eea-f798-4420-86ab-00e6fc832739 req-b57ae2cf-7942-4310-a0d2-cfc8d416fcb1 tempest-DeleteServersTestJSON-342712584 tempest-DeleteServersTestJSON-342712584-project] Volume info retrieved successfully.
Mar 31 15:40:50.971124 dv-cinder-836027-1-smb devstack@c-api.service[116789]: INFO cinder.api.openstack.wsgi [None req-ee66081a-799e-40ef-8cf7-5be6619d3305 tempest-QosSpecsTestJSON-504256530 tempest-QosSpecsTestJSON-504256530-project-admin] http://10.222.0.62/volume/v3/28f7a8ab0c5e47f8838f114548c7d31d/qos-specs returned with HTTP 200
Mar 31 15:40:50.971953 dv-cinder-836027-1-smb devstack@c-api.service[116789]: [pid: 116789|app: 0|req: 105/213] 10.222.0.62 () {60 vars in 1240 bytes} [Thu Mar 31 15:40:50 2022] POST /volume/v3/28f7a8ab0c5e47f8838f114548c7d31d/qos-specs => generated 434 bytes in 56 msecs (HTTP/1.1 200) 7 headers in 285 bytes (1 switches on core 0)
Mar 31 15:40:50.979826 dv-cinder-836027-1-smb devstack@c-api.service[116789]: DEBUG cinder.api.middleware.request_id [None req-655c62a1-6daa-4bd6-9a58-73602f8263e3 None None] RequestId filter calling following filter/app {{(pid=116789) _context_setter /opt/stack/cinder/cinder/api/middleware/request_id.py:62}}
Mar 31 15:40:50.985045 dv-cinder-836027-1-smb devstack@c-api.service[116789]: INFO cinder.api.openstack.wsgi [None req-655c62a1-6daa-4bd6-9a58-73602f8263e3 tempest-QosSpecsTestJSON-504256530 tempest-QosSpecsTestJSON-504256530-project-admin] DELETE http://10.222.0.62/volume/v3/28f7a8ab0c5e47f8838f114548c7d31d/qos-specs/29061bbc-3f0f-4771-bc80-a0435f55f2ec?force=False
Mar 31 15:40:50.986645 dv-cinder-836027-1-smb devstack@c-api.service[116789]: DEBUG cinder.api.openstack.wsgi [None req-655c62a1-6daa-4bd6-9a58-73602f8263e3 tempest-QosSpecsTestJSON-504256530 tempest-QosSpecsTestJSON-504256530-project-admin] Empty body provided in request {{(pid=116789) get_body /opt/stack/cinder/cinder/api/openstack/wsgi.py:715}}
Mar 31 15:40:50.989334 dv-cinder-836027-1-smb devstack@c-api.service[116789]: DEBUG cinder.api.openstack.wsgi [None req-655c62a1-6daa-4bd6-9a58-73602f8263e3 tempest-QosSpecsTestJSON-504256530 tempest-QosSpecsTestJSON-504256530-project-admin] Calling method 'delete' {{(pid=116789) _process_stack /opt/stack/cinder/cinder/api/openstack/wsgi.py:868}}
Mar 31 15:40:50.990263 dv-cinder-836027-1-smb devstack@c-api.service[116789]: /usr/local/lib/python3.8/dist-packages/oslo_context/context.py:100: DeprecationWarning: Policy enforcement is depending on the value of is_admin. This key is deprecated. Please update your policy file to use the standard policy values.
Mar 31 15:40:50.990263 dv-cinder-836027-1-smb devstack@c-api.service[116789]: warnings.warn('Policy enforcement is depending on the value of '
Mar 31 15:40:50.992660 dv-cinder-836027-1-smb devstack@c-api.service[116789]: DEBUG cinder.api.contrib.qos_specs_manage [None req-655c62a1-6daa-4bd6-9a58-73602f8263e3 tempest-QosSpecsTestJSON-504256530 tempest-QosSpecsTestJSON-504256530-project-admin] Delete qos_spec: 29061bbc-3f0f-4771-bc80-a0435f55f2ec, force: False {{(pid=116789) delete /opt/stack/cinder/cinder/api/contrib/qos_specs_manage.py:168}}
Mar 31 15:40:50.994063 dv-cinder-836027-1-smb devstack@c-api.service[116790]: INFO cinder.api.openstack.wsgi [req-12e61eea-f798-4420-86ab-00e6fc832739 req-b57ae2cf-7942-4310-a0d2-cfc8d416fcb1 tempest-DeleteServersTestJSON-342712584 tempest-DeleteServersTestJSON-342712584-project] http://10.222.0.62/volume/v3/2e957968572f4a0686c30accfe50ff95/volumes/8ac7ee02-9843-422c-a2a4-21f23bf98bc8 returned with HTTP 200
Mar 31 15:40:50.997104 dv-cinder-836027-1-smb devstack@c-api.service[116790]: [pid: 116790|app: 0|req: 109/214] 10.222.0.70 () {60 vars in 1412 bytes} [Thu Mar 31 15:40:50 2022] GET /volume/v3/2e957968572f4a0686c30accfe50ff95/volumes/8ac7ee02-9843-422c-a2a4-21f23bf98bc8 => generated 1011 bytes in 143 msecs (HTTP/1.1 200) 7 headers in 287 bytes (1 switches on core 0)
Mar 31 15:40:51.055895 dv-cinder-836027-1-smb devstack@c-api.service[116789]: INFO cinder.api.openstack.wsgi [None req-655c62a1-6daa-4bd6-9a58-73602f8263e3 tempest-QosSpecsTestJSON-504256530 tempest-QosSpecsTestJSON-504256530-project-admin] http://10.222.0.62/volume/v3/28f7a8ab0c5e47f8838f114548c7d31d/qos-specs/29061bbc-3f0f-4771-bc80-a0435f55f2ec?force=False returned with HTTP 202
Mar 31 15:40:51.056341 dv-cinder-836027-1-smb devstack@c-api.service[116790]: DEBUG cinder.api.middleware.request_id [None req-cdf7ebc9-eded-4075-b449-07cbef653a0d None None] RequestId filter calling following filter/app {{(pid=116790) _context_setter /opt/stack/cinder/cinder/api/middleware/request_id.py:62}}
Mar 31 15:40:51.061036 dv-cinder-836027-1-smb devstack@c-api.service[116789]: [pid: 116789|app: 0|req: 106/215] 10.222.0.62 () {58 vars in 1356 bytes} [Thu Mar 31 15:40:50 2022] DELETE /volume/v3/28f7a8ab0c5e47f8838f114548c7d31d/qos-specs/29061bbc-3f0f-4771-bc80-a0435f55f2ec?force=False => generated 0 bytes in 82 msecs (HTTP/1.1 202) 6 headers in 233 bytes (1 switches on core 0)
Mar 31 15:40:51.062717 dv-cinder-836027-1-smb devstack@c-api.service[116789]: DEBUG cinder.api.middleware.request_id [None req-65c2c9ec-fd94-4c9b-9c7e-c959c4e5c60e None None] RequestId filter calling following filter/app {{(pid=116789) _context_setter /opt/stack/cinder/cinder/api/middleware/request_id.py:62}}
Mar 31 15:40:51.068978 dv-cinder-836027-1-smb devstack@c-api.service[116789]: INFO cinder.api.openstack.wsgi [None req-65c2c9ec-fd94-4c9b-9c7e-c959c4e5c60e tempest-QosSpecsTestJSON-504256530 tempest-QosSpecsTestJSON-504256530-project-admin] GET http://10.222.0.62/volume/v3/28f7a8ab0c5e47f8838f114548c7d31d/qos-specs/29061bbc-3f0f-4771-bc80-a0435f55f2ec
Mar 31 15:40:51.069519 dv-cinder-836027-1-smb devstack@c-api.service[116789]: DEBUG cinder.api.openstack.wsgi [None req-65c2c9ec-fd94-4c9b-9c7e-c959c4e5c60e tempest-QosSpecsTestJSON-504256530 tempest-QosSpecsTestJSON-504256530-project-admin] Empty body provided in request {{(pid=116789) get_body /opt/stack/cinder/cinder/api/openstack/wsgi.py:715}}
Mar 31 15:40:51.070044 dv-cinder-836027-1-smb devstack@c-api.service[116789]: DEBUG cinder.api.openstack.wsgi [None req-65c2c9ec-fd94-4c9b-9c7e-c959c4e5c60e tempest-QosSpecsTestJSON-504256530 tempest-QosSpecsTestJSON-504256530-project-admin] Calling method 'show' {{(pid=116789) _process_stack /opt/stack/cinder/cinder/api/openstack/wsgi.py:868}}
Mar 31 15:40:51.071138 dv-cinder-836027-1-smb devstack@c-api.service[116789]: /usr/local/lib/python3.8/dist-packages/oslo_context/context.py:100: DeprecationWarning: Policy enforcement is depending on the value of is_admin. This key is deprecated. Please update your policy file to use the standard policy values.
Mar 31 15:40:51.071138 dv-cinder-836027-1-smb devstack@c-api.service[116789]: warnings.warn('Policy enforcement is depending on the value of '
Mar 31 15:40:51.077638 dv-cinder-836027-1-smb devstack@c-api.service[116789]: INFO cinder.api.openstack.wsgi [None req-65c2c9ec-fd94-4c9b-9c7e-c959c4e5c60e tempest-QosSpecsTestJSON-504256530 tempest-QosSpecsTestJSON-504256530-project-admin] http://10.222.0.62/volume/v3/28f7a8ab0c5e47f8838f114548c7d31d/qos-specs/29061bbc-3f0f-4771-bc80-a0435f55f2ec returned with HTTP 404
Mar 31 15:40:51.082527 dv-cinder-836027-1-smb devstack@c-api.service[116789]: [pid: 116789|app: 0|req: 107/216] 10.222.0.62 () {58 vars in 1330 bytes} [Thu Mar 31 15:40:51 2022] GET /volume/v3/28f7a8ab0c5e47f8838f114548c7d31d/qos-specs/29061bbc-3f0f-4771-bc80-a0435f55f2ec => generated 100 bytes in 21 msecs (HTTP/1.1 404) 7 headers in 292 bytes (1 switches on core 0)
Mar 31 15:40:51.084156 dv-cinder-836027-1-smb devstack@c-api.service[116789]: DEBUG cinder.api.middleware.request_id [None req-c184d102-27ee-4636-b8f4-59280b682038 None None] RequestId filter calling following filter/app {{(pid=116789) _context_setter /opt/stack/cinder/cinder/api/middleware/request_id.py:62}}
Mar 31 15:40:51.090711 dv-cinder-836027-1-smb devstack@c-api.service[116789]: INFO cinder.api.openstack.wsgi [None req-c184d102-27ee-4636-b8f4-59280b682038 tempest-QosSpecsTestJSON-504256530 tempest-QosSpecsTestJSON-504256530-project-admin] GET http://10.222.0.62/volume/v3/28f7a8ab0c5e47f8838f114548c7d31d/qos-specs
Mar 31 15:40:51.092069 dv-cinder-836027-1-smb devstack@c-api.service[116789]: DEBUG cinder.api.openstack.wsgi [None req-c184d102-27ee-4636-b8f4-59280b682038 tempest-QosSpecsTestJSON-504256530 tempest-QosSpecsTestJSON-504256530-project-admin] Empty body provided in request {{(pid=116789) get_body /opt/stack/cinder/cinder/api/openstack/wsgi.py:715}}
Mar 31 15:40:51.092764 dv-cinder-836027-1-smb devstack@c-api.service[116789]: DEBUG cinder.api.openstack.wsgi [None req-c184d102-27ee-4636-b8f4-59280b682038 tempest-QosSpecsTestJSON-504256530 tempest-QosSpecsTestJSON-504256530-project-admin] Calling method 'index' {{(pid=116789) _process_stack /opt/stack/cinder/cinder/api/openstack/wsgi.py:868}}
