Mar 31 15:41:10.260316 dv-cinder-836027-1-smb devstack@c-api.service[116790]: [pid: 116790|app: 0|req: 198/374] 10.222.0.62 () {60 vars in 1266 bytes} [Thu Mar 31 15:41:10 2022] PUT /volume/v3/04ced74f00fe48fb84ca8249c943276e/os-services/enable => generated 111 bytes in 41 msecs (HTTP/1.1 404) 7 headers in 292 bytes (1 switches on core 0)
Mar 31 15:41:10.263091 dv-cinder-836027-1-smb devstack@c-api.service[116790]: DEBUG cinder.api.middleware.request_id [None req-286ee9ef-7e80-47af-af4c-11c745ead083 None None] RequestId filter calling following filter/app {{(pid=116790) _context_setter /opt/stack/cinder/cinder/api/middleware/request_id.py:62}}
Mar 31 15:41:10.267031 dv-cinder-836027-1-smb devstack@c-api.service[116789]: INFO cinder.volume.api [req-8cd42bb2-a956-4e99-8eca-4d13dbca8e37 req-b0629830-4635-4fb3-b694-95a1be8de2d5 tempest-VolumesGetTestJSON-439016715 tempest-VolumesGetTestJSON-439016715-project] Delete volume request issued successfully.
Mar 31 15:41:10.267754 dv-cinder-836027-1-smb devstack@c-api.service[116789]: INFO cinder.api.openstack.wsgi [req-8cd42bb2-a956-4e99-8eca-4d13dbca8e37 req-b0629830-4635-4fb3-b694-95a1be8de2d5 tempest-VolumesGetTestJSON-439016715 tempest-VolumesGetTestJSON-439016715-project] http://10.222.0.62/volume/v3/27cf025be27148ae8631d509d453aba3/volumes/3bc3a6a8-9249-4388-860c-753edeec6802 returned with HTTP 202
Mar 31 15:41:10.270052 dv-cinder-836027-1-smb devstack@c-api.service[116789]: [pid: 116789|app: 0|req: 177/375] 10.222.0.62 () {62 vars in 1600 bytes} [Thu Mar 31 15:41:10 2022] DELETE /volume/v3/27cf025be27148ae8631d509d453aba3/volumes/3bc3a6a8-9249-4388-860c-753edeec6802 => generated 0 bytes in 152 msecs (HTTP/1.1 202) 6 headers in 233 bytes (1 switches on core 0)
Mar 31 15:41:10.277238 dv-cinder-836027-1-smb devstack@c-api.service[116789]: DEBUG cinder.api.middleware.request_id [None req-665eadde-0be5-415e-aa9b-edc5b82e558c None None] RequestId filter calling following filter/app {{(pid=116789) _context_setter /opt/stack/cinder/cinder/api/middleware/request_id.py:62}}
Mar 31 15:41:10.281229 dv-cinder-836027-1-smb devstack@c-api.service[116790]: INFO cinder.api.openstack.wsgi [None req-286ee9ef-7e80-47af-af4c-11c745ead083 tempest-SnapshotsActionsTest-789180797 tempest-SnapshotsActionsTest-789180797-project] GET http://10.222.0.62/volume/v3/eac0be1ca2434326b462d9ec559559af/snapshots/fb36e72d-641f-45e0-a913-784353463c84
Mar 31 15:41:10.283298 dv-cinder-836027-1-smb devstack@c-api.service[116790]: DEBUG cinder.api.openstack.wsgi [None req-286ee9ef-7e80-47af-af4c-11c745ead083 tempest-SnapshotsActionsTest-789180797 tempest-SnapshotsActionsTest-789180797-project] Empty body provided in request {{(pid=116790) get_body /opt/stack/cinder/cinder/api/openstack/wsgi.py:715}}
Mar 31 15:41:10.284484 dv-cinder-836027-1-smb devstack@c-api.service[116790]: DEBUG cinder.api.openstack.wsgi [None req-286ee9ef-7e80-47af-af4c-11c745ead083 tempest-SnapshotsActionsTest-789180797 tempest-SnapshotsActionsTest-789180797-project] Calling method 'show' {{(pid=116790) _process_stack /opt/stack/cinder/cinder/api/openstack/wsgi.py:868}}
Mar 31 15:41:10.291135 dv-cinder-836027-1-smb devstack@c-api.service[116789]: INFO cinder.api.openstack.wsgi [None req-665eadde-0be5-415e-aa9b-edc5b82e558c tempest-VolumeServicesNegativeTest-945029820 tempest-VolumeServicesNegativeTest-945029820-project-admin] PUT http://10.222.0.62/volume/v3/04ced74f00fe48fb84ca8249c943276e/os-services/freeze
Mar 31 15:41:10.293868 dv-cinder-836027-1-smb devstack@c-api.service[116789]: DEBUG cinder.api.openstack.wsgi [None req-665eadde-0be5-415e-aa9b-edc5b82e558c tempest-VolumeServicesNegativeTest-945029820 tempest-VolumeServicesNegativeTest-945029820-project-admin] Action: 'update', calling method: update, body: {"host": "invalid_host"} {{(pid=116789) _process_stack /opt/stack/cinder/cinder/api/openstack/wsgi.py:866}}
Mar 31 15:41:10.305649 dv-cinder-836027-1-smb devstack@c-api.service[116790]: /usr/local/lib/python3.8/dist-packages/oslo_context/context.py:100: DeprecationWarning: Policy enforcement is depending on the value of is_admin. This key is deprecated. Please update your policy file to use the standard policy values.
Mar 31 15:41:10.305649 dv-cinder-836027-1-smb devstack@c-api.service[116790]: warnings.warn('Policy enforcement is depending on the value of '
Mar 31 15:41:10.310092 dv-cinder-836027-1-smb devstack@c-api.service[116790]: INFO cinder.volume.api [None req-286ee9ef-7e80-47af-af4c-11c745ead083 tempest-SnapshotsActionsTest-789180797 tempest-SnapshotsActionsTest-789180797-project] Snapshot retrieved successfully.
Mar 31 15:41:10.316426 dv-cinder-836027-1-smb devstack@c-api.service[116790]: INFO cinder.api.openstack.wsgi [None req-286ee9ef-7e80-47af-af4c-11c745ead083 tempest-SnapshotsActionsTest-789180797 tempest-SnapshotsActionsTest-789180797-project] http://10.222.0.62/volume/v3/eac0be1ca2434326b462d9ec559559af/snapshots/fb36e72d-641f-45e0-a913-784353463c84 returned with HTTP 200
Mar 31 15:41:10.318750 dv-cinder-836027-1-smb devstack@c-api.service[116790]: [pid: 116790|app: 0|req: 199/376] 10.222.0.62 () {58 vars in 1330 bytes} [Thu Mar 31 15:41:10 2022] GET /volume/v3/eac0be1ca2434326b462d9ec559559af/snapshots/fb36e72d-641f-45e0-a913-784353463c84 => generated 567 bytes in 57 msecs (HTTP/1.1 200) 7 headers in 285 bytes (1 switches on core 0)
Mar 31 15:41:10.332019 dv-cinder-836027-1-smb devstack@c-api.service[116790]: DEBUG cinder.api.middleware.request_id [req-64d5c598-2e93-4a2f-af41-3b4f8d7fd65c req-fb6c17d3-5f37-41f5-8744-cf4bbea2c166 None None] RequestId filter calling following filter/app {{(pid=116790) _context_setter /opt/stack/cinder/cinder/api/middleware/request_id.py:62}}
Mar 31 15:41:10.335414 dv-cinder-836027-1-smb devstack@c-api.service[116789]: INFO cinder.api.openstack.wsgi [None req-665eadde-0be5-415e-aa9b-edc5b82e558c tempest-VolumeServicesNegativeTest-945029820 tempest-VolumeServicesNegativeTest-945029820-project-admin] http://10.222.0.62/volume/v3/04ced74f00fe48fb84ca8249c943276e/os-services/freeze returned with HTTP 400
Mar 31 15:41:10.337411 dv-cinder-836027-1-smb devstack@c-api.service[116789]: [pid: 116789|app: 0|req: 178/377] 10.222.0.62 () {60 vars in 1266 bytes} [Thu Mar 31 15:41:10 2022] PUT /volume/v3/04ced74f00fe48fb84ca8249c943276e/os-services/freeze => generated 83 bytes in 67 msecs (HTTP/1.1 400) 7 headers in 293 bytes (1 switches on core 0)
Mar 31 15:41:10.342776 dv-cinder-836027-1-smb devstack@c-api.service[116789]: DEBUG cinder.api.middleware.request_id [None req-e507b10c-f4a0-4bff-9459-d48a58f3e936 None None] RequestId filter calling following filter/app {{(pid=116789) _context_setter /opt/stack/cinder/cinder/api/middleware/request_id.py:62}}
Mar 31 15:41:10.346886 dv-cinder-836027-1-smb devstack@c-api.service[116790]: INFO cinder.api.openstack.wsgi [req-64d5c598-2e93-4a2f-af41-3b4f8d7fd65c req-fb6c17d3-5f37-41f5-8744-cf4bbea2c166 tempest-VolumesGetTestJSON-439016715 tempest-VolumesGetTestJSON-439016715-project] GET http://10.222.0.62/volume/v3/27cf025be27148ae8631d509d453aba3/volumes/3bc3a6a8-9249-4388-860c-753edeec6802
Mar 31 15:41:10.347955 dv-cinder-836027-1-smb devstack@c-api.service[116790]: DEBUG cinder.api.openstack.wsgi [req-64d5c598-2e93-4a2f-af41-3b4f8d7fd65c req-fb6c17d3-5f37-41f5-8744-cf4bbea2c166 tempest-VolumesGetTestJSON-439016715 tempest-VolumesGetTestJSON-439016715-project] Empty body provided in request {{(pid=116790) get_body /opt/stack/cinder/cinder/api/openstack/wsgi.py:715}}
Mar 31 15:41:10.349594 dv-cinder-836027-1-smb devstack@c-api.service[116790]: DEBUG cinder.api.openstack.wsgi [req-64d5c598-2e93-4a2f-af41-3b4f8d7fd65c req-fb6c17d3-5f37-41f5-8744-cf4bbea2c166 tempest-VolumesGetTestJSON-439016715 tempest-VolumesGetTestJSON-439016715-project] Calling method 'show' {{(pid=116790) _process_stack /opt/stack/cinder/cinder/api/openstack/wsgi.py:868}}
Mar 31 15:41:10.352041 dv-cinder-836027-1-smb devstack@c-api.service[116789]: INFO cinder.api.openstack.wsgi [None req-e507b10c-f4a0-4bff-9459-d48a58f3e936 tempest-SnapshotsActionsTest-405764092 tempest-SnapshotsActionsTest-405764092-project-admin] POST http://10.222.0.62/volume/v3/a1ca8def54654bc3816f717475908fa1/snapshots/fb36e72d-641f-45e0-a913-784353463c84/action
Mar 31 15:41:10.353437 dv-cinder-836027-1-smb devstack@c-api.service[116789]: DEBUG cinder.api.openstack.wsgi [None req-e507b10c-f4a0-4bff-9459-d48a58f3e936 tempest-SnapshotsActionsTest-405764092 tempest-SnapshotsActionsTest-405764092-project-admin] Action body: b'{"os-force_delete": {}}' {{(pid=116789) get_method /opt/stack/cinder/cinder/api/openstack/wsgi.py:983}}
Mar 31 15:41:10.353996 dv-cinder-836027-1-smb devstack@c-api.service[116789]: DEBUG cinder.api.openstack.wsgi [None req-e507b10c-f4a0-4bff-9459-d48a58f3e936 tempest-SnapshotsActionsTest-405764092 tempest-SnapshotsActionsTest-405764092-project-admin] Action: 'action', calling method: _force_delete, body: {"os-force_delete": {}} {{(pid=116789) _process_stack /opt/stack/cinder/cinder/api/openstack/wsgi.py:866}}
Mar 31 15:41:10.379058 dv-cinder-836027-1-smb devstack@c-api.service[116789]: /usr/local/lib/python3.8/dist-packages/oslo_context/context.py:100: DeprecationWarning: Policy enforcement is depending on the value of is_admin. This key is deprecated. Please update your policy file to use the standard policy values.
Mar 31 15:41:10.379058 dv-cinder-836027-1-smb devstack@c-api.service[116789]: warnings.warn('Policy enforcement is depending on the value of '
Mar 31 15:41:10.379683 dv-cinder-836027-1-smb devstack@c-api.service[116790]: /usr/local/lib/python3.8/dist-packages/oslo_context/context.py:100: DeprecationWarning: Policy enforcement is depending on the value of is_admin. This key is deprecated. Please update your policy file to use the standard policy values.
Mar 31 15:41:10.379683 dv-cinder-836027-1-smb devstack@c-api.service[116790]: warnings.warn('Policy enforcement is depending on the value of '
Mar 31 15:41:10.380378 dv-cinder-836027-1-smb devstack@c-api.service[116789]: INFO cinder.volume.api [None req-e507b10c-f4a0-4bff-9459-d48a58f3e936 tempest-SnapshotsActionsTest-405764092 tempest-SnapshotsActionsTest-405764092-project-admin] Snapshot retrieved successfully.
Mar 31 15:41:10.410338 dv-cinder-836027-1-smb devstack@c-api.service[116790]: INFO cinder.volume.api [req-64d5c598-2e93-4a2f-af41-3b4f8d7fd65c req-fb6c17d3-5f37-41f5-8744-cf4bbea2c166 tempest-VolumesGetTestJSON-439016715 tempest-VolumesGetTestJSON-439016715-project] Volume info retrieved successfully.
Mar 31 15:41:10.441705 dv-cinder-836027-1-smb devstack@c-api.service[116789]: INFO cinder.volume.api [None req-e507b10c-f4a0-4bff-9459-d48a58f3e936 tempest-SnapshotsActionsTest-405764092 tempest-SnapshotsActionsTest-405764092-project-admin] Snapshot delete request issued successfully.
Mar 31 15:41:10.443131 dv-cinder-836027-1-smb devstack@c-api.service[116789]: INFO cinder.api.openstack.wsgi [None req-e507b10c-f4a0-4bff-9459-d48a58f3e936 tempest-SnapshotsActionsTest-405764092 tempest-SnapshotsActionsTest-405764092-project-admin] http://10.222.0.62/volume/v3/a1ca8def54654bc3816f717475908fa1/snapshots/fb36e72d-641f-45e0-a913-784353463c84/action returned with HTTP 202
Mar 31 15:41:10.453333 dv-cinder-836027-1-smb devstack@c-api.service[116789]: [pid: 116789|app: 0|req: 179/378] 10.222.0.62 () {60 vars in 1372 bytes} [Thu Mar 31 15:41:10 2022] POST /volume/v3/a1ca8def54654bc3816f717475908fa1/snapshots/fb36e72d-641f-45e0-a913-784353463c84/action => generated 0 bytes in 110 msecs (HTTP/1.1 202) 7 headers in 289 bytes (1 switches on core 0)
Mar 31 15:41:10.453333 dv-cinder-836027-1-smb devstack@c-api.service[116789]: DEBUG cinder.api.middleware.request_id [None req-b89dffd9-50ed-4636-acc2-62f21c4d5bb5 None None] RequestId filter calling following filter/app {{(pid=116789) _context_setter /opt/stack/cinder/cinder/api/middleware/request_id.py:62}}
Mar 31 15:41:10.453947 dv-cinder-836027-1-smb devstack@c-api.service[116790]: INFO cinder.api.openstack.wsgi [req-64d5c598-2e93-4a2f-af41-3b4f8d7fd65c req-fb6c17d3-5f37-41f5-8744-cf4bbea2c166 tempest-VolumesGetTestJSON-439016715 tempest-VolumesGetTestJSON-439016715-project] http://10.222.0.62/volume/v3/27cf025be27148ae8631d509d453aba3/volumes/3bc3a6a8-9249-4388-860c-753edeec6802 returned with HTTP 200
Mar 31 15:41:10.454530 dv-cinder-836027-1-smb devstack@c-api.service[116790]: [pid: 116790|app: 0|req: 200/379] 10.222.0.62 () {60 vars in 1578 bytes} [Thu Mar 31 15:41:10 2022] GET /volume/v3/27cf025be27148ae8631d509d453aba3/volumes/3bc3a6a8-9249-4388-860c-753edeec6802 => generated 924 bytes in 134 msecs (HTTP/1.1 200) 7 headers in 285 bytes (1 switches on core 0)
Mar 31 15:41:10.466633 dv-cinder-836027-1-smb devstack@c-api.service[116790]: DEBUG cinder.api.middleware.request_id [None req-240da68d-8bc7-4803-8f78-7ebbe1c3e0d9 None None] RequestId filter calling following filter/app {{(pid=116790) _context_setter /opt/stack/cinder/cinder/api/middleware/request_id.py:62}}
Mar 31 15:41:10.470049 dv-cinder-836027-1-smb devstack@c-api.service[116789]: INFO cinder.api.openstack.wsgi [None req-b89dffd9-50ed-4636-acc2-62f21c4d5bb5 tempest-VolumeServicesNegativeTest-945029820 tempest-VolumeServicesNegativeTest-945029820-project-admin] PUT http://10.222.0.62/volume/v3/04ced74f00fe48fb84ca8249c943276e/os-services/thaw
Mar 31 15:41:10.470454 dv-cinder-836027-1-smb devstack@c-api.service[116790]: INFO cinder.api.openstack.wsgi [None req-240da68d-8bc7-4803-8f78-7ebbe1c3e0d9 tempest-SnapshotsActionsTest-789180797 tempest-SnapshotsActionsTest-789180797-project] GET http://10.222.0.62/volume/v3/eac0be1ca2434326b462d9ec559559af/snapshots/fb36e72d-641f-45e0-a913-784353463c84
Mar 31 15:41:10.471433 dv-cinder-836027-1-smb devstack@c-api.service[116789]: DEBUG cinder.api.openstack.wsgi [None req-b89dffd9-50ed-4636-acc2-62f21c4d5bb5 tempest-VolumeServicesNegativeTest-945029820 tempest-VolumeServicesNegativeTest-945029820-project-admin] Action: 'update', calling method: update, body: {"host": "invalid_host"} {{(pid=116789) _process_stack /opt/stack/cinder/cinder/api/openstack/wsgi.py:866}}
Mar 31 15:41:10.472962 dv-cinder-836027-1-smb devstack@c-api.service[116789]: /usr/local/lib/python3.8/dist-packages/oslo_context/context.py:100: DeprecationWarning: Policy enforcement is depending on the value of is_admin. This key is deprecated. Please update your policy file to use the standard policy values.
Mar 31 15:41:10.472962 dv-cinder-836027-1-smb devstack@c-api.service[116789]: warnings.warn('Policy enforcement is depending on the value of '
Mar 31 15:41:10.475008 dv-cinder-836027-1-smb devstack@c-api.service[116790]: DEBUG cinder.api.openstack.wsgi [None req-240da68d-8bc7-4803-8f78-7ebbe1c3e0d9 tempest-SnapshotsActionsTest-789180797 tempest-SnapshotsActionsTest-789180797-project] Empty body provided in request {{(pid=116790) get_body /opt/stack/cinder/cinder/api/openstack/wsgi.py:715}}
Mar 31 15:41:10.475549 dv-cinder-836027-1-smb devstack@c-api.service[116790]: DEBUG cinder.api.openstack.wsgi [None req-240da68d-8bc7-4803-8f78-7ebbe1c3e0d9 tempest-SnapshotsActionsTest-789180797 tempest-SnapshotsActionsTest-789180797-project] Calling method 'show' {{(pid=116790) _process_stack /opt/stack/cinder/cinder/api/openstack/wsgi.py:868}}
Mar 31 15:41:10.503239 dv-cinder-836027-1-smb devstack@c-api.service[116790]: /usr/local/lib/python3.8/dist-packages/oslo_context/context.py:100: DeprecationWarning: Policy enforcement is depending on the value of is_admin. This key is deprecated. Please update your policy file to use the standard policy values.
Mar 31 15:41:10.503239 dv-cinder-836027-1-smb devstack@c-api.service[116790]: warnings.warn('Policy enforcement is depending on the value of '
Mar 31 15:41:10.504330 dv-cinder-836027-1-smb devstack@c-api.service[116790]: INFO cinder.volume.api [None req-240da68d-8bc7-4803-8f78-7ebbe1c3e0d9 tempest-SnapshotsActionsTest-789180797 tempest-SnapshotsActionsTest-789180797-project] Snapshot retrieved successfully.
Mar 31 15:41:10.505725 dv-cinder-836027-1-smb devstack@c-api.service[116789]: INFO cinder.api.openstack.wsgi [None req-b89dffd9-50ed-4636-acc2-62f21c4d5bb5 tempest-VolumeServicesNegativeTest-945029820 tempest-VolumeServicesNegativeTest-945029820-project-admin] http://10.222.0.62/volume/v3/04ced74f00fe48fb84ca8249c943276e/os-services/thaw returned with HTTP 400
Mar 31 15:41:10.506530 dv-cinder-836027-1-smb devstack@c-api.service[116790]: INFO cinder.api.openstack.wsgi [None req-240da68d-8bc7-4803-8f78-7ebbe1c3e0d9 tempest-SnapshotsActionsTest-789180797 tempest-SnapshotsActionsTest-789180797-project] http://10.222.0.62/volume/v3/eac0be1ca2434326b462d9ec559559af/snapshots/fb36e72d-641f-45e0-a913-784353463c84 returned with HTTP 200
Mar 31 15:41:10.507868 dv-cinder-836027-1-smb devstack@c-api.service[116789]: [pid: 116789|app: 0|req: 180/380] 10.222.0.62 () {60 vars in 1260 bytes} [Thu Mar 31 15:41:10 2022] PUT /volume/v3/04ced74f00fe48fb84ca8249c943276e/os-services/thaw => generated 83 bytes in 59 msecs (HTTP/1.1 400) 7 headers in 293 bytes (1 switches on core 0)
Mar 31 15:41:10.514220 dv-cinder-836027-1-smb devstack@c-api.service[116790]: [pid: 116790|app: 0|req: 201/381] 10.222.0.62 () {58 vars in 1330 bytes} [Thu Mar 31 15:41:10 2022] GET /volume/v3/eac0be1ca2434326b462d9ec559559af/snapshots/fb36e72d-641f-45e0-a913-784353463c84 => generated 567 bytes in 58 msecs (HTTP/1.1 200) 7 headers in 285 bytes (1 switches on core 0)
Mar 31 15:41:11.515934 dv-cinder-836027-1-smb devstack@c-api.service[116789]: DEBUG cinder.api.middleware.request_id [req-8a422d9b-500e-4e9b-b283-5f91c5933377 req-60cb84f2-b3ac-4364-95f8-5ff2bd25be55 None None] RequestId filter calling following filter/app {{(pid=116789) _context_setter /opt/stack/cinder/cinder/api/middleware/request_id.py:62}}
Mar 31 15:41:11.525669 dv-cinder-836027-1-smb devstack@c-api.service[116790]: DEBUG cinder.api.middleware.request_id [None req-a333130e-c56a-4af8-819c-8c3a3643b10a None None] RequestId filter calling following filter/app {{(pid=116790) _context_setter /opt/stack/cinder/cinder/api/middleware/request_id.py:62}}
Mar 31 15:41:11.532147 dv-cinder-836027-1-smb devstack@c-api.service[116790]: INFO cinder.api.openstack.wsgi [None req-a333130e-c56a-4af8-819c-8c3a3643b10a tempest-SnapshotsActionsTest-789180797 tempest-SnapshotsActionsTest-789180797-project] GET http://10.222.0.62/volume/v3/eac0be1ca2434326b462d9ec559559af/snapshots/fb36e72d-641f-45e0-a913-784353463c84
Mar 31 15:41:11.534275 dv-cinder-836027-1-smb devstack@c-api.service[116789]: INFO cinder.api.openstack.wsgi [req-8a422d9b-500e-4e9b-b283-5f91c5933377 req-60cb84f2-b3ac-4364-95f8-5ff2bd25be55 tempest-VolumesGetTestJSON-439016715 tempest-VolumesGetTestJSON-439016715-project] GET http://10.222.0.62/volume/v3/27cf025be27148ae8631d509d453aba3/volumes/3bc3a6a8-9249-4388-860c-753edeec6802
Mar 31 15:41:11.535254 dv-cinder-836027-1-smb devstack@c-api.service[116789]: DEBUG cinder.api.openstack.wsgi [req-8a422d9b-500e-4e9b-b283-5f91c5933377 req-60cb84f2-b3ac-4364-95f8-5ff2bd25be55 tempest-VolumesGetTestJSON-439016715 tempest-VolumesGetTestJSON-439016715-project] Empty body provided in request {{(pid=116789) get_body /opt/stack/cinder/cinder/api/openstack/wsgi.py:715}}
Mar 31 15:41:11.536069 dv-cinder-836027-1-smb devstack@c-api.service[116789]: DEBUG cinder.api.openstack.wsgi [req-8a422d9b-500e-4e9b-b283-5f91c5933377 req-60cb84f2-b3ac-4364-95f8-5ff2bd25be55 tempest-VolumesGetTestJSON-439016715 tempest-VolumesGetTestJSON-439016715-project] Calling method 'show' {{(pid=116789) _process_stack /opt/stack/cinder/cinder/api/openstack/wsgi.py:868}}
Mar 31 15:41:11.540269 dv-cinder-836027-1-smb devstack@c-api.service[116790]: DEBUG cinder.api.openstack.wsgi [None req-a333130e-c56a-4af8-819c-8c3a3643b10a tempest-SnapshotsActionsTest-789180797 tempest-SnapshotsActionsTest-789180797-project] Empty body provided in request {{(pid=116790) get_body /opt/stack/cinder/cinder/api/openstack/wsgi.py:715}}
Mar 31 15:41:11.541195 dv-cinder-836027-1-smb devstack@c-api.service[116790]: DEBUG cinder.api.openstack.wsgi [None req-a333130e-c56a-4af8-819c-8c3a3643b10a tempest-SnapshotsActionsTest-789180797 tempest-SnapshotsActionsTest-789180797-project] Calling method 'show' {{(pid=116790) _process_stack /opt/stack/cinder/cinder/api/openstack/wsgi.py:868}}
Mar 31 15:41:11.553960 dv-cinder-836027-1-smb devstack@c-api.service[116790]: INFO cinder.api.openstack.wsgi [None req-a333130e-c56a-4af8-819c-8c3a3643b10a tempest-SnapshotsActionsTest-789180797 tempest-SnapshotsActionsTest-789180797-project] http://10.222.0.62/volume/v3/eac0be1ca2434326b462d9ec559559af/snapshots/fb36e72d-641f-45e0-a913-784353463c84 returned with HTTP 404
Mar 31 15:41:11.555287 dv-cinder-836027-1-smb devstack@c-api.service[116790]: [pid: 116790|app: 0|req: 202/382] 10.222.0.62 () {58 vars in 1330 bytes} [Thu Mar 31 15:41:11 2022] GET /volume/v3/eac0be1ca2434326b462d9ec559559af/snapshots/fb36e72d-641f-45e0-a913-784353463c84 => generated 111 bytes in 31 msecs (HTTP/1.1 404) 7 headers in 292 bytes (2 switches on core 0)
Mar 31 15:41:11.563840 dv-cinder-836027-1-smb devstack@c-api.service[116790]: DEBUG cinder.api.middleware.request_id [None req-4c54438b-d143-4f35-877c-16a9361ada69 None None] RequestId filter calling following filter/app {{(pid=116790) _context_setter /opt/stack/cinder/cinder/api/middleware/request_id.py:62}}
Mar 31 15:41:11.565662 dv-cinder-836027-1-smb devstack@c-api.service[116789]: INFO cinder.api.openstack.wsgi [req-8a422d9b-500e-4e9b-b283-5f91c5933377 req-60cb84f2-b3ac-4364-95f8-5ff2bd25be55 tempest-VolumesGetTestJSON-439016715 tempest-VolumesGetTestJSON-439016715-project] http://10.222.0.62/volume/v3/27cf025be27148ae8631d509d453aba3/volumes/3bc3a6a8-9249-4388-860c-753edeec6802 returned with HTTP 404
Mar 31 15:41:11.568083 dv-cinder-836027-1-smb devstack@c-api.service[116789]: [pid: 116789|app: 0|req: 181/383] 10.222.0.62 () {60 vars in 1578 bytes} [Thu Mar 31 15:41:11 2022] GET /volume/v3/27cf025be27148ae8631d509d453aba3/volumes/3bc3a6a8-9249-4388-860c-753edeec6802 => generated 109 bytes in 54 msecs (HTTP/1.1 404) 7 headers in 292 bytes (1 switches on core 0)
Mar 31 15:41:11.572344 dv-cinder-836027-1-smb devstack@c-api.service[116790]: INFO cinder.api.openstack.wsgi [None req-4c54438b-d143-4f35-877c-16a9361ada69 tempest-SnapshotsActionsTest-405764092 tempest-SnapshotsActionsTest-405764092-project-admin] POST http://10.222.0.62/volume/v3/a1ca8def54654bc3816f717475908fa1/snapshots/b30bf560-f758-4d83-be1a-826ce3db5eee/action
Mar 31 15:41:11.573099 dv-cinder-836027-1-smb devstack@c-api.service[116790]: DEBUG cinder.api.openstack.wsgi [None req-4c54438b-d143-4f35-877c-16a9361ada69 tempest-SnapshotsActionsTest-405764092 tempest-SnapshotsActionsTest-405764092-project-admin] Action body: b'{"os-reset_status": {"status": "available"}}' {{(pid=116790) get_method /opt/stack/cinder/cinder/api/openstack/wsgi.py:983}}
Mar 31 15:41:11.573449 dv-cinder-836027-1-smb devstack@c-api.service[116790]: DEBUG cinder.api.openstack.wsgi [None req-4c54438b-d143-4f35-877c-16a9361ada69 tempest-SnapshotsActionsTest-405764092 tempest-SnapshotsActionsTest-405764092-project-admin] Action: 'action', calling method: _reset_status, body: {"os-reset_status": {"status": "available"}} {{(pid=116790) _process_stack /opt/stack/cinder/cinder/api/openstack/wsgi.py:866}}
Mar 31 15:41:11.574232 dv-cinder-836027-1-smb devstack@c-api.service[116790]: DEBUG cinder.api.contrib.admin_actions [None req-4c54438b-d143-4f35-877c-16a9361ada69 tempest-SnapshotsActionsTest-405764092 tempest-SnapshotsActionsTest-405764092-project-admin] Updating snapshot 'b30bf560-f758-4d83-be1a-826ce3db5eee' with '{'status': 'available'}' {{(pid=116790) _reset_status /opt/stack/cinder/cinder/api/contrib/admin_actions.py:100}}
Mar 31 15:41:11.621940 dv-cinder-836027-1-smb devstack@c-api.service[116790]: /usr/local/lib/python3.8/dist-packages/oslo_context/context.py:100: DeprecationWarning: Policy enforcement is depending on the value of is_admin. This key is deprecated. Please update your policy file to use the standard policy values.
Mar 31 15:41:11.621940 dv-cinder-836027-1-smb devstack@c-api.service[116790]: warnings.warn('Policy enforcement is depending on the value of '
Mar 31 15:41:11.692367 dv-cinder-836027-1-smb devstack@c-api.service[116790]: INFO cinder.api.openstack.wsgi [None req-4c54438b-d143-4f35-877c-16a9361ada69 tempest-SnapshotsActionsTest-405764092 tempest-SnapshotsActionsTest-405764092-project-admin] http://10.222.0.62/volume/v3/a1ca8def54654bc3816f717475908fa1/snapshots/b30bf560-f758-4d83-be1a-826ce3db5eee/action returned with HTTP 202
Mar 31 15:41:11.702033 dv-cinder-836027-1-smb devstack@c-api.service[116789]: DEBUG cinder.api.middleware.request_id [None req-1e3a1fbb-aac2-4bf6-93ef-53acd6108fa2 None None] RequestId filter calling following filter/app {{(pid=116789) _context_setter /opt/stack/cinder/cinder/api/middleware/request_id.py:62}}
Mar 31 15:41:11.710810 dv-cinder-836027-1-smb devstack@c-api.service[116790]: [pid: 116790|app: 0|req: 203/384] 10.222.0.62 () {60 vars in 1372 bytes} [Thu Mar 31 15:41:11 2022] POST /volume/v3/a1ca8def54654bc3816f717475908fa1/snapshots/b30bf560-f758-4d83-be1a-826ce3db5eee/action => generated 0 bytes in 147 msecs (HTTP/1.1 202) 7 headers in 289 bytes (1 switches on core 0)
Mar 31 15:41:11.711913 dv-cinder-836027-1-smb devstack@c-api.service[116789]: INFO cinder.api.openstack.wsgi [None req-1e3a1fbb-aac2-4bf6-93ef-53acd6108fa2 tempest-SnapshotsActionsTest-789180797 tempest-SnapshotsActionsTest-789180797-project] GET http://10.222.0.62/volume/v3/eac0be1ca2434326b462d9ec559559af/snapshots/b30bf560-f758-4d83-be1a-826ce3db5eee
Mar 31 15:41:11.713808 dv-cinder-836027-1-smb devstack@c-api.service[116789]: DEBUG cinder.api.openstack.wsgi [None req-1e3a1fbb-aac2-4bf6-93ef-53acd6108fa2 tempest-SnapshotsActionsTest-789180797 tempest-SnapshotsActionsTest-789180797-project] Empty body provided in request {{(pid=116789) get_body /opt/stack/cinder/cinder/api/openstack/wsgi.py:715}}
Mar 31 15:41:11.717815 dv-cinder-836027-1-smb devstack@c-api.service[116789]: DEBUG cinder.api.openstack.wsgi [None req-1e3a1fbb-aac2-4bf6-93ef-53acd6108fa2 tempest-SnapshotsActionsTest-789180797 tempest-SnapshotsActionsTest-789180797-project] Calling method 'show' {{(pid=116789) _process_stack /opt/stack/cinder/cinder/api/openstack/wsgi.py:868}}
Mar 31 15:41:11.759175 dv-cinder-836027-1-smb devstack@c-api.service[116789]: /usr/local/lib/python3.8/dist-packages/oslo_context/context.py:100: DeprecationWarning: Policy enforcement is depending on the value of is_admin. This key is deprecated. Please update your policy file to use the standard policy values.
Mar 31 15:41:11.759175 dv-cinder-836027-1-smb devstack@c-api.service[116789]: warnings.warn('Policy enforcement is depending on the value of '
Mar 31 15:41:11.765627 dv-cinder-836027-1-smb devstack@c-api.service[116789]: INFO cinder.volume.api [None req-1e3a1fbb-aac2-4bf6-93ef-53acd6108fa2 tempest-SnapshotsActionsTest-789180797 tempest-SnapshotsActionsTest-789180797-project] Snapshot retrieved successfully.
Mar 31 15:41:11.780123 dv-cinder-836027-1-smb devstack@c-api.service[116789]: INFO cinder.api.openstack.wsgi [None req-1e3a1fbb-aac2-4bf6-93ef-53acd6108fa2 tempest-SnapshotsActionsTest-789180797 tempest-SnapshotsActionsTest-789180797-project] http://10.222.0.62/volume/v3/eac0be1ca2434326b462d9ec559559af/snapshots/b30bf560-f758-4d83-be1a-826ce3db5eee returned with HTTP 200
Mar 31 15:41:11.796383 dv-cinder-836027-1-smb devstack@c-api.service[116790]: DEBUG cinder.api.middleware.request_id [None req-a7a9dea7-daf2-45ca-9741-840e8abac180 None None] RequestId filter calling following filter/app {{(pid=116790) _context_setter /opt/stack/cinder/cinder/api/middleware/request_id.py:62}}
Mar 31 15:41:11.806541 dv-cinder-836027-1-smb devstack@c-api.service[116790]: INFO cinder.api.openstack.wsgi [None req-a7a9dea7-daf2-45ca-9741-840e8abac180 tempest-SnapshotsActionsTest-789180797 tempest-SnapshotsActionsTest-789180797-project] POST http://10.222.0.62/volume/v3/eac0be1ca2434326b462d9ec559559af/snapshots
Mar 31 15:41:11.808663 dv-cinder-836027-1-smb devstack@c-api.service[116790]: DEBUG cinder.api.openstack.wsgi [None req-a7a9dea7-daf2-45ca-9741-840e8abac180 tempest-SnapshotsActionsTest-789180797 tempest-SnapshotsActionsTest-789180797-project] Action: 'create', calling method: create, body: {"snapshot": {"volume_id": "ddcac1c8-a7c4-4893-9636-8b1d5da522a6", "name": "tempest-SnapshotsActionsTest-Snapshot-1869983314"}} {{(pid=116790) _process_stack /opt/stack/cinder/cinder/api/openstack/wsgi.py:866}}
Mar 31 15:41:11.812879 dv-cinder-836027-1-smb devstack@c-api.service[116789]: [pid: 116789|app: 0|req: 182/385] 10.222.0.62 () {58 vars in 1330 bytes} [Thu Mar 31 15:41:11 2022] GET /volume/v3/eac0be1ca2434326b462d9ec559559af/snapshots/b30bf560-f758-4d83-be1a-826ce3db5eee => generated 532 bytes in 107 msecs (HTTP/1.1 200) 7 headers in 285 bytes (2 switches on core 0)
Mar 31 15:41:11.859173 dv-cinder-836027-1-smb devstack@c-api.service[116790]: /usr/local/lib/python3.8/dist-packages/oslo_context/context.py:100: DeprecationWarning: Policy enforcement is depending on the value of is_admin. This key is deprecated. Please update your policy file to use the standard policy values.
Mar 31 15:41:11.859173 dv-cinder-836027-1-smb devstack@c-api.service[116790]: warnings.warn('Policy enforcement is depending on the value of '
Mar 31 15:41:11.869528 dv-cinder-836027-1-smb devstack@c-api.service[116790]: INFO cinder.volume.api [None req-a7a9dea7-daf2-45ca-9741-840e8abac180 tempest-SnapshotsActionsTest-789180797 tempest-SnapshotsActionsTest-789180797-project] Volume info retrieved successfully.
Mar 31 15:41:11.870117 dv-cinder-836027-1-smb devstack@c-api.service[116790]: INFO cinder.api.v3.snapshots [None req-a7a9dea7-daf2-45ca-9741-840e8abac180 tempest-SnapshotsActionsTest-789180797 tempest-SnapshotsActionsTest-789180797-project] Create snapshot from volume ddcac1c8-a7c4-4893-9636-8b1d5da522a6
Mar 31 15:41:11.977396 dv-cinder-836027-1-smb devstack@c-api.service[116790]: DEBUG cinder.quota [None req-a7a9dea7-daf2-45ca-9741-840e8abac180 tempest-SnapshotsActionsTest-789180797 tempest-SnapshotsActionsTest-789180797-project] Created reservations ['3ca48f77-5407-4e1d-9846-a8d252629cc6', '1d784e18-c4a1-4520-a32c-d692bba322a9', '550ed62f-b8a6-4325-a2ca-a70abf011db9', 'b27b0798-38c6-4ff8-a3fe-6999879632a1'] {{(pid=116790) reserve /opt/stack/cinder/cinder/quota.py:755}}
Mar 31 15:41:12.097945 dv-cinder-836027-1-smb devstack@c-api.service[116790]: INFO cinder.volume.api [None req-a7a9dea7-daf2-45ca-9741-840e8abac180 tempest-SnapshotsActionsTest-789180797 tempest-SnapshotsActionsTest-789180797-project] Snapshot create request issued successfully.
Mar 31 15:41:12.099943 dv-cinder-836027-1-smb devstack@c-api.service[116790]: INFO cinder.api.openstack.wsgi [None req-a7a9dea7-daf2-45ca-9741-840e8abac180 tempest-SnapshotsActionsTest-789180797 tempest-SnapshotsActionsTest-789180797-project] http://10.222.0.62/volume/v3/eac0be1ca2434326b462d9ec559559af/snapshots returned with HTTP 202
Mar 31 15:41:12.106574 dv-cinder-836027-1-smb devstack@c-api.service[116790]: [pid: 116790|app: 0|req: 204/386] 10.222.0.62 () {60 vars in 1241 bytes} [Thu Mar 31 15:41:11 2022] POST /volume/v3/eac0be1ca2434326b462d9ec559559af/snapshots => generated 307 bytes in 313 msecs (HTTP/1.1 202) 7 headers in 291 bytes (1 switches on core 0)
Mar 31 15:41:12.119671 dv-cinder-836027-1-smb devstack@c-api.service[116789]: DEBUG cinder.api.middleware.request_id [None req-3d476edf-5201-43c1-a1d5-cc2fc6275846 None None] RequestId filter calling following filter/app {{(pid=116789) _context_setter /opt/stack/cinder/cinder/api/middleware/request_id.py:62}}
Mar 31 15:41:12.133908 dv-cinder-836027-1-smb devstack@c-api.service[116789]: INFO cinder.api.openstack.wsgi [None req-3d476edf-5201-43c1-a1d5-cc2fc6275846 tempest-SnapshotsActionsTest-789180797 tempest-SnapshotsActionsTest-789180797-project] GET http://10.222.0.62/volume/v3/eac0be1ca2434326b462d9ec559559af/snapshots/347ea669-1662-45de-b575-f91eb739303d
Mar 31 15:41:12.136087 dv-cinder-836027-1-smb devstack@c-api.service[116789]: DEBUG cinder.api.openstack.wsgi [None req-3d476edf-5201-43c1-a1d5-cc2fc6275846 tempest-SnapshotsActionsTest-789180797 tempest-SnapshotsActionsTest-789180797-project] Empty body provided in request {{(pid=116789) get_body /opt/stack/cinder/cinder/api/openstack/wsgi.py:715}}
Mar 31 15:41:12.140085 dv-cinder-836027-1-smb devstack@c-api.service[116789]: DEBUG cinder.api.openstack.wsgi [None req-3d476edf-5201-43c1-a1d5-cc2fc6275846 tempest-SnapshotsActionsTest-789180797 tempest-SnapshotsActionsTest-789180797-project] Calling method 'show' {{(pid=116789) _process_stack /opt/stack/cinder/cinder/api/openstack/wsgi.py:868}}
Mar 31 15:41:12.182737 dv-cinder-836027-1-smb devstack@c-api.service[116789]: /usr/local/lib/python3.8/dist-packages/oslo_context/context.py:100: DeprecationWarning: Policy enforcement is depending on the value of is_admin. This key is deprecated. Please update your policy file to use the standard policy values.
Mar 31 15:41:12.182737 dv-cinder-836027-1-smb devstack@c-api.service[116789]: warnings.warn('Policy enforcement is depending on the value of '
Mar 31 15:41:12.187752 dv-cinder-836027-1-smb devstack@c-api.service[116789]: INFO cinder.volume.api [None req-3d476edf-5201-43c1-a1d5-cc2fc6275846 tempest-SnapshotsActionsTest-789180797 tempest-SnapshotsActionsTest-789180797-project] Snapshot retrieved successfully.
Mar 31 15:41:12.198023 dv-cinder-836027-1-smb devstack@c-api.service[116789]: INFO cinder.api.openstack.wsgi [None req-3d476edf-5201-43c1-a1d5-cc2fc6275846 tempest-SnapshotsActionsTest-789180797 tempest-SnapshotsActionsTest-789180797-project] http://10.222.0.62/volume/v3/eac0be1ca2434326b462d9ec559559af/snapshots/347ea669-1662-45de-b575-f91eb739303d returned with HTTP 200
Mar 31 15:41:12.206244 dv-cinder-836027-1-smb devstack@c-api.service[116789]: [pid: 116789|app: 0|req: 183/387] 10.222.0.62 () {58 vars in 1330 bytes} [Thu Mar 31 15:41:12 2022] GET /volume/v3/eac0be1ca2434326b462d9ec559559af/snapshots/347ea669-1662-45de-b575-f91eb739303d => generated 439 bytes in 89 msecs (HTTP/1.1 200) 7 headers in 285 bytes (1 switches on core 0)
Mar 31 15:41:12.321663 dv-cinder-836027-1-smb devstack@c-api.service[116790]: DEBUG cinder.api.middleware.request_id [None req-2c92dcd3-ef3d-48e5-a7f2-96949b4d4252 None None] RequestId filter calling following filter/app {{(pid=116790) _context_setter /opt/stack/cinder/cinder/api/middleware/request_id.py:62}}
Mar 31 15:41:12.615550 dv-cinder-836027-1-smb devstack@c-api.service[116790]: INFO cinder.api.openstack.wsgi [None req-2c92dcd3-ef3d-48e5-a7f2-96949b4d4252 tempest-VolumesDeleteCascade-1590815363 tempest-VolumesDeleteCascade-1590815363-project] POST http://10.222.0.62/volume/v3/6f0d6afac9c641379d0f61d5ea2219cb/volumes
Mar 31 15:41:12.617148 dv-cinder-836027-1-smb devstack@c-api.service[116790]: DEBUG cinder.api.openstack.wsgi [None req-2c92dcd3-ef3d-48e5-a7f2-96949b4d4252 tempest-VolumesDeleteCascade-1590815363 tempest-VolumesDeleteCascade-1590815363-project] Action: 'create', calling method: create, body: {"volume": {"size": 1, "name": "tempest-VolumesDeleteCascade-Volume-59059497"}} {{(pid=116790) _process_stack /opt/stack/cinder/cinder/api/openstack/wsgi.py:866}}
Mar 31 15:41:12.619500 dv-cinder-836027-1-smb devstack@c-api.service[116790]: DEBUG cinder.api.v3.volumes [None req-2c92dcd3-ef3d-48e5-a7f2-96949b4d4252 tempest-VolumesDeleteCascade-1590815363 tempest-VolumesDeleteCascade-1590815363-project] Create volume request body: {'volume': {'size': 1, 'name': 'tempest-VolumesDeleteCascade-Volume-59059497'}} {{(pid=116790) create /opt/stack/cinder/cinder/api/v3/volumes.py:298}}
Mar 31 15:41:12.619500 dv-cinder-836027-1-smb devstack@c-api.service[116790]: INFO cinder.api.v3.volumes [None req-2c92dcd3-ef3d-48e5-a7f2-96949b4d4252 tempest-VolumesDeleteCascade-1590815363 tempest-VolumesDeleteCascade-1590815363-project] Create volume of 1 GB
Mar 31 15:41:12.619500 dv-cinder-836027-1-smb devstack@c-api.service[116790]: /usr/local/lib/python3.8/dist-packages/oslo_context/context.py:100: DeprecationWarning: Policy enforcement is depending on the value of is_admin. This key is deprecated. Please update your policy file to use the standard policy values.
Mar 31 15:41:12.619500 dv-cinder-836027-1-smb devstack@c-api.service[116790]: warnings.warn('Policy enforcement is depending on the value of '
Mar 31 15:41:12.629855 dv-cinder-836027-1-smb devstack@c-api.service[116790]: INFO cinder.volume.api [None req-2c92dcd3-ef3d-48e5-a7f2-96949b4d4252 tempest-VolumesDeleteCascade-1590815363 tempest-VolumesDeleteCascade-1590815363-project] Availability Zones retrieved successfully.
Mar 31 15:41:12.648905 dv-cinder-836027-1-smb devstack@c-api.service[116790]: DEBUG cinder.volume.api [None req-2c92dcd3-ef3d-48e5-a7f2-96949b4d4252 tempest-VolumesDeleteCascade-1590815363 tempest-VolumesDeleteCascade-1590815363-project] Flow 'volume_create_api' (13c0f499-2aa9-4b52-95a2-aa0003c01802) transitioned into state 'RUNNING' from state 'PENDING' {{(pid=116790) _flow_receiver /usr/local/lib/python3.8/dist-packages/taskflow/listeners/logging.py:141}}
Mar 31 15:41:12.652679 dv-cinder-836027-1-smb devstack@c-api.service[116790]: DEBUG cinder.volume.api [None req-2c92dcd3-ef3d-48e5-a7f2-96949b4d4252 tempest-VolumesDeleteCascade-1590815363 tempest-VolumesDeleteCascade-1590815363-project] Task 'cinder.volume.flows.api.create_volume.ExtractVolumeRequestTask;volume:create' (b4834abf-67ce-4236-acd2-9cad5a5d713e) transitioned into state 'RUNNING' from state 'PENDING' {{(pid=116790) _task_receiver /usr/local/lib/python3.8/dist-packages/taskflow/listeners/logging.py:190}}
Mar 31 15:41:12.656694 dv-cinder-836027-1-smb devstack@c-api.service[116790]: DEBUG cinder.volume.flows.api.create_volume [None req-2c92dcd3-ef3d-48e5-a7f2-96949b4d4252 tempest-VolumesDeleteCascade-1590815363 tempest-VolumesDeleteCascade-1590815363-project] Validating volume size '1' using validate_int {{(pid=116790) _extract_size /opt/stack/cinder/cinder/volume/flows/api/create_volume.py:225}}
Mar 31 15:41:12.707409 dv-cinder-836027-1-smb devstack@c-api.service[116790]: DEBUG cinder.volume.api [None req-2c92dcd3-ef3d-48e5-a7f2-96949b4d4252 tempest-VolumesDeleteCascade-1590815363 tempest-VolumesDeleteCascade-1590815363-project] Task 'cinder.volume.flows.api.create_volume.ExtractVolumeRequestTask;volume:create' (b4834abf-67ce-4236-acd2-9cad5a5d713e) transitioned into state 'SUCCESS' from state 'RUNNING' with result '{'size': 1, 'snapshot_id': None, 'source_volid': None, 'volume_type': VolumeType(created_at=2022-03-31T15:28:51Z,deleted=False,deleted_at=None,description='Default Volume Type',extra_specs={},id=47b2b7bc-c80a-4192-8eb9-e9a011ce8a6b,is_public=True,name='__DEFAULT__',projects=[],qos_specs=,qos_specs_id=None,updated_at=2022-03-31T15:28:51Z), 'volume_type_id': '47b2b7bc-c80a-4192-8eb9-e9a011ce8a6b', 'encryption_key_id': None, 'qos_specs': None, 'consistencygroup_id': None, 'cgsnapshot_id': None, 'group_id': None, 'replication_status': 'disabled', 'refresh_az': False, 'backup_id': None, 'multiattach': False, 'availability_zones': ['nova']}' {{(pid=116790) _task_receiver /usr/local/lib/python3.8/dist-packages/taskflow/listeners/logging.py:178}}
Mar 31 15:41:12.710167 dv-cinder-836027-1-smb devstack@c-api.service[116790]: DEBUG cinder.volume.api [None req-2c92dcd3-ef3d-48e5-a7f2-96949b4d4252 tempest-VolumesDeleteCascade-1590815363 tempest-VolumesDeleteCascade-1590815363-project] Task 'cinder.volume.flows.api.create_volume.QuotaReserveTask;volume:create' (298589a3-6dee-4271-9a18-15d9130a5cb5) transitioned into state 'RUNNING' from state 'PENDING' {{(pid=116790) _task_receiver /usr/local/lib/python3.8/dist-packages/taskflow/listeners/logging.py:190}}
Mar 31 15:41:12.852815 dv-cinder-836027-1-smb devstack@c-api.service[116790]: DEBUG cinder.quota [None req-2c92dcd3-ef3d-48e5-a7f2-96949b4d4252 tempest-VolumesDeleteCascade-1590815363 tempest-VolumesDeleteCascade-1590815363-project] Created reservations ['a2bb5709-a48b-40bf-8563-5a001c9b350c', '672114e6-a1c2-424b-be37-b4a305fbe603', '5ba19b66-5850-4b84-9be5-354a2a9ee6de', '06ec8e6a-05ac-47f9-8429-845408c06ccd'] {{(pid=116790) reserve /opt/stack/cinder/cinder/quota.py:755}}
Mar 31 15:41:12.860086 dv-cinder-836027-1-smb devstack@c-api.service[116790]: DEBUG cinder.volume.api [None req-2c92dcd3-ef3d-48e5-a7f2-96949b4d4252 tempest-VolumesDeleteCascade-1590815363 tempest-VolumesDeleteCascade-1590815363-project] Task 'cinder.volume.flows.api.create_volume.QuotaReserveTask;volume:create' (298589a3-6dee-4271-9a18-15d9130a5cb5) transitioned into state 'SUCCESS' from state 'RUNNING' with result '{'reservations': ['a2bb5709-a48b-40bf-8563-5a001c9b350c', '672114e6-a1c2-424b-be37-b4a305fbe603', '5ba19b66-5850-4b84-9be5-354a2a9ee6de', '06ec8e6a-05ac-47f9-8429-845408c06ccd']}' {{(pid=116790) _task_receiver /usr/local/lib/python3.8/dist-packages/taskflow/listeners/logging.py:178}}
Mar 31 15:41:12.866703 dv-cinder-836027-1-smb devstack@c-api.service[116790]: DEBUG cinder.volume.api [None req-2c92dcd3-ef3d-48e5-a7f2-96949b4d4252 tempest-VolumesDeleteCascade-1590815363 tempest-VolumesDeleteCascade-1590815363-project] Task 'cinder.volume.flows.api.create_volume.EntryCreateTask;volume:create' (0cff2285-bb37-43ea-83cf-d5d47e7c0824) transitioned into state 'RUNNING' from state 'PENDING' {{(pid=116790) _task_receiver /usr/local/lib/python3.8/dist-packages/taskflow/listeners/logging.py:190}}
Mar 31 15:41:12.909248 dv-cinder-836027-1-smb devstack@c-api.service[116790]: DEBUG cinder.volume.api [None req-2c92dcd3-ef3d-48e5-a7f2-96949b4d4252 tempest-VolumesDeleteCascade-1590815363 tempest-VolumesDeleteCascade-1590815363-project] Task 'cinder.volume.flows.api.create_volume.EntryCreateTask;volume:create' (0cff2285-bb37-43ea-83cf-d5d47e7c0824) transitioned into state 'SUCCESS' from state 'RUNNING' with result '{'volume_id': '58c694d0-4da2-4082-bef6-6bf0f9c05192', 'volume_properties': VolumeProperties(attach_status='detached',availability_zone='nova',cgsnapshot_id=None,consistencygroup_id=None,display_description=None,display_name='tempest-VolumesDeleteCascade-Volume-59059497',encryption_key_id=None,group_id=None,group_type_id=,metadata={},multiattach=False,project_id='6f0d6afac9c641379d0f61d5ea2219cb',qos_specs=None,replication_status=,reservations=['a2bb5709-a48b-40bf-8563-5a001c9b350c','672114e6-a1c2-424b-be37-b4a305fbe603','5ba19b66-5850-4b84-9be5-354a2a9ee6de','06ec8e6a-05ac-47f9-8429-845408c06ccd'],size=1,snapshot_id=None,source_replicaid=,source_volid=None,status='creating',user_id='0603687e31914e1d984ca82afc1da8df',volume_type_id=47b2b7bc-c80a-4192-8eb9-e9a011ce8a6b), 'volume': Volume(_name_id=None,admin_metadata=,attach_status='detached',availability_zone='nova',bootable=False,cluster=,cluster_name=None,consistencygroup=,consistencygroup_id=None,created_at=2022-03-31T15:41:12Z,deleted=False,deleted_at=None,display_description=None,display_name='tempest-VolumesDeleteCascade-Volume-59059497',ec2_id=None,encryption_key_id=None,glance_metadata=,group=,group_id=None,host=None,id=58c694d0-4da2-4082-bef6-6bf0f9c05192,launched_at=None,metadata={},migration_status=None,multiattach=False,previous_status=None,project_id='6f0d6afac9c641379d0f61d5ea2219cb',provider_auth=None,provider_geometry=None,provider_id=None,provider_location=None,replication_driver_data=None,replication_extended_status=None,replication_status=None,scheduled_at=None,service_uuid=None,shared_targets=True,size=1,snapshot_id=None,snapshots=,source_volid=None,status='creating',terminated_at=None,updated_at=None,use_quota=True,user_id='0603687e31914e1d984ca82afc1da8df',volume_attachment=VolumeAttachmentList,volume_type=VolumeType(47b2b7bc-c80a-4192-8eb9-e9a011ce8a6b),volume_type_id=47b2b7bc-c80a-4192-8eb9-e9a011ce8a6b)}' {{(pid=116790) _task_receiver /usr/local/lib/python3.8/dist-packages/taskflow/listeners/logging.py:178}}
Mar 31 15:41:12.911513 dv-cinder-836027-1-smb devstack@c-api.service[116790]: DEBUG cinder.volume.api [None req-2c92dcd3-ef3d-48e5-a7f2-96949b4d4252 tempest-VolumesDeleteCascade-1590815363 tempest-VolumesDeleteCascade-1590815363-project] Task 'cinder.volume.flows.api.create_volume.QuotaCommitTask;volume:create' (5aadc4e5-5e06-4555-a6e1-686efe3d8eeb) transitioned into state 'RUNNING' from state 'PENDING' {{(pid=116790) _task_receiver /usr/local/lib/python3.8/dist-packages/taskflow/listeners/logging.py:190}}
Mar 31 15:41:12.957605 dv-cinder-836027-1-smb devstack@c-api.service[116790]: DEBUG cinder.volume.api [None req-2c92dcd3-ef3d-48e5-a7f2-96949b4d4252 tempest-VolumesDeleteCascade-1590815363 tempest-VolumesDeleteCascade-1590815363-project] Task 'cinder.volume.flows.api.create_volume.QuotaCommitTask;volume:create' (5aadc4e5-5e06-4555-a6e1-686efe3d8eeb) transitioned into state 'SUCCESS' from state 'RUNNING' with result '{'volume_properties': VolumeProperties(attach_status='detached',availability_zone='nova',cgsnapshot_id=None,consistencygroup_id=None,display_description=None,display_name='tempest-VolumesDeleteCascade-Volume-59059497',encryption_key_id=None,group_id=None,group_type_id=,metadata={},multiattach=False,project_id='6f0d6afac9c641379d0f61d5ea2219cb',qos_specs=None,replication_status=,reservations=['a2bb5709-a48b-40bf-8563-5a001c9b350c','672114e6-a1c2-424b-be37-b4a305fbe603','5ba19b66-5850-4b84-9be5-354a2a9ee6de','06ec8e6a-05ac-47f9-8429-845408c06ccd'],size=1,snapshot_id=None,source_replicaid=,source_volid=None,status='creating',user_id='0603687e31914e1d984ca82afc1da8df',volume_type_id=47b2b7bc-c80a-4192-8eb9-e9a011ce8a6b)}' {{(pid=116790) _task_receiver /usr/local/lib/python3.8/dist-packages/taskflow/listeners/logging.py:178}}
Mar 31 15:41:12.962364 dv-cinder-836027-1-smb devstack@c-api.service[116790]: DEBUG cinder.volume.api [None req-2c92dcd3-ef3d-48e5-a7f2-96949b4d4252 tempest-VolumesDeleteCascade-1590815363 tempest-VolumesDeleteCascade-1590815363-project] Task 'cinder.volume.flows.api.create_volume.VolumeCastTask;volume:create' (0923124c-2bb3-420c-97d8-dc667e2de833) transitioned into state 'RUNNING' from state 'PENDING' {{(pid=116790) _task_receiver /usr/local/lib/python3.8/dist-packages/taskflow/listeners/logging.py:190}}
Mar 31 15:41:13.004558 dv-cinder-836027-1-smb devstack@c-api.service[116790]: DEBUG cinder.volume.api [None req-2c92dcd3-ef3d-48e5-a7f2-96949b4d4252 tempest-VolumesDeleteCascade-1590815363 tempest-VolumesDeleteCascade-1590815363-project] Task 'cinder.volume.flows.api.create_volume.VolumeCastTask;volume:create' (0923124c-2bb3-420c-97d8-dc667e2de833) transitioned into state 'SUCCESS' from state 'RUNNING' with result 'None' {{(pid=116790) _task_receiver /usr/local/lib/python3.8/dist-packages/taskflow/listeners/logging.py:178}}
Mar 31 15:41:13.012044 dv-cinder-836027-1-smb devstack@c-api.service[116790]: DEBUG cinder.volume.api [None req-2c92dcd3-ef3d-48e5-a7f2-96949b4d4252 tempest-VolumesDeleteCascade-1590815363 tempest-VolumesDeleteCascade-1590815363-project] Flow 'volume_create_api' (13c0f499-2aa9-4b52-95a2-aa0003c01802) transitioned into state 'SUCCESS' from state 'RUNNING' {{(pid=116790) _flow_receiver /usr/local/lib/python3.8/dist-packages/taskflow/listeners/logging.py:141}}
Mar 31 15:41:13.013715 dv-cinder-836027-1-smb devstack@c-api.service[116790]: INFO cinder.volume.api [None req-2c92dcd3-ef3d-48e5-a7f2-96949b4d4252 tempest-VolumesDeleteCascade-1590815363 tempest-VolumesDeleteCascade-1590815363-project] Create volume request issued successfully.
Mar 31 15:41:13.016653 dv-cinder-836027-1-smb devstack@c-api.service[116790]: INFO cinder.api.openstack.wsgi [None req-2c92dcd3-ef3d-48e5-a7f2-96949b4d4252 tempest-VolumesDeleteCascade-1590815363 tempest-VolumesDeleteCascade-1590815363-project] http://10.222.0.62/volume/v3/6f0d6afac9c641379d0f61d5ea2219cb/volumes returned with HTTP 202
Mar 31 15:41:13.026894 dv-cinder-836027-1-smb devstack@c-api.service[116790]: [pid: 116790|app: 0|req: 205/388] 10.222.0.62 () {60 vars in 1234 bytes} [Thu Mar 31 15:41:12 2022] POST /volume/v3/6f0d6afac9c641379d0f61d5ea2219cb/volumes => generated 818 bytes in 697 msecs (HTTP/1.1 202) 7 headers in 291 bytes (1 switches on core 0)
Mar 31 15:41:13.030102 dv-cinder-836027-1-smb devstack@c-api.service[116789]: DEBUG cinder.api.middleware.request_id [None req-f79ac5b8-78b7-483c-a7f0-f5f8acea2ca1 None None] RequestId filter calling following filter/app {{(pid=116789) _context_setter /opt/stack/cinder/cinder/api/middleware/request_id.py:62}}
Mar 31 15:41:13.039829 dv-cinder-836027-1-smb devstack@c-api.service[116789]: INFO cinder.api.openstack.wsgi [None req-f79ac5b8-78b7-483c-a7f0-f5f8acea2ca1 tempest-VolumesDeleteCascade-1590815363 tempest-VolumesDeleteCascade-1590815363-project] GET http://10.222.0.62/volume/v3/6f0d6afac9c641379d0f61d5ea2219cb/volumes/58c694d0-4da2-4082-bef6-6bf0f9c05192
Mar 31 15:41:13.040492 dv-cinder-836027-1-smb devstack@c-api.service[116789]: DEBUG cinder.api.openstack.wsgi [None req-f79ac5b8-78b7-483c-a7f0-f5f8acea2ca1 tempest-VolumesDeleteCascade-1590815363 tempest-VolumesDeleteCascade-1590815363-project] Empty body provided in request {{(pid=116789) get_body /opt/stack/cinder/cinder/api/openstack/wsgi.py:715}}
Mar 31 15:41:13.041144 dv-cinder-836027-1-smb devstack@c-api.service[116789]: DEBUG cinder.api.openstack.wsgi [None req-f79ac5b8-78b7-483c-a7f0-f5f8acea2ca1 tempest-VolumesDeleteCascade-1590815363 tempest-VolumesDeleteCascade-1590815363-project] Calling method 'show' {{(pid=116789) _process_stack /opt/stack/cinder/cinder/api/openstack/wsgi.py:868}}
Mar 31 15:41:13.064166 dv-cinder-836027-1-smb devstack@c-api.service[116789]: /usr/local/lib/python3.8/dist-packages/oslo_context/context.py:100: DeprecationWarning: Policy enforcement is depending on the value of is_admin. This key is deprecated. Please update your policy file to use the standard policy values.
Mar 31 15:41:13.064166 dv-cinder-836027-1-smb devstack@c-api.service[116789]: warnings.warn('Policy enforcement is depending on the value of '
