May 10 14:01:35.199733 dv-cinder-835881-9-iscsi devstack@c-api.service[110136]: DEBUG cinder.volume.api [None req-b27ae2ac-a8ec-4efe-a757-aca44f4a7929 tempest-VolumesTestJSON-1368116207 tempest-VolumesTestJSON-1368116207-project] Task 'cinder.volume.flows.api.create_volume.EntryCreateTask;volume:create' (b0b3f7b3-57e8-464d-98d1-261d0f2ea1c5) transitioned into state 'SUCCESS' from state 'RUNNING' with result '{'volume_id': 'fc341901-6b5e-4417-a944-600e06b860d6', 'volume_properties': VolumeProperties(attach_status='detached',availability_zone='nova',cgsnapshot_id=None,consistencygroup_id=None,display_description=None,display_name='tempest-VolumesTestJSON-volume-826290134',encryption_key_id=None,group_id=None,group_type_id=,metadata={Type='work'},multiattach=False,project_id='435c45880e46461bb8d4c7de37658929',qos_specs=None,replication_status=,reservations=['6f75187c-2d45-4795-ada5-f263c008e0fc','f1e06c81-09be-46aa-bbe5-c41700b418f8','8da45b0f-6f29-4002-b7b0-ce6d87b09b52','466c2ff5-1a6b-42de-964d-36b16f3536af'],size=1,snapshot_id=None,source_replicaid=,source_volid=None,status='creating',user_id='a4118c10f3b842919b5e615300c485be',volume_type_id=02920447-9416-4dd8-ac24-46eeafd824e0), 'volume': Volume(_name_id=None,admin_metadata=,attach_status='detached',availability_zone='nova',bootable=False,cluster=,cluster_name=None,consistencygroup=,consistencygroup_id=None,created_at=2022-05-10T14:01:35Z,deleted=False,deleted_at=None,display_description=None,display_name='tempest-VolumesTestJSON-volume-826290134',ec2_id=None,encryption_key_id=None,glance_metadata=,group=,group_id=None,host=None,id=fc341901-6b5e-4417-a944-600e06b860d6,launched_at=None,metadata={Type='work'},migration_status=None,multiattach=False,previous_status=None,project_id='435c45880e46461bb8d4c7de37658929',provider_auth=None,provider_geometry=None,provider_id=None,provider_location=None,replication_driver_data=None,replication_extended_status=None,replication_status=None,scheduled_at=None,service_uuid=None,shared_targets=True,size=1,snapshot_id=None,snapshots=,source_volid=None,status='creating',terminated_at=None,updated_at=None,use_quota=True,user_id='a4118c10f3b842919b5e615300c485be',volume_attachment=VolumeAttachmentList,volume_type=VolumeType(02920447-9416-4dd8-ac24-46eeafd824e0),volume_type_id=02920447-9416-4dd8-ac24-46eeafd824e0)}' {{(pid=110136) _task_receiver /usr/local/lib/python3.8/dist-packages/taskflow/listeners/logging.py:178}}
May 10 14:01:35.203995 dv-cinder-835881-9-iscsi devstack@c-api.service[110136]: DEBUG cinder.volume.api [None req-b27ae2ac-a8ec-4efe-a757-aca44f4a7929 tempest-VolumesTestJSON-1368116207 tempest-VolumesTestJSON-1368116207-project] Task 'cinder.volume.flows.api.create_volume.QuotaCommitTask;volume:create' (bf9fae36-e36f-4186-9aa5-9ed0b4fb912d) transitioned into state 'RUNNING' from state 'PENDING' {{(pid=110136) _task_receiver /usr/local/lib/python3.8/dist-packages/taskflow/listeners/logging.py:190}}
May 10 14:01:35.276850 dv-cinder-835881-9-iscsi devstack@c-api.service[110136]: DEBUG cinder.volume.api [None req-b27ae2ac-a8ec-4efe-a757-aca44f4a7929 tempest-VolumesTestJSON-1368116207 tempest-VolumesTestJSON-1368116207-project] Task 'cinder.volume.flows.api.create_volume.QuotaCommitTask;volume:create' (bf9fae36-e36f-4186-9aa5-9ed0b4fb912d) transitioned into state 'SUCCESS' from state 'RUNNING' with result '{'volume_properties': VolumeProperties(attach_status='detached',availability_zone='nova',cgsnapshot_id=None,consistencygroup_id=None,display_description=None,display_name='tempest-VolumesTestJSON-volume-826290134',encryption_key_id=None,group_id=None,group_type_id=,metadata={Type='work'},multiattach=False,project_id='435c45880e46461bb8d4c7de37658929',qos_specs=None,replication_status=,reservations=['6f75187c-2d45-4795-ada5-f263c008e0fc','f1e06c81-09be-46aa-bbe5-c41700b418f8','8da45b0f-6f29-4002-b7b0-ce6d87b09b52','466c2ff5-1a6b-42de-964d-36b16f3536af'],size=1,snapshot_id=None,source_replicaid=,source_volid=None,status='creating',user_id='a4118c10f3b842919b5e615300c485be',volume_type_id=02920447-9416-4dd8-ac24-46eeafd824e0)}' {{(pid=110136) _task_receiver /usr/local/lib/python3.8/dist-packages/taskflow/listeners/logging.py:178}}
May 10 14:01:35.278606 dv-cinder-835881-9-iscsi devstack@c-api.service[110137]: WARNING cinder.quota [None req-51747be8-8b45-4cc9-9a62-a485846e21a7 tempest-UserMessagesTest-1253352836 tempest-UserMessagesTest-1253352836-project] Deprecated: Default quota for resource: volumes_tempest-UserMessagesTest-volume-type-668654769 is set by the default quota flag: quota_volumes_tempest-UserMessagesTest-volume-type-668654769, it is now deprecated. Please use the default quota class for default quota.
May 10 14:01:35.280237 dv-cinder-835881-9-iscsi devstack@c-api.service[110136]: DEBUG cinder.volume.api [None req-b27ae2ac-a8ec-4efe-a757-aca44f4a7929 tempest-VolumesTestJSON-1368116207 tempest-VolumesTestJSON-1368116207-project] Task 'cinder.volume.flows.api.create_volume.VolumeCastTask;volume:create' (ffaa7fca-a351-4da2-aa90-cec30d5ccda4) transitioned into state 'RUNNING' from state 'PENDING' {{(pid=110136) _task_receiver /usr/local/lib/python3.8/dist-packages/taskflow/listeners/logging.py:190}}
May 10 14:01:35.280544 dv-cinder-835881-9-iscsi devstack@c-api.service[110137]: WARNING cinder.quota [None req-51747be8-8b45-4cc9-9a62-a485846e21a7 tempest-UserMessagesTest-1253352836 tempest-UserMessagesTest-1253352836-project] Deprecated: Default quota for resource: gigabytes_tempest-UserMessagesTest-volume-type-668654769 is set by the default quota flag: quota_gigabytes_tempest-UserMessagesTest-volume-type-668654769, it is now deprecated. Please use the default quota class for default quota.
May 10 14:01:35.316591 dv-cinder-835881-9-iscsi devstack@c-api.service[110136]: DEBUG cinder.volume.api [None req-b27ae2ac-a8ec-4efe-a757-aca44f4a7929 tempest-VolumesTestJSON-1368116207 tempest-VolumesTestJSON-1368116207-project] Task 'cinder.volume.flows.api.create_volume.VolumeCastTask;volume:create' (ffaa7fca-a351-4da2-aa90-cec30d5ccda4) transitioned into state 'SUCCESS' from state 'RUNNING' with result 'None' {{(pid=110136) _task_receiver /usr/local/lib/python3.8/dist-packages/taskflow/listeners/logging.py:178}}
May 10 14:01:35.321512 dv-cinder-835881-9-iscsi devstack@c-api.service[110136]: DEBUG cinder.volume.api [None req-b27ae2ac-a8ec-4efe-a757-aca44f4a7929 tempest-VolumesTestJSON-1368116207 tempest-VolumesTestJSON-1368116207-project] Flow 'volume_create_api' (0c74c931-70b3-44f3-b9ba-b6719b980c7c) transitioned into state 'SUCCESS' from state 'RUNNING' {{(pid=110136) _flow_receiver /usr/local/lib/python3.8/dist-packages/taskflow/listeners/logging.py:141}}
May 10 14:01:35.323265 dv-cinder-835881-9-iscsi devstack@c-api.service[110136]: INFO cinder.volume.api [None req-b27ae2ac-a8ec-4efe-a757-aca44f4a7929 tempest-VolumesTestJSON-1368116207 tempest-VolumesTestJSON-1368116207-project] Create volume request issued successfully.
May 10 14:01:35.325807 dv-cinder-835881-9-iscsi devstack@c-api.service[110136]: INFO cinder.api.openstack.wsgi [None req-b27ae2ac-a8ec-4efe-a757-aca44f4a7929 tempest-VolumesTestJSON-1368116207 tempest-VolumesTestJSON-1368116207-project] http://10.222.0.32/volume/v3/435c45880e46461bb8d4c7de37658929/volumes returned with HTTP 202
May 10 14:01:35.340174 dv-cinder-835881-9-iscsi devstack@c-api.service[110136]: [pid: 110136|app: 0|req: 9/19] 10.222.0.32 () {60 vars in 1235 bytes} [Tue May 10 14:01:34 2022] POST /volume/v3/435c45880e46461bb8d4c7de37658929/volumes => generated 828 bytes in 511 msecs (HTTP/1.1 202) 7 headers in 291 bytes (2 switches on core 0)
May 10 14:01:35.345239 dv-cinder-835881-9-iscsi devstack@c-api.service[110136]: DEBUG cinder.api.middleware.request_id [req-4bc606e7-db10-41b3-8bf4-7bca37ac5bb5 req-39650717-d7eb-4207-8874-22d6056c236e None None] RequestId filter calling following filter/app {{(pid=110136) _context_setter /opt/stack/cinder/cinder/api/middleware/request_id.py:62}}
May 10 14:01:35.351719 dv-cinder-835881-9-iscsi devstack@c-api.service[110136]: INFO cinder.api.openstack.wsgi [req-4bc606e7-db10-41b3-8bf4-7bca37ac5bb5 req-39650717-d7eb-4207-8874-22d6056c236e tempest-VolumesGetTestJSON-11202794 tempest-VolumesGetTestJSON-11202794-project] GET http://10.222.0.32/volume/v3/4f5468859afd431c89cb34c8957d60dd/volumes/404a412c-5ba0-4062-8aea-eb825ba643e5
May 10 14:01:35.352601 dv-cinder-835881-9-iscsi devstack@c-api.service[110136]: DEBUG cinder.api.openstack.wsgi [req-4bc606e7-db10-41b3-8bf4-7bca37ac5bb5 req-39650717-d7eb-4207-8874-22d6056c236e tempest-VolumesGetTestJSON-11202794 tempest-VolumesGetTestJSON-11202794-project] Empty body provided in request {{(pid=110136) get_body /opt/stack/cinder/cinder/api/openstack/wsgi.py:715}}
May 10 14:01:35.353566 dv-cinder-835881-9-iscsi devstack@c-api.service[110136]: DEBUG cinder.api.openstack.wsgi [req-4bc606e7-db10-41b3-8bf4-7bca37ac5bb5 req-39650717-d7eb-4207-8874-22d6056c236e tempest-VolumesGetTestJSON-11202794 tempest-VolumesGetTestJSON-11202794-project] Calling method 'show' {{(pid=110136) _process_stack /opt/stack/cinder/cinder/api/openstack/wsgi.py:868}}
May 10 14:01:35.372468 dv-cinder-835881-9-iscsi devstack@c-api.service[110136]: /usr/local/lib/python3.8/dist-packages/oslo_context/context.py:100: DeprecationWarning: Policy enforcement is depending on the value of is_admin. This key is deprecated. Please update your policy file to use the standard policy values.
May 10 14:01:35.372468 dv-cinder-835881-9-iscsi devstack@c-api.service[110136]: warnings.warn('Policy enforcement is depending on the value of '
May 10 14:01:35.383497 dv-cinder-835881-9-iscsi devstack@c-api.service[110136]: INFO cinder.volume.api [req-4bc606e7-db10-41b3-8bf4-7bca37ac5bb5 req-39650717-d7eb-4207-8874-22d6056c236e tempest-VolumesGetTestJSON-11202794 tempest-VolumesGetTestJSON-11202794-project] Volume info retrieved successfully.
May 10 14:01:35.396539 dv-cinder-835881-9-iscsi devstack@c-api.service[110136]: INFO cinder.api.openstack.wsgi [req-4bc606e7-db10-41b3-8bf4-7bca37ac5bb5 req-39650717-d7eb-4207-8874-22d6056c236e tempest-VolumesGetTestJSON-11202794 tempest-VolumesGetTestJSON-11202794-project] http://10.222.0.32/volume/v3/4f5468859afd431c89cb34c8957d60dd/volumes/404a412c-5ba0-4062-8aea-eb825ba643e5 returned with HTTP 200
May 10 14:01:35.410030 dv-cinder-835881-9-iscsi devstack@c-api.service[110136]: [pid: 110136|app: 0|req: 10/20] 10.222.0.32 () {60 vars in 1578 bytes} [Tue May 10 14:01:35 2022] GET /volume/v3/4f5468859afd431c89cb34c8957d60dd/volumes/404a412c-5ba0-4062-8aea-eb825ba643e5 => generated 924 bytes in 69 msecs (HTTP/1.1 200) 7 headers in 285 bytes (1 switches on core 0)
May 10 14:01:35.414420 dv-cinder-835881-9-iscsi devstack@c-api.service[110136]: DEBUG cinder.api.middleware.request_id [None req-f76e537f-2e77-433b-9493-0b290605cf0d None None] RequestId filter calling following filter/app {{(pid=110136) _context_setter /opt/stack/cinder/cinder/api/middleware/request_id.py:62}}
May 10 14:01:35.460437 dv-cinder-835881-9-iscsi devstack@c-api.service[110137]: DEBUG cinder.quota [None req-51747be8-8b45-4cc9-9a62-a485846e21a7 tempest-UserMessagesTest-1253352836 tempest-UserMessagesTest-1253352836-project] Created reservations ['6e872ed3-4408-4d85-b356-eea0cb152776', '8afe8ded-f2af-4cbf-b6c7-efb9002732e6', 'dfd4a03f-3273-4057-ad95-ee8fb5737947', '53edba3b-d0fa-435c-9cb0-1f125e33f790'] {{(pid=110137) reserve /opt/stack/cinder/cinder/quota.py:755}}
May 10 14:01:35.463480 dv-cinder-835881-9-iscsi devstack@c-api.service[110137]: DEBUG cinder.volume.api [None req-51747be8-8b45-4cc9-9a62-a485846e21a7 tempest-UserMessagesTest-1253352836 tempest-UserMessagesTest-1253352836-project] Task 'cinder.volume.flows.api.create_volume.QuotaReserveTask;volume:create' (743743a1-e842-423d-b597-00d6c53b9268) transitioned into state 'SUCCESS' from state 'RUNNING' with result '{'reservations': ['6e872ed3-4408-4d85-b356-eea0cb152776', '8afe8ded-f2af-4cbf-b6c7-efb9002732e6', 'dfd4a03f-3273-4057-ad95-ee8fb5737947', '53edba3b-d0fa-435c-9cb0-1f125e33f790']}' {{(pid=110137) _task_receiver /usr/local/lib/python3.8/dist-packages/taskflow/listeners/logging.py:178}}
May 10 14:01:35.470099 dv-cinder-835881-9-iscsi devstack@c-api.service[110137]: DEBUG cinder.volume.api [None req-51747be8-8b45-4cc9-9a62-a485846e21a7 tempest-UserMessagesTest-1253352836 tempest-UserMessagesTest-1253352836-project] Task 'cinder.volume.flows.api.create_volume.EntryCreateTask;volume:create' (57d42c07-0a6a-493e-8a3c-184044e257fd) transitioned into state 'RUNNING' from state 'PENDING' {{(pid=110137) _task_receiver /usr/local/lib/python3.8/dist-packages/taskflow/listeners/logging.py:190}}
May 10 14:01:35.523725 dv-cinder-835881-9-iscsi devstack@c-api.service[110136]: INFO cinder.api.openstack.wsgi [None req-f76e537f-2e77-433b-9493-0b290605cf0d tempest-BackendsCapabilitiesAdminTestsJSON-1755445693 tempest-BackendsCapabilitiesAdminTestsJSON-1755445693-project-admin] GET http://10.222.0.32/volume/v3/d2593621a2b245f9afc28b901e1d8855/scheduler-stats/get_pools
May 10 14:01:35.524192 dv-cinder-835881-9-iscsi devstack@c-api.service[110136]: DEBUG cinder.api.openstack.wsgi [None req-f76e537f-2e77-433b-9493-0b290605cf0d tempest-BackendsCapabilitiesAdminTestsJSON-1755445693 tempest-BackendsCapabilitiesAdminTestsJSON-1755445693-project-admin] Empty body provided in request {{(pid=110136) get_body /opt/stack/cinder/cinder/api/openstack/wsgi.py:715}}
May 10 14:01:35.526334 dv-cinder-835881-9-iscsi devstack@c-api.service[110136]: DEBUG cinder.api.openstack.wsgi [None req-f76e537f-2e77-433b-9493-0b290605cf0d tempest-BackendsCapabilitiesAdminTestsJSON-1755445693 tempest-BackendsCapabilitiesAdminTestsJSON-1755445693-project-admin] Calling method 'get_pools' {{(pid=110136) _process_stack /opt/stack/cinder/cinder/api/openstack/wsgi.py:868}}
May 10 14:01:35.536475 dv-cinder-835881-9-iscsi devstack@c-api.service[110137]: DEBUG cinder.volume.api [None req-51747be8-8b45-4cc9-9a62-a485846e21a7 tempest-UserMessagesTest-1253352836 tempest-UserMessagesTest-1253352836-project] Task 'cinder.volume.flows.api.create_volume.EntryCreateTask;volume:create' (57d42c07-0a6a-493e-8a3c-184044e257fd) transitioned into state 'SUCCESS' from state 'RUNNING' with result '{'volume_id': '0b7013b4-d9aa-4a2b-a1ba-f30afb4f1076', 'volume_properties': VolumeProperties(attach_status='detached',availability_zone='nova',cgsnapshot_id=None,consistencygroup_id=None,display_description=None,display_name='tempest-UserMessagesTest-Volume-781261793',encryption_key_id=None,group_id=None,group_type_id=,metadata={},multiattach=False,project_id='c0efd7196e024bd99c85176bb72e2bc8',qos_specs=None,replication_status=,reservations=['6e872ed3-4408-4d85-b356-eea0cb152776','8afe8ded-f2af-4cbf-b6c7-efb9002732e6','dfd4a03f-3273-4057-ad95-ee8fb5737947','53edba3b-d0fa-435c-9cb0-1f125e33f790'],size=1,snapshot_id=None,source_replicaid=,source_volid=None,status='creating',user_id='8cc78c5c9afe4116a659a6b352f2620c',volume_type_id=f317960d-085a-4441-a25f-fb8ae7eb458e), 'volume': Volume(_name_id=None,admin_metadata=,attach_status='detached',availability_zone='nova',bootable=False,cluster=,cluster_name=None,consistencygroup=,consistencygroup_id=None,created_at=2022-05-10T14:01:35Z,deleted=False,deleted_at=None,display_description=None,display_name='tempest-UserMessagesTest-Volume-781261793',ec2_id=None,encryption_key_id=None,glance_metadata=,group=,group_id=None,host=None,id=0b7013b4-d9aa-4a2b-a1ba-f30afb4f1076,launched_at=None,metadata={},migration_status=None,multiattach=False,previous_status=None,project_id='c0efd7196e024bd99c85176bb72e2bc8',provider_auth=None,provider_geometry=None,provider_id=None,provider_location=None,replication_driver_data=None,replication_extended_status=None,replication_status=None,scheduled_at=None,service_uuid=None,shared_targets=True,size=1,snapshot_id=None,snapshots=,source_volid=None,status='creating',terminated_at=None,updated_at=None,use_quota=True,user_id='8cc78c5c9afe4116a659a6b352f2620c',volume_attachment=VolumeAttachmentList,volume_type=VolumeType(f317960d-085a-4441-a25f-fb8ae7eb458e),volume_type_id=f317960d-085a-4441-a25f-fb8ae7eb458e)}' {{(pid=110137) _task_receiver /usr/local/lib/python3.8/dist-packages/taskflow/listeners/logging.py:178}}
May 10 14:01:35.544843 dv-cinder-835881-9-iscsi devstack@c-api.service[110137]: DEBUG cinder.volume.api [None req-51747be8-8b45-4cc9-9a62-a485846e21a7 tempest-UserMessagesTest-1253352836 tempest-UserMessagesTest-1253352836-project] Task 'cinder.volume.flows.api.create_volume.QuotaCommitTask;volume:create' (e56c7c22-d08a-40e1-b777-73f9e07917d3) transitioned into state 'RUNNING' from state 'PENDING' {{(pid=110137) _task_receiver /usr/local/lib/python3.8/dist-packages/taskflow/listeners/logging.py:190}}
May 10 14:01:35.600965 dv-cinder-835881-9-iscsi devstack@c-api.service[110137]: DEBUG cinder.volume.api [None req-51747be8-8b45-4cc9-9a62-a485846e21a7 tempest-UserMessagesTest-1253352836 tempest-UserMessagesTest-1253352836-project] Task 'cinder.volume.flows.api.create_volume.QuotaCommitTask;volume:create' (e56c7c22-d08a-40e1-b777-73f9e07917d3) transitioned into state 'SUCCESS' from state 'RUNNING' with result '{'volume_properties': VolumeProperties(attach_status='detached',availability_zone='nova',cgsnapshot_id=None,consistencygroup_id=None,display_description=None,display_name='tempest-UserMessagesTest-Volume-781261793',encryption_key_id=None,group_id=None,group_type_id=,metadata={},multiattach=False,project_id='c0efd7196e024bd99c85176bb72e2bc8',qos_specs=None,replication_status=,reservations=['6e872ed3-4408-4d85-b356-eea0cb152776','8afe8ded-f2af-4cbf-b6c7-efb9002732e6','dfd4a03f-3273-4057-ad95-ee8fb5737947','53edba3b-d0fa-435c-9cb0-1f125e33f790'],size=1,snapshot_id=None,source_replicaid=,source_volid=None,status='creating',user_id='8cc78c5c9afe4116a659a6b352f2620c',volume_type_id=f317960d-085a-4441-a25f-fb8ae7eb458e)}' {{(pid=110137) _task_receiver /usr/local/lib/python3.8/dist-packages/taskflow/listeners/logging.py:178}}
May 10 14:01:35.602921 dv-cinder-835881-9-iscsi devstack@c-api.service[110137]: DEBUG cinder.volume.api [None req-51747be8-8b45-4cc9-9a62-a485846e21a7 tempest-UserMessagesTest-1253352836 tempest-UserMessagesTest-1253352836-project] Task 'cinder.volume.flows.api.create_volume.VolumeCastTask;volume:create' (6818b68d-2e89-4979-a4c7-3ccdbb148a73) transitioned into state 'RUNNING' from state 'PENDING' {{(pid=110137) _task_receiver /usr/local/lib/python3.8/dist-packages/taskflow/listeners/logging.py:190}}
May 10 14:01:35.630535 dv-cinder-835881-9-iscsi devstack@c-api.service[110136]: INFO cinder.api.openstack.wsgi [None req-f76e537f-2e77-433b-9493-0b290605cf0d tempest-BackendsCapabilitiesAdminTestsJSON-1755445693 tempest-BackendsCapabilitiesAdminTestsJSON-1755445693-project-admin] http://10.222.0.32/volume/v3/d2593621a2b245f9afc28b901e1d8855/scheduler-stats/get_pools returned with HTTP 200
May 10 14:01:35.632111 dv-cinder-835881-9-iscsi devstack@c-api.service[110136]: [pid: 110136|app: 0|req: 11/21] 10.222.0.32 () {58 vars in 1267 bytes} [Tue May 10 14:01:35 2022] GET /volume/v3/d2593621a2b245f9afc28b901e1d8855/scheduler-stats/get_pools => generated 66 bytes in 221 msecs (HTTP/1.1 200) 7 headers in 284 bytes (1 switches on core 0)
May 10 14:01:35.633533 dv-cinder-835881-9-iscsi devstack@c-api.service[110136]: DEBUG cinder.api.middleware.request_id [None req-c9e67e2e-4933-4942-bdcb-de28250b68c8 None None] RequestId filter calling following filter/app {{(pid=110136) _context_setter /opt/stack/cinder/cinder/api/middleware/request_id.py:62}}
May 10 14:01:35.637631 dv-cinder-835881-9-iscsi devstack@c-api.service[110137]: DEBUG cinder.volume.api [None req-51747be8-8b45-4cc9-9a62-a485846e21a7 tempest-UserMessagesTest-1253352836 tempest-UserMessagesTest-1253352836-project] Task 'cinder.volume.flows.api.create_volume.VolumeCastTask;volume:create' (6818b68d-2e89-4979-a4c7-3ccdbb148a73) transitioned into state 'SUCCESS' from state 'RUNNING' with result 'None' {{(pid=110137) _task_receiver /usr/local/lib/python3.8/dist-packages/taskflow/listeners/logging.py:178}}
May 10 14:01:35.638649 dv-cinder-835881-9-iscsi devstack@c-api.service[110136]: INFO cinder.api.openstack.wsgi [None req-c9e67e2e-4933-4942-bdcb-de28250b68c8 tempest-VolumesTestJSON-1368116207 tempest-VolumesTestJSON-1368116207-project] GET http://10.222.0.32/volume/v3/435c45880e46461bb8d4c7de37658929/volumes/fc341901-6b5e-4417-a944-600e06b860d6
May 10 14:01:35.641608 dv-cinder-835881-9-iscsi devstack@c-api.service[110137]: DEBUG cinder.volume.api [None req-51747be8-8b45-4cc9-9a62-a485846e21a7 tempest-UserMessagesTest-1253352836 tempest-UserMessagesTest-1253352836-project] Flow 'volume_create_api' (83550322-6a67-4b2e-b0ac-d59020d275e7) transitioned into state 'SUCCESS' from state 'RUNNING' {{(pid=110137) _flow_receiver /usr/local/lib/python3.8/dist-packages/taskflow/listeners/logging.py:141}}
May 10 14:01:35.642698 dv-cinder-835881-9-iscsi devstack@c-api.service[110137]: INFO cinder.volume.api [None req-51747be8-8b45-4cc9-9a62-a485846e21a7 tempest-UserMessagesTest-1253352836 tempest-UserMessagesTest-1253352836-project] Create volume request issued successfully.
May 10 14:01:35.643131 dv-cinder-835881-9-iscsi devstack@c-api.service[110136]: DEBUG cinder.api.openstack.wsgi [None req-c9e67e2e-4933-4942-bdcb-de28250b68c8 tempest-VolumesTestJSON-1368116207 tempest-VolumesTestJSON-1368116207-project] Empty body provided in request {{(pid=110136) get_body /opt/stack/cinder/cinder/api/openstack/wsgi.py:715}}
May 10 14:01:35.643688 dv-cinder-835881-9-iscsi devstack@c-api.service[110136]: DEBUG cinder.api.openstack.wsgi [None req-c9e67e2e-4933-4942-bdcb-de28250b68c8 tempest-VolumesTestJSON-1368116207 tempest-VolumesTestJSON-1368116207-project] Calling method 'show' {{(pid=110136) _process_stack /opt/stack/cinder/cinder/api/openstack/wsgi.py:868}}
May 10 14:01:35.644970 dv-cinder-835881-9-iscsi devstack@c-api.service[110137]: INFO cinder.api.openstack.wsgi [None req-51747be8-8b45-4cc9-9a62-a485846e21a7 tempest-UserMessagesTest-1253352836 tempest-UserMessagesTest-1253352836-project] http://10.222.0.32/volume/v3/c0efd7196e024bd99c85176bb72e2bc8/volumes returned with HTTP 202
May 10 14:01:35.646612 dv-cinder-835881-9-iscsi devstack@c-api.service[110137]: [pid: 110137|app: 0|req: 11/22] 10.222.0.32 () {62 vars in 1275 bytes} [Tue May 10 14:01:34 2022] POST /volume/v3/c0efd7196e024bd99c85176bb72e2bc8/volumes => generated 850 bytes in 902 msecs (HTTP/1.1 202) 7 headers in 291 bytes (1 switches on core 0)
May 10 14:01:35.648757 dv-cinder-835881-9-iscsi devstack@c-api.service[110137]: DEBUG cinder.api.middleware.request_id [req-3a216fb8-3e4b-4a19-9ffb-a553cec53259 req-eb903a41-a7a7-42ed-9034-0cf58669c43c None None] RequestId filter calling following filter/app {{(pid=110137) _context_setter /opt/stack/cinder/cinder/api/middleware/request_id.py:62}}
May 10 14:01:35.654423 dv-cinder-835881-9-iscsi devstack@c-api.service[110137]: INFO cinder.api.openstack.wsgi [req-3a216fb8-3e4b-4a19-9ffb-a553cec53259 req-eb903a41-a7a7-42ed-9034-0cf58669c43c tempest-VolumesSnapshotsTestJSON-612804571 tempest-VolumesSnapshotsTestJSON-612804571-project] GET http://10.222.0.32/volume/v3/e21b6bba67764b7989197eda3f4c6804/volumes/7be7a83e-4674-4f18-9ad9-3b0e8132358f
May 10 14:01:35.655168 dv-cinder-835881-9-iscsi devstack@c-api.service[110137]: DEBUG cinder.api.openstack.wsgi [req-3a216fb8-3e4b-4a19-9ffb-a553cec53259 req-eb903a41-a7a7-42ed-9034-0cf58669c43c tempest-VolumesSnapshotsTestJSON-612804571 tempest-VolumesSnapshotsTestJSON-612804571-project] Empty body provided in request {{(pid=110137) get_body /opt/stack/cinder/cinder/api/openstack/wsgi.py:715}}
May 10 14:01:35.655829 dv-cinder-835881-9-iscsi devstack@c-api.service[110137]: DEBUG cinder.api.openstack.wsgi [req-3a216fb8-3e4b-4a19-9ffb-a553cec53259 req-eb903a41-a7a7-42ed-9034-0cf58669c43c tempest-VolumesSnapshotsTestJSON-612804571 tempest-VolumesSnapshotsTestJSON-612804571-project] Calling method 'show' {{(pid=110137) _process_stack /opt/stack/cinder/cinder/api/openstack/wsgi.py:868}}
May 10 14:01:35.668144 dv-cinder-835881-9-iscsi devstack@c-api.service[110136]: /usr/local/lib/python3.8/dist-packages/oslo_context/context.py:100: DeprecationWarning: Policy enforcement is depending on the value of is_admin. This key is deprecated. Please update your policy file to use the standard policy values.
May 10 14:01:35.668144 dv-cinder-835881-9-iscsi devstack@c-api.service[110136]: warnings.warn('Policy enforcement is depending on the value of '
May 10 14:01:35.674529 dv-cinder-835881-9-iscsi devstack@c-api.service[110137]: /usr/local/lib/python3.8/dist-packages/oslo_context/context.py:100: DeprecationWarning: Policy enforcement is depending on the value of is_admin. This key is deprecated. Please update your policy file to use the standard policy values.
May 10 14:01:35.674529 dv-cinder-835881-9-iscsi devstack@c-api.service[110137]: warnings.warn('Policy enforcement is depending on the value of '
May 10 14:01:35.685956 dv-cinder-835881-9-iscsi devstack@c-api.service[110137]: INFO cinder.volume.api [req-3a216fb8-3e4b-4a19-9ffb-a553cec53259 req-eb903a41-a7a7-42ed-9034-0cf58669c43c tempest-VolumesSnapshotsTestJSON-612804571 tempest-VolumesSnapshotsTestJSON-612804571-project] Volume info retrieved successfully.
May 10 14:01:35.686173 dv-cinder-835881-9-iscsi devstack@c-api.service[110136]: INFO cinder.volume.api [None req-c9e67e2e-4933-4942-bdcb-de28250b68c8 tempest-VolumesTestJSON-1368116207 tempest-VolumesTestJSON-1368116207-project] Volume info retrieved successfully.
May 10 14:01:35.696917 dv-cinder-835881-9-iscsi devstack@c-api.service[110137]: INFO cinder.api.openstack.wsgi [req-3a216fb8-3e4b-4a19-9ffb-a553cec53259 req-eb903a41-a7a7-42ed-9034-0cf58669c43c tempest-VolumesSnapshotsTestJSON-612804571 tempest-VolumesSnapshotsTestJSON-612804571-project] http://10.222.0.32/volume/v3/e21b6bba67764b7989197eda3f4c6804/volumes/7be7a83e-4674-4f18-9ad9-3b0e8132358f returned with HTTP 200
May 10 14:01:35.698075 dv-cinder-835881-9-iscsi devstack@c-api.service[110137]: [pid: 110137|app: 0|req: 12/23] 10.222.0.32 () {60 vars in 1578 bytes} [Tue May 10 14:01:35 2022] GET /volume/v3/e21b6bba67764b7989197eda3f4c6804/volumes/7be7a83e-4674-4f18-9ad9-3b0e8132358f => generated 917 bytes in 51 msecs (HTTP/1.1 200) 7 headers in 285 bytes (1 switches on core 0)
May 10 14:01:35.699742 dv-cinder-835881-9-iscsi devstack@c-api.service[110137]: DEBUG cinder.api.middleware.request_id [None req-4c12cd0e-3e27-4744-9621-b626fd52e75a None None] RequestId filter calling following filter/app {{(pid=110137) _context_setter /opt/stack/cinder/cinder/api/middleware/request_id.py:62}}
May 10 14:01:35.701482 dv-cinder-835881-9-iscsi devstack@c-api.service[110136]: INFO cinder.api.openstack.wsgi [None req-c9e67e2e-4933-4942-bdcb-de28250b68c8 tempest-VolumesTestJSON-1368116207 tempest-VolumesTestJSON-1368116207-project] http://10.222.0.32/volume/v3/435c45880e46461bb8d4c7de37658929/volumes/fc341901-6b5e-4417-a944-600e06b860d6 returned with HTTP 200
May 10 14:01:35.702971 dv-cinder-835881-9-iscsi devstack@c-api.service[110136]: [pid: 110136|app: 0|req: 12/24] 10.222.0.32 () {58 vars in 1324 bytes} [Tue May 10 14:01:35 2022] GET /volume/v3/435c45880e46461bb8d4c7de37658929/volumes/fc341901-6b5e-4417-a944-600e06b860d6 => generated 920 bytes in 70 msecs (HTTP/1.1 200) 7 headers in 285 bytes (1 switches on core 0)
May 10 14:01:35.704202 dv-cinder-835881-9-iscsi devstack@c-api.service[110136]: DEBUG cinder.api.middleware.request_id [None req-15b2d1f5-1be9-4e8c-9421-8b7af6313c0c None None] RequestId filter calling following filter/app {{(pid=110136) _context_setter /opt/stack/cinder/cinder/api/middleware/request_id.py:62}}
May 10 14:01:35.705695 dv-cinder-835881-9-iscsi devstack@c-api.service[110137]: INFO cinder.api.openstack.wsgi [None req-4c12cd0e-3e27-4744-9621-b626fd52e75a tempest-BackendsCapabilitiesAdminTestsJSON-1755445693 tempest-BackendsCapabilitiesAdminTestsJSON-1755445693-project-admin] GET http://10.222.0.32/volume/v3/d2593621a2b245f9afc28b901e1d8855/scheduler-stats/get_pools?detail=True
May 10 14:01:35.706106 dv-cinder-835881-9-iscsi devstack@c-api.service[110137]: DEBUG cinder.api.openstack.wsgi [None req-4c12cd0e-3e27-4744-9621-b626fd52e75a tempest-BackendsCapabilitiesAdminTestsJSON-1755445693 tempest-BackendsCapabilitiesAdminTestsJSON-1755445693-project-admin] Empty body provided in request {{(pid=110137) get_body /opt/stack/cinder/cinder/api/openstack/wsgi.py:715}}
May 10 14:01:35.706593 dv-cinder-835881-9-iscsi devstack@c-api.service[110137]: DEBUG cinder.api.openstack.wsgi [None req-4c12cd0e-3e27-4744-9621-b626fd52e75a tempest-BackendsCapabilitiesAdminTestsJSON-1755445693 tempest-BackendsCapabilitiesAdminTestsJSON-1755445693-project-admin] Calling method 'get_pools' {{(pid=110137) _process_stack /opt/stack/cinder/cinder/api/openstack/wsgi.py:868}}
May 10 14:01:35.711355 dv-cinder-835881-9-iscsi devstack@c-api.service[110136]: INFO cinder.api.openstack.wsgi [None req-15b2d1f5-1be9-4e8c-9421-8b7af6313c0c tempest-UserMessagesTest-1253352836 tempest-UserMessagesTest-1253352836-project] GET http://10.222.0.32/volume/v3/c0efd7196e024bd99c85176bb72e2bc8/volumes/0b7013b4-d9aa-4a2b-a1ba-f30afb4f1076
May 10 14:01:35.712398 dv-cinder-835881-9-iscsi devstack@c-api.service[110136]: DEBUG cinder.api.openstack.wsgi [None req-15b2d1f5-1be9-4e8c-9421-8b7af6313c0c tempest-UserMessagesTest-1253352836 tempest-UserMessagesTest-1253352836-project] Empty body provided in request {{(pid=110136) get_body /opt/stack/cinder/cinder/api/openstack/wsgi.py:715}}
May 10 14:01:35.712398 dv-cinder-835881-9-iscsi devstack@c-api.service[110136]: DEBUG cinder.api.openstack.wsgi [None req-15b2d1f5-1be9-4e8c-9421-8b7af6313c0c tempest-UserMessagesTest-1253352836 tempest-UserMessagesTest-1253352836-project] Calling method 'show' {{(pid=110136) _process_stack /opt/stack/cinder/cinder/api/openstack/wsgi.py:868}}
May 10 14:01:35.741659 dv-cinder-835881-9-iscsi devstack@c-api.service[110136]: /usr/local/lib/python3.8/dist-packages/oslo_context/context.py:100: DeprecationWarning: Policy enforcement is depending on the value of is_admin. This key is deprecated. Please update your policy file to use the standard policy values.
May 10 14:01:35.741659 dv-cinder-835881-9-iscsi devstack@c-api.service[110136]: warnings.warn('Policy enforcement is depending on the value of '
May 10 14:01:35.764443 dv-cinder-835881-9-iscsi devstack@c-api.service[110136]: INFO cinder.volume.api [None req-15b2d1f5-1be9-4e8c-9421-8b7af6313c0c tempest-UserMessagesTest-1253352836 tempest-UserMessagesTest-1253352836-project] Volume info retrieved successfully.
May 10 14:01:35.785992 dv-cinder-835881-9-iscsi devstack@c-api.service[110136]: INFO cinder.api.openstack.wsgi [None req-15b2d1f5-1be9-4e8c-9421-8b7af6313c0c tempest-UserMessagesTest-1253352836 tempest-UserMessagesTest-1253352836-project] http://10.222.0.32/volume/v3/c0efd7196e024bd99c85176bb72e2bc8/volumes/0b7013b4-d9aa-4a2b-a1ba-f30afb4f1076 returned with HTTP 200
May 10 14:01:35.796941 dv-cinder-835881-9-iscsi devstack@c-api.service[110136]: [pid: 110136|app: 0|req: 13/25] 10.222.0.32 () {60 vars in 1364 bytes} [Tue May 10 14:01:35 2022] GET /volume/v3/c0efd7196e024bd99c85176bb72e2bc8/volumes/0b7013b4-d9aa-4a2b-a1ba-f30afb4f1076 => generated 918 bytes in 93 msecs (HTTP/1.1 200) 7 headers in 285 bytes (1 switches on core 0)
May 10 14:01:35.798540 dv-cinder-835881-9-iscsi devstack@c-api.service[110136]: DEBUG cinder.api.middleware.request_id [req-3d4ebe9d-892a-4b24-b944-5c94e92f4ee0 req-761910fb-6b29-40d2-a0aa-cd7ceb9f3425 None None] RequestId filter calling following filter/app {{(pid=110136) _context_setter /opt/stack/cinder/cinder/api/middleware/request_id.py:62}}
May 10 14:01:35.803816 dv-cinder-835881-9-iscsi devstack@c-api.service[110136]: INFO cinder.api.openstack.wsgi [req-3d4ebe9d-892a-4b24-b944-5c94e92f4ee0 req-761910fb-6b29-40d2-a0aa-cd7ceb9f3425 tempest-VolumesGetTestJSON-11202794 tempest-VolumesGetTestJSON-11202794-project] DELETE http://10.222.0.32/volume/v3/4f5468859afd431c89cb34c8957d60dd/volumes/404a412c-5ba0-4062-8aea-eb825ba643e5
May 10 14:01:35.804433 dv-cinder-835881-9-iscsi devstack@c-api.service[110136]: DEBUG cinder.api.openstack.wsgi [req-3d4ebe9d-892a-4b24-b944-5c94e92f4ee0 req-761910fb-6b29-40d2-a0aa-cd7ceb9f3425 tempest-VolumesGetTestJSON-11202794 tempest-VolumesGetTestJSON-11202794-project] Empty body provided in request {{(pid=110136) get_body /opt/stack/cinder/cinder/api/openstack/wsgi.py:715}}
May 10 14:01:35.805027 dv-cinder-835881-9-iscsi devstack@c-api.service[110136]: DEBUG cinder.api.openstack.wsgi [req-3d4ebe9d-892a-4b24-b944-5c94e92f4ee0 req-761910fb-6b29-40d2-a0aa-cd7ceb9f3425 tempest-VolumesGetTestJSON-11202794 tempest-VolumesGetTestJSON-11202794-project] Calling method 'delete' {{(pid=110136) _process_stack /opt/stack/cinder/cinder/api/openstack/wsgi.py:868}}
May 10 14:01:35.805644 dv-cinder-835881-9-iscsi devstack@c-api.service[110136]: INFO cinder.api.v3.volumes [req-3d4ebe9d-892a-4b24-b944-5c94e92f4ee0 req-761910fb-6b29-40d2-a0aa-cd7ceb9f3425 tempest-VolumesGetTestJSON-11202794 tempest-VolumesGetTestJSON-11202794-project] Delete volume with id: 404a412c-5ba0-4062-8aea-eb825ba643e5
May 10 14:01:35.812239 dv-cinder-835881-9-iscsi devstack@c-api.service[110137]: INFO cinder.api.openstack.wsgi [None req-4c12cd0e-3e27-4744-9621-b626fd52e75a tempest-BackendsCapabilitiesAdminTestsJSON-1755445693 tempest-BackendsCapabilitiesAdminTestsJSON-1755445693-project-admin] http://10.222.0.32/volume/v3/d2593621a2b245f9afc28b901e1d8855/scheduler-stats/get_pools?detail=True returned with HTTP 200
May 10 14:01:35.813039 dv-cinder-835881-9-iscsi devstack@c-api.service[110137]: [pid: 110137|app: 0|req: 13/26] 10.222.0.32 () {58 vars in 1290 bytes} [Tue May 10 14:01:35 2022] GET /volume/v3/d2593621a2b245f9afc28b901e1d8855/scheduler-stats/get_pools?detail=True => generated 481 bytes in 114 msecs (HTTP/1.1 200) 7 headers in 285 bytes (1 switches on core 0)
May 10 14:01:35.821355 dv-cinder-835881-9-iscsi devstack@c-api.service[110137]: DEBUG cinder.api.middleware.request_id [None req-3e3317f7-5238-4989-ad0c-26f5c8f6562c None None] RequestId filter calling following filter/app {{(pid=110137) _context_setter /opt/stack/cinder/cinder/api/middleware/request_id.py:62}}
May 10 14:01:35.828882 dv-cinder-835881-9-iscsi devstack@c-api.service[110137]: INFO cinder.api.openstack.wsgi [None req-3e3317f7-5238-4989-ad0c-26f5c8f6562c tempest-BackendsCapabilitiesAdminTestsJSON-1755445693 tempest-BackendsCapabilitiesAdminTestsJSON-1755445693-project-admin] GET http://10.222.0.32/volume/v3/d2593621a2b245f9afc28b901e1d8855/capabilities/hv-cinder-83588@wincnd
May 10 14:01:35.829134 dv-cinder-835881-9-iscsi devstack@c-api.service[110136]: /usr/local/lib/python3.8/dist-packages/oslo_context/context.py:100: DeprecationWarning: Policy enforcement is depending on the value of is_admin. This key is deprecated. Please update your policy file to use the standard policy values.
May 10 14:01:35.829134 dv-cinder-835881-9-iscsi devstack@c-api.service[110136]: warnings.warn('Policy enforcement is depending on the value of '
May 10 14:01:35.829333 dv-cinder-835881-9-iscsi devstack@c-api.service[110137]: DEBUG cinder.api.openstack.wsgi [None req-3e3317f7-5238-4989-ad0c-26f5c8f6562c tempest-BackendsCapabilitiesAdminTestsJSON-1755445693 tempest-BackendsCapabilitiesAdminTestsJSON-1755445693-project-admin] Empty body provided in request {{(pid=110137) get_body /opt/stack/cinder/cinder/api/openstack/wsgi.py:715}}
May 10 14:01:35.830422 dv-cinder-835881-9-iscsi devstack@c-api.service[110136]: INFO cinder.volume.api [req-3d4ebe9d-892a-4b24-b944-5c94e92f4ee0 req-761910fb-6b29-40d2-a0aa-cd7ceb9f3425 tempest-VolumesGetTestJSON-11202794 tempest-VolumesGetTestJSON-11202794-project] Volume info retrieved successfully.
May 10 14:01:35.834582 dv-cinder-835881-9-iscsi devstack@c-api.service[110137]: DEBUG cinder.api.openstack.wsgi [None req-3e3317f7-5238-4989-ad0c-26f5c8f6562c tempest-BackendsCapabilitiesAdminTestsJSON-1755445693 tempest-BackendsCapabilitiesAdminTestsJSON-1755445693-project-admin] Calling method 'show' {{(pid=110137) _process_stack /opt/stack/cinder/cinder/api/openstack/wsgi.py:868}}
May 10 14:01:35.891452 dv-cinder-835881-9-iscsi devstack@c-api.service[110137]: INFO cinder.api.openstack.wsgi [None req-3e3317f7-5238-4989-ad0c-26f5c8f6562c tempest-BackendsCapabilitiesAdminTestsJSON-1755445693 tempest-BackendsCapabilitiesAdminTestsJSON-1755445693-project-admin] http://10.222.0.32/volume/v3/d2593621a2b245f9afc28b901e1d8855/capabilities/hv-cinder-83588@wincnd returned with HTTP 200
May 10 14:01:35.893931 dv-cinder-835881-9-iscsi devstack@c-api.service[110137]: [pid: 110137|app: 0|req: 14/27] 10.222.0.32 () {58 vars in 1297 bytes} [Tue May 10 14:01:35 2022] GET /volume/v3/d2593621a2b245f9afc28b901e1d8855/capabilities/hv-cinder-83588@wincnd => generated 715 bytes in 73 msecs (HTTP/1.1 200) 7 headers in 285 bytes (2 switches on core 0)
May 10 14:01:35.902158 dv-cinder-835881-9-iscsi devstack@c-api.service[110137]: DEBUG cinder.api.middleware.request_id [None req-9571a765-89be-4512-97e8-e427686c96f1 None None] RequestId filter calling following filter/app {{(pid=110137) _context_setter /opt/stack/cinder/cinder/api/middleware/request_id.py:62}}
May 10 14:01:35.906105 dv-cinder-835881-9-iscsi devstack@c-api.service[110136]: INFO cinder.volume.api [req-3d4ebe9d-892a-4b24-b944-5c94e92f4ee0 req-761910fb-6b29-40d2-a0aa-cd7ceb9f3425 tempest-VolumesGetTestJSON-11202794 tempest-VolumesGetTestJSON-11202794-project] Delete volume request issued successfully.
May 10 14:01:35.906603 dv-cinder-835881-9-iscsi devstack@c-api.service[110136]: INFO cinder.api.openstack.wsgi [req-3d4ebe9d-892a-4b24-b944-5c94e92f4ee0 req-761910fb-6b29-40d2-a0aa-cd7ceb9f3425 tempest-VolumesGetTestJSON-11202794 tempest-VolumesGetTestJSON-11202794-project] http://10.222.0.32/volume/v3/4f5468859afd431c89cb34c8957d60dd/volumes/404a412c-5ba0-4062-8aea-eb825ba643e5 returned with HTTP 202
May 10 14:01:35.919969 dv-cinder-835881-9-iscsi devstack@c-api.service[110136]: [pid: 110136|app: 0|req: 14/28] 10.222.0.32 () {62 vars in 1600 bytes} [Tue May 10 14:01:35 2022] DELETE /volume/v3/4f5468859afd431c89cb34c8957d60dd/volumes/404a412c-5ba0-4062-8aea-eb825ba643e5 => generated 0 bytes in 122 msecs (HTTP/1.1 202) 6 headers in 233 bytes (1 switches on core 0)
May 10 14:01:35.928601 dv-cinder-835881-9-iscsi devstack@c-api.service[110137]: INFO cinder.api.openstack.wsgi [None req-9571a765-89be-4512-97e8-e427686c96f1 tempest-BackendsCapabilitiesAdminTestsJSON-1755445693 tempest-BackendsCapabilitiesAdminTestsJSON-1755445693-project-admin] GET http://10.222.0.32/volume/v3/d2593621a2b245f9afc28b901e1d8855/capabilities/hv-cinder-83588@wincnd
May 10 14:01:35.929285 dv-cinder-835881-9-iscsi devstack@c-api.service[110137]: DEBUG cinder.api.openstack.wsgi [None req-9571a765-89be-4512-97e8-e427686c96f1 tempest-BackendsCapabilitiesAdminTestsJSON-1755445693 tempest-BackendsCapabilitiesAdminTestsJSON-1755445693-project-admin] Empty body provided in request {{(pid=110137) get_body /opt/stack/cinder/cinder/api/openstack/wsgi.py:715}}
May 10 14:01:35.929771 dv-cinder-835881-9-iscsi devstack@c-api.service[110137]: DEBUG cinder.api.openstack.wsgi [None req-9571a765-89be-4512-97e8-e427686c96f1 tempest-BackendsCapabilitiesAdminTestsJSON-1755445693 tempest-BackendsCapabilitiesAdminTestsJSON-1755445693-project-admin] Calling method 'show' {{(pid=110137) _process_stack /opt/stack/cinder/cinder/api/openstack/wsgi.py:868}}
May 10 14:01:35.930748 dv-cinder-835881-9-iscsi devstack@c-api.service[110136]: DEBUG cinder.api.middleware.request_id [req-8acec535-6c8d-46ea-a4d2-2f6da27215cc req-e69cb360-05fa-4680-93db-e753968284a1 None None] RequestId filter calling following filter/app {{(pid=110136) _context_setter /opt/stack/cinder/cinder/api/middleware/request_id.py:62}}
May 10 14:01:35.936338 dv-cinder-835881-9-iscsi devstack@c-api.service[110136]: INFO cinder.api.openstack.wsgi [req-8acec535-6c8d-46ea-a4d2-2f6da27215cc req-e69cb360-05fa-4680-93db-e753968284a1 tempest-VolumesSnapshotsTestJSON-612804571 tempest-VolumesSnapshotsTestJSON-612804571-project] POST http://10.222.0.32/volume/v3/e21b6bba67764b7989197eda3f4c6804/snapshots
May 10 14:01:35.937575 dv-cinder-835881-9-iscsi devstack@c-api.service[110136]: DEBUG cinder.api.openstack.wsgi [req-8acec535-6c8d-46ea-a4d2-2f6da27215cc req-e69cb360-05fa-4680-93db-e753968284a1 tempest-VolumesSnapshotsTestJSON-612804571 tempest-VolumesSnapshotsTestJSON-612804571-project] Action: 'create', calling method: create, body: {"snapshot": {"volume_id": "7be7a83e-4674-4f18-9ad9-3b0e8132358f", "force": false, "name": "tempest-VolumesSnapshotsTestJSON-Snapshot-884107254", "description": null, "metadata": {}}} {{(pid=110136) _process_stack /opt/stack/cinder/cinder/api/openstack/wsgi.py:866}}
May 10 14:01:35.959394 dv-cinder-835881-9-iscsi devstack@c-api.service[110136]: /usr/local/lib/python3.8/dist-packages/oslo_context/context.py:100: DeprecationWarning: Policy enforcement is depending on the value of is_admin. This key is deprecated. Please update your policy file to use the standard policy values.
May 10 14:01:35.959394 dv-cinder-835881-9-iscsi devstack@c-api.service[110136]: warnings.warn('Policy enforcement is depending on the value of '
May 10 14:01:35.961266 dv-cinder-835881-9-iscsi devstack@c-api.service[110136]: INFO cinder.volume.api [req-8acec535-6c8d-46ea-a4d2-2f6da27215cc req-e69cb360-05fa-4680-93db-e753968284a1 tempest-VolumesSnapshotsTestJSON-612804571 tempest-VolumesSnapshotsTestJSON-612804571-project] Volume info retrieved successfully.
May 10 14:01:35.961987 dv-cinder-835881-9-iscsi devstack@c-api.service[110136]: INFO cinder.api.v3.snapshots [req-8acec535-6c8d-46ea-a4d2-2f6da27215cc req-e69cb360-05fa-4680-93db-e753968284a1 tempest-VolumesSnapshotsTestJSON-612804571 tempest-VolumesSnapshotsTestJSON-612804571-project] Create snapshot from volume 7be7a83e-4674-4f18-9ad9-3b0e8132358f
May 10 14:01:35.972352 dv-cinder-835881-9-iscsi devstack@c-api.service[110137]: INFO cinder.api.openstack.wsgi [None req-9571a765-89be-4512-97e8-e427686c96f1 tempest-BackendsCapabilitiesAdminTestsJSON-1755445693 tempest-BackendsCapabilitiesAdminTestsJSON-1755445693-project-admin] http://10.222.0.32/volume/v3/d2593621a2b245f9afc28b901e1d8855/capabilities/hv-cinder-83588@wincnd returned with HTTP 200
May 10 14:01:35.979651 dv-cinder-835881-9-iscsi devstack@c-api.service[110137]: [pid: 110137|app: 0|req: 15/29] 10.222.0.32 () {58 vars in 1297 bytes} [Tue May 10 14:01:35 2022] GET /volume/v3/d2593621a2b245f9afc28b901e1d8855/capabilities/hv-cinder-83588@wincnd => generated 715 bytes in 73 msecs (HTTP/1.1 200) 7 headers in 285 bytes (1 switches on core 0)
May 10 14:01:36.004008 dv-cinder-835881-9-iscsi devstack@c-api.service[110136]: WARNING cinder.quota [req-8acec535-6c8d-46ea-a4d2-2f6da27215cc req-e69cb360-05fa-4680-93db-e753968284a1 tempest-VolumesSnapshotsTestJSON-612804571 tempest-VolumesSnapshotsTestJSON-612804571-project] Deprecated: Default quota for resource: snapshots___DEFAULT__ is set by the default quota flag: quota_snapshots___DEFAULT__, it is now deprecated. Please use the default quota class for default quota.
May 10 14:01:36.068307 dv-cinder-835881-9-iscsi devstack@c-api.service[110136]: DEBUG cinder.quota [req-8acec535-6c8d-46ea-a4d2-2f6da27215cc req-e69cb360-05fa-4680-93db-e753968284a1 tempest-VolumesSnapshotsTestJSON-612804571 tempest-VolumesSnapshotsTestJSON-612804571-project] Created reservations ['864cad56-f62a-4af2-9dde-e69335086604', 'f4080507-0930-4157-a271-61180a30518e', '934678a1-9fc2-42ad-b37a-f6188d9d65af', 'bf6fabf6-7101-4934-bf66-c23b41bf5904'] {{(pid=110136) reserve /opt/stack/cinder/cinder/quota.py:755}}
May 10 14:01:36.305421 dv-cinder-835881-9-iscsi devstack@c-api.service[110136]: INFO cinder.volume.api [req-8acec535-6c8d-46ea-a4d2-2f6da27215cc req-e69cb360-05fa-4680-93db-e753968284a1 tempest-VolumesSnapshotsTestJSON-612804571 tempest-VolumesSnapshotsTestJSON-612804571-project] Snapshot create request issued successfully.
May 10 14:01:36.306291 dv-cinder-835881-9-iscsi devstack@c-api.service[110136]: INFO cinder.api.openstack.wsgi [req-8acec535-6c8d-46ea-a4d2-2f6da27215cc req-e69cb360-05fa-4680-93db-e753968284a1 tempest-VolumesSnapshotsTestJSON-612804571 tempest-VolumesSnapshotsTestJSON-612804571-project] http://10.222.0.32/volume/v3/e21b6bba67764b7989197eda3f4c6804/snapshots returned with HTTP 202
May 10 14:01:36.311053 dv-cinder-835881-9-iscsi devstack@c-api.service[110136]: [pid: 110136|app: 0|req: 15/30] 10.222.0.32 () {64 vars in 1527 bytes} [Tue May 10 14:01:35 2022] POST /volume/v3/e21b6bba67764b7989197eda3f4c6804/snapshots => generated 310 bytes in 383 msecs (HTTP/1.1 202) 7 headers in 291 bytes (2 switches on core 0)
May 10 14:01:36.345712 dv-cinder-835881-9-iscsi devstack@c-api.service[110137]: DEBUG cinder.api.middleware.request_id [req-49b5b4b1-a6df-48ae-9586-6297d4ba11e0 req-4b169498-0be3-49d6-b1a4-5e7e3a1ded65 None None] RequestId filter calling following filter/app {{(pid=110137) _context_setter /opt/stack/cinder/cinder/api/middleware/request_id.py:62}}
May 10 14:01:36.357727 dv-cinder-835881-9-iscsi devstack@c-api.service[110137]: INFO cinder.api.openstack.wsgi [req-49b5b4b1-a6df-48ae-9586-6297d4ba11e0 req-4b169498-0be3-49d6-b1a4-5e7e3a1ded65 tempest-VolumesGetTestJSON-11202794 tempest-VolumesGetTestJSON-11202794-project] GET http://10.222.0.32/volume/v3/4f5468859afd431c89cb34c8957d60dd/volumes/404a412c-5ba0-4062-8aea-eb825ba643e5
May 10 14:01:36.358508 dv-cinder-835881-9-iscsi devstack@c-api.service[110137]: DEBUG cinder.api.openstack.wsgi [req-49b5b4b1-a6df-48ae-9586-6297d4ba11e0 req-4b169498-0be3-49d6-b1a4-5e7e3a1ded65 tempest-VolumesGetTestJSON-11202794 tempest-VolumesGetTestJSON-11202794-project] Empty body provided in request {{(pid=110137) get_body /opt/stack/cinder/cinder/api/openstack/wsgi.py:715}}
May 10 14:01:36.360239 dv-cinder-835881-9-iscsi devstack@c-api.service[110137]: DEBUG cinder.api.openstack.wsgi [req-49b5b4b1-a6df-48ae-9586-6297d4ba11e0 req-4b169498-0be3-49d6-b1a4-5e7e3a1ded65 tempest-VolumesGetTestJSON-11202794 tempest-VolumesGetTestJSON-11202794-project] Calling method 'show' {{(pid=110137) _process_stack /opt/stack/cinder/cinder/api/openstack/wsgi.py:868}}
May 10 14:01:36.377525 dv-cinder-835881-9-iscsi devstack@c-api.service[110137]: INFO cinder.api.openstack.wsgi [req-49b5b4b1-a6df-48ae-9586-6297d4ba11e0 req-4b169498-0be3-49d6-b1a4-5e7e3a1ded65 tempest-VolumesGetTestJSON-11202794 tempest-VolumesGetTestJSON-11202794-project] http://10.222.0.32/volume/v3/4f5468859afd431c89cb34c8957d60dd/volumes/404a412c-5ba0-4062-8aea-eb825ba643e5 returned with HTTP 404
May 10 14:01:36.396494 dv-cinder-835881-9-iscsi devstack@c-api.service[110137]: [pid: 110137|app: 0|req: 16/31] 10.222.0.32 () {60 vars in 1578 bytes} [Tue May 10 14:01:36 2022] GET /volume/v3/4f5468859afd431c89cb34c8957d60dd/volumes/404a412c-5ba0-4062-8aea-eb825ba643e5 => generated 109 bytes in 47 msecs (HTTP/1.1 404) 7 headers in 292 bytes (1 switches on core 0)
May 10 14:01:36.432251 dv-cinder-835881-9-iscsi devstack@c-api.service[110136]: DEBUG cinder.api.middleware.request_id [req-1256d3db-08c2-4fee-8d5b-d27f145278b0 req-39e29d7b-b853-4f4e-919d-ff8b1e6063d8 None None] RequestId filter calling following filter/app {{(pid=110136) _context_setter /opt/stack/cinder/cinder/api/middleware/request_id.py:62}}
May 10 14:01:36.444440 dv-cinder-835881-9-iscsi devstack@c-api.service[110136]: INFO cinder.api.openstack.wsgi [req-1256d3db-08c2-4fee-8d5b-d27f145278b0 req-39e29d7b-b853-4f4e-919d-ff8b1e6063d8 tempest-VolumesSnapshotsTestJSON-612804571 tempest-VolumesSnapshotsTestJSON-612804571-project] GET http://10.222.0.32/volume/v3/e21b6bba67764b7989197eda3f4c6804/snapshots/e0544fbb-2fe6-4f72-9c29-cdbea7c44c7e
May 10 14:01:36.445004 dv-cinder-835881-9-iscsi devstack@c-api.service[110136]: DEBUG cinder.api.openstack.wsgi [req-1256d3db-08c2-4fee-8d5b-d27f145278b0 req-39e29d7b-b853-4f4e-919d-ff8b1e6063d8 tempest-VolumesSnapshotsTestJSON-612804571 tempest-VolumesSnapshotsTestJSON-612804571-project] Empty body provided in request {{(pid=110136) get_body /opt/stack/cinder/cinder/api/openstack/wsgi.py:715}}
May 10 14:01:36.448001 dv-cinder-835881-9-iscsi devstack@c-api.service[110136]: DEBUG cinder.api.openstack.wsgi [req-1256d3db-08c2-4fee-8d5b-d27f145278b0 req-39e29d7b-b853-4f4e-919d-ff8b1e6063d8 tempest-VolumesSnapshotsTestJSON-612804571 tempest-VolumesSnapshotsTestJSON-612804571-project] Calling method 'show' {{(pid=110136) _process_stack /opt/stack/cinder/cinder/api/openstack/wsgi.py:868}}
May 10 14:01:36.460804 dv-cinder-835881-9-iscsi devstack@c-api.service[110136]: /usr/local/lib/python3.8/dist-packages/oslo_context/context.py:100: DeprecationWarning: Policy enforcement is depending on the value of is_admin. This key is deprecated. Please update your policy file to use the standard policy values.
May 10 14:01:36.460804 dv-cinder-835881-9-iscsi devstack@c-api.service[110136]: warnings.warn('Policy enforcement is depending on the value of '
May 10 14:01:36.463288 dv-cinder-835881-9-iscsi devstack@c-api.service[110136]: INFO cinder.volume.api [req-1256d3db-08c2-4fee-8d5b-d27f145278b0 req-39e29d7b-b853-4f4e-919d-ff8b1e6063d8 tempest-VolumesSnapshotsTestJSON-612804571 tempest-VolumesSnapshotsTestJSON-612804571-project] Snapshot retrieved successfully.
May 10 14:01:36.465899 dv-cinder-835881-9-iscsi devstack@c-api.service[110136]: INFO cinder.api.openstack.wsgi [req-1256d3db-08c2-4fee-8d5b-d27f145278b0 req-39e29d7b-b853-4f4e-919d-ff8b1e6063d8 tempest-VolumesSnapshotsTestJSON-612804571 tempest-VolumesSnapshotsTestJSON-612804571-project] http://10.222.0.32/volume/v3/e21b6bba67764b7989197eda3f4c6804/snapshots/e0544fbb-2fe6-4f72-9c29-cdbea7c44c7e returned with HTTP 200
